This is the mail archive of the
gcc-testresults@gcc.gnu.org
mailing list for the GCC project.
Results for 4.1.3 20070723 (Red Hat 4.1.2-16) [redhat/gcc-4_1-branch revision 127307] testsuite on ia64-redhat-linux-gnu
- From: hjl at gnu-11 dot sc dot intel dot com (H.J. Lu)
- To: gcc-testresults at gcc dot gnu dot org
- Date: Wed, 8 Aug 2007 18:55:30 -0700 (PDT)
- Subject: Results for 4.1.3 20070723 (Red Hat 4.1.2-16) [redhat/gcc-4_1-branch revision 127307] testsuite on ia64-redhat-linux-gnu
LAST_UPDATED: Thu Aug 9 00:32:06 UTC 2007 (revision 127307)
Native configuration is ia64-redhat-linux-gnu
=== gcc tests ===
Running target unix
FAIL: gcc.dg/builtin-apply4.c execution test
FAIL: gcc.dg/pr30643.c scan-assembler-not undefined
FAIL: gcc.dg/ipa/ipa-1.c (internal compiler error)
FAIL: gcc.dg/ipa/ipa-1.c (test for excess errors)
FAIL: gcc.dg/ipa/ipa-2.c (internal compiler error)
FAIL: gcc.dg/ipa/ipa-2.c (test for excess errors)
FAIL: gcc.dg/ipa/ipa-3.c (internal compiler error)
FAIL: gcc.dg/ipa/ipa-3.c (test for excess errors)
FAIL: gcc.dg/ipa/ipa-4.c (internal compiler error)
FAIL: gcc.dg/ipa/ipa-4.c (test for excess errors)
FAIL: gcc.dg/ipa/ipa-5.c (internal compiler error)
FAIL: gcc.dg/ipa/ipa-5.c (test for excess errors)
XPASS: gcc.dg/tree-ssa/loop-1.c scan-assembler-times foo 5
FAIL: gcc.dg/tree-ssa/pr23294.c scan-tree-dump-times a \\* 5 3
FAIL: gcc.dg/tree-ssa/pr23294.c scan-tree-dump \\(a - b \\* 3\\) \\* 2
FAIL: gcc.dg/tree-ssa/pr23294.c scan-tree-dump \\(a \\* 3 - b\\) \\* 2
FAIL: gcc.dg/tree-ssa/vrp22.c scan-tree-dump-times link_error 0
XPASS: gcc.dg/vect/pr16105.c scan-tree-dump-times vectorized 1 loops 1
XPASS: gcc.dg/vect/pr20122.c scan-tree-dump-times vectorized 1 loops 2
XPASS: gcc.dg/vect/vect-105.c scan-tree-dump-times vectorized 1 loops 1
XPASS: gcc.dg/vect/vect-30.c scan-tree-dump-times vectorized 1 loops 2
XPASS: gcc.dg/vect/vect-42.c scan-tree-dump-times vectorized 1 loops 1
XPASS: gcc.dg/vect/vect-43.c scan-tree-dump-times vectorized 1 loops 1
XPASS: gcc.dg/vect/vect-74.c scan-tree-dump-times vectorized 1 loops 1
XPASS: gcc.dg/vect/vect-75.c scan-tree-dump-times vectorized 1 loops 1
XPASS: gcc.dg/vect/vect-8.c scan-tree-dump-times vectorized 1 loops 1
=== gcc Summary ===
# of expected passes 38543
# of unexpected failures 16
# of unexpected successes 10
# of expected failures 136
# of untested testcases 28
# of unsupported tests 320
/export/build/gnu/gcc-4.1-redhat/build-ia64-redhat-linux/gcc/xgcc version 4.1.3 20070723 (Red Hat 4.1.2-16) [redhat/gcc-4_1-branch revision 127307]
=== gfortran tests ===
Running target unix
XPASS: gfortran.dg/csqrt_2.f -O0 execution test
XPASS: gfortran.dg/csqrt_2.f -O1 execution test
XPASS: gfortran.dg/csqrt_2.f -O2 execution test
XPASS: gfortran.dg/csqrt_2.f -O3 -fomit-frame-pointer execution test
XPASS: gfortran.dg/csqrt_2.f -O3 -fomit-frame-pointer -funroll-loops execution test
XPASS: gfortran.dg/csqrt_2.f -O3 -fomit-frame-pointer -funroll-all-loops -finline-functions execution test
XPASS: gfortran.dg/csqrt_2.f -O3 -g execution test
XPASS: gfortran.dg/csqrt_2.f -Os execution test
FAIL: gfortran.dg/vect/vect-4.f90 -O scan-tree-dump-times Alignment of access forced using peeling 1
FAIL: gfortran.dg/vect/vect-4.f90 -O scan-tree-dump-times Vectorizing an unaligned access 1
XPASS: gfortran.dg/vect/vect-5.f90 -O scan-tree-dump-times vectorized 2 loops 1
=== gfortran Summary ===
# of expected passes 14025
# of unexpected failures 2
# of unexpected successes 9
# of expected failures 10
# of unsupported tests 18
/export/build/gnu/gcc-4.1-redhat/build-ia64-redhat-linux/gcc/testsuite/gfortran/../../gfortran version 4.1.3 20070723 (Red Hat 4.1.2-16) [redhat/gcc-4_1-branch revision 127307]
=== g++ tests ===
Running target unix
XPASS: g++.dg/tree-ssa/pr14814.C scan-tree-dump-times &this 0
=== g++ Summary ===
# of expected passes 12353
# of unexpected successes 1
# of expected failures 66
# of unsupported tests 107
/export/build/gnu/gcc-4.1-redhat/build-ia64-redhat-linux/gcc/testsuite/g++/../../g++ version 4.1.3 20070723 (Red Hat 4.1.2-16) [redhat/gcc-4_1-branch revision 127307]
=== objc tests ===
Running target unix
=== objc Summary ===
# of expected passes 1725
# of unsupported tests 24
/export/build/gnu/gcc-4.1-redhat/build-ia64-redhat-linux/gcc/xgcc version 4.1.3 20070723 (Red Hat 4.1.2-16) [redhat/gcc-4_1-branch revision 127307]
=== libgomp tests ===
Running target unix
=== libgomp Summary ===
# of expected passes 1590
=== libmudflap tests ===
Running target unix
=== libmudflap Summary ===
# of expected passes 1799
=== libstdc++ tests ===
Running target unix
XPASS: 26_numerics/cmath/c99_classification_macros_c.cc (test for excess errors)
XPASS: 27_io/fpos/14320-1.cc execution test
=== libstdc++ Summary ===
# of expected passes 4014
# of unexpected successes 2
# of expected failures 11
# of unsupported tests 17
Compiler version: 4.1.3 20070723 (Red Hat 4.1.2-16) [redhat/gcc-4_1-branch revision 127307]
Platform: ia64-redhat-linux-gnu
configure flags: ia64-redhat-linux --enable-clocale=gnu --with-system-zlib --with-demangler-in-ld --enable-shared --enable-threads=posix --enable-haifa --enable-checking=assert --prefix=/usr/gcc-4.1-redhat --with-local-prefix=/usr/local --enable-languages=c,c++,fortran,objc