This is the mail archive of the
gcc-testresults@gcc.gnu.org
mailing list for the GCC project.
Results for 4.2.1 testsuite on powerpc-unknown-linux-gnu
- From: Greg Schafer <gschafer at zip dot com dot au>
- To: gcc-testresults at gcc dot gnu dot org
- Date: Thu, 9 Aug 2007 11:37:40 +1000
- Subject: Results for 4.2.1 testsuite on powerpc-unknown-linux-gnu
This is using the GCC 4.2.1 Release tarball and is based on the
DIY Linux Reference Build recipe from:
http://www.diy-linux.org/
Using these packages:
HJL binutils-2.17.50.0.18
glibc-2.6.1
Running under a 2.6.22 kernel.
NOTE: This is in the context of a full Linux system bootstrap where
the initial GCC was built via a 3-stage bootstrap, hence the
`--disable-bootstrap' used here.
LAST_UPDATED: Obtained from SVN: tags/gcc_4_2_1_release revision 126787
Native configuration is powerpc-unknown-linux-gnu
=== g++ tests ===
Running target unix
=== g++ Summary ===
# of expected passes 13496
# of expected failures 66
# of unsupported tests 103
/home/pkgmgr/src/gcc-build/gcc/testsuite/g++/../../g++ version 4.2.1
=== gcc tests ===
Running target unix
UNRESOLVED: gcc.c-torture/execute/mayalias-2.c execution, -O3 -g
FAIL: gcc.dg/tree-ssa/loop-19.c scan-tree-dump-times MEM.(base: &|symbol: )a, 2
FAIL: gcc.dg/tree-ssa/loop-19.c scan-tree-dump-times MEM.(base: &|symbol: )c, 2
ERROR: tcl error sourcing /home/pkgmgr/src/gcc-4.2.1/gcc/testsuite/gcc.misc-tests/linkage.exp.
ERROR: couldn't execute "file": no such file or directory
=== gcc Summary ===
# of expected passes 42912
# of unexpected failures 2
# of expected failures 115
# of unresolved testcases 1
# of untested testcases 28
# of unsupported tests 387
/home/pkgmgr/src/gcc-build/gcc/xgcc version 4.2.1
=== libgomp tests ===
Running target unix
=== libgomp Summary ===
# of expected passes 496
=== libmudflap tests ===
Running target unix
=== libmudflap Summary ===
# of expected passes 1814
=== libstdc++ tests ===
Running target unix
XPASS: 26_numerics/cmath/c99_classification_macros_c.cc (test for excess errors)
=== libstdc++ Summary ===
# of expected passes 3842
# of unexpected successes 1
# of expected failures 15
# of unsupported tests 316
Compiler version: 4.2.1
Platform: powerpc-unknown-linux-gnu
configure flags: --libexecdir=/usr/lib --enable-shared --disable-multilib --disable-bootstrap --enable-clocale=gnu --enable-threads=posix --enable-__cxa_atexit --enable-languages=c,c++