This is the mail archive of the
gcc-testresults@gcc.gnu.org
mailing list for the GCC project.
Results for 4.2.2 20070806 (prerelease) testsuite on sparc64-unknown-linux-gnu
- From: "Christian Joensson" <christian dot joensson at gmail dot com>
- To: gcc-testresults at gcc dot gnu dot org
- Date: Wed, 8 Aug 2007 12:42:36 +0200
- Subject: Results for 4.2.2 20070806 (prerelease) testsuite on sparc64-unknown-linux-gnu
Aurora SPARC Linux release 2.99 (Angel)/TI UltraSparc IIi (Sabre) sun4u:
binutils-2.17.50.0.3-6.sparc.sparc
bison-2.3-2.1.sparc
dejagnu-1.4.4-5.1.noarch
expect-5.43.0-5.1.sparc
gcc-4.1.1-30.1.sparc
glibc-2.5-3.1.sparcv9
glibc-2.5-3.1.sparc64
glibc-devel-2.5-3.1.sparc
glibc-devel-2.5-3.1.sparc64
glibc-headers-2.5-3.1.sparc
gmp-2.4.1 (local build from gcc's infrastructure)
mpfr-2.2.1 (local build from gcc's infrastructure)
kernel-2.6.21-1.3149.al3.12.sparc64
libgcc-4.1.1-30.1.sparc
libgcc-4.1.1-30.1.sparc64
libstdc++-4.1.1-30.1.sparc
libstdc++-4.1.1-30.1.sparc64
libstdc++-devel-4.1.1-30.1.sparc
libstdc++-devel-4.1.1-30.1.sparc64
make-3.81-1.1.sparc
tcl-8.4.13-3.al3.sparc
LAST_UPDATED: Mon Aug 6 09:19:03 UTC 2007 (revision 127237)
Native configuration is sparc64-unknown-linux-gnu
=== gcc tests ===
Running target unix
UNRESOLVED: gcc.c-torture/execute/mayalias-2.c execution, -O3 -g
FAIL: gcc.dg/20061124-1.c (test for excess errors)
WARNING: gcc.dg/20061124-1.c compilation failed to produce executable
XPASS: gcc.dg/vect/pr20122.c scan-tree-dump-times vectorized 1 loops 2
XPASS: gcc.dg/vect/vect-105.c scan-tree-dump-times vectorized 1 loops 1
XPASS: gcc.dg/vect/vect-75.c scan-tree-dump-times vectorized 1 loops 1
=== gcc Summary for unix ===
# of expected passes 41242
# of unexpected failures 1
# of unexpected successes 3
# of expected failures 125
# of unresolved testcases 1
# of untested testcases 28
# of unsupported tests 423
Running target unix/-m64
UNRESOLVED: gcc.c-torture/execute/mayalias-2.c execution, -O3 -g
FAIL: gcc.c-torture/unsorted/DFcmp.c, -O1 (internal compiler error)
FAIL: gcc.c-torture/unsorted/DFcmp.c, -O2 (internal compiler error)
FAIL: gcc.c-torture/unsorted/DFcmp.c, -O3 -fomit-frame-pointer
(internal compiler error)
FAIL: gcc.c-torture/unsorted/DFcmp.c, -O3 -g (internal compiler error)
FAIL: gcc.c-torture/unsorted/DFcmp.c, -Os (internal compiler error)
FAIL: gcc.c-torture/unsorted/SFset.c, -O1 (internal compiler error)
FAIL: gcc.c-torture/unsorted/SFset.c, -O2 (internal compiler error)
FAIL: gcc.c-torture/unsorted/SFset.c, -O3 -fomit-frame-pointer
(internal compiler error)
FAIL: gcc.c-torture/unsorted/SFset.c, -O3 -g (internal compiler error)
FAIL: gcc.c-torture/unsorted/SFset.c, -Os (internal compiler error)
FAIL: gcc.dg/tree-ssa/gen-vect-11c.c scan-tree-dump-times vectorized 0 loops 1
XPASS: gcc.dg/vect/pr20122.c scan-tree-dump-times vectorized 1 loops 2
XPASS: gcc.dg/vect/vect-105.c scan-tree-dump-times vectorized 1 loops 1
XPASS: gcc.dg/vect/vect-75.c scan-tree-dump-times vectorized 1 loops 1
FAIL: gcc.misc-tests/linkage.c link
=== gcc Summary for unix/-m64 ===
# of expected passes 41229
# of unexpected failures 12
# of unexpected successes 3
# of expected failures 125
# of unresolved testcases 1
# of untested testcases 28
# of unsupported tests 424
=== gcc Summary ===
# of expected passes 82471
# of unexpected failures 13
# of unexpected successes 6
# of expected failures 250
# of unresolved testcases 2
# of untested testcases 56
# of unsupported tests 847
/usr/local/src/branch/objdir/gcc/xgcc version 4.2.2 20070806 (prerelease)
=== gfortran tests ===
Running target unix
XPASS: gfortran.dg/csqrt_2.f -O0 execution test
XPASS: gfortran.dg/csqrt_2.f -O1 execution test
XPASS: gfortran.dg/csqrt_2.f -O2 execution test
XPASS: gfortran.dg/csqrt_2.f -O3 -fomit-frame-pointer execution test
XPASS: gfortran.dg/csqrt_2.f -O3 -fomit-frame-pointer -funroll-loops
execution test
XPASS: gfortran.dg/csqrt_2.f -O3 -fomit-frame-pointer
-funroll-all-loops -finline-functions execution test
XPASS: gfortran.dg/csqrt_2.f -O3 -g execution test
XPASS: gfortran.dg/csqrt_2.f -Os execution test
=== gfortran Summary for unix ===
# of expected passes 16208
# of unexpected successes 8
# of expected failures 8
# of unsupported tests 40
Running target unix/-m64
XPASS: gfortran.dg/csqrt_2.f -O0 execution test
XPASS: gfortran.dg/csqrt_2.f -O1 execution test
XPASS: gfortran.dg/csqrt_2.f -O2 execution test
XPASS: gfortran.dg/csqrt_2.f -O3 -fomit-frame-pointer execution test
XPASS: gfortran.dg/csqrt_2.f -O3 -fomit-frame-pointer -funroll-loops
execution test
XPASS: gfortran.dg/csqrt_2.f -O3 -fomit-frame-pointer
-funroll-all-loops -finline-functions execution test
XPASS: gfortran.dg/csqrt_2.f -O3 -g execution test
XPASS: gfortran.dg/csqrt_2.f -Os execution test
=== gfortran Summary for unix/-m64 ===
# of expected passes 16239
# of unexpected successes 8
# of expected failures 8
# of unsupported tests 24
=== gfortran Summary ===
# of expected passes 32447
# of unexpected successes 16
# of expected failures 16
# of unsupported tests 64
/usr/local/src/branch/objdir/gcc/testsuite/gfortran/../../gfortran
version 4.2.2 20070806 (prerelease)
=== g++ tests ===
Running target unix
=== g++ Summary for unix ===
# of expected passes 13408
# of expected failures 66
# of unsupported tests 117
Running target unix/-m64
FAIL: tmpdir-g++.dg-struct-layout-1/t026 cp_compat_x_tst.o compile,
(internal compiler error)
FAIL: tmpdir-g++.dg-struct-layout-1/t026 cp_compat_y_tst.o compile,
(internal compiler error)
UNRESOLVED: tmpdir-g++.dg-struct-layout-1/t026
cp_compat_x_tst.o-cp_compat_y_tst.o link
UNRESOLVED: tmpdir-g++.dg-struct-layout-1/t026
cp_compat_x_tst.o-cp_compat_y_tst.o execute
=== g++ Summary for unix/-m64 ===
# of expected passes 13372
# of unexpected failures 2
# of expected failures 66
# of unresolved testcases 2
# of unsupported tests 119
=== g++ Summary ===
# of expected passes 26780
# of unexpected failures 2
# of expected failures 132
# of unresolved testcases 2
# of unsupported tests 236
/usr/local/src/branch/objdir/gcc/testsuite/g++/../../g++ version
4.2.2 20070806 (prerelease)
=== obj-c++ tests ===
Running target unix
FAIL: obj-c++.dg/cxx-ivars-2.mm execution test
FAIL: obj-c++.dg/encode-8.mm execution test
FAIL: obj-c++.dg/isa-field-1.mm (test for excess errors)
FAIL: obj-c++.dg/lookup-2.mm (test for excess errors)
WARNING: obj-c++.dg/lookup-2.mm compilation failed to produce executable
FAIL: obj-c++.dg/try-catch-2.mm (test for excess errors)
WARNING: obj-c++.dg/try-catch-2.mm compilation failed to produce executable
FAIL: obj-c++.dg/try-catch-9.mm (test for excess errors)
WARNING: obj-c++.dg/try-catch-9.mm compilation failed to produce executable
=== obj-c++ Summary for unix ===
# of expected passes 429
# of unexpected failures 6
# of unsupported tests 13
Running target unix/-m64
FAIL: obj-c++.dg/bitfield-1.mm (test for excess errors)
FAIL: obj-c++.dg/bitfield-4.mm (test for excess errors)
FAIL: obj-c++.dg/cxx-ivars-2.mm execution test
FAIL: obj-c++.dg/encode-8.mm execution test
FAIL: obj-c++.dg/isa-field-1.mm (test for excess errors)
FAIL: obj-c++.dg/layout-1.mm (test for excess errors)
FAIL: obj-c++.dg/lookup-2.mm (test for excess errors)
WARNING: obj-c++.dg/lookup-2.mm compilation failed to produce executable
FAIL: obj-c++.dg/try-catch-2.mm (test for excess errors)
WARNING: obj-c++.dg/try-catch-2.mm compilation failed to produce executable
FAIL: obj-c++.dg/try-catch-9.mm (test for excess errors)
WARNING: obj-c++.dg/try-catch-9.mm compilation failed to produce executable
=== obj-c++ Summary for unix/-m64 ===
# of expected passes 426
# of unexpected failures 9
# of unsupported tests 13
=== obj-c++ Summary ===
# of expected passes 855
# of unexpected failures 15
# of unsupported tests 26
/usr/local/src/branch/objdir/gcc/testsuite/obj-c++/../../g++ version
4.2.2 20070806 (prerelease)
=== objc tests ===
Running target unix
=== objc Summary for unix ===
# of expected passes 1806
# of expected failures 7
# of unsupported tests 24
Running target unix/-m64
=== objc Summary for unix/-m64 ===
# of expected passes 1806
# of expected failures 7
# of unsupported tests 24
=== objc Summary ===
# of expected passes 3612
# of expected failures 14
# of unsupported tests 48
/usr/local/src/branch/objdir/gcc/xgcc version 4.2.2 20070806 (prerelease)
=== treelang tests ===
Running target unix
=== treelang Summary for unix ===
# of expected passes 52
Running target unix/-m64
=== treelang Summary for unix/-m64 ===
# of expected passes 52
=== treelang Summary ===
# of expected passes 104
=== libffi tests ===
Running target unix
=== libffi Summary for unix ===
# of expected passes 1084
# of unsupported tests 8
Running target unix/-m64
=== libffi Summary for unix/-m64 ===
# of expected passes 1084
# of unsupported tests 8
=== libffi Summary ===
# of expected passes 2168
# of unsupported tests 16
=== libgomp tests ===
Running target unix
=== libgomp Summary for unix ===
# of expected passes 1574
Running target unix/-m64
=== libgomp Summary for unix/-m64 ===
# of expected passes 1574
=== libgomp Summary ===
# of expected passes 3148
=== libjava tests ===
Running target unix
=== libjava Summary for unix ===
# of expected passes 7006
# of expected failures 12
# of untested testcases 8
Running target unix/-m64
FAIL: events output
WARNING: program timed out.
FAIL: Array_3 execution - source compiled test
FAIL: Array_3 execution - gij test
WARNING: program timed out.
FAIL: Array_3 execution - bytecode->native test
FAIL: Array_3 execution - gij test
WARNING: program timed out.
FAIL: Array_3 -findirect-dispatch execution - bytecode->native test
WARNING: program timed out.
FAIL: Array_3 -O3 execution - source compiled test
FAIL: Array_3 execution - gij test
WARNING: program timed out.
FAIL: Array_3 -O3 execution - bytecode->native test
FAIL: Array_3 execution - gij test
WARNING: program timed out.
FAIL: Array_3 -O3 -findirect-dispatch execution - bytecode->native test
FAIL: Invoke_1 execution - source compiled test
FAIL: Invoke_1 execution - bytecode->native test
FAIL: Invoke_1 -findirect-dispatch execution - bytecode->native test
FAIL: Invoke_1 -O3 execution - source compiled test
FAIL: Invoke_1 -O3 execution - bytecode->native test
FAIL: Invoke_1 -O3 -findirect-dispatch execution - bytecode->native test
FAIL: pr83 -findirect-dispatch execution - bytecode->native test
FAIL: pr83 -O3 -findirect-dispatch execution - bytecode->native test
WARNING: program timed out.
FAIL: /usr/local/src/branch/objdir/sparc64-unknown-linux-gnu/libjava/testsuite/TestLeak.exe
execution - /usr/local/src/branch/objdir/sparc64-unknown-linux-gnu/libjava/testsuite/TestLeak.exe
=== libjava Summary for unix/-m64 ===
# of expected passes 6967
# of unexpected failures 20
# of expected failures 12
# of untested testcases 27
=== libjava Summary ===
# of expected passes 13973
# of unexpected failures 20
# of expected failures 24
# of untested testcases 35
=== libmudflap tests ===
Running target unix
FAIL: libmudflap.c/pass54-frag.c execution test
FAIL: libmudflap.c/pass54-frag.c execution test
FAIL: libmudflap.c/pass54-frag.c (-static) execution test
FAIL: libmudflap.c/pass54-frag.c (-static) execution test
=== libmudflap Summary for unix ===
# of expected passes 1810
# of unexpected failures 4
Running target unix/-m64
FAIL: libmudflap.c/pass54-frag.c execution test
FAIL: libmudflap.c/pass54-frag.c execution test
FAIL: libmudflap.c/fail27-frag.c (-static) output pattern test
FAIL: libmudflap.c/pass54-frag.c (-static) execution test
FAIL: libmudflap.c/pass54-frag.c (-static) execution test
=== libmudflap Summary for unix/-m64 ===
# of expected passes 1809
# of unexpected failures 5
=== libmudflap Summary ===
# of expected passes 3619
# of unexpected failures 9
=== libstdc++ tests ===
Running target unix
XPASS: 26_numerics/cmath/c99_classification_macros_c.cc (test for excess errors)
WARNING: program timed out.
FAIL: ext/pb_ds/regression/tree_no_data_map_rand.cc (test for excess errors)
WARNING: ext/pb_ds/regression/tree_no_data_map_rand.cc compilation
failed to produce executable
=== libstdc++ Summary for unix ===
# of expected passes 4472
# of unexpected failures 1
# of unexpected successes 1
# of expected failures 15
Running target unix/-m64
XPASS: 26_numerics/cmath/c99_classification_macros_c.cc (test for excess errors)
FAIL: 27_io/basic_filebuf/close/char/4879.cc execution test
FAIL: 27_io/basic_filebuf/close/char/9964.cc execution test
FAIL: 27_io/basic_filebuf/imbue/char/13171-2.cc execution test
FAIL: 27_io/basic_filebuf/imbue/wchar_t/14975-2.cc execution test
FAIL: 27_io/basic_filebuf/seekoff/char/26777.cc execution test
FAIL: 27_io/basic_filebuf/underflow/char/10097.cc execution test
XPASS: 27_io/fpos/14320-1.cc execution test
FAIL: 27_io/objects/char/7.cc execution test
FAIL: 27_io/objects/char/9661-1.cc execution test
FAIL: 27_io/objects/wchar_t/7.cc execution test
FAIL: 27_io/objects/wchar_t/9661-1.cc execution test
WARNING: program timed out.
FAIL: ext/pb_ds/regression/tree_no_data_map_rand.cc (test for excess errors)
WARNING: ext/pb_ds/regression/tree_no_data_map_rand.cc compilation
failed to produce executable
=== libstdc++ Summary for unix/-m64 ===
# of expected passes 4462
# of unexpected failures 11
# of unexpected successes 2
# of expected failures 14
=== libstdc++ Summary ===
# of expected passes 8934
# of unexpected failures 12
# of unexpected successes 3
# of expected failures 29
Compiler version: 4.2.2 20070806 (prerelease)
Platform: sparc64-unknown-linux-gnu
configure flags: --enable-__cxa_atexit --enable-shared --with-cpu=v7
--with-gmp=/usr/local/gmp-mpfr --with-mpfr=/usr/local/gmp-mpfr
--with-long-double-128
--enable-languages=c,c++,fortran,java,objc,obj-c++,treelang