This is the mail archive of the
gcc-testresults@gcc.gnu.org
mailing list for the GCC project.
Results for 4.2.2 20070804 (prerelease) testsuite on i686-pc-linux-gnu
- From: Rob1weld at aol dot com
- To: gcc-testresults at gcc dot gnu dot org
- Date: Sun, 5 Aug 2007 23:46:40 EDT
- Subject: Results for 4.2.2 20070804 (prerelease) testsuite on i686-pc-linux-gnu
LAST_UPDATED: Sat Aug 4 12:35:49 UTC 2007 (revision 127204)
=== acats tests ===
FAIL: c380004
=== acats Summary ===
# of expected passes 2314
# of unexpected failures 1
Native configuration is i686-pc-linux-gnu
=== g++ tests ===
Running target unix
FAIL: tmpdir-g++.dg-struct-layout-1/t024 cp_compat_x_tst.o-cp_compat_y_tst.o
execute
XPASS: g++.dg/tree-ssa/ivopts-1.C scan-tree-dump-not offset: -4B
XPASS: g++.dg/tree-ssa/ivopts-1.C scan-tree-dump-not &x\\[5\\]
=== g++ Summary ===
# of expected passes 13488
# of unexpected failures 1
# of unexpected successes 2
# of expected failures 66
# of unsupported tests 74
/opt/gcc-4_2-build/gcc/testsuite/g++/../../g++ version 4.2.2 20070804
(prerelease)
=== gcc tests ===
Running target unix
FAIL: gcc.c-torture/compile/20000804-1.c -O0 (test for excess errors)
FAIL: gcc.c-torture/execute/20050316-2.c execution, -O0
FAIL: gcc.c-torture/execute/20050316-2.c execution, -O1
FAIL: gcc.c-torture/execute/20050316-2.c execution, -O2
FAIL: gcc.dg/compat/scalar-by-value-dfp c_compat_x_tst.o compile, (internal
compiler error)
FAIL: gcc.dg/compat/scalar-by-value-dfp c_compat_y_tst.o compile, (internal
compiler error)
FAIL: gcc.dg/compat/scalar-return-dfp c_compat_x_tst.o compile, (internal
compiler error)
FAIL: gcc.dg/compat/scalar-return-dfp c_compat_y_tst.o compile, (internal
compiler error)
FAIL: gcc.dg/compat/vector-2 c_compat_x_tst.o-c_compat_y_tst.o execute
FAIL: tmpdir-gcc.dg-struct-layout-1/t001 c_compat_x_tst.o compile,
(internal compiler error)
FAIL: tmpdir-gcc.dg-struct-layout-1/t001 c_compat_y_tst.o compile,
(internal compiler error)
FAIL: tmpdir-gcc.dg-struct-layout-1/t002 c_compat_x_tst.o compile,
(internal compiler error)
FAIL: tmpdir-gcc.dg-struct-layout-1/t002 c_compat_y_tst.o compile,
(internal compiler error)
FAIL: tmpdir-gcc.dg-struct-layout-1/t003 c_compat_x_tst.o compile,
(internal compiler error)
FAIL: tmpdir-gcc.dg-struct-layout-1/t003 c_compat_y_tst.o compile,
(internal compiler error)
FAIL: tmpdir-gcc.dg-struct-layout-1/t004 c_compat_x_tst.o compile,
(internal compiler error)
FAIL: tmpdir-gcc.dg-struct-layout-1/t004 c_compat_y_tst.o compile,
(internal compiler error)
FAIL: tmpdir-gcc.dg-struct-layout-1/t005 c_compat_x_tst.o compile,
(internal compiler error)
FAIL: tmpdir-gcc.dg-struct-layout-1/t005 c_compat_y_tst.o compile,
(internal compiler error)
FAIL: tmpdir-gcc.dg-struct-layout-1/t006 c_compat_x_tst.o compile,
(internal compiler error)
FAIL: tmpdir-gcc.dg-struct-layout-1/t006 c_compat_y_tst.o compile,
(internal compiler error)
FAIL: tmpdir-gcc.dg-struct-layout-1/t007 c_compat_x_tst.o compile,
(internal compiler error)
FAIL: tmpdir-gcc.dg-struct-layout-1/t007 c_compat_y_tst.o compile,
(internal compiler error)
FAIL: tmpdir-gcc.dg-struct-layout-1/t008 c_compat_x_tst.o compile,
(internal compiler error)
FAIL: tmpdir-gcc.dg-struct-layout-1/t008 c_compat_y_tst.o compile,
(internal compiler error)
FAIL: tmpdir-gcc.dg-struct-layout-1/t009 c_compat_x_tst.o compile,
(internal compiler error)
FAIL: tmpdir-gcc.dg-struct-layout-1/t009 c_compat_y_tst.o compile,
(internal compiler error)
FAIL: tmpdir-gcc.dg-struct-layout-1/t010 c_compat_x_tst.o compile,
(internal compiler error)
FAIL: tmpdir-gcc.dg-struct-layout-1/t010 c_compat_y_tst.o compile,
(internal compiler error)
FAIL: tmpdir-gcc.dg-struct-layout-1/t011 c_compat_x_tst.o compile,
(internal compiler error)
FAIL: tmpdir-gcc.dg-struct-layout-1/t011 c_compat_y_tst.o compile,
(internal compiler error)
FAIL: tmpdir-gcc.dg-struct-layout-1/t012 c_compat_x_tst.o compile,
(internal compiler error)
FAIL: tmpdir-gcc.dg-struct-layout-1/t012 c_compat_y_tst.o compile,
(internal compiler error)
FAIL: tmpdir-gcc.dg-struct-layout-1/t013 c_compat_x_tst.o compile,
(internal compiler error)
FAIL: tmpdir-gcc.dg-struct-layout-1/t013 c_compat_y_tst.o compile,
(internal compiler error)
FAIL: tmpdir-gcc.dg-struct-layout-1/t014 c_compat_x_tst.o compile,
(internal compiler error)
FAIL: tmpdir-gcc.dg-struct-layout-1/t014 c_compat_y_tst.o compile,
(internal compiler error)
FAIL: tmpdir-gcc.dg-struct-layout-1/t015 c_compat_x_tst.o compile,
(internal compiler error)
FAIL: tmpdir-gcc.dg-struct-layout-1/t015 c_compat_y_tst.o compile,
(internal compiler error)
FAIL: tmpdir-gcc.dg-struct-layout-1/t016 c_compat_x_tst.o compile,
(internal compiler error)
FAIL: tmpdir-gcc.dg-struct-layout-1/t016 c_compat_y_tst.o compile,
(internal compiler error)
FAIL: tmpdir-gcc.dg-struct-layout-1/t017 c_compat_x_tst.o compile,
(internal compiler error)
FAIL: tmpdir-gcc.dg-struct-layout-1/t017 c_compat_y_tst.o compile,
(internal compiler error)
FAIL: tmpdir-gcc.dg-struct-layout-1/t018 c_compat_x_tst.o compile,
(internal compiler error)
FAIL: tmpdir-gcc.dg-struct-layout-1/t018 c_compat_y_tst.o compile,
(internal compiler error)
FAIL: tmpdir-gcc.dg-struct-layout-1/t019 c_compat_x_tst.o compile,
(internal compiler error)
FAIL: tmpdir-gcc.dg-struct-layout-1/t019 c_compat_y_tst.o compile,
(internal compiler error)
FAIL: tmpdir-gcc.dg-struct-layout-1/t020 c_compat_x_tst.o compile,
(internal compiler error)
FAIL: tmpdir-gcc.dg-struct-layout-1/t020 c_compat_y_tst.o compile,
(internal compiler error)
FAIL: tmpdir-gcc.dg-struct-layout-1/t021 c_compat_x_tst.o compile,
(internal compiler error)
FAIL: tmpdir-gcc.dg-struct-layout-1/t021 c_compat_y_tst.o compile,
(internal compiler error)
FAIL: tmpdir-gcc.dg-struct-layout-1/t022 c_compat_x_tst.o compile,
(internal compiler error)
FAIL: tmpdir-gcc.dg-struct-layout-1/t022 c_compat_y_tst.o compile, (intern
al compiler error)
FAIL: tmpdir-gcc.dg-struct-layout-1/t023 c_compat_x_tst.o compile,
(internal compiler error)
FAIL: tmpdir-gcc.dg-struct-layout-1/t023 c_compat_y_tst.o compile,
(internal compiler error)
FAIL: tmpdir-gcc.dg-struct-layout-1/t024 c_compat_x_tst.o compile,
(internal compiler error)
FAIL: tmpdir-gcc.dg-struct-layout-1/t024 c_compat_y_tst.o compile,
(internal compiler error)
FAIL: tmpdir-gcc.dg-struct-layout-1/t025 c_compat_x_tst.o compile,
(internal compiler error)
FAIL: tmpdir-gcc.dg-struct-layout-1/t025 c_compat_y_tst.o compile,
(internal compiler error)
FAIL: tmpdir-gcc.dg-struct-layout-1/t026 c_compat_x_tst.o compile,
(internal compiler error)
FAIL: tmpdir-gcc.dg-struct-layout-1/t026 c_compat_y_tst.o compile,
(internal compiler error)
FAIL: tmpdir-gcc.dg-struct-layout-1/t027 c_compat_x_tst.o compile,
(internal compiler error)
FAIL: tmpdir-gcc.dg-struct-layout-1/t027 c_compat_y_tst.o compile,
(internal compiler error)
FAIL: tmpdir-gcc.dg-struct-layout-1/t028 c_compat_x_tst.o compile,
(internal compiler error)
FAIL: tmpdir-gcc.dg-struct-layout-1/t028 c_compat_y_tst.o compile,
(internal compiler error)
FAIL: gcc.dg/debug/dwarf2/dwarf-dfp.c (internal compiler error)
FAIL: gcc.dg/debug/dwarf2/dwarf-dfp.c (test for excess errors)
ERROR: gcc.dg/debug/dwarf2/dwarf-dfp.c: error executing dg-final: couldn't
open "dwarf-dfp.s": no such file or directory
FAIL: gcc.dg/dfp/Wconversion-2.c (internal compiler error)
FAIL: gcc.dg/dfp/Wconversion-2.c (test for excess errors)
FAIL: gcc.dg/dfp/call-by-value.c (internal compiler error)
FAIL: gcc.dg/dfp/call-by-value.c (test for excess errors)
FAIL: gcc.dg/dfp/cast.c (internal compiler error)
FAIL: gcc.dg/dfp/cast.c (test for excess errors)
FAIL: gcc.dg/dfp/compare-eq-dfp.c (internal compiler error)
FAIL: gcc.dg/dfp/compare-eq-dfp.c (test for excess errors)
FAIL: gcc.dg/dfp/compare-rel-dfp.c (internal compiler error)
FAIL: gcc.dg/dfp/compare-rel-dfp.c (test for excess errors)
FAIL: gcc.dg/dfp/convert-bfp-fold.c (internal compiler error)
FAIL: gcc.dg/dfp/convert-bfp-fold.c (test for excess errors)
FAIL: gcc.dg/dfp/convert-bfp.c (internal compiler error)
FAIL: gcc.dg/dfp/convert-bfp.c (test for excess errors)
FAIL: gcc.dg/dfp/convert-dfp-round.c (internal compiler error)
FAIL: gcc.dg/dfp/convert-dfp-round.c (test for excess errors)
FAIL: gcc.dg/dfp/convert-dfp.c (internal compiler error)
FAIL: gcc.dg/dfp/convert-dfp.c (test for excess errors)
FAIL: gcc.dg/dfp/convert-int.c (internal compiler error)
FAIL: gcc.dg/dfp/convert-int.c (test for excess errors)
FAIL: gcc.dg/dfp/func-array.c (internal compiler error)
FAIL: gcc.dg/dfp/func-array.c (test for excess errors)
FAIL: gcc.dg/dfp/func-mixed.c (internal compiler error)
FAIL: gcc.dg/dfp/func-mixed.c (test for excess errors)
FAIL: gcc.dg/dfp/func-scalar.c (internal compiler error)
FAIL: gcc.dg/dfp/func-scalar.c (test for excess errors)
FAIL: gcc.dg/dfp/func-struct.c (internal compiler error)
FAIL: gcc.dg/dfp/func-struct.c (test for excess errors)
FAIL: gcc.dg/dfp/func-vararg-dfp.c (internal compiler error)
FAIL: gcc.dg/dfp/func-vararg-dfp.c (test for excess errors)
FAIL: gcc.dg/dfp/func-vararg-mixed.c (internal compiler error)
FAIL: gcc.dg/dfp/func-vararg-mixed.c (test for excess errors)
FAIL: gcc.dg/dfp/inf-1.c (internal compiler error)
FAIL: gcc.dg/dfp/inf-1.c (test for excess errors)
FAIL: gcc.dg/dfp/loop-index.c (internal compiler error)
FAIL: gcc.dg/dfp/loop-index.c (test for excess errors)
FAIL: gcc.dg/dfp/nan-2.c (internal compiler error)
FAIL: gcc.dg/dfp/nan-2.c (test for excess errors)
FAIL: gcc.dg/dfp/operator-assignment.c (internal compiler error)
FAIL: gcc.dg/dfp/operator-assignment.c (test for excess errors)
FAIL: gcc.dg/dfp/operator-comma.c (internal compiler error)
FAIL: gcc.dg/dfp/operator-comma.c (test for excess errors)
FAIL: gcc.dg/dfp/operator-cond.c (internal compiler error)
FAIL: gcc.dg/dfp/operator-cond.c (test for excess errors)
FAIL: gcc.dg/dfp/operator-logical.c (internal compiler error)
FAIL: gcc.dg/dfp/operator-logical.c (test for excess errors)
FAIL: gcc.dg/dfp/operator-unary.c (internal compiler error)
FAIL: gcc.dg/dfp/operator-unary.c (test for excess errors)
FAIL: gcc.dg/dfp/union-init.c (internal compiler error)
FAIL: gcc.dg/dfp/union-init.c (test for excess errors)
FAIL: gcc.dg/dfp/usual-arith-conv.c (internal compiler error)
FAIL: gcc.dg/dfp/usual-arith-conv.c (test for excess errors)
FAIL: gcc.dg/builtin-apply4.c execution test
FAIL: gcc.dg/tree-ssa/gen-vect-11.c scan-tree-dump-times vectorized 1 loops 1
FAIL: gcc.dg/tree-ssa/gen-vect-11a.c scan-tree-dump-times vectorized 1 loops
1
=== gcc Summary ===
# of expected passes 42751
# of unexpected failures 122
# of expected failures 116
# of unresolved testcases 86
# of untested testcases 28
# of unsupported tests 288
/opt/gcc-4_2-build/gcc/xgcc version 4.2.2 20070804 (prerelease)
=== gfortran tests ===
Running target unix
XPASS: gfortran.dg/csqrt_2.f -O0 execution test
XPASS: gfortran.dg/csqrt_2.f -O1 execution test
XPASS: gfortran.dg/csqrt_2.f -O2 execution test
XPASS: gfortran.dg/csqrt_2.f -O3 -fomit-frame-pointer execution test
XPASS: gfortran.dg/csqrt_2.f -O3 -fomit-frame-pointer -funroll-loops
execution test
XPASS: gfortran.dg/csqrt_2.f -O3 -fomit-frame-pointer -funroll-all-loops
-finline-functions execution test
XPASS: gfortran.dg/csqrt_2.f -O3 -g execution test
XPASS: gfortran.dg/csqrt_2.f -Os execution test
=== gfortran Summary ===
# of expected passes 16263
# of unexpected successes 8
# of expected failures 7
# of unsupported tests 16
/opt/gcc-4_2-build/gcc/testsuite/gfortran/../../gfortran version 4.2.2
20070804 (prerelease)
=== gnat tests ===
Running target unix
=== gnat Summary ===
# of expected passes 42
=== obj-c++ tests ===
Running target unix
FAIL: obj-c++.dg/cxx-ivars-2.mm execution test
FAIL: obj-c++.dg/encode-8.mm execution test
FAIL: obj-c++.dg/isa-field-1.mm (test for excess errors)
FAIL: obj-c++.dg/lookup-2.mm (test for excess errors)
FAIL: obj-c++.dg/try-catch-2.mm (test for excess errors)
FAIL: obj-c++.dg/try-catch-9.mm (test for excess errors)
=== obj-c++ Summary ===
# of expected passes 429
# of unexpected failures 6
# of unresolved testcases 3
# of unsupported tests 13
/opt/gcc-4_2-build/gcc/testsuite/obj-c++/../../g++ version 4.2.2 20070804
(prerelease)
=== objc tests ===
Running target unix
=== objc Summary ===
# of expected passes 1806
# of expected failures 7
# of unsupported tests 24
/opt/gcc-4_2-build/gcc/xgcc version 4.2.2 20070804 (prerelease)
=== libffi tests ===
Running target unix
FAIL: libffi.call/return_fl2.c -O0 -W -Wall execution test
FAIL: libffi.call/return_fl2.c -O2 execution test
FAIL: libffi.call/return_fl2.c -O3 execution test
FAIL: libffi.call/return_fl2.c -Os execution test
=== libffi Summary ===
# of expected passes 1080
# of unexpected failures 4
# of unsupported tests 8
=== libgomp tests ===
Running target unix
=== libgomp Summary ===
# of expected passes 1574
=== libjava tests ===
Running target unix
FAIL: Thread_Sleep_2 -O3 output - source compiled test
FAIL: Thread_Sleep_2 output - gij test
=== libjava Summary ===
# of expected passes 7004
# of unexpected failures 2
# of expected failures 12
# of untested testcases 8
=== libmudflap tests ===
Running target unix
=== libmudflap Summary ===
# of expected passes 1814
=== libstdc++ tests ===
Running target unix
FAIL: abi_check
XPASS: 26_numerics/cmath/c99_classification_macros_c.cc (test for excess
errors)
=== libstdc++ Summary ===
# of expected passes 3841
# of unexpected failures 1
# of unexpected successes 1
# of expected failures 15
# of unsupported tests 316
Compiler version: 4.2.2 20070804 (prerelease)
Platform: i686-pc-linux-gnu
configure flags: --verbose --prefix=/usr --enable-objc-gc --disable-multilib
--with-gxx-include-dir=/usr/test/include/c++/4.2 --enable-libstdcxx-debug --
enable-static --enable-shared --enable-initfini-array --enable-__cxa_atexit
--enable-threads=posix --enable-version-specific-runtime-libs --enable-libssp
--enable-libmudflap --enable-libgomp --disable-werror --enable-nls
--with-included-gettext --enable-decimal-float --enable-debug --enable-java-gc=boehm
--with-x --x-includes=/usr/X11R6/include --x-libraries=/usr/X11R6/lib
--enable-java-awt=gtk,xlib --enable-gtk-cairo --enable-qt-peer --enable-xmlj
--enable-gconf-peer --enable-tool-wrappers --enable-portable-native-sync
--enable-examples --with-dwarf2 --with-stabs --enable-hash-synchronization
--enable-gc-debug --enable-interpreter --with-system-zlib --enable-libada --with-tls
--with-tune=athlon-xp --with-cpu=athlon-xp --with-arch=athlon-xp
--enable-stage1-checking=assert,fold,gc,misc,rtl,rtlflag,runtime,tree
--enable-languages=c,ada,c++,fortran,java,objc,obj-c++