This is the mail archive of the
gcc-testresults@gcc.gnu.org
mailing list for the GCC project.
Results for 4.3.0 20070803 (experimental) testsuite on x86_64-unknown-linux-gnu
- From: Rask Ingemann Lambertsen <rask at sygehus dot dk>
- To: gcc-testresults at gcc dot gnu dot org
- Date: Fri, 3 Aug 2007 16:15:44 +0200
- Subject: Results for 4.3.0 20070803 (experimental) testsuite on x86_64-unknown-linux-gnu
URL: svn://gcc.gnu.org/svn/gcc/trunk
Revision: 127179
LAST_UPDATED:
Native configuration is x86_64-unknown-linux-gnu
=== gcc tests ===
Running target unix
FAIL: gcc.c-torture/execute/mayalias-2.c compilation, -O3 -g (internal compiler error)
UNRESOLVED: gcc.c-torture/execute/mayalias-2.c execution, -O3 -g
FAIL: gcc.c-torture/execute/mayalias-3.c compilation, -O3 -g (internal compiler error)
UNRESOLVED: gcc.c-torture/execute/mayalias-3.c execution, -O3 -g
XPASS: gcc.dg/cpp/cmdlne-dI-M.c scan-file (^|\\\\n)cmdlne-dI-M.*:[^\\\\n]*cmdlne-dI-M.c
XPASS: gcc.dg/cpp/cmdlne-dM-M.c scan-file (^|\\\\n)cmdlne-dM-M[^\\\\n]*:[^\\\\n]*cmdlne-dM-M.c
FAIL: gcc.dg/cpp/direct2s.c (test for excess errors)
FAIL: gcc.dg/builtins-61.c scan-tree-dump return 0.0
FAIL: gcc.dg/torture/builtin-pow-mpfr-1.c -O0 scan-tree-dump pow
FAIL: gcc.dg/torture/builtin-pow-mpfr-1.c -O1 scan-tree-dump pow
FAIL: gcc.dg/torture/builtin-pow-mpfr-1.c -O2 scan-tree-dump pow
FAIL: gcc.dg/torture/builtin-pow-mpfr-1.c -O3 -fomit-frame-pointer scan-tree-dump pow
FAIL: gcc.dg/torture/builtin-pow-mpfr-1.c -O3 -g scan-tree-dump pow
FAIL: gcc.dg/torture/builtin-pow-mpfr-1.c -Os scan-tree-dump pow
XPASS: gcc.dg/tree-ssa/update-threading.c scan-tree-dump-times Invalid sum 0
=== gcc Summary ===
# of expected passes 46144
# of unexpected failures 10
# of unexpected successes 3
# of expected failures 136
# of unresolved testcases 2
# of untested testcases 35
# of unsupported tests 496
/home/rask/build/gcc-x86_64-unknown-linux-gnu/gcc/xgcc version 4.3.0 20070803 (experimental)
=== gfortran tests ===
Running target unix
=== gfortran Summary ===
# of expected passes 20005
# of expected failures 9
# of unsupported tests 18
/home/rask/build/gcc-x86_64-unknown-linux-gnu/gcc/testsuite/gfortran/../../gfortran version 4.3.0 20070803 (experimental)
=== g++ tests ===
Running target unix
XPASS: g++.dg/tree-ssa/copyprop-1.C scan-tree-dump-not .* = [^>;]*;
XPASS: g++.dg/tree-ssa/ivopts-1.C scan-tree-dump-not offset: -4B
XPASS: g++.dg/tree-ssa/ivopts-1.C scan-tree-dump-not &x\\[5\\]
=== g++ Summary ===
# of expected passes 16244
# of unexpected successes 3
# of expected failures 87
# of unsupported tests 113
/home/rask/build/gcc-x86_64-unknown-linux-gnu/gcc/testsuite/g++/../../g++ version 4.3.0 20070803 (experimental)
=== objc tests ===
Running target unix
=== objc Summary ===
# of expected passes 1812
# of expected failures 7
# of unsupported tests 24
/home/rask/build/gcc-x86_64-unknown-linux-gnu/gcc/xgcc version 4.3.0 20070803 (experimental)
Compiler version: 4.3.0 20070803 (experimental)
Platform: x86_64-unknown-linux-gnu
configure flags: --target x86_64-unknown-linux-gnu --with-newlib --enable-sim --disable-gdb --disable-nls --enable-checking=yes,rtl --without-newlib --disable-multilib --disable-binutils --disable-gas --disable-ld --disable-gprof