This is the mail archive of the
gcc-testresults@gcc.gnu.org
mailing list for the GCC project.
Results for 4.3.0 20070731 (experimental) testsuite on i686-pc-cygwin
- From: "Christian Joensson" <christian dot joensson at gmail dot com>
- To: gcc-testresults at gcc dot gnu dot org
- Date: Fri, 3 Aug 2007 11:00:04 +0200
- Subject: Results for 4.3.0 20070731 (experimental) testsuite on i686-pc-cygwin
Windows XP Pro/SP2 cygwin Pentium M processor 2.13GHz system with packages:
binutils 20060817-1 2.17.50 20060817
bison 2.3-1 2.3
cygwin 1.5.24-2 (rev. 1.46 of newlib's stdio.h)
dejagnu 20021217-2 1.4.2.x
expect 20030128-1 5.26
gcc 3.4.4-3
gcc-ada 3.4.4-3
gcc-g++ 3.4.4-3
gmp 4.2.1-1
make 3.81-1
mpfr 2.2.1-1
tcltk 20060202-1 8.4
w32api 3.8-1
LAST_UPDATED: Tue Jul 31 07:49:35 UTC 2007 (revision 127081)
Native configuration is i686-pc-cygwin
=== g++ tests ===
Running target unix
FAIL: g++.dg/abi/local1.C execution test
FAIL: g++.dg/abi/rtti1.C scan-assembler-dem-not \\ntypeinfo for A[: \\t\\n]
FAIL: g++.dg/abi/rtti3.C scan-assembler .weak[ \\t]_?_ZTSPP1A
FAIL: g++.dg/abi/thunk4.C scan-assembler .weak[ \\t]_?_ZThn._N7Derived3FooEv
FAIL: g++.dg/eh/weak1.C execution test
FAIL: g++.dg/ext/dllimport7.C C++ specific error (test for errors, line 24)
FAIL: g++.dg/init/cleanup3.C scan-assembler-not _tcf
FAIL: g++.dg/opt/vt1.C scan-assembler-not
section[^\\n\\r]*_ZTV1S[^\\n\\r]*"[^w"\\n\\r]*"
FAIL: g++.dg/template/spec35.C scan-assembler .glob(a|)l[\\t ]*_Z2f2IfEvT_
FAIL: g++.dg/template/spec35.C scan-assembler .weak[\\t ]*_Z2f2IiEvT_
XPASS: g++.dg/tree-ssa/copyprop-1.C scan-tree-dump-not .* = [^>;]*;
XPASS: g++.dg/tree-ssa/ivopts-1.C scan-tree-dump-not offset: -4B
XPASS: g++.dg/tree-ssa/ivopts-1.C scan-tree-dump-not &x\\[5\\]
FAIL: g++.old-deja/g++.eh/badalloc1.C execution test
XPASS: g++.old-deja/g++.ext/attrib5.C execution test
FAIL: g++.old-deja/g++.other/init18.C execution test
FAIL: g++.old-deja/g++.other/init19.C execution test
FAIL: g++.old-deja/g++.other/init5.C execution test
=== g++ Summary ===
# of expected passes 16852
# of unexpected failures 14
# of unexpected successes 4
# of expected failures 87
# of unsupported tests 188
/usr/local/src/trunk/objdir/gcc/testsuite/g++/../../g++ version 4.3.0
20070731 (experimental)
=== gcc tests ===
Running target unix
FAIL: gcc.c-torture/execute/990127-2.c execution, -Os
FAIL: gcc.c-torture/execute/mayalias-2.c compilation, -O3 -g
(internal compiler error)
UNRESOLVED: gcc.c-torture/execute/mayalias-2.c execution, -O3 -g
FAIL: gcc.c-torture/execute/mayalias-3.c compilation, -O3 -g
(internal compiler error)
UNRESOLVED: gcc.c-torture/execute/mayalias-3.c execution, -O3 -g
FAIL: gcc.dg/20021014-1.c (test for excess errors)
WARNING: gcc.dg/20021014-1.c compilation failed to produce executable
FAIL: gcc.dg/attr-invalid.c (test for warnings, line 88)
FAIL: gcc.dg/attr-invalid.c (test for warnings, line 90)
FAIL: gcc.dg/builtins-20.c (test for excess errors)
FAIL: gcc.dg/builtins-59.c scan-tree-dump __builtin_cexpi
FAIL: gcc.dg/builtins-59.c scan-tree-dump-not sincos
FAIL: gcc.dg/builtins-61.c scan-tree-dump cexpi
FAIL: gcc.dg/builtins-61.c scan-tree-dump sin
FAIL: gcc.dg/builtins-61.c scan-tree-dump cos
FAIL: gcc.dg/builtins-61.c scan-tree-dump return 0.0
FAIL: gcc.dg/builtins-62.c scan-tree-dump-times cexpi 3
FAIL: gcc.dg/c99-tgmath-1.c (test for excess errors)
FAIL: gcc.dg/c99-tgmath-2.c (test for excess errors)
FAIL: gcc.dg/c99-tgmath-3.c (test for excess errors)
FAIL: gcc.dg/c99-tgmath-4.c (test for excess errors)
FAIL: gcc.dg/float-range-3.c (test for excess errors)
FAIL: gcc.dg/float-range-4.c (test for excess errors)
FAIL: gcc.dg/float-range-5.c (test for excess errors)
FAIL: gcc.dg/pr25993.c (test for excess errors)
FAIL: gcc.dg/matrix/matrix-1.c scan-ipa-dump-times Flattened 3 dimensions 1
FAIL: gcc.dg/matrix/matrix-2.c scan-ipa-dump-times Flattened 2 dimensions 1
FAIL: gcc.dg/matrix/transpose-1.c scan-ipa-dump-times Flattened 3 dimensions 1
FAIL: gcc.dg/matrix/transpose-1.c scan-ipa-dump-times Transposed 3
FAIL: gcc.dg/matrix/transpose-2.c scan-ipa-dump-times Flattened 3 dimensions 1
FAIL: gcc.dg/matrix/transpose-3.c scan-ipa-dump-times Flattened 2 dimensions 1
FAIL: gcc.dg/matrix/transpose-3.c scan-ipa-dump-times Transposed 2
FAIL: gcc.dg/matrix/transpose-4.c scan-ipa-dump-times Flattened 3 dimensions 1
FAIL: gcc.dg/matrix/transpose-4.c scan-ipa-dump-times Transposed 2
FAIL: gcc.dg/matrix/transpose-5.c scan-ipa-dump-times Flattened 3 dimensions 1
FAIL: gcc.dg/matrix/transpose-6.c scan-ipa-dump-times Flattened 3 dimensions 1
FAIL: largefile.c (test for excess errors)
FAIL: largefile.c (test for excess errors)
FAIL: largefile.c (test for excess errors)
FAIL: largefile.c (test for excess errors)
FAIL: largefile.c (test for excess errors)
FAIL: largefile.c (test for excess errors)
FAIL: largefile.c (test for excess errors)
FAIL: gcc.dg/tree-ssa/loop-1.c scan-assembler-times foo 5
FAIL: gcc.dg/tree-ssa/pr27781.c scan-tree-dump func \\(\\);
XPASS: gcc.dg/tree-ssa/update-threading.c scan-tree-dump-times Invalid sum 0
FAIL: gcc.dg/vect/pr25413.c scan-tree-dump-times vectorized 1 loops 0
FAIL: gcc.dg/vect/pr25413.c scan-tree-dump-times vector alignment may
not be reachable 1
FAIL: gcc.dg/vect/pr25413.c scan-tree-dump-times not vectorized:
unsupported unaligned store 1
FAIL: gcc.dg/vect/pr31041.c (test for excess errors)
FAIL: compiler driver --coverage option(s) (compiler options)
FAIL: gcc.target/i386/pic-1.c (test for errors, line 11)
=== gcc Summary ===
# of expected passes 47436
# of unexpected failures 48
# of unexpected successes 1
# of expected failures 138
# of unresolved testcases 2
# of untested testcases 42
# of unsupported tests 435
/usr/local/src/trunk/objdir/gcc/xgcc version 4.3.0 20070731 (experimental)
=== gfortran tests ===
Running target unix
FAIL: gfortran.dg/nan_1.f90 (test for warnings, line 72)
FAIL: gfortran.dg/nan_1.f90 (test for warnings, line 73)
FAIL: gfortran.dg/nan_1.f90 (test for warnings, line 74)
FAIL: gfortran.dg/nan_1.f90 (test for warnings, line 75)
FAIL: gfortran.dg/nan_1.f90 (test for warnings, line 89)
FAIL: gfortran.dg/nan_1.f90 (test for warnings, line 90)
FAIL: gfortran.dg/nan_1.f90 (test for warnings, line 91)
FAIL: gfortran.dg/nan_1.f90 (test for warnings, line 92)
FAIL: gfortran.dg/nan_1.f90 (test for warnings, line 93)
FAIL: gfortran.dg/nan_1.f90 (test for warnings, line 94)
FAIL: gfortran.dg/nan_1.f90 (test for excess errors)
WARNING: gfortran.dg/nan_1.f90 compilation failed to produce executable
FAIL: gfortran.dg/nan_1.f90 (test for warnings, line 72)
FAIL: gfortran.dg/nan_1.f90 (test for warnings, line 73)
FAIL: gfortran.dg/nan_1.f90 (test for warnings, line 74)
FAIL: gfortran.dg/nan_1.f90 (test for warnings, line 75)
FAIL: gfortran.dg/nan_1.f90 (test for warnings, line 89)
FAIL: gfortran.dg/nan_1.f90 (test for warnings, line 90)
FAIL: gfortran.dg/nan_1.f90 (test for warnings, line 91)
FAIL: gfortran.dg/nan_1.f90 (test for warnings, line 92)
FAIL: gfortran.dg/nan_1.f90 (test for warnings, line 93)
FAIL: gfortran.dg/nan_1.f90 (test for warnings, line 94)
FAIL: gfortran.dg/nan_1.f90 (test for excess errors)
WARNING: gfortran.dg/nan_1.f90 compilation failed to produce executable
FAIL: gfortran.dg/nan_1.f90 (test for warnings, line 72)
FAIL: gfortran.dg/nan_1.f90 (test for warnings, line 73)
FAIL: gfortran.dg/nan_1.f90 (test for warnings, line 74)
FAIL: gfortran.dg/nan_1.f90 (test for warnings, line 75)
FAIL: gfortran.dg/nan_1.f90 (test for warnings, line 89)
FAIL: gfortran.dg/nan_1.f90 (test for warnings, line 90)
FAIL: gfortran.dg/nan_1.f90 (test for warnings, line 91)
FAIL: gfortran.dg/nan_1.f90 (test for warnings, line 92)
FAIL: gfortran.dg/nan_1.f90 (test for warnings, line 93)
FAIL: gfortran.dg/nan_1.f90 (test for warnings, line 94)
FAIL: gfortran.dg/nan_1.f90 (test for excess errors)
WARNING: gfortran.dg/nan_1.f90 compilation failed to produce executable
FAIL: gfortran.dg/nan_1.f90 (test for warnings, line 72)
FAIL: gfortran.dg/nan_1.f90 (test for warnings, line 73)
FAIL: gfortran.dg/nan_1.f90 (test for warnings, line 74)
FAIL: gfortran.dg/nan_1.f90 (test for warnings, line 75)
FAIL: gfortran.dg/nan_1.f90 (test for warnings, line 89)
FAIL: gfortran.dg/nan_1.f90 (test for warnings, line 90)
FAIL: gfortran.dg/nan_1.f90 (test for warnings, line 91)
FAIL: gfortran.dg/nan_1.f90 (test for warnings, line 92)
FAIL: gfortran.dg/nan_1.f90 (test for warnings, line 93)
FAIL: gfortran.dg/nan_1.f90 (test for warnings, line 94)
FAIL: gfortran.dg/nan_1.f90 (test for excess errors)
WARNING: gfortran.dg/nan_1.f90 compilation failed to produce executable
FAIL: gfortran.dg/nan_1.f90 (test for warnings, line 72)
FAIL: gfortran.dg/nan_1.f90 (test for warnings, line 73)
FAIL: gfortran.dg/nan_1.f90 (test for warnings, line 74)
FAIL: gfortran.dg/nan_1.f90 (test for warnings, line 75)
FAIL: gfortran.dg/nan_1.f90 (test for warnings, line 89)
FAIL: gfortran.dg/nan_1.f90 (test for warnings, line 90)
FAIL: gfortran.dg/nan_1.f90 (test for warnings, line 91)
FAIL: gfortran.dg/nan_1.f90 (test for warnings, line 92)
FAIL: gfortran.dg/nan_1.f90 (test for warnings, line 93)
FAIL: gfortran.dg/nan_1.f90 (test for warnings, line 94)
FAIL: gfortran.dg/nan_1.f90 (test for excess errors)
WARNING: gfortran.dg/nan_1.f90 compilation failed to produce executable
FAIL: gfortran.dg/nan_1.f90 (test for warnings, line 72)
FAIL: gfortran.dg/nan_1.f90 (test for warnings, line 73)
FAIL: gfortran.dg/nan_1.f90 (test for warnings, line 74)
FAIL: gfortran.dg/nan_1.f90 (test for warnings, line 75)
FAIL: gfortran.dg/nan_1.f90 (test for warnings, line 89)
FAIL: gfortran.dg/nan_1.f90 (test for warnings, line 90)
FAIL: gfortran.dg/nan_1.f90 (test for warnings, line 91)
FAIL: gfortran.dg/nan_1.f90 (test for warnings, line 92)
FAIL: gfortran.dg/nan_1.f90 (test for warnings, line 93)
FAIL: gfortran.dg/nan_1.f90 (test for warnings, line 94)
FAIL: gfortran.dg/nan_1.f90 (test for excess errors)
WARNING: gfortran.dg/nan_1.f90 compilation failed to produce executable
FAIL: gfortran.dg/nan_1.f90 (test for warnings, line 72)
FAIL: gfortran.dg/nan_1.f90 (test for warnings, line 73)
FAIL: gfortran.dg/nan_1.f90 (test for warnings, line 74)
FAIL: gfortran.dg/nan_1.f90 (test for warnings, line 75)
FAIL: gfortran.dg/nan_1.f90 (test for warnings, line 89)
FAIL: gfortran.dg/nan_1.f90 (test for warnings, line 90)
FAIL: gfortran.dg/nan_1.f90 (test for warnings, line 91)
FAIL: gfortran.dg/nan_1.f90 (test for warnings, line 92)
FAIL: gfortran.dg/nan_1.f90 (test for warnings, line 93)
FAIL: gfortran.dg/nan_1.f90 (test for warnings, line 94)
FAIL: gfortran.dg/nan_1.f90 (test for excess errors)
WARNING: gfortran.dg/nan_1.f90 compilation failed to produce executable
FAIL: gfortran.dg/nan_1.f90 (test for warnings, line 72)
FAIL: gfortran.dg/nan_1.f90 (test for warnings, line 73)
FAIL: gfortran.dg/nan_1.f90 (test for warnings, line 74)
FAIL: gfortran.dg/nan_1.f90 (test for warnings, line 75)
FAIL: gfortran.dg/nan_1.f90 (test for warnings, line 89)
FAIL: gfortran.dg/nan_1.f90 (test for warnings, line 90)
FAIL: gfortran.dg/nan_1.f90 (test for warnings, line 91)
FAIL: gfortran.dg/nan_1.f90 (test for warnings, line 92)
FAIL: gfortran.dg/nan_1.f90 (test for warnings, line 93)
FAIL: gfortran.dg/nan_1.f90 (test for warnings, line 94)
FAIL: gfortran.dg/nan_1.f90 (test for excess errors)
WARNING: gfortran.dg/nan_1.f90 compilation failed to produce executable
=== gfortran Summary ===
# of expected passes 19667
# of unexpected failures 88
# of expected failures 9
# of unsupported tests 86
/usr/local/src/trunk/objdir/gcc/testsuite/gfortran/../../gfortran
version 4.3.0 20070731 (experimental)
=== obj-c++ tests ===
Running target unix
FAIL: obj-c++.dg/bitfield-1.mm (internal compiler error)
FAIL: obj-c++.dg/bitfield-1.mm (test for excess errors)
WARNING: obj-c++.dg/bitfield-1.mm compilation failed to produce executable
FAIL: obj-c++.dg/comp-types-10.mm (internal compiler error)
FAIL: obj-c++.dg/comp-types-10.mm (test for excess errors)
FAIL: obj-c++.dg/cxx-class-1.mm (test for excess errors)
FAIL: obj-c++.dg/cxx-ivars-2.mm execution test
FAIL: obj-c++.dg/encode-2.mm scan-assembler {Vec<float>=ffi}
FAIL: obj-c++.dg/encode-2.mm scan-assembler {Vec<double>=ddi}
FAIL: obj-c++.dg/encode-3.mm execution test
FAIL: obj-c++.dg/encode-8.mm execution test
FAIL: obj-c++.dg/gnu-runtime-2.mm (test for excess errors)
FAIL: obj-c++.dg/isa-field-1.mm (test for excess errors)
FAIL: obj-c++.dg/lookup-2.mm (test for excess errors)
WARNING: obj-c++.dg/lookup-2.mm compilation failed to produce executable
FAIL: obj-c++.dg/try-catch-2.mm (test for excess errors)
WARNING: obj-c++.dg/try-catch-2.mm compilation failed to produce executable
FAIL: obj-c++.dg/try-catch-9.mm (internal compiler error)
FAIL: obj-c++.dg/try-catch-9.mm (test for excess errors)
WARNING: obj-c++.dg/try-catch-9.mm compilation failed to produce executable
=== obj-c++ Summary ===
# of expected passes 421
# of unexpected failures 16
# of unsupported tests 13
/usr/local/src/trunk/objdir/gcc/testsuite/obj-c++/../../g++ version
4.3.0 20070731 (experimental)
=== objc tests ===
Running target unix
=== objc Summary ===
# of expected passes 1892
# of expected failures 7
# of unsupported tests 24
/usr/local/src/trunk/objdir/gcc/xgcc version 4.3.0 20070731 (experimental)
=== treelang tests ===
Running target unix
ERROR: tcl error sourcing
/usr/local/src/trunk/gcc/gcc/testsuite/treelang/output/output.exp.
ERROR: rm: cannot remove \`treelang/output-1': No such file or directory
=== treelang Summary ===
# of expected passes 52
=== libstdc++ tests ===
Running target unix
FAIL: 22_locale/locale/cons/unicode.cc (test for excess errors)
WARNING: 22_locale/locale/cons/unicode.cc compilation failed to
produce executable
FAIL: 22_locale/locale/cons/unicode.cc (test for excess errors)
WARNING: 22_locale/locale/cons/unicode.cc compilation failed to
produce executable
XPASS: 26_numerics/headers/cmath/c99_classification_macros_c.cc (test
for excess errors)
XPASS: 26_numerics/headers/cmath/c99_classification_macros_c.cc (test
for excess errors)
FAIL: 27_io/basic_filebuf/seekoff/char/1-io.cc execution test
FAIL: 27_io/basic_filebuf/seekoff/char/1-io.cc execution test
FAIL: 27_io/basic_filebuf/seekoff/char/2-io.cc execution test
FAIL: 27_io/basic_filebuf/seekoff/char/2-io.cc execution test
FAIL: 27_io/basic_filebuf/seekpos/char/1-io.cc execution test
FAIL: 27_io/basic_filebuf/seekpos/char/1-io.cc execution test
FAIL: 27_io/basic_filebuf/seekpos/char/2-io.cc execution test
FAIL: 27_io/basic_filebuf/seekpos/char/2-io.cc execution test
FAIL: 27_io/basic_filebuf/sgetn/char/1-in.cc execution test
FAIL: 27_io/basic_filebuf/sgetn/char/1-in.cc execution test
FAIL: 27_io/basic_filebuf/sgetn/char/1-in.cc execution test
FAIL: 27_io/basic_filebuf/sgetn/char/1-io.cc execution test
FAIL: 27_io/basic_filebuf/sgetn/char/1-io.cc execution test
FAIL: 27_io/basic_filebuf/sgetn/char/1-io.cc execution test
FAIL: 27_io/basic_filebuf/sgetn/char/2-in.cc execution test
FAIL: 27_io/basic_filebuf/sgetn/char/2-in.cc execution test
FAIL: 27_io/basic_filebuf/sgetn/char/2-in.cc execution test
FAIL: 27_io/basic_filebuf/sgetn/char/2-io.cc execution test
FAIL: 27_io/basic_filebuf/sgetn/char/2-io.cc execution test
FAIL: 27_io/basic_filebuf/sgetn/char/2-io.cc execution test
FAIL: 27_io/basic_istream/readsome/char/6746-2.cc execution test
FAIL: 27_io/basic_istream/readsome/char/6746-2.cc execution test
FAIL: 27_io/basic_istream/readsome/char/6746-2.cc execution test
FAIL: ext/codecvt/1.cc (test for excess errors)
WARNING: ext/codecvt/1.cc compilation failed to produce executable
FAIL: ext/codecvt/char-1.cc (test for excess errors)
WARNING: ext/codecvt/char-1.cc compilation failed to produce executable
FAIL: ext/codecvt/char-2.cc (test for excess errors)
WARNING: ext/codecvt/char-2.cc compilation failed to produce executable
FAIL: ext/enc_filebuf/char/13189.cc (test for excess errors)
WARNING: ext/enc_filebuf/char/13189.cc compilation failed to produce executable
FAIL: ext/enc_filebuf/char/13189.cc (test for excess errors)
WARNING: ext/enc_filebuf/char/13189.cc compilation failed to produce executable
FAIL: ext/enc_filebuf/char/13598.cc (test for excess errors)
WARNING: ext/enc_filebuf/char/13598.cc compilation failed to produce executable
FAIL: ext/enc_filebuf/char/13598.cc (test for excess errors)
WARNING: ext/enc_filebuf/char/13598.cc compilation failed to produce executable
FAIL: ext/mt_allocator/deallocate_local_thread-5.cc execution test
FAIL: ext/mt_allocator/deallocate_local_thread-7.cc execution test
FAIL: ext/pb_ds/example/priority_queue_dijkstra.cc execution test
FAIL: ext/pb_ds/example/priority_queue_dijkstra.cc execution test
=== libstdc++ Summary ===
# of expected passes 8312
# of unexpected failures 36
# of unexpected successes 2
# of expected failures 110
# of unsupported tests 538
Compiler version: 4.3.0 20070731 (experimental)
Platform: i686-pc-cygwin
configure flags: --disable-nls --without-included-gettext
--enable-version-specific-runtime-libs --without-x --disable-libgcj
--with-system-zlib --enable-threads=posix
--enable-languages=c,c++,fortran,objc,obj-c++,treelang
BOOT_CFLAGS=-O2 -march=pentium-m -pipe
Counting all warnings,
there are 116 warnings in stage0 of this bootstrap.
Number of warnings per file:
23 libgfortran/intrinsics/c99_functions.c
18 libgfortran/intrinsics/date_and_time.c
11 gengtype-lex.c
8 treelang/lex.c
8 Makefile
7 libtool
7 gcc/fixincludes/fixincl.x
6 libobjc/exception.c
6 gcc/config/i386/cygming-crtend.c
3 libsupc++/eh_personality.cc
3 gcc/config/i386/i386.md
1 libsupc++/pointer_type_info.cc
1 libssp/ssp.c
1 libssp/ssp-local.c
1 libobjc/thr.c
1 libobjc/sendmsg.c
1 libobjc/Object.m
1 libgfortran/runtime/select.c
1 libgfortran/runtime/main.c
1 libgfortran/runtime/error.c
1 libgfortran/runtime/backtrace.c
1 libgfortran/io/list_read.c
1 include/precompiled/stdtr1c++.h
1 gcc/unwind-pe.h
1 gcc/gthr-posix.h
1 gcc/coretypes.h
1 ./runtime-info.h
Number of warning types:
23 no previous prototype for \`???'
12 old-style function definition
7 undefined symbols not allowed in i686-pc-cygwin shared libraries
7 string length \`???' is greater than the length \`???' ISO C89
compilers are required to support
7 format \`???' expects type \`???', but argument 4 has type \`???'
7 \`???' defined but not used
6 passing argument 2 of \`???' from incompatible pointer type
6 format \`???' expects type \`???', but argument 5 has type \`???'
4 overriding commands for target \`???'
4 ignoring old commands for target \`???'
4 format \`???' expects type \`???', but argument 6 has type \`???'
4 dereferencing type-punned pointer will break strict-aliasing rules
3 operand 1 missing mode?
3 old-style parameter declaration
3 destructor priorities from 0 to 100 are reserved for the implementation
3 constructor priorities from 0 to 100 are reserved for the implementation
2 visibility attribute not supported in this configuration; ignored
2 format \`???' expects type \`???', but argument 7 has type \`???'
1 unused parameter \`???'
1 this is the location of the previous definition
1 passing argument 1 of \`???' discards qualifiers from pointer
target type
1 comparison of distinct pointer types lacks a cast
1 argument \`???' might be clobbered by \`???' or \`???'
1 \`rtx' redefined
1 \`???' may be used uninitialized in this function
1 \`???' function does return
1 /usr/local/src/trunk/objdir/i686-pc-cygwin/libstdc++-v3/include/i686-pc-cygwin/bits/stdc++.h.gch/O0g.gch:
not used because \`???' not defined