This is the mail archive of the
gcc-testresults@gcc.gnu.org
mailing list for the GCC project.
Results for 4.3.0 20070802 (experimental) testsuite on i686-pc-linux-gnu
- From: Weidong Cui <mason dot cui at gmail dot com>
- To: gcc-testresults at gcc dot gnu dot org
- Date: Thu, 02 Aug 2007 04:21:41 -0700 (PDT)
- Subject: Results for 4.3.0 20070802 (experimental) testsuite on i686-pc-linux-gnu
LAST_UPDATED: Thu Aug 2 06:32:04 UTC 2007 (revision 127146)
Native configuration is i686-pc-linux-gnu
=== gcc tests ===
Running target unix
FAIL: gcc.c-torture/execute/mayalias-2.c compilation, -O3 -g (internal compiler error)
UNRESOLVED: gcc.c-torture/execute/mayalias-2.c execution, -O3 -g
FAIL: gcc.c-torture/execute/mayalias-3.c compilation, -O3 -g (internal compiler error)
UNRESOLVED: gcc.c-torture/execute/mayalias-3.c execution, -O3 -g
FAIL: gcc.dg/builtins-61.c scan-tree-dump return 0.0
FAIL: gcc.dg/pr28796-2.c (test for excess errors)
UNRESOLVED: gcc.dg/pr28796-2.c compilation failed to produce executable
FAIL: gcc.dg/torture/type-generic-1.c -O0 (test for excess errors)
UNRESOLVED: gcc.dg/torture/type-generic-1.c -O0 compilation failed to produce executable
FAIL: gcc.dg/torture/type-generic-1.c -O1 (test for excess errors)
UNRESOLVED: gcc.dg/torture/type-generic-1.c -O1 compilation failed to produce executable
FAIL: gcc.dg/torture/type-generic-1.c -O2 (test for excess errors)
UNRESOLVED: gcc.dg/torture/type-generic-1.c -O2 compilation failed to produce executable
FAIL: gcc.dg/torture/type-generic-1.c -O3 -fomit-frame-pointer (test for excess errors)
UNRESOLVED: gcc.dg/torture/type-generic-1.c -O3 -fomit-frame-pointer compilation failed to produce executable
FAIL: gcc.dg/torture/type-generic-1.c -O3 -g (test for excess errors)
UNRESOLVED: gcc.dg/torture/type-generic-1.c -O3 -g compilation failed to produce executable
FAIL: gcc.dg/torture/type-generic-1.c -Os (test for excess errors)
UNRESOLVED: gcc.dg/torture/type-generic-1.c -Os compilation failed to produce executable
XPASS: gcc.dg/tree-ssa/update-threading.c scan-tree-dump-times Invalid sum 0
=== gcc Summary ===
# of expected passes 46301
# of unexpected failures 10
# of unexpected successes 1
# of expected failures 139
# of unresolved testcases 9
# of untested testcases 35
# of unsupported tests 377
/home/cuiwd/gcc4/build/gcc/xgcc version 4.3.0 20070802 (experimental)
=== gfortran tests ===
Running target unix
=== gfortran Summary ===
# of expected passes 20007
# of expected failures 9
# of unsupported tests 16
/home/cuiwd/gcc4/build/gcc/testsuite/gfortran/../../gfortran version 4.3.0 20070802 (experimental)
=== g++ tests ===
Running target unix
XPASS: g++.dg/tree-ssa/copyprop-1.C scan-tree-dump-not .* = [^>;]*;
XPASS: g++.dg/tree-ssa/ivopts-1.C scan-tree-dump-not offset: -4B
XPASS: g++.dg/tree-ssa/ivopts-1.C scan-tree-dump-not &x\\[5\\]
FAIL: g++.dg/torture/type-generic-1.C -O0 (test for excess errors)
UNRESOLVED: g++.dg/torture/type-generic-1.C -O0 compilation failed to produce executable
FAIL: g++.dg/torture/type-generic-1.C -O1 (test for excess errors)
UNRESOLVED: g++.dg/torture/type-generic-1.C -O1 compilation failed to produce executable
FAIL: g++.dg/torture/type-generic-1.C -O2 (test for excess errors)
UNRESOLVED: g++.dg/torture/type-generic-1.C -O2 compilation failed to produce executable
FAIL: g++.dg/torture/type-generic-1.C -O3 -fomit-frame-pointer (test for excess errors)
UNRESOLVED: g++.dg/torture/type-generic-1.C -O3 -fomit-frame-pointer compilation failed to produce executable
FAIL: g++.dg/torture/type-generic-1.C -O3 -g (test for excess errors)
UNRESOLVED: g++.dg/torture/type-generic-1.C -O3 -g compilation failed to produce executable
FAIL: g++.dg/torture/type-generic-1.C -Os (test for excess errors)
UNRESOLVED: g++.dg/torture/type-generic-1.C -Os compilation failed to produce executable
=== g++ Summary ===
# of expected passes 16310
# of unexpected failures 6
# of unexpected successes 3
# of expected failures 87
# of unresolved testcases 6
# of unsupported tests 84
/home/cuiwd/gcc4/build/gcc/testsuite/g++/../../g++ version 4.3.0 20070802 (experimental)
=== objc tests ===
Running target unix
=== objc Summary ===
# of expected passes 1812
# of expected failures 7
# of unsupported tests 24
/home/cuiwd/gcc4/build/gcc/xgcc version 4.3.0 20070802 (experimental)
=== libffi tests ===
Running target unix
=== libffi Summary ===
# of expected passes 1096
# of unsupported tests 8
=== libgomp tests ===
Running target unix
=== libgomp Summary ===
# of expected passes 1607
=== libjava tests ===
Running target unix
FAIL: calls output - gij test
FAIL: virtual output - gij test
=== libjava Summary ===
# of expected passes 2536
# of unexpected failures 2
=== libmudflap tests ===
Running target unix
FAIL: libmudflap.c++/pass41-frag.cxx execution test
FAIL: libmudflap.c++/pass41-frag.cxx (-static) execution test
FAIL: libmudflap.c++/pass41-frag.cxx ( -O) execution test
FAIL: libmudflap.c++/pass41-frag.cxx (-O2) execution test
FAIL: libmudflap.c++/pass41-frag.cxx (-O3) execution test
=== libmudflap Summary ===
# of expected passes 1821
# of unexpected failures 5
=== libstdc++ tests ===
Running target unix
XPASS: 26_numerics/headers/cmath/c99_classification_macros_c.cc (test for excess errors)
=== libstdc++ Summary ===
# of expected passes 4474
# of unexpected successes 1
# of expected failures 54
# of unsupported tests 316
Compiler version: 4.3.0 20070802 (experimental)
Platform: i686-pc-linux-gnu
configure flags: --prefix=/home/cuiwd/gcc4/ins --with-gnu-as --with-as=/home/cuiwd/binutils217/bin/as --with-gnu-ld --with-ld=/home/cuiwd/binutils217/bin/ld --with-mpfr=/home/cuiwd/mpfr --with-gmp=/home/cuiwd/gmp --enable-clocale=gnu --with-system-zlib --enable-shared --enable-threads=posix --enable-decimal-float=bid --with-demangler-in-ld --enable-haifa --enable-checking=assert --enable-languages=c,c++,fortran,java,objc --no-create --no-recursion