This is the mail archive of the gcc-testresults@gcc.gnu.org mailing list for the GCC project.


Index Nav: [Date Index] [Subject Index] [Author Index] [Thread Index]
Message Nav: [Date Prev] [Date Next] [Thread Prev] [Thread Next]
Other format: [Raw text]

Results for 4.2.1 testsuite on ia64-unknown-linux-gnu


LAST_UPDATED: Sun Jul 29 20:22:43 UTC 2007 (revision 127048)

Native configuration is ia64-unknown-linux-gnu

		=== gcc tests ===


Running target unix
UNRESOLVED: gcc.c-torture/execute/mayalias-2.c execution,  -O3 -g 
FAIL: gcc.dg/builtin-apply4.c execution test
FAIL: gcc.dg/pr30643.c scan-assembler-not undefined
WARNING: gcc.dg/torture/fp-int-convert-float128-timode.c  -O0  compilation failed to produce executable
WARNING: gcc.dg/torture/fp-int-convert-float128-timode.c  -O1  compilation failed to produce executable
WARNING: gcc.dg/torture/fp-int-convert-float128-timode.c  -O2  compilation failed to produce executable
WARNING: gcc.dg/torture/fp-int-convert-float128-timode.c  -O3 -fomit-frame-pointer  compilation failed to produce executable
WARNING: gcc.dg/torture/fp-int-convert-float128-timode.c  -O3 -g  compilation failed to produce executable
WARNING: gcc.dg/torture/fp-int-convert-float128-timode.c  -Os  compilation failed to produce executable
FAIL: gcc.dg/torture/fp-int-convert-float128.c  -O0  (test for excess errors)
WARNING: gcc.dg/torture/fp-int-convert-float128.c  -O0  compilation failed to produce executable
FAIL: gcc.dg/torture/fp-int-convert-float128.c  -O1  (test for excess errors)
WARNING: gcc.dg/torture/fp-int-convert-float128.c  -O1  compilation failed to produce executable
FAIL: gcc.dg/torture/fp-int-convert-float128.c  -O2  (test for excess errors)
WARNING: gcc.dg/torture/fp-int-convert-float128.c  -O2  compilation failed to produce executable
FAIL: gcc.dg/torture/fp-int-convert-float128.c  -O3 -fomit-frame-pointer  (test for excess errors)
WARNING: gcc.dg/torture/fp-int-convert-float128.c  -O3 -fomit-frame-pointer  compilation failed to produce executable
FAIL: gcc.dg/torture/fp-int-convert-float128.c  -O3 -g  (test for excess errors)
WARNING: gcc.dg/torture/fp-int-convert-float128.c  -O3 -g  compilation failed to produce executable
FAIL: gcc.dg/torture/fp-int-convert-float128.c  -Os  (test for excess errors)
WARNING: gcc.dg/torture/fp-int-convert-float128.c  -Os  compilation failed to produce executable
XPASS: gcc.dg/tree-ssa/loop-1.c scan-assembler-times foo 5
XPASS: gcc.dg/vect/pr16105.c scan-tree-dump-times vectorized 1 loops 1
XPASS: gcc.dg/vect/pr20122.c scan-tree-dump-times vectorized 1 loops 2
XPASS: gcc.dg/vect/vect-105.c scan-tree-dump-times vectorized 1 loops 1
XPASS: gcc.dg/vect/vect-30.c scan-tree-dump-times vectorized 1 loops 2
XPASS: gcc.dg/vect/vect-42.c scan-tree-dump-times vectorized 1 loops 1
XPASS: gcc.dg/vect/vect-43.c scan-tree-dump-times vectorized 1 loops 1
XPASS: gcc.dg/vect/vect-74.c scan-tree-dump-times vectorized 1 loops 1
XPASS: gcc.dg/vect/vect-75.c scan-tree-dump-times vectorized 1 loops 1
XPASS: gcc.dg/vect/vect-8.c scan-tree-dump-times vectorized 1 loops 1
XPASS: gcc.dg/vect/vect-reduc-dot-u16.c scan-tree-dump-times vectorized 1 loops 1

		=== gcc Summary ===

# of expected passes		40765
# of unexpected failures	8
# of unexpected successes	11
# of expected failures		152
# of unresolved testcases	1
# of untested testcases		28
# of unsupported tests		349
/export/build/gnu/gcc-4.2/build-ia64-linux/gcc/xgcc  version 4.2.1

		=== gfortran tests ===


Running target unix
XPASS: gfortran.dg/csqrt_2.f  -O0  execution test
XPASS: gfortran.dg/csqrt_2.f  -O1  execution test
XPASS: gfortran.dg/csqrt_2.f  -O2  execution test
XPASS: gfortran.dg/csqrt_2.f  -O3 -fomit-frame-pointer  execution test
XPASS: gfortran.dg/csqrt_2.f  -O3 -fomit-frame-pointer -funroll-loops  execution test
XPASS: gfortran.dg/csqrt_2.f  -O3 -fomit-frame-pointer -funroll-all-loops -finline-functions  execution test
XPASS: gfortran.dg/csqrt_2.f  -O3 -g  execution test
XPASS: gfortran.dg/csqrt_2.f  -Os  execution test
FAIL: gfortran.dg/vect/vect-4.f90  -O  scan-tree-dump-times Alignment of access forced using peeling 1
FAIL: gfortran.dg/vect/vect-4.f90  -O  scan-tree-dump-times Vectorizing an unaligned access 1

		=== gfortran Summary ===

# of expected passes		16252
# of unexpected failures	2
# of unexpected successes	8
# of expected failures		11
# of unsupported tests		19
/export/build/gnu/gcc-4.2/build-ia64-linux/gcc/testsuite/gfortran/../../gfortran  version 4.2.1

		=== g++ tests ===


Running target unix

		=== g++ Summary ===

# of expected passes		12785
# of expected failures		66
# of unsupported tests		115
/export/build/gnu/gcc-4.2/build-ia64-linux/gcc/testsuite/g++/../../g++  version 4.2.1

		=== objc tests ===


Running target unix

		=== objc Summary ===

# of expected passes		1804
# of expected failures		7
# of unsupported tests		25
/export/build/gnu/gcc-4.2/build-ia64-linux/gcc/xgcc  version 4.2.1

		=== libffi tests ===


Running target unix

		=== libffi Summary ===

# of expected passes		1084
# of unsupported tests		8
		=== libgomp tests ===


Running target unix

		=== libgomp Summary ===

# of expected passes		1574
		=== libjava tests ===


Running target unix

		=== libjava Summary ===

# of expected passes		7006
# of expected failures		12
# of untested testcases		8
		=== libmudflap tests ===


Running target unix

		=== libmudflap Summary ===

# of expected passes		1814
		=== libstdc++ tests ===


Running target unix
XPASS: 26_numerics/cmath/c99_classification_macros_c.cc (test for excess errors)
XPASS: 27_io/fpos/14320-1.cc execution test

		=== libstdc++ Summary ===

# of expected passes		4474
# of unexpected successes	2
# of expected failures		14

Compiler version: 4.2.1 
Platform: ia64-unknown-linux-gnu
configure flags: --enable-clocale=gnu --with-system-zlib --with-demangler-in-ld --enable-shared --enable-threads=posix --enable-haifa --enable-checking=assert --prefix=/usr/gcc-4.2 --with-local-prefix=/usr/local --enable-languages=c,c++,fortran,java,objc


Index Nav: [Date Index] [Subject Index] [Author Index] [Thread Index]
Message Nav: [Date Prev] [Date Next] [Thread Prev] [Thread Next]