This is the mail archive of the
gcc-testresults@gcc.gnu.org
mailing list for the GCC project.
Results for 4.3.0 r127005 (experimental) testsuite on alphaev56-unknown-linux-gnu
- From: Serge Belyshev <belyshev at depni dot sinp dot msu dot ru>
- To: gcc-testresults at gcc dot gnu dot org
- Date: Sun, 29 Jul 2007 12:51:54 +0400
- Subject: Results for 4.3.0 r127005 (experimental) testsuite on alphaev56-unknown-linux-gnu
LAST_UPDATED: Sat Jul 28 00:03:55 UTC 2007 (revision 127005M)
Native configuration is alphaev56-unknown-linux-gnu
=== libgomp tests ===
Running target unix
=== libgomp Summary ===
# of expected passes 1607
=== libmudflap tests ===
Running target unix
FAIL: libmudflap.c++/pass41-frag.cxx execution test
FAIL: libmudflap.c++/pass41-frag.cxx (-static) execution test
FAIL: libmudflap.c++/pass41-frag.cxx ( -O) execution test
FAIL: libmudflap.c++/pass41-frag.cxx (-O2) execution test
FAIL: libmudflap.c++/pass41-frag.cxx (-O3) execution test
=== libmudflap Summary ===
# of expected passes 1821
# of unexpected failures 5
=== libstdc++ tests ===
Running target unix
FAIL: abi_check
XPASS: 26_numerics/headers/cmath/c99_classification_macros_c.cc (test for excess errors)
XPASS: 27_io/fpos/14320-1.cc execution test
FAIL: ext/pb_ds/regression/trie_no_data_map_rand.cc execution test
=== libstdc++ Summary ===
# of expected passes 4472
# of unexpected failures 2
# of unexpected successes 2
# of expected failures 53
# of unsupported tests 316
=== acats tests ===
FAIL: c456001
FAIL: c45624a
FAIL: c45624b
FAIL: c4a013a
FAIL: cc3224a
FAIL: cd5003c
FAIL: cd5003f
FAIL: cd92001
FAIL: cxa5a03
FAIL: cxf3a01
FAIL: cxf3a02
FAIL: cxg2002
FAIL: cxg2017
FAIL: cxg2020
FAIL: cxh1001
=== acats Summary ===
# of expected passes 2300
# of unexpected failures 15
=== gcc tests ===
Running target unix
FAIL: gcc.c-torture/execute/mayalias-2.c compilation, -O3 -g (internal compiler error)
UNRESOLVED: gcc.c-torture/execute/mayalias-2.c execution, -O3 -g
FAIL: gcc.c-torture/execute/mayalias-3.c compilation, -O3 -g (internal compiler error)
UNRESOLVED: gcc.c-torture/execute/mayalias-3.c execution, -O3 -g
FAIL: tmpdir-gcc.dg-struct-layout-1/t003 c_compat_x_tst.o-c_compat_y_tst.o execute
FAIL: tmpdir-gcc.dg-struct-layout-1/t024 c_compat_x_tst.o-c_compat_y_tst.o execute
FAIL: tmpdir-gcc.dg-struct-layout-1/t025 c_compat_x_tst.o-c_compat_y_tst.o execute
FAIL: tmpdir-gcc.dg-struct-layout-1/t028 c_compat_x_tst.o-c_compat_y_tst.o execute
XPASS: gcc.dg/cpp/cmdlne-dI-M.c scan-file (^|\\\\n)cmdlne-dI-M.*:[^\\\\n]*cmdlne-dI-M.c
XPASS: gcc.dg/cpp/cmdlne-dM-M.c scan-file (^|\\\\n)cmdlne-dM-M[^\\\\n]*:[^\\\\n]*cmdlne-dM-M.c
FAIL: gcc.dg/builtins-61.c scan-tree-dump return 0.0
FAIL: gcc.dg/pr28796-2.c (internal compiler error)
FAIL: gcc.dg/pr28796-2.c (test for excess errors)
UNRESOLVED: gcc.dg/pr28796-2.c compilation failed to produce executable
XPASS: gcc.dg/torture/builtin-math-4.c -O0 (test for excess errors)
XPASS: gcc.dg/torture/builtin-math-4.c -O1 (test for excess errors)
XPASS: gcc.dg/torture/builtin-math-4.c -O2 (test for excess errors)
XPASS: gcc.dg/torture/builtin-math-4.c -O3 -fomit-frame-pointer (test for excess errors)
XPASS: gcc.dg/torture/builtin-math-4.c -O3 -fomit-frame-pointer -funroll-loops (test for excess errors)
XPASS: gcc.dg/torture/builtin-math-4.c -O3 -fomit-frame-pointer -funroll-all-loops -finline-functions (test for excess errors)
XPASS: gcc.dg/torture/builtin-math-4.c -O3 -g (test for excess errors)
XPASS: gcc.dg/torture/builtin-math-4.c -Os (test for excess errors)
XPASS: gcc.dg/tree-ssa/update-threading.c scan-tree-dump-times Invalid sum 0
=== gcc Summary ===
# of expected passes 43656
# of unexpected failures 9
# of unexpected successes 11
# of expected failures 88
# of unresolved testcases 3
# of untested testcases 35
# of unsupported tests 386
/s/src/b-gcc43-127005/gcc/xgcc version 4.3.0 r127005 (experimental)
=== gfortran tests ===
Running target unix
FAIL: gfortran.dg/integer_exponentiation_1.f90 -O0 execution test
FAIL: gfortran.dg/integer_exponentiation_5.F90 -O0 execution test
FAIL: gfortran.dg/integer_exponentiation_5.F90 -O1 execution test
FAIL: gfortran.dg/integer_exponentiation_5.F90 -O2 execution test
FAIL: gfortran.dg/integer_exponentiation_5.F90 -O3 -fomit-frame-pointer execution test
FAIL: gfortran.dg/integer_exponentiation_5.F90 -O3 -fomit-frame-pointer -funroll-loops execution test
FAIL: gfortran.dg/integer_exponentiation_5.F90 -O3 -fomit-frame-pointer -funroll-all-loops -finline-functions execution test
FAIL: gfortran.dg/integer_exponentiation_5.F90 -O3 -g execution test
FAIL: gfortran.dg/integer_exponentiation_5.F90 -Os execution test
FAIL: gfortran.dg/nearest_1.f90 -O0 execution test
FAIL: gfortran.dg/nearest_1.f90 -O1 execution test
FAIL: gfortran.dg/nearest_1.f90 -O2 execution test
FAIL: gfortran.dg/nearest_1.f90 -O3 -fomit-frame-pointer execution test
FAIL: gfortran.dg/nearest_1.f90 -O3 -fomit-frame-pointer -funroll-loops execution test
FAIL: gfortran.dg/nearest_1.f90 -O3 -fomit-frame-pointer -funroll-all-loops -finline-functions execution test
FAIL: gfortran.dg/nearest_1.f90 -O3 -g execution test
FAIL: gfortran.dg/nearest_1.f90 -Os execution test
FAIL: gfortran.dg/real_const_3.f90 -O0 execution test
FAIL: gfortran.dg/real_const_3.f90 -O1 execution test
FAIL: gfortran.dg/real_const_3.f90 -O2 execution test
FAIL: gfortran.dg/real_const_3.f90 -O3 -fomit-frame-pointer execution test
FAIL: gfortran.dg/real_const_3.f90 -O3 -fomit-frame-pointer -funroll-loops execution test
FAIL: gfortran.dg/real_const_3.f90 -O3 -fomit-frame-pointer -funroll-all-loops -finline-functions execution test
FAIL: gfortran.dg/real_const_3.f90 -O3 -g execution test
FAIL: gfortran.dg/real_const_3.f90 -Os execution test
FAIL: gfortran.dg/transfer_simplify_2.f90 -O0 execution test
FAIL: gfortran.dg/transfer_simplify_2.f90 -O1 execution test
FAIL: gfortran.dg/transfer_simplify_2.f90 -O2 execution test
FAIL: gfortran.dg/transfer_simplify_2.f90 -O3 -fomit-frame-pointer execution test
FAIL: gfortran.dg/transfer_simplify_2.f90 -O3 -fomit-frame-pointer -funroll-loops execution test
FAIL: gfortran.dg/transfer_simplify_2.f90 -O3 -fomit-frame-pointer -funroll-all-loops -finline-functions execution test
FAIL: gfortran.dg/transfer_simplify_2.f90 -O3 -g execution test
FAIL: gfortran.dg/transfer_simplify_2.f90 -Os execution test
FAIL: gfortran.fortran-torture/execute/intrinsic_len.f90 execution, -O3 -fomit-frame-pointer -funroll-loops
FAIL: gfortran.fortran-torture/execute/intrinsic_len.f90 execution, -O3 -fomit-frame-pointer -funroll-all-loops -finline-functions
=== gfortran Summary ===
# of expected passes 19713
# of unexpected failures 35
# of expected failures 8
# of unsupported tests 26
/s/src/b-gcc43-127005/gcc/testsuite/gfortran/../../gfortran version 4.3.0 r127005 (experimental)
=== g++ tests ===
Running target unix
XPASS: g++.dg/tree-ssa/copyprop-1.C scan-tree-dump-not .* = [^>;]*;
=== g++ Summary ===
# of expected passes 16191
# of unexpected successes 1
# of expected failures 87
# of unsupported tests 130
/s/src/b-gcc43-127005/gcc/testsuite/g++/../../g++ version 4.3.0 r127005 (experimental)
=== gnat tests ===
Running target unix
FAIL: gnat.dg/frame_overflow.adb (test for errors, line 12)
FAIL: gnat.dg/frame_overflow.adb (test for errors, line 21)
FAIL: gnat.dg/specs/uc1.ads (test for excess errors)
=== gnat Summary ===
# of expected passes 234
# of unexpected failures 3
=== obj-c++ tests ===
Running target unix
FAIL: obj-c++.dg/bitfield-1.mm (test for excess errors)
FAIL: obj-c++.dg/bitfield-4.mm (test for excess errors)
FAIL: obj-c++.dg/cxx-class-1.mm (test for excess errors)
FAIL: obj-c++.dg/cxx-ivars-2.mm execution test
FAIL: obj-c++.dg/encode-2.mm scan-assembler {Vec<float>=ffi}
FAIL: obj-c++.dg/encode-2.mm scan-assembler {Vec<double>=ddi}
FAIL: obj-c++.dg/encode-3.mm execution test
FAIL: obj-c++.dg/encode-8.mm execution test
FAIL: obj-c++.dg/gnu-runtime-2.mm (test for excess errors)
FAIL: obj-c++.dg/isa-field-1.mm (test for excess errors)
FAIL: obj-c++.dg/layout-1.mm (test for excess errors)
FAIL: obj-c++.dg/lookup-2.mm (test for excess errors)
UNRESOLVED: obj-c++.dg/lookup-2.mm compilation failed to produce executable
FAIL: obj-c++.dg/try-catch-2.mm (test for excess errors)
UNRESOLVED: obj-c++.dg/try-catch-2.mm compilation failed to produce executable
FAIL: obj-c++.dg/try-catch-9.mm (test for excess errors)
UNRESOLVED: obj-c++.dg/try-catch-9.mm compilation failed to produce executable
=== obj-c++ Summary ===
# of expected passes 421
# of unexpected failures 14
# of unresolved testcases 3
# of unsupported tests 13
/s/src/b-gcc43-127005/gcc/testsuite/obj-c++/../../g++ version 4.3.0 r127005 (experimental)
=== objc tests ===
Running target unix
=== objc Summary ===
# of expected passes 1810
# of expected failures 7
# of unsupported tests 25
/s/src/b-gcc43-127005/gcc/xgcc version 4.3.0 r127005 (experimental)
=== treelang tests ===
Running target unix
FAIL: treelang/execute/funccall.tree (test for excess errors)
UNRESOLVED: treelang/execute/funccall.tree compilation failed to produce executable
FAIL: treelang/execute/initial.tree (test for excess errors)
UNRESOLVED: treelang/execute/initial.tree compilation failed to produce executable
FAIL: treelang/execute/static.tree (test for excess errors)
UNRESOLVED: treelang/execute/static.tree compilation failed to produce executable
=== treelang Summary ===
# of expected passes 46
# of unexpected failures 3
# of unresolved testcases 3
Compiler version: 4.3.0 r127005 (experimental)
Platform: alphaev56-unknown-linux-gnu
configure flags: --prefix=/s/gcc43-127005 --enable-languages=c,c++,fortran,ada,objc,obj-c++,treelang --enable-checking=release -enable-_cxa_atexit --enable-libstdcxx-debug --disable-nls --with-long-double-128 --with-cpu=ev56 --with-tune=ev56
BOOT_CFLAGS=-O2 -g