This is the mail archive of the gcc-testresults@gcc.gnu.org mailing list for the GCC project.


Index Nav: [Date Index] [Subject Index] [Author Index] [Thread Index]
Message Nav: [Date Prev] [Date Next] [Thread Prev] [Thread Next]
Other format: [Raw text]

Results for 4.2.1 testsuite on arm-none-linux-gnueabi


LAST_UPDATED: Tue Jul 24 14:54:07 UTC 2007 (/branches/gcc-4_2-branch revision 126866)

Target is arm-none-linux-gnueabi
Host   is i686-pc-linux-gnu

		=== g++ tests ===


Running target qemu-system
FAIL: g++.dg/abi/local1.C execution test
XPASS: g++.dg/other/packed1.C execution test
FAIL: g++.dg/gomp/pr27325.C (internal compiler error)
FAIL: g++.dg/gomp/pr27325.C (test for excess errors)
FAIL: g++.dg/gomp/pr27337-2.C (internal compiler error)
FAIL: g++.dg/gomp/pr27337-2.C (test for excess errors)

		=== g++ Summary ===

# of expected passes		13353
# of unexpected failures	5
# of unexpected successes	1
# of expected failures		66
# of unsupported tests		133
/scratch/gcc/nightly-2007-07-24-4.2/arm-none-linux-gnueabi/build_gcc/build/test-4.2-0-arm-none-linux-gnueabi/host-i686-pc-linux-gnu/fsf-4.2/bin/arm-none-linux-gnueabi-g++  version 4.2.1

Host   is i686-pc-linux-gnu

		=== gcc tests ===


Running target qemu-system
UNRESOLVED: gcc.c-torture/execute/mayalias-2.c execution,  -O3 -g 

		=== gcc Summary ===

# of expected passes		40729
# of expected failures		84
# of unresolved testcases	1
# of untested testcases		28
# of unsupported tests		393
/scratch/gcc/nightly-2007-07-24-4.2/arm-none-linux-gnueabi/build_gcc/build/test-4.2-0-arm-none-linux-gnueabi/host-i686-pc-linux-gnu/fsf-4.2/bin/arm-none-linux-gnueabi-gcc  version 4.2.1

Host   is i686-pc-linux-gnu

		=== libstdc++ tests ===


Running target qemu-system
ERROR: tcl error sourcing /scratch/gcc/nightly-2007-07-24-4.2/src/gcc-4.2/libstdc++-v3/testsuite/libstdc++-dg/conformance.exp.
ERROR: couldn't execute "": no such file or directory

		=== libstdc++ Summary ===

# of expected passes		2785
# of expected failures		8
# of unsupported tests		316
Host   is i686-pc-linux-gnu

		=== g++ tests ===


Running target qemu-system/-mthumb
FAIL: g++.dg/abi/local1.C execution test
XPASS: g++.dg/other/packed1.C execution test
FAIL: g++.dg/gomp/pr27325.C (internal compiler error)
FAIL: g++.dg/gomp/pr27325.C (test for excess errors)
FAIL: g++.dg/gomp/pr27337-2.C (internal compiler error)
FAIL: g++.dg/gomp/pr27337-2.C (test for excess errors)

		=== g++ Summary ===

# of expected passes		13351
# of unexpected failures	5
# of unexpected successes	1
# of expected failures		66
# of unsupported tests		134
/scratch/gcc/nightly-2007-07-24-4.2/arm-none-linux-gnueabi/build_gcc/build/test-4.2-0-arm-none-linux-gnueabi/host-i686-pc-linux-gnu/fsf-4.2/bin/arm-none-linux-gnueabi-g++  version 4.2.1

Host   is i686-pc-linux-gnu

		=== gcc tests ===


Running target qemu-system/-mthumb
XPASS: gcc.c-torture/execute/941014-1.c execution,  -O0 
UNRESOLVED: gcc.c-torture/execute/mayalias-2.c execution,  -O3 -g 
FAIL: gcc.dg/nested-func-4.c (test for excess errors)
UNRESOLVED: gcc.dg/nested-func-4.c compilation failed to produce executable
FAIL: gcc.dg/sibcall-3.c execution test
FAIL: gcc.dg/sibcall-4.c execution test
XPASS: gcc.dg/tree-ssa/20040204-1.c scan-tree-dump-times link_error 0

		=== gcc Summary ===

# of expected passes		40665
# of unexpected failures	3
# of unexpected successes	2
# of expected failures		83
# of unresolved testcases	2
# of untested testcases		28
# of unsupported tests		403
/scratch/gcc/nightly-2007-07-24-4.2/arm-none-linux-gnueabi/build_gcc/build/test-4.2-0-arm-none-linux-gnueabi/host-i686-pc-linux-gnu/fsf-4.2/bin/arm-none-linux-gnueabi-gcc  version 4.2.1

Host   is i686-pc-linux-gnu

		=== libstdc++ tests ===


Running target qemu-system/-mthumb
WARNING: program timed out.
FAIL: 27_io/basic_ifstream/cons/char/1.cc execution test
WARNING: program timed out.
FAIL: 27_io/basic_ofstream/cons/char/2.cc execution test
ERROR: tcl error sourcing /scratch/gcc/nightly-2007-07-24-4.2/src/gcc-4.2/libstdc++-v3/testsuite/libstdc++-dg/conformance.exp.
ERROR: couldn't execute "": no such file or directory

		=== libstdc++ Summary ===

# of expected passes		2783
# of unexpected failures	2
# of expected failures		8
# of unsupported tests		316

Compiler version: 4.2.1 
Platform: arm-none-linux-gnueabi
configure flags: --build=i686-pc-linux-gnu --host=i686-pc-linux-gnu --target=arm-none-linux-gnueabi --enable-threads --disable-libmudflap --disable-libssp --disable-libgomp --disable-libstdcxx-pch --with-gnu-as --with-gnu-ld --enable-languages=c,c++ --enable-shared --enable-symvers=gnu --enable-__cxa_atexit --disable-nls --prefix=/opt/codesourcery --with-sysroot=/opt/codesourcery/arm-none-linux-gnueabi/libc --with-build-sysroot=/scratch/gcc/nightly-2007-07-24-4.2/arm-none-linux-gnueabi/build_gcc/install/arm-none-linux-gnueabi/libc --enable-poison-system-directories --with-build-time-tools=/scratch/gcc/nightly-2007-07-24-4.2/arm-none-linux-gnueabi/build_gcc/install/arm-none-linux-gnueabi/bin --with-build-time-tools=/scratch/gcc/nightly-2007-07-24-4.2/arm-none-linux-gnueabi/build_gcc/install/arm-none-linux-gnueabi/bin


Index Nav: [Date Index] [Subject Index] [Author Index] [Thread Index]
Message Nav: [Date Prev] [Date Next] [Thread Prev] [Thread Next]