This is the mail archive of the gcc-testresults@gcc.gnu.org mailing list for the GCC project.


Index Nav: [Date Index] [Subject Index] [Author Index] [Thread Index]
Message Nav: [Date Prev] [Date Next] [Thread Prev] [Thread Next]
Other format: [Raw text]

Results for 4.3.0 20070722 (experimental) [trunk revision 126828] testsuite on x86_64-unknown-linux-gnu


LAST_UPDATED: Sun Jul 22 18:15:43 UTC 2007 (revision 126828)

Native configuration is x86_64-unknown-linux-gnu

		=== gcc tests ===


Running target unix/-m32
FAIL: gcc.c-torture/execute/mayalias-2.c compilation,  -O3 -g  (internal compiler error)
UNRESOLVED: gcc.c-torture/execute/mayalias-2.c execution,  -O3 -g 
FAIL: gcc.c-torture/execute/mayalias-3.c compilation,  -O3 -g  (internal compiler error)
UNRESOLVED: gcc.c-torture/execute/mayalias-3.c execution,  -O3 -g 
FAIL: gcc.dg/builtins-61.c scan-tree-dump return 0.0
XPASS: gcc.dg/tree-ssa/update-threading.c scan-tree-dump-times Invalid sum 0

		=== gcc Summary for unix/-m32 ===

# of expected passes		46402
# of unexpected failures	3
# of unexpected successes	1
# of expected failures		141
# of unresolved testcases	2
# of untested testcases		35
# of unsupported tests		305

Running target unix
FAIL: gcc.c-torture/execute/mayalias-2.c compilation,  -O3 -g  (internal compiler error)
UNRESOLVED: gcc.c-torture/execute/mayalias-2.c execution,  -O3 -g 
FAIL: gcc.c-torture/execute/mayalias-3.c compilation,  -O3 -g  (internal compiler error)
UNRESOLVED: gcc.c-torture/execute/mayalias-3.c execution,  -O3 -g 
FAIL: gcc.dg/builtins-61.c scan-tree-dump return 0.0
XPASS: gcc.dg/tree-ssa/update-threading.c scan-tree-dump-times Invalid sum 0

		=== gcc Summary for unix ===

# of expected passes		46263
# of unexpected failures	3
# of unexpected successes	1
# of expected failures		140
# of unresolved testcases	2
# of untested testcases		35
# of unsupported tests		411

		=== gcc Summary ===

# of expected passes		92665
# of unexpected failures	6
# of unexpected successes	2
# of expected failures		281
# of unresolved testcases	4
# of untested testcases		70
# of unsupported tests		716
/export/build/gnu/gcc/build-x86_64-linux/gcc/xgcc  version 4.3.0 20070722 (experimental) [trunk revision 126828]

		=== gfortran tests ===


Running target unix/-m32

		=== gfortran Summary for unix/-m32 ===

# of expected passes		19603
# of expected failures		9
# of unsupported tests		16

Running target unix

		=== gfortran Summary for unix ===

# of expected passes		19601
# of expected failures		9
# of unsupported tests		18

		=== gfortran Summary ===

# of expected passes		39204
# of expected failures		18
# of unsupported tests		34
/export/build/gnu/gcc/build-x86_64-linux/gcc/testsuite/gfortran/../../gfortran  version 4.3.0 20070722 (experimental) [trunk revision 126828]

		=== g++ tests ===


Running target unix/-m32
FAIL: g++.dg/opt/pr24665.C (internal compiler error)
FAIL: g++.dg/opt/pr24665.C (test for excess errors)
XPASS: g++.dg/tree-ssa/copyprop-1.C scan-tree-dump-not .* = [^>;]*;
XPASS: g++.dg/tree-ssa/ivopts-1.C scan-tree-dump-not offset: -4B
XPASS: g++.dg/tree-ssa/ivopts-1.C scan-tree-dump-not &x\\[5\\]
FAIL: g++.old-deja/g++.jason/synth7.C execution test

		=== g++ Summary for unix/-m32 ===

# of expected passes		16281
# of unexpected failures	3
# of unexpected successes	3
# of expected failures		86
# of unsupported tests		83

Running target unix
FAIL: g++.dg/opt/pr24665.C (internal compiler error)
FAIL: g++.dg/opt/pr24665.C (test for excess errors)
XPASS: g++.dg/tree-ssa/copyprop-1.C scan-tree-dump-not .* = [^>;]*;
XPASS: g++.dg/tree-ssa/ivopts-1.C scan-tree-dump-not offset: -4B
XPASS: g++.dg/tree-ssa/ivopts-1.C scan-tree-dump-not &x\\[5\\]
FAIL: g++.old-deja/g++.jason/synth7.C execution test

		=== g++ Summary for unix ===

# of expected passes		16196
# of unexpected failures	3
# of unexpected successes	3
# of expected failures		86
# of unsupported tests		112

		=== g++ Summary ===

# of expected passes		32477
# of unexpected failures	6
# of unexpected successes	6
# of expected failures		172
# of unsupported tests		195
/export/build/gnu/gcc/build-x86_64-linux/gcc/testsuite/g++/../../g++  version 4.3.0 20070722 (experimental) [trunk revision 126828]

		=== objc tests ===


Running target unix/-m32

		=== objc Summary for unix/-m32 ===

# of expected passes		1812
# of expected failures		7
# of unsupported tests		24

Running target unix

		=== objc Summary for unix ===

# of expected passes		1812
# of expected failures		7
# of unsupported tests		24

		=== objc Summary ===

# of expected passes		3624
# of expected failures		14
# of unsupported tests		48
/export/build/gnu/gcc/build-x86_64-linux/gcc/xgcc  version 4.3.0 20070722 (experimental) [trunk revision 126828]

		=== libffi tests ===


Running target unix/-m32
FAIL: libffi.call/return_sc.c -O0 -W -Wall execution test
FAIL: libffi.call/return_sc.c -O2 execution test
FAIL: libffi.call/return_sc.c -O3 execution test

		=== libffi Summary for unix/-m32 ===

# of expected passes		1093
# of unexpected failures	3
# of unsupported tests		8

Running target unix

		=== libffi Summary for unix ===

# of expected passes		1096
# of unsupported tests		8

		=== libffi Summary ===

# of expected passes		2189
# of unexpected failures	3
# of unsupported tests		16
		=== libgomp tests ===


Running target unix/-m32

		=== libgomp Summary for unix/-m32 ===

# of expected passes		1607

Running target unix

		=== libgomp Summary for unix ===

# of expected passes		1607

		=== libgomp Summary ===

# of expected passes		3214
		=== libjava tests ===


Running target unix/-m32
FAIL: events output
FAIL: PR27908 execution - source compiled test
FAIL: PR27908 -findirect-dispatch execution - source compiled test

		=== libjava Summary for unix/-m32 ===

# of expected passes		2533
# of unexpected failures	3
# of untested testcases		2

Running target unix
FAIL: PR27908 execution - source compiled test
FAIL: PR27908 -findirect-dispatch execution - source compiled test
FAIL: PR27908 -O3 execution - source compiled test

		=== libjava Summary for unix ===

# of expected passes		2532
# of unexpected failures	3
# of untested testcases		3

		=== libjava Summary ===

# of expected passes		5065
# of unexpected failures	6
# of untested testcases		5
		=== libmudflap tests ===


Running target unix/-m32
FAIL: libmudflap.c++/pass41-frag.cxx execution test
FAIL: libmudflap.c++/pass41-frag.cxx (-static) execution test
FAIL: libmudflap.c++/pass41-frag.cxx ( -O) execution test
FAIL: libmudflap.c++/pass41-frag.cxx (-O2) execution test
FAIL: libmudflap.c++/pass41-frag.cxx (-O3) execution test

		=== libmudflap Summary for unix/-m32 ===

# of expected passes		1821
# of unexpected failures	5

Running target unix
FAIL: libmudflap.c/fail8-frag.c (-static) output pattern test
FAIL: libmudflap.c/fail9-frag.c (-static) output pattern test
FAIL: libmudflap.c++/pass41-frag.cxx execution test
FAIL: libmudflap.c++/pass41-frag.cxx (-static) execution test
FAIL: libmudflap.c++/pass41-frag.cxx ( -O) execution test
FAIL: libmudflap.c++/pass41-frag.cxx (-O2) execution test
FAIL: libmudflap.c++/pass41-frag.cxx (-O3) execution test

		=== libmudflap Summary for unix ===

# of expected passes		1819
# of unexpected failures	7

		=== libmudflap Summary ===

# of expected passes		3640
# of unexpected failures	12
		=== libstdc++ tests ===


Running target unix/-m32
XPASS: 26_numerics/headers/cmath/c99_classification_macros_c.cc (test for excess errors)

		=== libstdc++ Summary for unix/-m32 ===

# of expected passes		5106
# of unexpected successes	1
# of expected failures		54

Running target unix
XPASS: 26_numerics/headers/cmath/c99_classification_macros_c.cc (test for excess errors)
XPASS: 27_io/fpos/14320-1.cc execution test

		=== libstdc++ Summary for unix ===

# of expected passes		5106
# of unexpected successes	2
# of expected failures		53

		=== libstdc++ Summary ===

# of expected passes		10212
# of unexpected successes	3
# of expected failures		107

Compiler version: 4.3.0 20070722 (experimental) [trunk revision 126828] 
Platform: x86_64-unknown-linux-gnu
configure flags: --enable-clocale=gnu --with-system-zlib --enable-decimal-float=bid --with-demangler-in-ld --enable-shared --enable-threads=posix --enable-haifa --enable-checking=assert --prefix=/usr/gcc-4.3 --with-local-prefix=/usr/local


Index Nav: [Date Index] [Subject Index] [Author Index] [Thread Index]
Message Nav: [Date Prev] [Date Next] [Thread Prev] [Thread Next]