This is the mail archive of the gcc-testresults@gcc.gnu.org mailing list for the GCC project.


Index Nav: [Date Index] [Subject Index] [Author Index] [Thread Index]
Message Nav: [Date Prev] [Date Next] [Thread Prev] [Thread Next]
Other format: [Raw text]

Results for 4.2.1 testsuite on sparc-sun-solaris2.8


OS: Solaris 8 (or 2.8, or SunOS 5.8, you pick)
System: 4-way 400 MHz SUNW,UltraSPARC-II, 4GB RAM, 6.4GB swap
GNU as and GNU ld used (version 2.17)
gcc 3.2.2 used for bootstrapping
GMP version 4.2.1
MPFR version 2.2.1



Only C, C++, ObjC, and Fortran are tested (no Java).
LAST_UPDATED: Fri Jul 20 07:42:45 UTC 2007 (revision 126797)

Native configuration is sparc-sun-solaris2.8

		=== g++ tests ===


Running target unix
XPASS: g++.dg/other/ucnid-1.C (test for excess errors)
XPASS: g++.dg/special/conpr-2.C execution test
XPASS: g++.dg/special/initp1.C execution test
XPASS: g++.old-deja/g++.other/init18.C execution test
XPASS: g++.old-deja/g++.other/init19.C execution test

		=== g++ Summary for unix ===

# of expected passes		13296
# of unexpected successes	5
# of expected failures		68
# of unsupported tests		139

Running target unix/-m64
XPASS: g++.dg/other/ucnid-1.C (test for excess errors)
XPASS: g++.dg/special/conpr-2.C execution test
XPASS: g++.dg/special/initp1.C execution test
XPASS: g++.old-deja/g++.other/init18.C execution test
XPASS: g++.old-deja/g++.other/init19.C execution test

		=== g++ Summary for unix/-m64 ===

# of expected passes		13264
# of unexpected successes	5
# of expected failures		68
# of unsupported tests		141

		=== g++ Summary ===

# of expected passes		26560
# of unexpected successes	10
# of expected failures		136
# of unsupported tests		280
/tmp/jbuck/gcc/sol2.tmp/gcc/testsuite/g++/../../g++  version 4.2.1

		=== gcc tests ===


Running target unix
WARNING: program timed out.
FAIL: gcc.c-torture/compile/20001226-1.c  -O2  (test for excess errors)
WARNING: program timed out.
FAIL: gcc.c-torture/compile/20001226-1.c  -O3 -fomit-frame-pointer  (test for excess errors)
WARNING: program timed out.
FAIL: gcc.c-torture/compile/20001226-1.c  -O3 -g  (test for excess errors)
WARNING: program timed out.
FAIL: gcc.c-torture/compile/20001226-1.c  -Os  (test for excess errors)
UNRESOLVED: gcc.c-torture/execute/mayalias-2.c execution,  -O3 -g 
FAIL: gcc.dg/pthread-init-1.c (test for excess errors)
FAIL: gcc.dg/pthread-init-2.c (test for excess errors)
XPASS: gcc.dg/ucnid-2.c (test for excess errors)
XPASS: gcc.dg/ucnid-3.c (test for excess errors)
XPASS: gcc.dg/ucnid-4.c (test for excess errors)
XPASS: gcc.dg/vect/pr20122.c scan-tree-dump-times vectorized 1 loops 2
XPASS: gcc.dg/vect/vect-105.c scan-tree-dump-times vectorized 1 loops 1
XPASS: gcc.dg/vect/vect-75.c scan-tree-dump-times vectorized 1 loops 1

		=== gcc Summary for unix ===

# of expected passes		41089
# of unexpected failures	6
# of unexpected successes	6
# of expected failures		124
# of unresolved testcases	1
# of untested testcases		28
# of unsupported tests		475

Running target unix/-m64
WARNING: program timed out.
FAIL: gcc.c-torture/compile/20001226-1.c  -O2  (test for excess errors)
WARNING: program timed out.
FAIL: gcc.c-torture/compile/20001226-1.c  -O3 -fomit-frame-pointer  (test for excess errors)
WARNING: program timed out.
FAIL: gcc.c-torture/compile/20001226-1.c  -O3 -g  (test for excess errors)
WARNING: program timed out.
FAIL: gcc.c-torture/compile/20001226-1.c  -Os  (test for excess errors)
UNRESOLVED: gcc.c-torture/execute/mayalias-2.c execution,  -O3 -g 
FAIL: gcc.dg/pthread-init-1.c (test for excess errors)
FAIL: gcc.dg/pthread-init-2.c (test for excess errors)
XPASS: gcc.dg/ucnid-2.c (test for excess errors)
XPASS: gcc.dg/ucnid-3.c (test for excess errors)
XPASS: gcc.dg/ucnid-4.c (test for excess errors)
FAIL: gcc.dg/special/gcsec-1.c (test for excess errors)
WARNING: gcc.dg/special/gcsec-1.c compilation failed to produce executable
XPASS: gcc.dg/vect/pr20122.c scan-tree-dump-times vectorized 1 loops 2
XPASS: gcc.dg/vect/vect-105.c scan-tree-dump-times vectorized 1 loops 1
XPASS: gcc.dg/vect/vect-75.c scan-tree-dump-times vectorized 1 loops 1

		=== gcc Summary for unix/-m64 ===

# of expected passes		41080
# of unexpected failures	7
# of unexpected successes	6
# of expected failures		124
# of unresolved testcases	1
# of untested testcases		28
# of unsupported tests		477

		=== gcc Summary ===

# of expected passes		82169
# of unexpected failures	13
# of unexpected successes	12
# of expected failures		248
# of unresolved testcases	2
# of untested testcases		56
# of unsupported tests		952
/tmp/jbuck/gcc/sol2.tmp/gcc/xgcc  version 4.2.1

		=== gfortran tests ===


Running target unix

		=== gfortran Summary for unix ===

# of expected passes		16011
# of expected failures		8
# of unsupported tests		110

Running target unix/-m64

		=== gfortran Summary for unix/-m64 ===

# of expected passes		16026
# of expected failures		8
# of unsupported tests		102

		=== gfortran Summary ===

# of expected passes		32037
# of expected failures		16
# of unsupported tests		212
/tmp/jbuck/gcc/sol2.tmp/gcc/testsuite/gfortran/../../gfortran  version 4.2.1

		=== objc tests ===


Running target unix

		=== objc Summary for unix ===

# of expected passes		1806
# of expected failures		7
# of unsupported tests		24

Running target unix/-m64

		=== objc Summary for unix/-m64 ===

# of expected passes		1806
# of expected failures		7
# of unsupported tests		24

		=== objc Summary ===

# of expected passes		3612
# of expected failures		14
# of unsupported tests		48
/tmp/jbuck/gcc/sol2.tmp/gcc/xgcc  version 4.2.1

		=== libgomp tests ===


Running target unix

		=== libgomp Summary for unix ===

# of expected passes		1340
# of unsupported tests		118

Running target unix/-m64

		=== libgomp Summary for unix/-m64 ===

# of expected passes		1340
# of unsupported tests		118

		=== libgomp Summary ===

# of expected passes		2680
# of unsupported tests		236
		=== libstdc++ tests ===


Running target unix

		=== libstdc++ Summary for unix ===

# of expected passes		3828
# of expected failures		17
# of unsupported tests		322

Running target unix/-m64

		=== libstdc++ Summary for unix/-m64 ===

# of expected passes		3828
# of expected failures		17
# of unsupported tests		322

		=== libstdc++ Summary ===

# of expected passes		7656
# of expected failures		34
# of unsupported tests		644

Compiler version: 4.2.1 
Platform: sparc-sun-solaris2.8
configure flags: --prefix=/u/jbuck/cvs.sol2/4_2_branch --with-gnu-as --with-as=/u/jbuck/gnu.sol2/bin/as --with-gnu-ld --with-ld=/u/jbuck/gnu.sol2/bin/ld --with-libiconv-prefix=/depot/libiconv --with-mpfr=/u/jbuck/gnu.sol2 --with-gmp=/u/jbuck/gnu.sol2 --enable-languages=c,c++,fortran,objc


Index Nav: [Date Index] [Subject Index] [Author Index] [Thread Index]
Message Nav: [Date Prev] [Date Next] [Thread Prev] [Thread Next]