This is the mail archive of the
gcc-testresults@gcc.gnu.org
mailing list for the GCC project.
Results for 4.2.1 20070709 (prerelease) [gcc-4_2-branch revision 126481] testsuite on i686-pc-linux-gnu
- From: xtv at veith-web dot com
- To: gcc-testresults at gcc dot gnu dot org
- Date: Mon, 9 Jul 2007 17:19:31 +0200 (CEST)
- Subject: Results for 4.2.1 20070709 (prerelease) [gcc-4_2-branch revision 126481] testsuite on i686-pc-linux-gnu
LAST_UPDATED: Mon Jul 9 12:10:23 UTC 2007 (revision 126481)
Native configuration is i686-pc-linux-gnu
=== g++ tests ===
Running target unix
XPASS: g++.dg/tree-ssa/ivopts-1.C scan-tree-dump-not offset: -4B
XPASS: g++.dg/tree-ssa/ivopts-1.C scan-tree-dump-not &x\\[5\\]
FAIL: g++.dg/pch/empty.C -g (test for excess errors)
FAIL: g++.dg/pch/empty.C -O2 -g (test for excess errors)
FAIL: g++.dg/pch/empty.C -O2 (test for excess errors)
FAIL: g++.dg/pch/externc-1.C -g (test for excess errors)
FAIL: g++.dg/pch/externc-1.C -O2 -g (test for excess errors)
FAIL: g++.dg/pch/externc-1.C -O2 (test for excess errors)
FAIL: g++.dg/pch/local-1.C -g (test for excess errors)
FAIL: g++.dg/pch/local-1.C -O2 -g (test for excess errors)
FAIL: g++.dg/pch/local-1.C -O2 (test for excess errors)
FAIL: g++.dg/pch/pch.C -g (test for excess errors)
FAIL: g++.dg/pch/pch.C -O2 -g (test for excess errors)
FAIL: g++.dg/pch/pch.C -O2 (test for excess errors)
FAIL: g++.dg/pch/static-1.C -g (test for excess errors)
FAIL: g++.dg/pch/static-1.C -O2 -g (test for excess errors)
FAIL: g++.dg/pch/static-1.C -O2 (test for excess errors)
FAIL: g++.dg/pch/system-1.C -g (test for excess errors)
FAIL: g++.dg/pch/system-1.C -O2 -g (test for excess errors)
FAIL: g++.dg/pch/system-1.C -O2 (test for excess errors)
FAIL: g++.dg/pch/system-2.C -g (test for excess errors)
FAIL: g++.dg/pch/system-2.C -O2 -g (test for excess errors)
FAIL: g++.dg/pch/system-2.C -O2 (test for excess errors)
FAIL: g++.dg/pch/template-1.C -g (test for excess errors)
FAIL: g++.dg/pch/template-1.C -O2 -g (test for excess errors)
FAIL: g++.dg/pch/template-1.C -O2 (test for excess errors)
FAIL: g++.dg/pch/uninst.C -g (test for excess errors)
FAIL: g++.dg/pch/uninst.C -O2 -g (test for excess errors)
FAIL: g++.dg/pch/uninst.C -O2 (test for excess errors)
FAIL: g++.dg/pch/wchar-1.C -g (test for excess errors)
FAIL: g++.dg/pch/wchar-1.C -O2 -g (test for excess errors)
FAIL: g++.dg/pch/wchar-1.C -O2 (test for excess errors)
=== g++ Summary ===
# of expected passes 13389
# of unexpected failures 30
# of unexpected successes 2
# of expected failures 66
# of untested testcases 30
# of unsupported tests 74
/home/xtv/gcc-prerelease/gcc/obj/gcc/testsuite/g++/../../g++ version 4.2.1 20070709 (prerelease) [gcc-4_2-branch revision 126481]
=== gcc tests ===
Running target unix
UNRESOLVED: gcc.c-torture/execute/mayalias-2.c execution, -O3 -g
FAIL: gcc.dg/assign-warn-1.c (test for errors, line 123)
FAIL: gcc.dg/assign-warn-1.c (test for excess errors)
FAIL: gcc.dg/pch/common-1.c -O0 -g (test for excess errors)
FAIL: gcc.dg/pch/common-1.c -O0 (test for excess errors)
FAIL: gcc.dg/pch/common-1.c -O1 (test for excess errors)
FAIL: gcc.dg/pch/common-1.c -O2 (test for excess errors)
FAIL: gcc.dg/pch/common-1.c -O3 -fomit-frame-pointer (test for excess errors)
FAIL: gcc.dg/pch/common-1.c -O3 -g (test for excess errors)
FAIL: gcc.dg/pch/common-1.c -Os (test for excess errors)
FAIL: gcc.dg/pch/cpp-1.c -O0 -g (test for excess errors)
FAIL: gcc.dg/pch/cpp-1.c -O0 (test for excess errors)
FAIL: gcc.dg/pch/cpp-1.c -O1 (test for excess errors)
FAIL: gcc.dg/pch/cpp-1.c -O2 (test for excess errors)
FAIL: gcc.dg/pch/cpp-1.c -O3 -fomit-frame-pointer (test for excess errors)
FAIL: gcc.dg/pch/cpp-1.c -O3 -g (test for excess errors)
FAIL: gcc.dg/pch/cpp-1.c -Os (test for excess errors)
FAIL: gcc.dg/pch/cpp-2.c -O0 -g (test for excess errors)
FAIL: gcc.dg/pch/cpp-2.c -O0 (test for excess errors)
FAIL: gcc.dg/pch/cpp-2.c -O1 (test for excess errors)
FAIL: gcc.dg/pch/cpp-2.c -O2 (test for excess errors)
FAIL: gcc.dg/pch/cpp-2.c -O3 -fomit-frame-pointer (test for excess errors)
FAIL: gcc.dg/pch/cpp-2.c -O3 -g (test for excess errors)
FAIL: gcc.dg/pch/cpp-2.c -Os (test for excess errors)
FAIL: gcc.dg/pch/decl-1.c -O0 -g (test for excess errors)
FAIL: gcc.dg/pch/decl-1.c -O0 (test for excess errors)
FAIL: gcc.dg/pch/decl-1.c -O1 (test for excess errors)
FAIL: gcc.dg/pch/decl-1.c -O2 (test for excess errors)
FAIL: gcc.dg/pch/decl-1.c -O3 -fomit-frame-pointer (test for excess errors)
FAIL: gcc.dg/pch/decl-1.c -O3 -g (test for excess errors)
FAIL: gcc.dg/pch/decl-1.c -Os (test for excess errors)
FAIL: gcc.dg/pch/decl-2.c -O0 -g (test for excess errors)
FAIL: gcc.dg/pch/decl-2.c -O0 (test for excess errors)
FAIL: gcc.dg/pch/decl-2.c -O1 (test for excess errors)
FAIL: gcc.dg/pch/decl-2.c -O2 (test for excess errors)
FAIL: gcc.dg/pch/decl-2.c -O3 -fomit-frame-pointer (test for excess errors)
FAIL: gcc.dg/pch/decl-2.c -O3 -g (test for excess errors)
FAIL: gcc.dg/pch/decl-2.c -Os (test for excess errors)
FAIL: gcc.dg/pch/decl-3.c -O0 -g (test for excess errors)
FAIL: gcc.dg/pch/decl-3.c -O0 (test for excess errors)
FAIL: gcc.dg/pch/decl-3.c -O1 (test for excess errors)
FAIL: gcc.dg/pch/decl-3.c -O2 (test for excess errors)
FAIL: gcc.dg/pch/decl-3.c -O3 -fomit-frame-pointer (test for excess errors)
FAIL: gcc.dg/pch/decl-3.c -O3 -g (test for excess errors)
FAIL: gcc.dg/pch/decl-3.c -Os (test for excess errors)
FAIL: gcc.dg/pch/decl-4.c -O0 -g (test for excess errors)
FAIL: gcc.dg/pch/decl-4.c -O0 (test for excess errors)
FAIL: gcc.dg/pch/decl-4.c -O1 (test for excess errors)
FAIL: gcc.dg/pch/decl-4.c -O2 (test for excess errors)
FAIL: gcc.dg/pch/decl-4.c -O3 -fomit-frame-pointer (test for excess errors)
FAIL: gcc.dg/pch/decl-4.c -O3 -g (test for excess errors)
FAIL: gcc.dg/pch/decl-4.c -Os (test for excess errors)
FAIL: gcc.dg/pch/decl-5.c -O0 -g (test for excess errors)
FAIL: gcc.dg/pch/decl-5.c -O0 (test for excess errors)
FAIL: gcc.dg/pch/decl-5.c -O1 (test for excess errors)
FAIL: gcc.dg/pch/decl-5.c -O2 (test for excess errors)
FAIL: gcc.dg/pch/decl-5.c -O3 -fomit-frame-pointer (test for excess errors)
FAIL: gcc.dg/pch/decl-5.c -O3 -g (test for excess errors)
FAIL: gcc.dg/pch/decl-5.c -Os (test for excess errors)
FAIL: gcc.dg/pch/empty.c -O0 -g (test for excess errors)
FAIL: gcc.dg/pch/empty.c -O0 (test for excess errors)
FAIL: gcc.dg/pch/empty.c -O1 (test for excess errors)
FAIL: gcc.dg/pch/empty.c -O2 (test for excess errors)
FAIL: gcc.dg/pch/empty.c -O3 -fomit-frame-pointer (test for excess errors)
FAIL: gcc.dg/pch/empty.c -O3 -g (test for excess errors)
FAIL: gcc.dg/pch/empty.c -Os (test for excess errors)
FAIL: gcc.dg/pch/except-1.c -O0 -g (test for excess errors)
FAIL: gcc.dg/pch/except-1.c -O0 (test for excess errors)
FAIL: gcc.dg/pch/except-1.c -O1 (test for excess errors)
FAIL: gcc.dg/pch/except-1.c -O2 (test for excess errors)
FAIL: gcc.dg/pch/except-1.c -O3 -fomit-frame-pointer (test for excess errors)
FAIL: gcc.dg/pch/except-1.c -O3 -g (test for excess errors)
FAIL: gcc.dg/pch/except-1.c -Os (test for excess errors)
FAIL: gcc.dg/pch/global-1.c -O0 -g (test for excess errors)
FAIL: gcc.dg/pch/global-1.c -O0 (test for excess errors)
FAIL: gcc.dg/pch/global-1.c -O1 (test for excess errors)
FAIL: gcc.dg/pch/global-1.c -O2 (test for excess errors)
FAIL: gcc.dg/pch/global-1.c -O3 -fomit-frame-pointer (test for excess errors)
FAIL: gcc.dg/pch/global-1.c -O3 -g (test for excess errors)
FAIL: gcc.dg/pch/global-1.c -Os (test for excess errors)
FAIL: gcc.dg/pch/import-1.c -O0 -g (test for excess errors)
FAIL: gcc.dg/pch/import-1.c -O0 (test for excess errors)
FAIL: gcc.dg/pch/import-1.c -O1 (test for excess errors)
FAIL: gcc.dg/pch/import-1.c -O2 (test for excess errors)
FAIL: gcc.dg/pch/import-1.c -O3 -fomit-frame-pointer (test for excess errors)
FAIL: gcc.dg/pch/import-1.c -O3 -g (test for excess errors)
FAIL: gcc.dg/pch/import-1.c -Os (test for excess errors)
FAIL: gcc.dg/pch/import-2.c -O0 -g (test for excess errors)
FAIL: gcc.dg/pch/import-2.c -O0 (test for excess errors)
FAIL: gcc.dg/pch/import-2.c -O1 (test for excess errors)
FAIL: gcc.dg/pch/import-2.c -O2 (test for excess errors)
FAIL: gcc.dg/pch/import-2.c -O3 -fomit-frame-pointer (test for excess errors)
FAIL: gcc.dg/pch/import-2.c -O3 -g (test for excess errors)
FAIL: gcc.dg/pch/import-2.c -Os (test for excess errors)
FAIL: gcc.dg/pch/inline-1.c -O0 -g (test for excess errors)
FAIL: gcc.dg/pch/inline-1.c -O0 (test for excess errors)
FAIL: gcc.dg/pch/inline-1.c -O1 (test for excess errors)
FAIL: gcc.dg/pch/inline-1.c -O2 (test for excess errors)
FAIL: gcc.dg/pch/inline-1.c -O3 -fomit-frame-pointer (test for excess errors)
FAIL: gcc.dg/pch/inline-1.c -O3 -g (test for excess errors)
FAIL: gcc.dg/pch/inline-1.c -Os (test for excess errors)
FAIL: gcc.dg/pch/inline-2.c -O0 -g (test for excess errors)
FAIL: gcc.dg/pch/inline-2.c -O0 (test for excess errors)
FAIL: gcc.dg/pch/inline-2.c -O1 (test for excess errors)
FAIL: gcc.dg/pch/inline-2.c -O2 (test for excess errors)
FAIL: gcc.dg/pch/inline-2.c -O3 -fomit-frame-pointer (test for excess errors)
FAIL: gcc.dg/pch/inline-2.c -O3 -g (test for excess errors)
FAIL: gcc.dg/pch/inline-2.c -Os (test for excess errors)
FAIL: gcc.dg/pch/inline-3.c -O0 -g (test for excess errors)
FAIL: gcc.dg/pch/inline-3.c -O0 (test for excess errors)
FAIL: gcc.dg/pch/inline-3.c -O1 (test for excess errors)
FAIL: gcc.dg/pch/inline-3.c -O2 (test for excess errors)
FAIL: gcc.dg/pch/inline-3.c -O3 -fomit-frame-pointer (test for excess errors)
FAIL: gcc.dg/pch/inline-3.c -O3 -g (test for excess errors)
FAIL: gcc.dg/pch/inline-3.c -Os (test for excess errors)
FAIL: gcc.dg/pch/inline-4.c -O0 -g (test for excess errors)
FAIL: gcc.dg/pch/inline-4.c -O0 (test for excess errors)
FAIL: gcc.dg/pch/inline-4.c -O1 (test for excess errors)
FAIL: gcc.dg/pch/inline-4.c -O2 (test for excess errors)
FAIL: gcc.dg/pch/inline-4.c -O3 -fomit-frame-pointer (test for excess errors)
FAIL: gcc.dg/pch/inline-4.c -O3 -g (test for excess errors)
FAIL: gcc.dg/pch/inline-4.c -Os (test for excess errors)
FAIL: gcc.dg/pch/macro-1.c -O0 -g (test for excess errors)
FAIL: gcc.dg/pch/macro-1.c -O0 (test for excess errors)
FAIL: gcc.dg/pch/macro-1.c -O1 (test for excess errors)
FAIL: gcc.dg/pch/macro-1.c -O2 (test for excess errors)
FAIL: gcc.dg/pch/macro-1.c -O3 -fomit-frame-pointer (test for excess errors)
FAIL: gcc.dg/pch/macro-1.c -O3 -g (test for excess errors)
FAIL: gcc.dg/pch/macro-1.c -Os (test for excess errors)
FAIL: gcc.dg/pch/macro-2.c -O0 -g (test for excess errors)
FAIL: gcc.dg/pch/macro-2.c -O0 (test for excess errors)
FAIL: gcc.dg/pch/macro-2.c -O1 (test for excess errors)
FAIL: gcc.dg/pch/macro-2.c -O2 (test for excess errors)
FAIL: gcc.dg/pch/macro-2.c -O3 -fomit-frame-pointer (test for excess errors)
FAIL: gcc.dg/pch/macro-2.c -O3 -g (test for excess errors)
FAIL: gcc.dg/pch/macro-2.c -Os (test for excess errors)
FAIL: gcc.dg/pch/macro-3.c -O0 -g (test for excess errors)
FAIL: gcc.dg/pch/macro-3.c -O0 (test for excess errors)
FAIL: gcc.dg/pch/macro-3.c -O1 (test for excess errors)
FAIL: gcc.dg/pch/macro-3.c -O2 (test for excess errors)
FAIL: gcc.dg/pch/macro-3.c -O3 -fomit-frame-pointer (test for excess errors)
FAIL: gcc.dg/pch/macro-3.c -O3 -g (test for excess errors)
FAIL: gcc.dg/pch/macro-3.c -Os (test for excess errors)
FAIL: gcc.dg/pch/macro-4.c -O0 -g (test for excess errors)
FAIL: gcc.dg/pch/macro-4.c -O0 (test for excess errors)
FAIL: gcc.dg/pch/macro-4.c -O1 (test for excess errors)
FAIL: gcc.dg/pch/macro-4.c -O2 (test for excess errors)
FAIL: gcc.dg/pch/macro-4.c -O3 -fomit-frame-pointer (test for excess errors)
FAIL: gcc.dg/pch/macro-4.c -O3 -g (test for excess errors)
FAIL: gcc.dg/pch/macro-4.c -Os (test for excess errors)
FAIL: gcc.dg/pch/save-temps-1.c -O0 -g (test for excess errors)
FAIL: gcc.dg/pch/save-temps-1.c -O0 (test for excess errors)
FAIL: gcc.dg/pch/save-temps-1.c -O1 (test for excess errors)
FAIL: gcc.dg/pch/save-temps-1.c -O2 (test for excess errors)
FAIL: gcc.dg/pch/save-temps-1.c -O3 -fomit-frame-pointer (test for excess errors)
FAIL: gcc.dg/pch/save-temps-1.c -O3 -g (test for excess errors)
FAIL: gcc.dg/pch/save-temps-1.c -Os (test for excess errors)
FAIL: gcc.dg/pch/static-1.c -O0 -g (test for excess errors)
FAIL: gcc.dg/pch/static-1.c -O0 (test for excess errors)
FAIL: gcc.dg/pch/static-1.c -O1 (test for excess errors)
FAIL: gcc.dg/pch/static-1.c -O2 (test for excess errors)
FAIL: gcc.dg/pch/static-1.c -O3 -fomit-frame-pointer (test for excess errors)
FAIL: gcc.dg/pch/static-1.c -O3 -g (test for excess errors)
FAIL: gcc.dg/pch/static-1.c -Os (test for excess errors)
FAIL: gcc.dg/pch/static-2.c -O0 -g (test for excess errors)
FAIL: gcc.dg/pch/static-2.c -O0 (test for excess errors)
FAIL: gcc.dg/pch/static-2.c -O1 (test for excess errors)
FAIL: gcc.dg/pch/static-2.c -O2 (test for excess errors)
FAIL: gcc.dg/pch/static-2.c -O3 -fomit-frame-pointer (test for excess errors)
FAIL: gcc.dg/pch/static-2.c -O3 -g (test for excess errors)
FAIL: gcc.dg/pch/static-2.c -Os (test for excess errors)
FAIL: gcc.dg/pch/static-3.c -O0 -g (test for excess errors)
FAIL: gcc.dg/pch/static-3.c -O0 (test for excess errors)
FAIL: gcc.dg/pch/static-3.c -O1 (test for excess errors)
FAIL: gcc.dg/pch/static-3.c -O2 (test for excess errors)
FAIL: gcc.dg/pch/static-3.c -O3 -fomit-frame-pointer (test for excess errors)
FAIL: gcc.dg/pch/static-3.c -O3 -g (test for excess errors)
FAIL: gcc.dg/pch/static-3.c -Os (test for excess errors)
FAIL: gcc.dg/pch/struct-1.c -O0 -g (test for excess errors)
FAIL: gcc.dg/pch/struct-1.c -O0 (test for excess errors)
FAIL: gcc.dg/pch/struct-1.c -O1 (test for excess errors)
FAIL: gcc.dg/pch/struct-1.c -O2 (test for excess errors)
FAIL: gcc.dg/pch/struct-1.c -O3 -fomit-frame-pointer (test for excess errors)
FAIL: gcc.dg/pch/struct-1.c -O3 -g (test for excess errors)
FAIL: gcc.dg/pch/struct-1.c -Os (test for excess errors)
FAIL: gcc.dg/pch/system-1.c -O0 -g (test for excess errors)
FAIL: gcc.dg/pch/system-1.c -O0 (test for excess errors)
FAIL: gcc.dg/pch/system-1.c -O1 (test for excess errors)
FAIL: gcc.dg/pch/system-1.c -O2 (test for excess errors)
FAIL: gcc.dg/pch/system-1.c -O3 -fomit-frame-pointer (test for excess errors)
FAIL: gcc.dg/pch/system-1.c -O3 -g (test for excess errors)
FAIL: gcc.dg/pch/system-1.c -Os (test for excess errors)
FAIL: gcc.dg/pch/valid-1b.c -O0 -g (test for excess errors)
FAIL: gcc.dg/pch/valid-1b.c -O0 (test for excess errors)
FAIL: gcc.dg/pch/valid-1b.c -O1 (test for excess errors)
FAIL: gcc.dg/pch/valid-1b.c -O2 (test for excess errors)
FAIL: gcc.dg/pch/valid-1b.c -O3 -fomit-frame-pointer (test for excess errors)
FAIL: gcc.dg/pch/valid-1b.c -O3 -g (test for excess errors)
FAIL: gcc.dg/pch/valid-1b.c -Os (test for excess errors)
FAIL: gcc.dg/pch/valid-4.c -O0 -g (test for errors, line 5)
FAIL: gcc.dg/pch/valid-4.c -O0 -g (test for excess errors)
FAIL: gcc.dg/pch/valid-4.c -O0 (test for errors, line 5)
FAIL: gcc.dg/pch/valid-4.c -O0 (test for excess errors)
FAIL: gcc.dg/pch/valid-4.c -O1 (test for errors, line 5)
FAIL: gcc.dg/pch/valid-4.c -O1 (test for excess errors)
FAIL: gcc.dg/pch/valid-4.c -O2 (test for errors, line 5)
FAIL: gcc.dg/pch/valid-4.c -O2 (test for excess errors)
FAIL: gcc.dg/pch/valid-4.c -O3 -fomit-frame-pointer (test for errors, line 5)
FAIL: gcc.dg/pch/valid-4.c -O3 -fomit-frame-pointer (test for excess errors)
FAIL: gcc.dg/pch/valid-4.c -O3 -g (test for errors, line 5)
FAIL: gcc.dg/pch/valid-4.c -O3 -g (test for excess errors)
FAIL: gcc.dg/pch/valid-4.c -Os (test for errors, line 5)
FAIL: gcc.dg/pch/valid-4.c -Os (test for excess errors)
FAIL: gcc.dg/pch/valid-5.c -O0 -g (test for excess errors)
FAIL: gcc.dg/pch/valid-5.c -O0 (test for excess errors)
FAIL: gcc.dg/pch/valid-5.c -O1 (test for excess errors)
FAIL: gcc.dg/pch/valid-5.c -O2 (test for excess errors)
FAIL: gcc.dg/pch/valid-5.c -O3 -fomit-frame-pointer (test for excess errors)
FAIL: gcc.dg/pch/valid-5.c -O3 -g (test for excess errors)
FAIL: gcc.dg/pch/valid-5.c -Os (test for excess errors)
FAIL: gcc.dg/pch/valid-6.c -O0 -g (test for excess errors)
FAIL: gcc.dg/pch/valid-6.c -O0 -g assembly comparison
FAIL: gcc.dg/pch/valid-6.c -O0 (test for excess errors)
FAIL: gcc.dg/pch/valid-6.c -O0 assembly comparison
FAIL: gcc.dg/pch/valid-6.c -O1 (test for excess errors)
FAIL: gcc.dg/pch/valid-6.c -O1 assembly comparison
FAIL: gcc.dg/pch/valid-6.c -O2 (test for excess errors)
FAIL: gcc.dg/pch/valid-6.c -O2 assembly comparison
FAIL: gcc.dg/pch/valid-6.c -O3 -fomit-frame-pointer (test for excess errors)
FAIL: gcc.dg/pch/valid-6.c -O3 -fomit-frame-pointer assembly comparison
FAIL: gcc.dg/pch/valid-6.c -O3 -g (test for excess errors)
FAIL: gcc.dg/pch/valid-6.c -O3 -g assembly comparison
FAIL: gcc.dg/pch/valid-6.c -Os (test for excess errors)
FAIL: gcc.dg/pch/valid-6.c -Os assembly comparison
FAIL: largefile.c -O0 -g (test for excess errors)
FAIL: largefile.c -O0 (test for excess errors)
FAIL: largefile.c -O1 (test for excess errors)
FAIL: largefile.c -O2 (test for excess errors)
FAIL: largefile.c -O3 -fomit-frame-pointer (test for excess errors)
FAIL: largefile.c -O3 -g (test for excess errors)
FAIL: largefile.c -Os (test for excess errors)
FAIL: gcc.dg/torture/pr20314-1.c -O1 (internal compiler error)
FAIL: gcc.dg/torture/pr20314-1.c -O1 (test for excess errors)
FAIL: gcc.dg/torture/pr20314-1.c -O2 (internal compiler error)
FAIL: gcc.dg/torture/pr20314-1.c -O2 (test for excess errors)
FAIL: gcc.dg/torture/pr20314-1.c -O3 -fomit-frame-pointer (internal compiler error)
FAIL: gcc.dg/torture/pr20314-1.c -O3 -fomit-frame-pointer (test for excess errors)
FAIL: gcc.dg/torture/pr20314-1.c -O3 -g (internal compiler error)
FAIL: gcc.dg/torture/pr20314-1.c -O3 -g (test for excess errors)
FAIL: gcc.dg/torture/pr20314-1.c -Os (internal compiler error)
FAIL: gcc.dg/torture/pr20314-1.c -Os (test for excess errors)
FAIL: gcc.dg/vect/pr20122.c scan-tree-dump-times vectorized 1 loops 2
=== gcc Summary ===
# of expected passes 41460
# of unexpected failures 251
# of expected failures 116
# of unresolved testcases 1
# of untested testcases 245
# of unsupported tests 293
/home/xtv/gcc-prerelease/gcc/obj/gcc/xgcc version 4.2.1 20070709 (prerelease) [gcc-4_2-branch revision 126481]
=== gfortran tests ===
Running target unix
XPASS: gfortran.dg/csqrt_2.f -O0 execution test
XPASS: gfortran.dg/csqrt_2.f -O1 execution test
XPASS: gfortran.dg/csqrt_2.f -O2 execution test
XPASS: gfortran.dg/csqrt_2.f -O3 -fomit-frame-pointer execution test
XPASS: gfortran.dg/csqrt_2.f -O3 -fomit-frame-pointer -funroll-loops execution test
XPASS: gfortran.dg/csqrt_2.f -O3 -fomit-frame-pointer -funroll-all-loops -finline-functions execution test
XPASS: gfortran.dg/csqrt_2.f -O3 -g execution test
XPASS: gfortran.dg/csqrt_2.f -Os execution test
=== gfortran Summary ===
# of expected passes 16247
# of unexpected successes 8
# of expected failures 7
# of unsupported tests 16
/home/xtv/gcc-prerelease/gcc/obj/gcc/testsuite/gfortran/../../gfortran version 4.2.1 20070709 (prerelease) [gcc-4_2-branch revision 126481]
=== obj-c++ tests ===
Running target unix
FAIL: obj-c++.dg/cxx-ivars-2.mm execution test
FAIL: obj-c++.dg/encode-8.mm execution test
FAIL: obj-c++.dg/isa-field-1.mm (test for excess errors)
FAIL: obj-c++.dg/lookup-2.mm (test for excess errors)
WARNING: obj-c++.dg/lookup-2.mm compilation failed to produce executable
FAIL: obj-c++.dg/try-catch-2.mm (test for excess errors)
WARNING: obj-c++.dg/try-catch-2.mm compilation failed to produce executable
FAIL: obj-c++.dg/try-catch-9.mm (test for excess errors)
WARNING: obj-c++.dg/try-catch-9.mm compilation failed to produce executable
=== obj-c++ Summary ===
# of expected passes 429
# of unexpected failures 6
# of unsupported tests 13
/home/xtv/gcc-prerelease/gcc/obj/gcc/testsuite/obj-c++/../../g++ version 4.2.1 20070709 (prerelease) [gcc-4_2-branch revision 126481]
=== objc tests ===
Running target unix
FAIL: objc.dg/pch/interface-1.m -O0 -g (test for excess errors)
FAIL: objc.dg/pch/interface-1.m -O0 (test for excess errors)
FAIL: objc.dg/pch/interface-1.m -O1 (test for excess errors)
FAIL: objc.dg/pch/interface-1.m -O2 (test for excess errors)
FAIL: objc.dg/pch/interface-1.m -O3 -fomit-frame-pointer (test for excess errors)
FAIL: objc.dg/pch/interface-1.m -O3 -g (test for excess errors)
FAIL: objc.dg/pch/interface-1.m -Os (test for excess errors)
=== objc Summary ===
# of expected passes 1785
# of unexpected failures 7
# of expected failures 7
# of untested testcases 7
# of unsupported tests 24
/home/xtv/gcc-prerelease/gcc/obj/gcc/xgcc version 4.2.1 20070709 (prerelease) [gcc-4_2-branch revision 126481]
=== libgomp tests ===
Running target unix
=== libgomp Summary ===
# of expected passes 1574
=== libmudflap tests ===
Running target unix
=== libmudflap Summary ===
# of expected passes 1814
=== libstdc++ tests ===
Running target unix
=== libstdc++ Summary ===
# of expected passes 3842
# of expected failures 16
# of unsupported tests 316
Compiler version: 4.2.1 20070709 (prerelease) [gcc-4_2-branch revision 126481]
Platform: i686-pc-linux-gnu
configure flags: --prefix=/home/xtv --enable-bootstrap --enable-languages=c,c++,fortran,objc,obj-c++