This is the mail archive of the
gcc-testresults@gcc.gnu.org
mailing list for the GCC project.
Results for 4.2.1 20070706 (prerelease) gcc testsuite on cris-axis-elf
- From: mstein at phenix dot rootshell dot be (mstein)
- To: gcc-testresults at gcc dot gnu dot org
- Date: Sun, 8 Jul 2007 07:00:40 +0200 (CEST)
- Subject: Results for 4.2.1 20070706 (prerelease) gcc testsuite on cris-axis-elf
Ubuntu 5 on pentium3-smp
cross tool versions:
GNU assembler (GNU Binutils) 2.17.50.20070617
GNU gdb 6.6.50.20070617-cvs
GNU ld (GNU Binutils) 2.17.50.20070617
GNU Make 3.80
expect version 5.42.1
host gcc version: gcc (GCC) 4.3.0 20070706 (experimental)
LAST_UPDATED: Fri Jul 6 22:05:12 UTC 2007 (revision 126426)
Target is cris-axis-elf
Host is i686-pc-linux-gnu
=== gcc tests ===
Running target cris-sim
UNRESOLVED: gcc.c-torture/execute/mayalias-2.c execution, -O3 -g
FAIL: gcc.dg/cpp/_Pragma6.c (test for excess errors)
FAIL: gcc.dg/large-size-array-2.c (internal compiler error)
FAIL: gcc.dg/large-size-array-2.c (test for excess errors)
FAIL: gcc.dg/pr28243.c (test for excess errors)
FAIL: gcc.dg/pr30643.c scan-assembler-not undefined
FAIL: gcc.dg/setjmp-1.c spurious clobbered warning (test for bogus messages, line 16)
FAIL: gcc.dg/trampoline-1.c execution test
FAIL: gcc.dg/torture/pr26565.c -O0 (test for excess errors)
FAIL: gcc.dg/torture/pr26565.c -O1 (test for excess errors)
FAIL: gcc.dg/torture/pr26565.c -O2 (test for excess errors)
FAIL: gcc.dg/torture/pr26565.c -O3 -fomit-frame-pointer (test for excess errors)
FAIL: gcc.dg/torture/pr26565.c -O3 -g (test for excess errors)
FAIL: gcc.dg/torture/pr26565.c -Os (test for excess errors)
=== gcc Summary ===
# of expected passes 40234
# of unexpected failures 13
# of expected failures 80
# of unresolved testcases 1
# of untested testcases 28
# of unsupported tests 453
/n/b01/mstein/sim-gcc05/cris-elf/build/gcc/xgcc version 4.2.1 20070706 (prerelease)
Compiler version: 4.2.1 20070706 (prerelease) gcc
Platform: cris-axis-elf
configure flags: --target=cris-elf --prefix=/n/07/mstein/cross-local/cris-elf --disable-nls --disable-build-warnings --with-ld=/n/07/mstein/cross-local/cris-elf/bin/cris-elf-ld --with-as=/n/07/mstein/cross-local/cris-elf/bin/cris-elf-as --disable-libssp --enable-languages=c