This is the mail archive of the
gcc-testresults@gcc.gnu.org
mailing list for the GCC project.
Results for 4.3.0 20070704 (experimental) testsuite on x86_64-unknown-linux-gnu
- From: Toon Moene <toon at moene dot indiv dot nluug dot nl>
- To: gcc-testresults at gcc dot gnu dot org
- Date: Wed, 04 Jul 2007 17:11:23 +0200
- Subject: Results for 4.3.0 20070704 (experimental) testsuite on x86_64-unknown-linux-gnu
LAST_UPDATED: Wed Jul 4 07:22:40 UTC 2007 (revision 126306)
=== acats tests ===
FAIL: ae2113a
FAIL: ae2113b
FAIL: c38202a
FAIL: c85014b
FAIL: c87b26b
FAIL: c910001
FAIL: c930001
FAIL: c93008b
FAIL: c94002b
FAIL: c94002d
FAIL: c94002e
FAIL: c94002f
FAIL: c94002g
FAIL: c94008c
FAIL: c95012a
FAIL: c95085a
FAIL: c954015
FAIL: c954019
FAIL: c954022
FAIL: c954026
FAIL: c954a03
FAIL: c97113a
FAIL: c97201g
FAIL: c97201h
FAIL: c97201x
FAIL: c97202a
FAIL: c97205a
FAIL: c97205b
FAIL: c97305a
FAIL: c97305b
FAIL: c97305c
FAIL: c97305d
FAIL: c974002
FAIL: c974003
FAIL: c974008
FAIL: c974009
FAIL: c974010
FAIL: c974011
FAIL: cc1207b
FAIL: cc3019c
FAIL: cd92001
FAIL: ce2103a
FAIL: ce2202a
FAIL: ce3815a
FAIL: cxa5a08
FAIL: cxh1001
=== acats Summary ===
# of expected passes 2269
# of unexpected failures 46
Native configuration is x86_64-unknown-linux-gnu
=== gcc tests ===
Running target unix
FAIL: gcc.c-torture/execute/mayalias-2.c compilation, -O3 -g (internal compiler error)
UNRESOLVED: gcc.c-torture/execute/mayalias-2.c execution, -O3 -g
FAIL: gcc.c-torture/execute/mayalias-3.c compilation, -O3 -g (internal compiler error)
UNRESOLVED: gcc.c-torture/execute/mayalias-3.c execution, -O3 -g
FAIL: gcc.dg/dfp/fe-convert-1.c execution test
FAIL: gcc.dg/dfp/fe-convert-2.c execution test
FAIL: gcc.dg/builtins-61.c scan-tree-dump return 0.0
XPASS: gcc.dg/tree-ssa/update-threading.c scan-tree-dump-times Invalid sum 0
FAIL: gcc.dg/vect/vect-103.c scan-tree-dump-times vectorized 1 loops 1
FAIL: gcc.dg/vect/vect-103.c scan-tree-dump-times dependence distance modulo vf == 0 1
=== gcc Summary ===
# of expected passes 46102
# of unexpected failures 7
# of unexpected successes 1
# of expected failures 140
# of unresolved testcases 2
# of untested testcases 35
# of unsupported tests 429
/home/toon/compilers/obj-t/gcc/xgcc version 4.3.0 20070704 (experimental)
=== gfortran tests ===
Running target unix
=== gfortran Summary ===
# of expected passes 19205
# of expected failures 8
# of unsupported tests 18
/home/toon/compilers/obj-t/gcc/testsuite/gfortran/../../gfortran version 4.3.0 20070704 (experimental)
=== g++ tests ===
Running target unix
FAIL: g++.dg/ext/visibility/ms-compat-1.C scan-hidden hidden[ \\t_]*__ZTI1T
XPASS: g++.dg/tree-ssa/copyprop-1.C scan-tree-dump-not .* = [^>;]*;
XPASS: g++.dg/tree-ssa/ivopts-1.C scan-tree-dump-not offset: -4B
XPASS: g++.dg/tree-ssa/ivopts-1.C scan-tree-dump-not &x\\[5\\]
=== g++ Summary ===
# of expected passes 16174
# of unexpected failures 1
# of unexpected successes 3
# of expected failures 86
# of unsupported tests 110
/home/toon/compilers/obj-t/gcc/testsuite/g++/../../g++ version 4.3.0 20070704 (experimental)
=== gnat tests ===
Running target unix
FAIL: gnat.dg/frame_overflow.adb (test for errors, line 12)
FAIL: gnat.dg/frame_overflow.adb (test for errors, line 21)
FAIL: gnat.dg/specs/uc1.ads (test for excess errors)
=== gnat Summary ===
# of expected passes 233
# of unexpected failures 3
=== obj-c++ tests ===
Running target unix
FAIL: obj-c++.dg/bitfield-1.mm (internal compiler error)
FAIL: obj-c++.dg/bitfield-1.mm (test for excess errors)
UNRESOLVED: obj-c++.dg/bitfield-1.mm compilation failed to produce executable
FAIL: obj-c++.dg/bitfield-4.mm (test for excess errors)
FAIL: obj-c++.dg/comp-types-10.mm (internal compiler error)
FAIL: obj-c++.dg/comp-types-10.mm (test for excess errors)
FAIL: obj-c++.dg/cxx-class-1.mm (test for excess errors)
FAIL: obj-c++.dg/cxx-ivars-2.mm execution test
FAIL: obj-c++.dg/encode-2.mm scan-assembler {Vec<float>=ffi}
FAIL: obj-c++.dg/encode-2.mm scan-assembler {Vec<double>=ddi}
FAIL: obj-c++.dg/encode-3.mm execution test
FAIL: obj-c++.dg/encode-8.mm execution test
FAIL: obj-c++.dg/gnu-runtime-2.mm (test for excess errors)
FAIL: obj-c++.dg/isa-field-1.mm (test for excess errors)
FAIL: obj-c++.dg/layout-1.mm (test for excess errors)
FAIL: obj-c++.dg/lookup-2.mm (test for excess errors)
UNRESOLVED: obj-c++.dg/lookup-2.mm compilation failed to produce executable
FAIL: obj-c++.dg/try-catch-2.mm (test for excess errors)
UNRESOLVED: obj-c++.dg/try-catch-2.mm compilation failed to produce executable
FAIL: obj-c++.dg/try-catch-9.mm (internal compiler error)
FAIL: obj-c++.dg/try-catch-9.mm (test for excess errors)
UNRESOLVED: obj-c++.dg/try-catch-9.mm compilation failed to produce executable
=== obj-c++ Summary ===
# of expected passes 419
# of unexpected failures 18
# of unresolved testcases 4
# of unsupported tests 13
/home/toon/compilers/obj-t/gcc/testsuite/obj-c++/../../g++ version 4.3.0 20070704 (experimental)
=== objc tests ===
Running target unix
=== objc Summary ===
# of expected passes 1812
# of expected failures 7
# of unsupported tests 24
/home/toon/compilers/obj-t/gcc/xgcc version 4.3.0 20070704 (experimental)
=== libffi tests ===
Running target unix
=== libffi Summary ===
# of expected passes 1096
# of unsupported tests 8
=== libgomp tests ===
Running target unix
=== libgomp Summary ===
# of expected passes 1574
=== libjava tests ===
Running target unix
WARNING: program timed out.
FAIL: getlocalvartable run
=== libjava Summary ===
# of expected passes 2537
# of unexpected failures 1
# of untested testcases 1
=== libmudflap tests ===
Running target unix
FAIL: libmudflap.c/fail8-frag.c (-static) output pattern test
FAIL: libmudflap.c/fail9-frag.c (-static) output pattern test
FAIL: libmudflap.c++/pass41-frag.cxx execution test
FAIL: libmudflap.c++/pass41-frag.cxx (-static) execution test
FAIL: libmudflap.c++/pass41-frag.cxx ( -O) execution test
FAIL: libmudflap.c++/pass41-frag.cxx (-O2) execution test
FAIL: libmudflap.c++/pass41-frag.cxx (-O3) execution test
=== libmudflap Summary ===
# of expected passes 1819
# of unexpected failures 7
=== libstdc++ tests ===
Running target unix
FAIL: abi_check
XPASS: 26_numerics/headers/cmath/c99_classification_macros_c.cc (test for excess errors)
XPASS: 27_io/fpos/14320-1.cc execution test
=== libstdc++ Summary ===
# of expected passes 4463
# of unexpected failures 1
# of unexpected successes 2
# of expected failures 52
# of unsupported tests 316
Compiler version: 4.3.0 20070704 (experimental)
Platform: x86_64-unknown-linux-gnu
configure flags: --prefix=/usr/snp/ --disable-multilib --disable-nls --enable-languages=ada,c,c++,objc,obj-c++,java,fortran