This is the mail archive of the
gcc-testresults@gcc.gnu.org
mailing list for the GCC project.
Results for 4.3.0 20070703 (experimental) testsuite on x86_64-suse-linux-gnu
- From: aj at suse dot de
- To: gcc-testresults at gcc dot gnu dot org
- Date: Tue, 3 Jul 2007 09:14:34 UT
- Subject: Results for 4.3.0 20070703 (experimental) testsuite on x86_64-suse-linux-gnu
Bootstrap and regtesting on x86_64-suse-linux-gnu.
SVN sources: mainline.
LAST_UPDATED: Tue Jul 3 05:00:09 UTC 2007 (revision 126243)
Native configuration is x86_64-suse-linux-gnu
=== gcc tests ===
Running target unix/-m32
FAIL: gcc.c-torture/compile/limits-structnest.c -O2 (test for excess errors)
FAIL: gcc.c-torture/compile/limits-structnest.c -O3 -fomit-frame-pointer (test for excess errors)
FAIL: gcc.c-torture/compile/limits-structnest.c -O3 -g (test for excess errors)
FAIL: gcc.c-torture/compile/limits-structnest.c -Os (test for excess errors)
FAIL: gcc.c-torture/execute/mayalias-2.c compilation, -O3 -g (internal compiler error)
UNRESOLVED: gcc.c-torture/execute/mayalias-2.c execution, -O3 -g
FAIL: gcc.c-torture/execute/mayalias-3.c compilation, -O3 -g (internal compiler error)
UNRESOLVED: gcc.c-torture/execute/mayalias-3.c execution, -O3 -g
XPASS: gcc.dg/cpp/cmdlne-dI-M.c scan-file (^|\\\\n)cmdlne-dI-M.*:[^\\\\n]*cmdlne-dI-M.c
XPASS: gcc.dg/cpp/cmdlne-dM-M.c scan-file (^|\\\\n)cmdlne-dM-M[^\\\\n]*:[^\\\\n]*cmdlne-dM-M.c
FAIL: gcc.dg/dfp/fe-convert-1.c execution test
FAIL: gcc.dg/dfp/fe-convert-2.c execution test
FAIL: gcc.dg/builtins-61.c scan-tree-dump return 0.0
FAIL: gcc.dg/torture/builtin-pow-mpfr-1.c -O0 scan-tree-dump pow
FAIL: gcc.dg/torture/builtin-pow-mpfr-1.c -O1 scan-tree-dump pow
FAIL: gcc.dg/torture/builtin-pow-mpfr-1.c -O2 scan-tree-dump pow
FAIL: gcc.dg/torture/builtin-pow-mpfr-1.c -O3 -fomit-frame-pointer scan-tree-dump pow
FAIL: gcc.dg/torture/builtin-pow-mpfr-1.c -O3 -g scan-tree-dump pow
FAIL: gcc.dg/torture/builtin-pow-mpfr-1.c -Os scan-tree-dump pow
XPASS: gcc.dg/tree-ssa/update-threading.c scan-tree-dump-times Invalid sum 0
FAIL: gcc.dg/vect/vect-103.c scan-tree-dump-times vectorized 1 loops 1
FAIL: gcc.dg/vect/vect-103.c scan-tree-dump-times dependence distance modulo vf == 0 1
FAIL: gcc.target/i386/pr21291.c (test for excess errors)
=== gcc Summary for unix/-m32 ===
# of expected passes 46066
# of unexpected failures 18
# of unexpected successes 3
# of expected failures 139
# of unresolved testcases 2
# of untested testcases 35
# of unsupported tests 393
Running target unix
FAIL: gcc.c-torture/compile/limits-structnest.c -O2 (test for excess errors)
FAIL: gcc.c-torture/compile/limits-structnest.c -O3 -fomit-frame-pointer (test for excess errors)
FAIL: gcc.c-torture/compile/limits-structnest.c -O3 -g (test for excess errors)
FAIL: gcc.c-torture/compile/limits-structnest.c -Os (test for excess errors)
FAIL: gcc.c-torture/execute/mayalias-2.c compilation, -O3 -g (internal compiler error)
UNRESOLVED: gcc.c-torture/execute/mayalias-2.c execution, -O3 -g
FAIL: gcc.c-torture/execute/mayalias-3.c compilation, -O3 -g (internal compiler error)
UNRESOLVED: gcc.c-torture/execute/mayalias-3.c execution, -O3 -g
XPASS: gcc.dg/cpp/cmdlne-dI-M.c scan-file (^|\\\\n)cmdlne-dI-M.*:[^\\\\n]*cmdlne-dI-M.c
XPASS: gcc.dg/cpp/cmdlne-dM-M.c scan-file (^|\\\\n)cmdlne-dM-M[^\\\\n]*:[^\\\\n]*cmdlne-dM-M.c
FAIL: gcc.dg/dfp/fe-convert-1.c execution test
FAIL: gcc.dg/dfp/fe-convert-2.c execution test
FAIL: gcc.dg/builtins-61.c scan-tree-dump return 0.0
FAIL: gcc.dg/torture/builtin-pow-mpfr-1.c -O0 scan-tree-dump pow
FAIL: gcc.dg/torture/builtin-pow-mpfr-1.c -O1 scan-tree-dump pow
FAIL: gcc.dg/torture/builtin-pow-mpfr-1.c -O2 scan-tree-dump pow
FAIL: gcc.dg/torture/builtin-pow-mpfr-1.c -O3 -fomit-frame-pointer scan-tree-dump pow
FAIL: gcc.dg/torture/builtin-pow-mpfr-1.c -O3 -g scan-tree-dump pow
FAIL: gcc.dg/torture/builtin-pow-mpfr-1.c -Os scan-tree-dump pow
XPASS: gcc.dg/tree-ssa/update-threading.c scan-tree-dump-times Invalid sum 0
FAIL: gcc.dg/vect/vect-103.c scan-tree-dump-times vectorized 1 loops 1
FAIL: gcc.dg/vect/vect-103.c scan-tree-dump-times dependence distance modulo vf == 0 1
=== gcc Summary for unix ===
# of expected passes 45919
# of unexpected failures 17
# of unexpected successes 3
# of expected failures 138
# of unresolved testcases 2
# of untested testcases 35
# of unsupported tests 508
=== gcc Summary ===
# of expected passes 91985
# of unexpected failures 35
# of unexpected successes 6
# of expected failures 277
# of unresolved testcases 4
# of untested testcases 70
# of unsupported tests 901
/abuild-old/aj/gcc/gcc/xgcc version 4.3.0 20070703 (experimental)
=== gfortran tests ===
Running target unix/-m32
FAIL: gfortran.dg/data_initialized_2.f90 -O (internal compiler error)
FAIL: gfortran.dg/data_initialized_2.f90 -O (test for excess errors)
FAIL: gfortran.fortran-torture/compile/pr32417.f90, "-O" (internal compiler error)
=== gfortran Summary for unix/-m32 ===
# of expected passes 19144
# of unexpected failures 3
# of expected failures 8
# of unsupported tests 16
Running target unix
FAIL: gfortran.dg/data_initialized_2.f90 -O (internal compiler error)
FAIL: gfortran.dg/data_initialized_2.f90 -O (test for excess errors)
=== gfortran Summary for unix ===
# of expected passes 19143
# of unexpected failures 2
# of expected failures 8
# of unsupported tests 18
=== gfortran Summary ===
# of expected passes 38287
# of unexpected failures 5
# of expected failures 16
# of unsupported tests 34
/abuild-old/aj/gcc/gcc/testsuite/gfortran/../../gfortran version 4.3.0 20070703 (experimental)
=== g++ tests ===
Running target unix/-m32
FAIL: g++.dg/ext/visibility/ms-compat-1.C scan-hidden hidden[ \\t_]*__ZTI1T
XPASS: g++.dg/tree-ssa/copyprop-1.C scan-tree-dump-not .* = [^>;]*;
XPASS: g++.dg/tree-ssa/ivopts-1.C scan-tree-dump-not offset: -4B
XPASS: g++.dg/tree-ssa/ivopts-1.C scan-tree-dump-not &x\\[5\\]
=== g++ Summary for unix/-m32 ===
# of expected passes 16256
# of unexpected failures 1
# of unexpected successes 3
# of expected failures 86
# of unsupported tests 81
Running target unix
FAIL: g++.dg/ext/visibility/ms-compat-1.C scan-hidden hidden[ \\t_]*__ZTI1T
XPASS: g++.dg/tree-ssa/copyprop-1.C scan-tree-dump-not .* = [^>;]*;
XPASS: g++.dg/tree-ssa/ivopts-1.C scan-tree-dump-not offset: -4B
XPASS: g++.dg/tree-ssa/ivopts-1.C scan-tree-dump-not &x\\[5\\]
=== g++ Summary for unix ===
# of expected passes 16171
# of unexpected failures 1
# of unexpected successes 3
# of expected failures 86
# of unsupported tests 110
=== g++ Summary ===
# of expected passes 32427
# of unexpected failures 2
# of unexpected successes 6
# of expected failures 172
# of unsupported tests 191
/abuild-old/aj/gcc/gcc/testsuite/g++/../../g++ version 4.3.0 20070703 (experimental)
=== objc tests ===
Running target unix/-m32
=== objc Summary for unix/-m32 ===
# of expected passes 1812
# of expected failures 7
# of unsupported tests 24
Running target unix
=== objc Summary for unix ===
# of expected passes 1812
# of expected failures 7
# of unsupported tests 24
=== objc Summary ===
# of expected passes 3624
# of expected failures 14
# of unsupported tests 48
/abuild-old/aj/gcc/gcc/xgcc version 4.3.0 20070703 (experimental)
=== treelang tests ===
Running target unix/-m32
=== treelang Summary for unix/-m32 ===
# of expected passes 52
Running target unix
=== treelang Summary for unix ===
# of expected passes 52
=== treelang Summary ===
# of expected passes 104
=== libffi tests ===
Running target unix/-m32
=== libffi Summary for unix/-m32 ===
# of expected passes 1096
# of unsupported tests 8
Running target unix
=== libffi Summary for unix ===
# of expected passes 1096
# of unsupported tests 8
=== libffi Summary ===
# of expected passes 2192
# of unsupported tests 16
=== libgomp tests ===
Running target unix/-m32
=== libgomp Summary for unix/-m32 ===
# of expected passes 1574
Running target unix
=== libgomp Summary for unix ===
# of expected passes 1574
=== libgomp Summary ===
# of expected passes 3148
=== libjava tests ===
Running target unix/-m32
FAIL: natlongfield.cc compilation
WARNING: program timed out.
FAIL: getlocalvartable run
FAIL: natevents.cc compilation
FAIL: natgetallthreads.cc compilation
FAIL: natgeterrorname.cc compilation
FAIL: natgetmethodname.cc compilation
=== libjava Summary for unix/-m32 ===
# of expected passes 2522
# of unexpected failures 6
# of untested testcases 1
Running target unix
FAIL: natlongfield.cc compilation
WARNING: program timed out.
FAIL: getlocalvartable run
FAIL: natevents.cc compilation
FAIL: natgetallthreads.cc compilation
FAIL: natgeterrorname.cc compilation
FAIL: natgetmethodname.cc compilation
=== libjava Summary for unix ===
# of expected passes 2522
# of unexpected failures 6
# of untested testcases 1
=== libjava Summary ===
# of expected passes 5044
# of unexpected failures 12
# of untested testcases 2
=== libmudflap tests ===
Running target unix/-m32
FAIL: libmudflap.c++/pass41-frag.cxx execution test
FAIL: libmudflap.c++/pass41-frag.cxx (-static) execution test
FAIL: libmudflap.c++/pass41-frag.cxx ( -O) execution test
FAIL: libmudflap.c++/pass41-frag.cxx (-O2) execution test
FAIL: libmudflap.c++/pass41-frag.cxx (-O3) execution test
=== libmudflap Summary for unix/-m32 ===
# of expected passes 1821
# of unexpected failures 5
Running target unix
FAIL: libmudflap.c/fail8-frag.c (-static) output pattern test
FAIL: libmudflap.c/fail9-frag.c (-static) output pattern test
FAIL: libmudflap.c++/pass41-frag.cxx execution test
FAIL: libmudflap.c++/pass41-frag.cxx (-static) execution test
FAIL: libmudflap.c++/pass41-frag.cxx ( -O) execution test
FAIL: libmudflap.c++/pass41-frag.cxx (-O2) execution test
FAIL: libmudflap.c++/pass41-frag.cxx (-O3) execution test
=== libmudflap Summary for unix ===
# of expected passes 1819
# of unexpected failures 7
=== libmudflap Summary ===
# of expected passes 3640
# of unexpected failures 12
=== libstdc++ tests ===
Running target unix/-m32
XPASS: 26_numerics/headers/cmath/c99_classification_macros_c.cc (test for excess errors)
FAIL: 27_io/basic_stringbuf/setbuf/char/4.cc (test for excess errors)
WARNING: 27_io/basic_stringbuf/setbuf/char/4.cc compilation failed to produce executable
FAIL: 27_io/basic_stringbuf/setbuf/wchar_t/4.cc (test for excess errors)
WARNING: 27_io/basic_stringbuf/setbuf/wchar_t/4.cc compilation failed to produce executable
=== libstdc++ Summary for unix/-m32 ===
# of expected passes 5092
# of unexpected failures 2
# of unexpected successes 1
# of expected failures 53
Running target unix
XPASS: 26_numerics/headers/cmath/c99_classification_macros_c.cc (test for excess errors)
FAIL: 27_io/basic_stringbuf/setbuf/char/4.cc (test for excess errors)
WARNING: 27_io/basic_stringbuf/setbuf/char/4.cc compilation failed to produce executable
FAIL: 27_io/basic_stringbuf/setbuf/wchar_t/4.cc (test for excess errors)
WARNING: 27_io/basic_stringbuf/setbuf/wchar_t/4.cc compilation failed to produce executable
XPASS: 27_io/fpos/14320-1.cc execution test
=== libstdc++ Summary for unix ===
# of expected passes 5092
# of unexpected failures 2
# of unexpected successes 2
# of expected failures 52
=== libstdc++ Summary ===
# of expected passes 10184
# of unexpected failures 4
# of unexpected successes 3
# of expected failures 105
Compiler version: 4.3.0 20070703 (experimental)
Platform: x86_64-suse-linux-gnu
configure flags: --prefix=/opt/gcc/4.3-devel --enable-checking=yes,rtl --enable-threads=posix --enable-clocale=gnu --enable-__cxa_atexit --enable-shared --enable-languages=c,c++,treelang,java,fortran,objc --with-system-zlib x86_64-suse-linux-gnu
Version of binutils: GNU ld version 2.17.50.0.5 20060927 (SUSE Linux)
Version of glibc (/lib/libc.so.6): 2.5 (20061011)
Version of glibc (/lib64/libc.so.6): 2.5 (20061011)