This is the mail archive of the
gcc-testresults@gcc.gnu.org
mailing list for the GCC project.
Results for 4.3.0 20070703 (experimental) testsuite on powerpc64-unknown-linux-gnu
- From: Janis Johnson <janis187 at us dot ibm dot com>
- To: gcc-testresults at gcc dot gnu dot org
- Date: Tue, 3 Jul 2007 01:33:21 -0700
- Subject: Results for 4.3.0 20070703 (experimental) testsuite on powerpc64-unknown-linux-gnu
Linux 2.6.5-7.252-pseries64 ppc64
GNU C Library stable release version 2.3.5 (20050720)
GNU ld version 2.17
GNU assembler 2.17
GNU Make 3.80
DejaGnu:
Expect version is 5.43.0
Tcl version is 8.4
Framework version is 1.4.4
32-bit biarch default32
SVN branch: trunk
This hardware has VMX instructions.
LAST_UPDATED: Tue Jul 3 01:15:24 UTC 2007 (revision 126242)
Native configuration is powerpc64-unknown-linux-gnu
=== g++ tests ===
Running target unix/-m32
WARNING: program timed out.
FAIL: tmpdir-g++.dg-struct-layout-1/t187 cp_compat_x_tst.o-cp_compat_y_tst.o link
UNRESOLVED: tmpdir-g++.dg-struct-layout-1/t187 cp_compat_x_tst.o-cp_compat_y_tst.o execute
FAIL: g++.dg/ext/visibility/ms-compat-1.C scan-hidden hidden[ \\t_]*__ZTI1T
XPASS: g++.dg/tree-ssa/copyprop-1.C scan-tree-dump-not .* = [^>;]*;
=== g++ Summary for unix/-m32 ===
# of expected passes 17047
# of unexpected failures 2
# of unexpected successes 1
# of expected failures 86
# of unresolved testcases 1
# of unsupported tests 110
Running target unix/-m64
FAIL: g++.dg/ext/visibility/ms-compat-1.C scan-hidden hidden[ \\t_]*__ZTI1T
XPASS: g++.dg/tree-ssa/copyprop-1.C scan-tree-dump-not .* = [^>;]*;
=== g++ Summary for unix/-m64 ===
# of expected passes 17011
# of unexpected failures 1
# of unexpected successes 1
# of expected failures 86
# of unsupported tests 113
=== g++ Summary ===
# of expected passes 34058
# of unexpected failures 3
# of unexpected successes 2
# of expected failures 172
# of unresolved testcases 1
# of unsupported tests 223
/extra_space/gccbuild/build/nightly/build-gcc-trunk/gcc/testsuite/g++/../../g++ version 4.3.0 20070703 (experimental)
=== gcc tests ===
Running target unix/-m32
WARNING: program timed out.
FAIL: gcc.c-torture/execute/920429-1.c compilation, -O2
UNRESOLVED: gcc.c-torture/execute/920429-1.c execution, -O2
FAIL: gcc.c-torture/execute/mayalias-2.c compilation, -O3 -g (internal compiler error)
UNRESOLVED: gcc.c-torture/execute/mayalias-2.c execution, -O3 -g
FAIL: gcc.c-torture/execute/mayalias-3.c compilation, -O3 -g (internal compiler error)
UNRESOLVED: gcc.c-torture/execute/mayalias-3.c execution, -O3 -g
FAIL: gcc.dg/dfp/fe-convert-1.c execution test
FAIL: gcc.dg/dfp/fe-convert-2.c execution test
FAIL: gcc.dg/builtins-61.c scan-tree-dump return 0.0
FAIL: gcc.dg/memcpy-1.c scan-tree-dump-times nasty_local 0
XPASS: gcc.dg/tree-ssa/update-threading.c scan-tree-dump-times Invalid sum 0
FAIL: gcc.dg/vect/vect-103.c scan-tree-dump-times vectorized 1 loops 1
FAIL: gcc.dg/vect/vect-103.c scan-tree-dump-times dependence distance modulo vf == 0 1
FAIL: gcc.dg/vect/vect-intfloat-conversion-4a.c scan-tree-dump-times vectorized 1 loops 1
FAIL: gcc.dg/vect/vect-intfloat-conversion-4b.c scan-tree-dump-times vectorized 1 loops 1
FAIL: gcc.dg/vmx/ops.c -O2 (internal compiler error)
FAIL: gcc.dg/vmx/ops.c -O2 (test for excess errors)
FAIL: gcc.dg/vmx/ops.c -O3 -fomit-frame-pointer (internal compiler error)
FAIL: gcc.dg/vmx/ops.c -O3 -fomit-frame-pointer (test for excess errors)
FAIL: gcc.dg/vmx/ops.c -O3 -g (internal compiler error)
FAIL: gcc.dg/vmx/ops.c -O3 -g (test for excess errors)
=== gcc Summary for unix/-m32 ===
# of expected passes 47516
# of unexpected failures 17
# of unexpected successes 1
# of expected failures 144
# of unresolved testcases 3
# of untested testcases 35
# of unsupported tests 416
Running target unix/-m64
FAIL: gcc.c-torture/execute/mayalias-2.c compilation, -O3 -g (internal compiler error)
UNRESOLVED: gcc.c-torture/execute/mayalias-2.c execution, -O3 -g
FAIL: gcc.c-torture/execute/mayalias-3.c compilation, -O3 -g (internal compiler error)
UNRESOLVED: gcc.c-torture/execute/mayalias-3.c execution, -O3 -g
FAIL: gcc.dg/dfp/fe-convert-1.c execution test
FAIL: gcc.dg/dfp/fe-convert-2.c execution test
FAIL: gcc.dg/builtins-61.c scan-tree-dump return 0.0
XPASS: gcc.dg/tree-ssa/sra-2.c scan-tree-dump-times link_error 0
XPASS: gcc.dg/tree-ssa/update-threading.c scan-tree-dump-times Invalid sum 0
FAIL: gcc.dg/vect/vect-103.c scan-tree-dump-times vectorized 1 loops 1
FAIL: gcc.dg/vect/vect-103.c scan-tree-dump-times dependence distance modulo vf == 0 1
FAIL: gcc.dg/vect/vect-intfloat-conversion-4a.c scan-tree-dump-times vectorized 1 loops 1
FAIL: gcc.dg/vect/vect-intfloat-conversion-4b.c scan-tree-dump-times vectorized 1 loops 1
FAIL: gcc.target/powerpc/ppc-negeq0-1.c scan-assembler-not cntlzw
=== gcc Summary for unix/-m64 ===
# of expected passes 47361
# of unexpected failures 10
# of unexpected successes 2
# of expected failures 144
# of unresolved testcases 2
# of untested testcases 35
# of unsupported tests 486
=== gcc Summary ===
# of expected passes 94877
# of unexpected failures 27
# of unexpected successes 3
# of expected failures 288
# of unresolved testcases 5
# of untested testcases 70
# of unsupported tests 902
/extra_space/gccbuild/build/nightly/build-gcc-trunk/gcc/xgcc version 4.3.0 20070703 (experimental)
=== gfortran tests ===
Running target unix/-m32
FAIL: gfortran.dg/c_kind_params.f90 -O0 execution test
FAIL: gfortran.dg/c_kind_params.f90 -O1 execution test
FAIL: gfortran.dg/c_kind_params.f90 -O2 execution test
FAIL: gfortran.dg/c_kind_params.f90 -O3 -fomit-frame-pointer execution test
FAIL: gfortran.dg/c_kind_params.f90 -O3 -fomit-frame-pointer -funroll-loops execution test
FAIL: gfortran.dg/c_kind_params.f90 -O3 -fomit-frame-pointer -funroll-all-loops -finline-functions execution test
FAIL: gfortran.dg/c_kind_params.f90 -O3 -g execution test
FAIL: gfortran.dg/c_kind_params.f90 -Os execution test
FAIL: gfortran.dg/csqrt_2.f -O0 execution test
FAIL: gfortran.dg/csqrt_2.f -O1 execution test
FAIL: gfortran.dg/csqrt_2.f -O2 execution test
FAIL: gfortran.dg/csqrt_2.f -O3 -fomit-frame-pointer execution test
FAIL: gfortran.dg/csqrt_2.f -O3 -fomit-frame-pointer -funroll-loops execution test
FAIL: gfortran.dg/csqrt_2.f -O3 -fomit-frame-pointer -funroll-all-loops -finline-functions execution test
FAIL: gfortran.dg/csqrt_2.f -O3 -g execution test
FAIL: gfortran.dg/csqrt_2.f -Os execution test
FAIL: gfortran.dg/data_initialized_2.f90 -O (internal compiler error)
FAIL: gfortran.dg/data_initialized_2.f90 -O (test for excess errors)
WARNING: program timed out.
FAIL: gfortran.dg/fmt_t_3.f90 -O1 (test for excess errors)
WARNING: gfortran.dg/fmt_t_3.f90 -O1 compilation failed to produce executable
FAIL: gfortran.fortran-torture/compile/pr32417.f90, "-O" (internal compiler error)
=== gfortran Summary for unix/-m32 ===
# of expected passes 18966
# of unexpected failures 20
# of expected failures 8
# of unsupported tests 92
Running target unix/-m64
FAIL: gfortran.dg/csqrt_2.f -O0 execution test
FAIL: gfortran.dg/csqrt_2.f -O1 execution test
FAIL: gfortran.dg/csqrt_2.f -O2 execution test
FAIL: gfortran.dg/csqrt_2.f -O3 -fomit-frame-pointer execution test
FAIL: gfortran.dg/csqrt_2.f -O3 -fomit-frame-pointer -funroll-loops execution test
FAIL: gfortran.dg/csqrt_2.f -O3 -fomit-frame-pointer -funroll-all-loops -finline-functions execution test
FAIL: gfortran.dg/csqrt_2.f -O3 -g execution test
FAIL: gfortran.dg/csqrt_2.f -Os execution test
FAIL: gfortran.dg/data_initialized_2.f90 -O (internal compiler error)
FAIL: gfortran.dg/data_initialized_2.f90 -O (test for excess errors)
=== gfortran Summary for unix/-m64 ===
# of expected passes 19009
# of unexpected failures 10
# of expected failures 8
# of unsupported tests 76
=== gfortran Summary ===
# of expected passes 37975
# of unexpected failures 30
# of expected failures 16
# of unsupported tests 168
/extra_space/gccbuild/build/nightly/build-gcc-trunk/gcc/testsuite/gfortran/../../gfortran version 4.3.0 20070703 (experimental)
=== libgomp tests ===
Running target unix/-m32
=== libgomp Summary for unix/-m32 ===
# of expected passes 1574
Running target unix/-m64
=== libgomp Summary for unix/-m64 ===
# of expected passes 1574
=== libgomp Summary ===
# of expected passes 3148
=== libmudflap tests ===
Running target unix/-m32
FAIL: libmudflap.c++/pass41-frag.cxx execution test
FAIL: libmudflap.c++/pass41-frag.cxx (-static) execution test
FAIL: libmudflap.c++/pass41-frag.cxx ( -O) execution test
FAIL: libmudflap.c++/pass41-frag.cxx (-O2) execution test
FAIL: libmudflap.c++/pass41-frag.cxx (-O3) execution test
WARNING: program timed out.
FAIL: libmudflap.cth/pass37-frag.c (-O2) (rerun 13) execution test
WARNING: program timed out.
FAIL: libmudflap.cth/pass37-frag.c (-O2) (rerun 14) execution test
FAIL: libmudflap.cth/pass37-frag.c (-O2) (rerun 14) output pattern test
WARNING: program timed out.
FAIL: libmudflap.cth/pass37-frag.c (-O2) (rerun 15) execution test
FAIL: libmudflap.cth/pass37-frag.c (-O2) (rerun 15) output pattern test
WARNING: program timed out.
FAIL: libmudflap.cth/pass37-frag.c (-O3) (rerun 7) execution test
FAIL: libmudflap.cth/pass37-frag.c (-O3) (rerun 7) output pattern test
=== libmudflap Summary for unix/-m32 ===
# of expected passes 1814
# of unexpected failures 12
Running target unix/-m64
FAIL: libmudflap.c/fail27-frag.c output pattern test
FAIL: libmudflap.c/fail27-frag.c (-O2) output pattern test
FAIL: libmudflap.c/fail27-frag.c (-O3) output pattern test
FAIL: libmudflap.c++/pass41-frag.cxx execution test
FAIL: libmudflap.c++/pass41-frag.cxx (-static) execution test
FAIL: libmudflap.c++/pass41-frag.cxx ( -O) execution test
FAIL: libmudflap.c++/pass41-frag.cxx (-O2) execution test
FAIL: libmudflap.c++/pass41-frag.cxx (-O3) execution test
WARNING: program timed out.
FAIL: libmudflap.cth/pass39-frag.c (rerun 10) execution test
FAIL: libmudflap.cth/pass39-frag.c (rerun 10) output pattern test
WARNING: program timed out.
FAIL: libmudflap.cth/pass39-frag.c (rerun 15) execution test
FAIL: libmudflap.cth/pass39-frag.c (rerun 15) output pattern test
WARNING: program timed out.
FAIL: libmudflap.cth/pass37-frag.c (-static -DSTATIC) (rerun 3) execution test
FAIL: libmudflap.cth/pass37-frag.c (-static -DSTATIC) (rerun 3) output pattern test
WARNING: program timed out.
FAIL: libmudflap.cth/pass37-frag.c (-static -DSTATIC) (rerun 17) execution test
FAIL: libmudflap.cth/pass37-frag.c (-static -DSTATIC) (rerun 17) output pattern test
WARNING: program timed out.
FAIL: libmudflap.cth/pass39-frag.c (-static -DSTATIC) (rerun 2) execution test
FAIL: libmudflap.cth/pass39-frag.c (-static -DSTATIC) (rerun 2) output pattern test
WARNING: program timed out.
FAIL: libmudflap.cth/pass39-frag.c (-static -DSTATIC) (rerun 3) execution test
FAIL: libmudflap.cth/pass39-frag.c (-static -DSTATIC) (rerun 3) output pattern test
WARNING: program timed out.
FAIL: libmudflap.cth/pass39-frag.c (-static -DSTATIC) (rerun 6) execution test
FAIL: libmudflap.cth/pass39-frag.c (-static -DSTATIC) (rerun 6) output pattern test
WARNING: program timed out.
FAIL: libmudflap.cth/pass39-frag.c (-static -DSTATIC) (rerun 9) execution test
FAIL: libmudflap.cth/pass39-frag.c (-static -DSTATIC) (rerun 9) output pattern test
WARNING: program timed out.
FAIL: libmudflap.cth/pass39-frag.c (-static -DSTATIC) (rerun 10) execution test
FAIL: libmudflap.cth/pass39-frag.c (-static -DSTATIC) (rerun 10) output pattern test
WARNING: program timed out.
FAIL: libmudflap.cth/pass39-frag.c (-static -DSTATIC) (rerun 11) execution test
FAIL: libmudflap.cth/pass39-frag.c (-static -DSTATIC) (rerun 11) output pattern test
WARNING: program timed out.
FAIL: libmudflap.cth/pass40-frag.c (-static -DSTATIC) execution test
FAIL: libmudflap.cth/pass40-frag.c (-static -DSTATIC) output pattern test
WARNING: program timed out.
FAIL: libmudflap.cth/pass37-frag.c (-O2) (rerun 7) execution test
WARNING: program timed out.
FAIL: libmudflap.cth/pass37-frag.c (-O2) (rerun 8) execution test
FAIL: libmudflap.cth/pass37-frag.c (-O2) (rerun 8) output pattern test
WARNING: program timed out.
FAIL: libmudflap.cth/pass37-frag.c (-O2) (rerun 9) execution test
FAIL: libmudflap.cth/pass37-frag.c (-O2) (rerun 9) output pattern test
WARNING: program timed out.
FAIL: libmudflap.cth/pass37-frag.c (-O2) (rerun 10) execution test
FAIL: libmudflap.cth/pass37-frag.c (-O2) (rerun 10) output pattern test
WARNING: program timed out.
FAIL: libmudflap.cth/pass37-frag.c (-O2) (rerun 14) execution test
FAIL: libmudflap.cth/pass37-frag.c (-O2) (rerun 14) output pattern test
WARNING: program timed out.
FAIL: libmudflap.cth/pass39-frag.c (-O2) (rerun 4) execution test
FAIL: libmudflap.cth/pass39-frag.c (-O2) (rerun 4) output pattern test
=== libmudflap Summary for unix/-m64 ===
# of expected passes 1785
# of unexpected failures 41
=== libmudflap Summary ===
# of expected passes 3599
# of unexpected failures 53
=== libstdc++ tests ===
Running target unix/-m32
FAIL: abi_check
XPASS: 26_numerics/headers/cmath/c99_classification_macros_c.cc (test for excess errors)
WARNING: program timed out.
FAIL: 27_io/basic_stringbuf/setbuf/char/4.cc (test for excess errors)
WARNING: 27_io/basic_stringbuf/setbuf/char/4.cc compilation failed to produce executable
WARNING: program timed out.
FAIL: 27_io/basic_stringbuf/setbuf/wchar_t/4.cc (test for excess errors)
WARNING: 27_io/basic_stringbuf/setbuf/wchar_t/4.cc compilation failed to produce executable
=== libstdc++ Summary for unix/-m32 ===
# of expected passes 5091
# of unexpected failures 3
# of unexpected successes 1
# of expected failures 53
Running target unix/-m64
FAIL: abi_check
XPASS: 26_numerics/headers/cmath/c99_classification_macros_c.cc (test for excess errors)
FAIL: 27_io/basic_stringbuf/setbuf/char/4.cc (test for excess errors)
WARNING: 27_io/basic_stringbuf/setbuf/char/4.cc compilation failed to produce executable
FAIL: 27_io/basic_stringbuf/setbuf/wchar_t/4.cc (test for excess errors)
WARNING: 27_io/basic_stringbuf/setbuf/wchar_t/4.cc compilation failed to produce executable
XPASS: 27_io/fpos/14320-1.cc execution test
=== libstdc++ Summary for unix/-m64 ===
# of expected passes 5091
# of unexpected failures 3
# of unexpected successes 2
# of expected failures 52
=== libstdc++ Summary ===
# of expected passes 10182
# of unexpected failures 6
# of unexpected successes 3
# of expected failures 105
Compiler version: 4.3.0 20070703 (experimental)
Platform: powerpc64-unknown-linux-gnu
configure flags: --prefix=/opt/gcc-nightly/trunk-20070703 --build=powerpc64-linux --host=powerpc64-linux --target=powerpc64-linux --with-cpu=default32 --with-as=/opt/gcc-nightly/binutils-2.17/bin/as --with-ld=/opt/gcc-nightly/binutils-2.17/bin/ld --enable-threads=posix --enable-shared --enable-__cxa_atexit --enable-languages=c,c++,fortran --enable-checking --disable-alsa --with-gmp=/opt/gcc-nightly/gmp-mpfr --with-mpfr=/opt/gcc-nightly/gmp-mpfr --enable-decimal-float
=== Test Framework Summary ===
# of expected passes 2503