This is the mail archive of the
gcc-testresults@gcc.gnu.org
mailing list for the GCC project.
Results for 4.3.0 20070702 (experimental) testsuite on i686-pc-linux-gnu
- From: Diego Novillo <dnovillo at novillo dot homelinux dot org>
- To: gcc-testresults at gcc dot gnu dot org
- Date: Mon, 2 Jul 2007 05:53:47 -0400
- Subject: Results for 4.3.0 20070702 (experimental) testsuite on i686-pc-linux-gnu
LAST_UPDATED:
Native configuration is i686-pc-linux-gnu
=== g++ tests ===
Running target unix
FAIL: g++.dg/ext/visibility/ms-compat-1.C scan-hidden hidden[ \\t_]*__ZTI1T
FAIL: g++.dg/init/new19.C scan-tree-dump Moving statement\\n.*->ai\\[0\\];\\n.*out of loop
XPASS: g++.dg/tree-ssa/ivopts-1.C scan-tree-dump-not offset: -4B
XPASS: g++.dg/tree-ssa/ivopts-1.C scan-tree-dump-not &x\\[5\\]
FAIL: g++.dg/tree-ssa/pr27090.C scan-tree-dump return f->x;
=== g++ Summary ===
# of expected passes 16239
# of unexpected failures 3
# of unexpected successes 2
# of expected failures 86
# of unsupported tests 81
/notnfs/dnovillo/perf/sbox/gcc/local.i686/bld/gcc/testsuite/g++/../../g++ version 4.3.0 20070702 (experimental)
=== gcc tests ===
Running target unix
FAIL: gcc.c-torture/execute/mayalias-2.c compilation, -O3 -g (internal compiler error)
UNRESOLVED: gcc.c-torture/execute/mayalias-2.c execution, -O3 -g
FAIL: gcc.c-torture/execute/mayalias-3.c compilation, -O3 -g (internal compiler error)
UNRESOLVED: gcc.c-torture/execute/mayalias-3.c execution, -O3 -g
FAIL: gcc.dg/dfp/fe-convert-1.c execution test
FAIL: gcc.dg/dfp/fe-convert-2.c execution test
FAIL: gcc.dg/builtins-61.c scan-tree-dump return 0.0
FAIL: gcc.dg/torture/builtin-pow-mpfr-1.c -O0 scan-tree-dump pow
FAIL: gcc.dg/torture/builtin-pow-mpfr-1.c -O1 scan-tree-dump pow
FAIL: gcc.dg/torture/builtin-pow-mpfr-1.c -O2 scan-tree-dump pow
FAIL: gcc.dg/torture/builtin-pow-mpfr-1.c -O3 -fomit-frame-pointer scan-tree-dump pow
FAIL: gcc.dg/torture/builtin-pow-mpfr-1.c -O3 -g scan-tree-dump pow
FAIL: gcc.dg/torture/builtin-pow-mpfr-1.c -Os scan-tree-dump pow
XPASS: gcc.dg/tree-ssa/update-threading.c scan-tree-dump-times Invalid sum 0
FAIL: gcc.dg/vect/vect-103.c scan-tree-dump-times vectorized 1 loops 1
FAIL: gcc.dg/vect/vect-103.c scan-tree-dump-times dependence distance modulo vf == 0 1
FAIL: gcc.target/i386/pr21291.c (test for excess errors)
=== gcc Summary ===
# of expected passes 46061
# of unexpected failures 14
# of unexpected successes 1
# of expected failures 141
# of unresolved testcases 2
# of untested testcases 35
# of unsupported tests 386
/notnfs/dnovillo/perf/sbox/gcc/local.i686/bld/gcc/xgcc version 4.3.0 20070702 (experimental)
=== gfortran tests ===
Running target unix
FAIL: gfortran.dg/data_initialized_2.f90 -O (internal compiler error)
FAIL: gfortran.dg/data_initialized_2.f90 -O (test for excess errors)
FAIL: gfortran.fortran-torture/compile/pr32417.f90, "-O" (internal compiler error)
=== gfortran Summary ===
# of expected passes 19127
# of unexpected failures 3
# of expected failures 8
# of unsupported tests 16
/notnfs/dnovillo/perf/sbox/gcc/local.i686/bld/gcc/testsuite/gfortran/../../gfortran version 4.3.0 20070702 (experimental)
=== objc tests ===
Running target unix
=== objc Summary ===
# of expected passes 1812
# of expected failures 7
# of unsupported tests 24
/notnfs/dnovillo/perf/sbox/gcc/local.i686/bld/gcc/xgcc version 4.3.0 20070702 (experimental)
=== libffi tests ===
Running target unix
=== libffi Summary ===
# of expected passes 1096
# of unsupported tests 8
=== libgomp tests ===
Running target unix
=== libgomp Summary ===
# of expected passes 1572
=== libjava tests ===
Running target unix
WARNING: program timed out.
FAIL: getlocalvartable run
FAIL: events output
FAIL: LargeFile execution - source compiled test
FAIL: LargeFile -findirect-dispatch execution - source compiled test
FAIL: LargeFile -O3 execution - source compiled test
FAIL: LargeFile -O3 -findirect-dispatch execution - source compiled test
=== libjava Summary ===
# of expected passes 2528
# of unexpected failures 6
# of untested testcases 5
=== libmudflap tests ===
Running target unix
FAIL: libmudflap.c++/pass41-frag.cxx execution test
FAIL: libmudflap.c++/pass41-frag.cxx (-static) execution test
FAIL: libmudflap.c++/pass41-frag.cxx ( -O) execution test
FAIL: libmudflap.c++/pass41-frag.cxx (-O2) execution test
FAIL: libmudflap.c++/pass41-frag.cxx (-O3) execution test
=== libmudflap Summary ===
# of expected passes 1821
# of unexpected failures 5
=== libstdc++ tests ===
Running target unix
FAIL: 20_util/make_signed/requirements/typedefs_neg.cc (test for errors, line 497)
FAIL: 20_util/make_signed/requirements/typedefs_neg.cc (test for errors, line 463)
FAIL: 20_util/make_unsigned/requirements/typedefs-1.cc execution test
FAIL: 20_util/make_unsigned/requirements/typedefs-2.cc execution test
FAIL: 20_util/make_unsigned/requirements/typedefs_neg.cc (test for errors, line 418)
FAIL: 20_util/make_unsigned/requirements/typedefs_neg.cc (test for errors, line 384)
XPASS: 26_numerics/headers/cmath/c99_classification_macros_c.cc (test for excess errors)
=== libstdc++ Summary ===
# of expected passes 5090
# of unexpected failures 6
# of unexpected successes 1
# of expected failures 53
Compiler version: 4.3.0 20070702 (experimental)
Platform: i686-pc-linux-gnu
configure flags: --prefix=/home/dnovillo/perf/sbox/gcc/local.i686/inst --srcdir=/home/dnovillo/perf/sbox/gcc/local.i686/src --with-mpfr=/home/dnovillo/i686 --with-gmp=/home/dnovillo/i686 --enable-checking=release