This is the mail archive of the
gcc-testresults@gcc.gnu.org
mailing list for the GCC project.
Results for 4.3.0 20070701 (experimental) [libbid revision 126174] testsuite on x86_64-unknown-linux-gnu
- From: hjl at gnu-27 dot sc dot intel dot com (H.J. Lu)
- To: gcc-testresults at gcc dot gnu dot org
- Date: Sun, 1 Jul 2007 10:59:50 -0700 (PDT)
- Subject: Results for 4.3.0 20070701 (experimental) [libbid revision 126174] testsuite on x86_64-unknown-linux-gnu
LAST_UPDATED: Sun Jul 1 16:02:36 UTC 2007 (revision 126174)
Native configuration is x86_64-unknown-linux-gnu
=== gcc tests ===
Running target unix/-m32
FAIL: gcc.c-torture/execute/mayalias-2.c compilation, -O3 -g (internal compiler error)
UNRESOLVED: gcc.c-torture/execute/mayalias-2.c execution, -O3 -g
FAIL: gcc.c-torture/execute/mayalias-3.c compilation, -O3 -g (internal compiler error)
UNRESOLVED: gcc.c-torture/execute/mayalias-3.c execution, -O3 -g
FAIL: gcc.dg/dfp/convert-dfp-round-thread.c execution test
FAIL: gcc.dg/builtins-61.c scan-tree-dump return 0.0
XPASS: gcc.dg/tree-ssa/update-threading.c scan-tree-dump-times Invalid sum 0
FAIL: gcc.dg/vect/vect-103.c scan-tree-dump-times vectorized 1 loops 1
FAIL: gcc.dg/vect/vect-103.c scan-tree-dump-times dependence distance modulo vf == 0 1
FAIL: gcc.target/i386/pr21291.c (test for excess errors)
=== gcc Summary for unix/-m32 ===
# of expected passes 46201
# of unexpected failures 7
# of unexpected successes 1
# of expected failures 141
# of unresolved testcases 2
# of untested testcases 35
# of unsupported tests 320
Running target unix
FAIL: gcc.c-torture/execute/mayalias-2.c compilation, -O3 -g (internal compiler error)
UNRESOLVED: gcc.c-torture/execute/mayalias-2.c execution, -O3 -g
FAIL: gcc.c-torture/execute/mayalias-3.c compilation, -O3 -g (internal compiler error)
UNRESOLVED: gcc.c-torture/execute/mayalias-3.c execution, -O3 -g
FAIL: gcc.dg/dfp/convert-dfp-round-thread.c execution test
FAIL: gcc.dg/builtins-61.c scan-tree-dump return 0.0
XPASS: gcc.dg/tree-ssa/update-threading.c scan-tree-dump-times Invalid sum 0
FAIL: gcc.dg/vect/vect-103.c scan-tree-dump-times vectorized 1 loops 1
FAIL: gcc.dg/vect/vect-103.c scan-tree-dump-times dependence distance modulo vf == 0 1
=== gcc Summary for unix ===
# of expected passes 46064
# of unexpected failures 6
# of unexpected successes 1
# of expected failures 140
# of unresolved testcases 2
# of untested testcases 35
# of unsupported tests 430
=== gcc Summary ===
# of expected passes 92265
# of unexpected failures 13
# of unexpected successes 2
# of expected failures 281
# of unresolved testcases 4
# of untested testcases 70
# of unsupported tests 750
/export/build/gnu/gcc-libbid/build-x86_64-linux/gcc/xgcc version 4.3.0 20070701 (experimental) [libbid revision 126174]
=== gfortran tests ===
Running target unix/-m32
FAIL: gfortran.dg/data_initialized_2.f90 -O (internal compiler error)
FAIL: gfortran.dg/data_initialized_2.f90 -O (test for excess errors)
FAIL: gfortran.dg/equiv_7.f90 -O1 execution test
FAIL: gfortran.dg/equiv_7.f90 -O2 execution test
FAIL: gfortran.dg/equiv_7.f90 -O3 -fomit-frame-pointer execution test
FAIL: gfortran.dg/equiv_7.f90 -O3 -fomit-frame-pointer -funroll-loops execution test
FAIL: gfortran.dg/equiv_7.f90 -O3 -fomit-frame-pointer -funroll-all-loops -finline-functions execution test
FAIL: gfortran.dg/equiv_7.f90 -O3 -g execution test
FAIL: gfortran.dg/equiv_7.f90 -Os execution test
FAIL: gfortran.dg/hollerith.f90 -O1 execution test
FAIL: gfortran.dg/hollerith.f90 -O2 execution test
FAIL: gfortran.dg/hollerith.f90 -O3 -fomit-frame-pointer execution test
FAIL: gfortran.dg/hollerith.f90 -O3 -fomit-frame-pointer -funroll-loops execution test
FAIL: gfortran.dg/hollerith.f90 -O3 -fomit-frame-pointer -funroll-all-loops -finline-functions execution test
FAIL: gfortran.dg/hollerith.f90 -O3 -g execution test
FAIL: gfortran.dg/hollerith.f90 -Os execution test
FAIL: gfortran.dg/hollerith4.f90 -O1 execution test
FAIL: gfortran.dg/hollerith4.f90 -O2 execution test
FAIL: gfortran.dg/hollerith4.f90 -O3 -fomit-frame-pointer execution test
FAIL: gfortran.dg/hollerith4.f90 -O3 -fomit-frame-pointer -funroll-loops execution test
FAIL: gfortran.dg/hollerith4.f90 -O3 -fomit-frame-pointer -funroll-all-loops -finline-functions execution test
FAIL: gfortran.dg/hollerith4.f90 -O3 -g execution test
FAIL: gfortran.dg/hollerith4.f90 -Os execution test
FAIL: gfortran.dg/transfer_simplify_1.f90 -O0 execution test
FAIL: gfortran.dg/transfer_simplify_1.f90 -O1 execution test
FAIL: gfortran.dg/transfer_simplify_1.f90 -O2 execution test
FAIL: gfortran.dg/transfer_simplify_1.f90 -O3 -fomit-frame-pointer execution test
FAIL: gfortran.dg/transfer_simplify_1.f90 -O3 -fomit-frame-pointer -funroll-loops execution test
FAIL: gfortran.dg/transfer_simplify_1.f90 -O3 -fomit-frame-pointer -funroll-all-loops -finline-functions execution test
FAIL: gfortran.dg/transfer_simplify_1.f90 -O3 -g execution test
FAIL: gfortran.dg/transfer_simplify_1.f90 -Os execution test
FAIL: gfortran.dg/transfer_simplify_2.f90 -O0 execution test
FAIL: gfortran.dg/transfer_simplify_2.f90 -O1 execution test
FAIL: gfortran.dg/transfer_simplify_2.f90 -O2 execution test
FAIL: gfortran.dg/transfer_simplify_2.f90 -O3 -fomit-frame-pointer execution test
FAIL: gfortran.dg/transfer_simplify_2.f90 -O3 -fomit-frame-pointer -funroll-loops execution test
FAIL: gfortran.dg/transfer_simplify_2.f90 -O3 -fomit-frame-pointer -funroll-all-loops -finline-functions execution test
FAIL: gfortran.dg/transfer_simplify_2.f90 -O3 -g execution test
FAIL: gfortran.dg/transfer_simplify_2.f90 -Os execution test
FAIL: gfortran.dg/transfer_simplify_3.f90 -O1 execution test
FAIL: gfortran.dg/transfer_simplify_3.f90 -O2 execution test
FAIL: gfortran.dg/transfer_simplify_3.f90 -O3 -fomit-frame-pointer execution test
FAIL: gfortran.dg/transfer_simplify_3.f90 -O3 -fomit-frame-pointer -funroll-loops execution test
FAIL: gfortran.dg/transfer_simplify_3.f90 -O3 -fomit-frame-pointer -funroll-all-loops -finline-functions execution test
FAIL: gfortran.dg/transfer_simplify_3.f90 -O3 -g execution test
FAIL: gfortran.dg/transfer_simplify_3.f90 -Os execution test
FAIL: gfortran.fortran-torture/compile/pr32417.f90, "-O" (internal compiler error)
=== gfortran Summary for unix/-m32 ===
# of expected passes 18445
# of unexpected failures 47
# of expected failures 8
# of unsupported tests 16
Running target unix
FAIL: gfortran.dg/data_initialized_2.f90 -O (internal compiler error)
FAIL: gfortran.dg/data_initialized_2.f90 -O (test for excess errors)
FAIL: gfortran.dg/equiv_7.f90 -O1 execution test
FAIL: gfortran.dg/equiv_7.f90 -O2 execution test
FAIL: gfortran.dg/equiv_7.f90 -O3 -fomit-frame-pointer execution test
FAIL: gfortran.dg/equiv_7.f90 -O3 -fomit-frame-pointer -funroll-loops execution test
FAIL: gfortran.dg/equiv_7.f90 -O3 -fomit-frame-pointer -funroll-all-loops -finline-functions execution test
FAIL: gfortran.dg/equiv_7.f90 -O3 -g execution test
FAIL: gfortran.dg/equiv_7.f90 -Os execution test
FAIL: gfortran.dg/hollerith.f90 -O1 execution test
FAIL: gfortran.dg/hollerith.f90 -O2 execution test
FAIL: gfortran.dg/hollerith.f90 -O3 -fomit-frame-pointer execution test
FAIL: gfortran.dg/hollerith.f90 -O3 -fomit-frame-pointer -funroll-loops execution test
FAIL: gfortran.dg/hollerith.f90 -O3 -fomit-frame-pointer -funroll-all-loops -finline-functions execution test
FAIL: gfortran.dg/hollerith.f90 -O3 -g execution test
FAIL: gfortran.dg/hollerith.f90 -Os execution test
FAIL: gfortran.dg/hollerith4.f90 -O1 execution test
FAIL: gfortran.dg/hollerith4.f90 -O2 execution test
FAIL: gfortran.dg/hollerith4.f90 -O3 -fomit-frame-pointer execution test
FAIL: gfortran.dg/hollerith4.f90 -O3 -fomit-frame-pointer -funroll-loops execution test
FAIL: gfortran.dg/hollerith4.f90 -O3 -fomit-frame-pointer -funroll-all-loops -finline-functions execution test
FAIL: gfortran.dg/hollerith4.f90 -O3 -g execution test
FAIL: gfortran.dg/hollerith4.f90 -Os execution test
FAIL: gfortran.dg/transfer_simplify_1.f90 -O0 execution test
FAIL: gfortran.dg/transfer_simplify_1.f90 -O1 execution test
FAIL: gfortran.dg/transfer_simplify_1.f90 -O2 execution test
FAIL: gfortran.dg/transfer_simplify_1.f90 -O3 -fomit-frame-pointer execution test
FAIL: gfortran.dg/transfer_simplify_1.f90 -O3 -fomit-frame-pointer -funroll-loops execution test
FAIL: gfortran.dg/transfer_simplify_1.f90 -O3 -fomit-frame-pointer -funroll-all-loops -finline-functions execution test
FAIL: gfortran.dg/transfer_simplify_1.f90 -O3 -g execution test
FAIL: gfortran.dg/transfer_simplify_1.f90 -Os execution test
FAIL: gfortran.dg/transfer_simplify_2.f90 -O0 execution test
FAIL: gfortran.dg/transfer_simplify_2.f90 -O1 execution test
FAIL: gfortran.dg/transfer_simplify_2.f90 -O2 execution test
FAIL: gfortran.dg/transfer_simplify_2.f90 -O3 -fomit-frame-pointer execution test
FAIL: gfortran.dg/transfer_simplify_2.f90 -O3 -fomit-frame-pointer -funroll-loops execution test
FAIL: gfortran.dg/transfer_simplify_2.f90 -O3 -fomit-frame-pointer -funroll-all-loops -finline-functions execution test
FAIL: gfortran.dg/transfer_simplify_2.f90 -O3 -g execution test
FAIL: gfortran.dg/transfer_simplify_2.f90 -Os execution test
FAIL: gfortran.dg/transfer_simplify_3.f90 -O1 execution test
FAIL: gfortran.dg/transfer_simplify_3.f90 -O2 execution test
FAIL: gfortran.dg/transfer_simplify_3.f90 -O3 -fomit-frame-pointer execution test
FAIL: gfortran.dg/transfer_simplify_3.f90 -O3 -fomit-frame-pointer -funroll-loops execution test
FAIL: gfortran.dg/transfer_simplify_3.f90 -O3 -fomit-frame-pointer -funroll-all-loops -finline-functions execution test
FAIL: gfortran.dg/transfer_simplify_3.f90 -O3 -g execution test
FAIL: gfortran.dg/transfer_simplify_3.f90 -Os execution test
=== gfortran Summary for unix ===
# of expected passes 18444
# of unexpected failures 46
# of expected failures 8
# of unsupported tests 18
=== gfortran Summary ===
# of expected passes 36889
# of unexpected failures 93
# of expected failures 16
# of unsupported tests 34
/export/build/gnu/gcc-libbid/build-x86_64-linux/gcc/testsuite/gfortran/../../gfortran version 4.3.0 20070701 (experimental) [libbid revision 126174]
=== g++ tests ===
Running target unix/-m32
FAIL: g++.dg/ext/visibility/ms-compat-1.C scan-hidden hidden[ \\t_]*__ZTI1T
FAIL: g++.dg/init/new19.C scan-tree-dump Moving statement\\n.*->ai\\[0\\];\\n.*out of loop
XPASS: g++.dg/tree-ssa/ivopts-1.C scan-tree-dump-not offset: -4B
XPASS: g++.dg/tree-ssa/ivopts-1.C scan-tree-dump-not &x\\[5\\]
FAIL: g++.dg/tree-ssa/pr27090.C scan-tree-dump return f->x;
=== g++ Summary for unix/-m32 ===
# of expected passes 16229
# of unexpected failures 3
# of unexpected successes 2
# of expected failures 86
# of unsupported tests 81
Running target unix
FAIL: g++.dg/ext/visibility/ms-compat-1.C scan-hidden hidden[ \\t_]*__ZTI1T
FAIL: g++.dg/init/new19.C scan-tree-dump Moving statement\\n.*->ai\\[0\\];\\n.*out of loop
XPASS: g++.dg/tree-ssa/ivopts-1.C scan-tree-dump-not offset: -4B
XPASS: g++.dg/tree-ssa/ivopts-1.C scan-tree-dump-not &x\\[5\\]
FAIL: g++.dg/tree-ssa/pr27090.C scan-tree-dump return f->x;
=== g++ Summary for unix ===
# of expected passes 16146
# of unexpected failures 3
# of unexpected successes 2
# of expected failures 86
# of unsupported tests 109
=== g++ Summary ===
# of expected passes 32375
# of unexpected failures 6
# of unexpected successes 4
# of expected failures 172
# of unsupported tests 190
/export/build/gnu/gcc-libbid/build-x86_64-linux/gcc/testsuite/g++/../../g++ version 4.3.0 20070701 (experimental) [libbid revision 126174]
=== objc tests ===
Running target unix/-m32
=== objc Summary for unix/-m32 ===
# of expected passes 1812
# of expected failures 7
# of unsupported tests 24
Running target unix
=== objc Summary for unix ===
# of expected passes 1812
# of expected failures 7
# of unsupported tests 24
=== objc Summary ===
# of expected passes 3624
# of expected failures 14
# of unsupported tests 48
/export/build/gnu/gcc-libbid/build-x86_64-linux/gcc/xgcc version 4.3.0 20070701 (experimental) [libbid revision 126174]
=== libffi tests ===
Running target unix/-m32
=== libffi Summary for unix/-m32 ===
# of expected passes 1096
# of unsupported tests 8
Running target unix
=== libffi Summary for unix ===
# of expected passes 1096
# of unsupported tests 8
=== libffi Summary ===
# of expected passes 2192
# of unsupported tests 16
=== libgomp tests ===
Running target unix/-m32
=== libgomp Summary for unix/-m32 ===
# of expected passes 1572
Running target unix
=== libgomp Summary for unix ===
# of expected passes 1572
=== libgomp Summary ===
# of expected passes 3144
=== libjava tests ===
Running target unix/-m32
WARNING: program timed out.
FAIL: getlocalvartable run
FAIL: events output
=== libjava Summary for unix/-m32 ===
# of expected passes 2536
# of unexpected failures 2
# of untested testcases 1
Running target unix
WARNING: program timed out.
FAIL: getlocalvartable run
=== libjava Summary for unix ===
# of expected passes 2537
# of unexpected failures 1
# of untested testcases 1
=== libjava Summary ===
# of expected passes 5073
# of unexpected failures 3
# of untested testcases 2
=== libmudflap tests ===
Running target unix/-m32
FAIL: libmudflap.c++/pass41-frag.cxx execution test
FAIL: libmudflap.c++/pass41-frag.cxx (-static) execution test
FAIL: libmudflap.c++/pass41-frag.cxx ( -O) execution test
FAIL: libmudflap.c++/pass41-frag.cxx (-O2) execution test
FAIL: libmudflap.c++/pass41-frag.cxx (-O3) execution test
FAIL: libmudflap.cth/pass37-frag.c (-static -DSTATIC) execution test
FAIL: libmudflap.cth/pass37-frag.c (-static -DSTATIC) output pattern test
FAIL: libmudflap.cth/pass37-frag.c (-static -DSTATIC) (rerun 1) execution test
FAIL: libmudflap.cth/pass37-frag.c (-static -DSTATIC) (rerun 1) output pattern test
FAIL: libmudflap.cth/pass37-frag.c (-static -DSTATIC) (rerun 2) execution test
FAIL: libmudflap.cth/pass37-frag.c (-static -DSTATIC) (rerun 2) output pattern test
FAIL: libmudflap.cth/pass37-frag.c (-static -DSTATIC) (rerun 3) execution test
FAIL: libmudflap.cth/pass37-frag.c (-static -DSTATIC) (rerun 3) output pattern test
FAIL: libmudflap.cth/pass37-frag.c (-static -DSTATIC) (rerun 4) execution test
FAIL: libmudflap.cth/pass37-frag.c (-static -DSTATIC) (rerun 4) output pattern test
FAIL: libmudflap.cth/pass37-frag.c (-static -DSTATIC) (rerun 5) execution test
FAIL: libmudflap.cth/pass37-frag.c (-static -DSTATIC) (rerun 5) output pattern test
FAIL: libmudflap.cth/pass37-frag.c (-static -DSTATIC) (rerun 6) execution test
FAIL: libmudflap.cth/pass37-frag.c (-static -DSTATIC) (rerun 6) output pattern test
FAIL: libmudflap.cth/pass37-frag.c (-static -DSTATIC) (rerun 7) execution test
FAIL: libmudflap.cth/pass37-frag.c (-static -DSTATIC) (rerun 7) output pattern test
FAIL: libmudflap.cth/pass37-frag.c (-static -DSTATIC) (rerun 8) execution test
FAIL: libmudflap.cth/pass37-frag.c (-static -DSTATIC) (rerun 8) output pattern test
FAIL: libmudflap.cth/pass37-frag.c (-static -DSTATIC) (rerun 9) execution test
FAIL: libmudflap.cth/pass37-frag.c (-static -DSTATIC) (rerun 9) output pattern test
FAIL: libmudflap.cth/pass37-frag.c (-static -DSTATIC) (rerun 10) execution test
FAIL: libmudflap.cth/pass37-frag.c (-static -DSTATIC) (rerun 10) output pattern test
FAIL: libmudflap.cth/pass37-frag.c (-static -DSTATIC) (rerun 11) execution test
FAIL: libmudflap.cth/pass37-frag.c (-static -DSTATIC) (rerun 11) output pattern test
FAIL: libmudflap.cth/pass37-frag.c (-static -DSTATIC) (rerun 12) execution test
FAIL: libmudflap.cth/pass37-frag.c (-static -DSTATIC) (rerun 12) output pattern test
FAIL: libmudflap.cth/pass37-frag.c (-static -DSTATIC) (rerun 13) execution test
FAIL: libmudflap.cth/pass37-frag.c (-static -DSTATIC) (rerun 13) output pattern test
FAIL: libmudflap.cth/pass37-frag.c (-static -DSTATIC) (rerun 14) execution test
FAIL: libmudflap.cth/pass37-frag.c (-static -DSTATIC) (rerun 14) output pattern test
FAIL: libmudflap.cth/pass37-frag.c (-static -DSTATIC) (rerun 15) execution test
FAIL: libmudflap.cth/pass37-frag.c (-static -DSTATIC) (rerun 15) output pattern test
FAIL: libmudflap.cth/pass37-frag.c (-static -DSTATIC) (rerun 16) execution test
FAIL: libmudflap.cth/pass37-frag.c (-static -DSTATIC) (rerun 16) output pattern test
FAIL: libmudflap.cth/pass37-frag.c (-static -DSTATIC) (rerun 17) execution test
FAIL: libmudflap.cth/pass37-frag.c (-static -DSTATIC) (rerun 17) output pattern test
FAIL: libmudflap.cth/pass37-frag.c (-static -DSTATIC) (rerun 18) execution test
FAIL: libmudflap.cth/pass37-frag.c (-static -DSTATIC) (rerun 18) output pattern test
FAIL: libmudflap.cth/pass37-frag.c (-static -DSTATIC) (rerun 19) execution test
FAIL: libmudflap.cth/pass37-frag.c (-static -DSTATIC) (rerun 19) output pattern test
FAIL: libmudflap.cth/pass39-frag.c (-static -DSTATIC) execution test
FAIL: libmudflap.cth/pass39-frag.c (-static -DSTATIC) output pattern test
FAIL: libmudflap.cth/pass39-frag.c (-static -DSTATIC) (rerun 1) execution test
FAIL: libmudflap.cth/pass39-frag.c (-static -DSTATIC) (rerun 1) output pattern test
FAIL: libmudflap.cth/pass39-frag.c (-static -DSTATIC) (rerun 2) execution test
FAIL: libmudflap.cth/pass39-frag.c (-static -DSTATIC) (rerun 2) output pattern test
FAIL: libmudflap.cth/pass39-frag.c (-static -DSTATIC) (rerun 3) execution test
FAIL: libmudflap.cth/pass39-frag.c (-static -DSTATIC) (rerun 3) output pattern test
FAIL: libmudflap.cth/pass39-frag.c (-static -DSTATIC) (rerun 4) execution test
FAIL: libmudflap.cth/pass39-frag.c (-static -DSTATIC) (rerun 4) output pattern test
FAIL: libmudflap.cth/pass39-frag.c (-static -DSTATIC) (rerun 5) execution test
FAIL: libmudflap.cth/pass39-frag.c (-static -DSTATIC) (rerun 5) output pattern test
FAIL: libmudflap.cth/pass39-frag.c (-static -DSTATIC) (rerun 6) execution test
FAIL: libmudflap.cth/pass39-frag.c (-static -DSTATIC) (rerun 6) output pattern test
FAIL: libmudflap.cth/pass39-frag.c (-static -DSTATIC) (rerun 7) execution test
FAIL: libmudflap.cth/pass39-frag.c (-static -DSTATIC) (rerun 7) output pattern test
FAIL: libmudflap.cth/pass39-frag.c (-static -DSTATIC) (rerun 8) execution test
FAIL: libmudflap.cth/pass39-frag.c (-static -DSTATIC) (rerun 8) output pattern test
FAIL: libmudflap.cth/pass39-frag.c (-static -DSTATIC) (rerun 9) execution test
FAIL: libmudflap.cth/pass39-frag.c (-static -DSTATIC) (rerun 9) output pattern test
FAIL: libmudflap.cth/pass39-frag.c (-static -DSTATIC) (rerun 10) execution test
FAIL: libmudflap.cth/pass39-frag.c (-static -DSTATIC) (rerun 10) output pattern test
FAIL: libmudflap.cth/pass39-frag.c (-static -DSTATIC) (rerun 11) execution test
FAIL: libmudflap.cth/pass39-frag.c (-static -DSTATIC) (rerun 11) output pattern test
FAIL: libmudflap.cth/pass39-frag.c (-static -DSTATIC) (rerun 12) execution test
FAIL: libmudflap.cth/pass39-frag.c (-static -DSTATIC) (rerun 12) output pattern test
FAIL: libmudflap.cth/pass39-frag.c (-static -DSTATIC) (rerun 13) execution test
FAIL: libmudflap.cth/pass39-frag.c (-static -DSTATIC) (rerun 13) output pattern test
FAIL: libmudflap.cth/pass39-frag.c (-static -DSTATIC) (rerun 14) execution test
FAIL: libmudflap.cth/pass39-frag.c (-static -DSTATIC) (rerun 14) output pattern test
FAIL: libmudflap.cth/pass39-frag.c (-static -DSTATIC) (rerun 15) execution test
FAIL: libmudflap.cth/pass39-frag.c (-static -DSTATIC) (rerun 15) output pattern test
FAIL: libmudflap.cth/pass39-frag.c (-static -DSTATIC) (rerun 16) execution test
FAIL: libmudflap.cth/pass39-frag.c (-static -DSTATIC) (rerun 16) output pattern test
FAIL: libmudflap.cth/pass39-frag.c (-static -DSTATIC) (rerun 17) execution test
FAIL: libmudflap.cth/pass39-frag.c (-static -DSTATIC) (rerun 17) output pattern test
FAIL: libmudflap.cth/pass39-frag.c (-static -DSTATIC) (rerun 18) execution test
FAIL: libmudflap.cth/pass39-frag.c (-static -DSTATIC) (rerun 18) output pattern test
FAIL: libmudflap.cth/pass39-frag.c (-static -DSTATIC) (rerun 19) execution test
FAIL: libmudflap.cth/pass39-frag.c (-static -DSTATIC) (rerun 19) output pattern test
FAIL: libmudflap.cth/pass40-frag.c (-static -DSTATIC) execution test
FAIL: libmudflap.cth/pass40-frag.c (-static -DSTATIC) output pattern test
FAIL: libmudflap.cth/pass59-frag.c (-static -DSTATIC) execution test
FAIL: libmudflap.cth/pass59-frag.c (-static -DSTATIC) output pattern test
=== libmudflap Summary for unix/-m32 ===
# of expected passes 1737
# of unexpected failures 89
Running target unix
FAIL: libmudflap.c++/pass41-frag.cxx execution test
FAIL: libmudflap.c++/pass41-frag.cxx (-static) execution test
FAIL: libmudflap.c++/pass41-frag.cxx ( -O) execution test
FAIL: libmudflap.c++/pass41-frag.cxx (-O2) execution test
FAIL: libmudflap.c++/pass41-frag.cxx (-O3) execution test
=== libmudflap Summary for unix ===
# of expected passes 1821
# of unexpected failures 5
=== libmudflap Summary ===
# of expected passes 3558
# of unexpected failures 94
=== libstdc++ tests ===
Running target unix/-m32
XPASS: 26_numerics/headers/cmath/c99_classification_macros_c.cc (test for excess errors)
=== libstdc++ Summary for unix/-m32 ===
# of expected passes 5096
# of unexpected successes 1
# of expected failures 53
Running target unix
XPASS: 26_numerics/headers/cmath/c99_classification_macros_c.cc (test for excess errors)
XPASS: 27_io/fpos/14320-1.cc execution test
=== libstdc++ Summary for unix ===
# of expected passes 5096
# of unexpected successes 2
# of expected failures 52
=== libstdc++ Summary ===
# of expected passes 10192
# of unexpected successes 3
# of expected failures 105
Compiler version: 4.3.0 20070701 (experimental) [libbid revision 126174]
Platform: x86_64-unknown-linux-gnu
configure flags: --enable-clocale=gnu --with-system-zlib --with-demangler-in-ld --enable-shared --enable-threads=posix --enable-haifa --enable-checking=assert --prefix=/usr/gcc-libbid --with-local-prefix=/usr/local