This is the mail archive of the
gcc-testresults@gcc.gnu.org
mailing list for the GCC project.
Results for 4.3.0 20070623 (experimental) testsuite on sparc64-sun-solaris2.9
- From: ebotcazou at libertysurf dot fr (Eric Botcazou)
- To: gcc-testresults at gcc dot gnu dot org
- Date: Sun, 24 Jun 2007 16:34:12 +0200
- Subject: Results for 4.3.0 20070623 (experimental) testsuite on sparc64-sun-solaris2.9
LAST_UPDATED: Sat Jun 23 05:48:57 UTC 2007 (revision 125970)
Native configuration is sparc64-sun-solaris2.9
=== g++ tests ===
Running target unix
FAIL: g++.dg/compat/eh/unexpected1 cp_compat_x_tst.o-cp_compat_y_tst.o execute
FAIL: g++.dg/eh/unexpected1.C execution test
WARNING: g++.dg/other/ucnid-1.C compilation failed to produce executable
FAIL: g++.old-deja/g++.eh/spec2.C execution test
FAIL: g++.old-deja/g++.mike/eh33.C execution test
FAIL: g++.old-deja/g++.mike/eh50.C execution test
FAIL: g++.old-deja/g++.mike/eh51.C execution test
XPASS: g++.old-deja/g++.other/init19.C execution test
=== g++ Summary ===
# of expected passes 15851
# of unexpected failures 6
# of unexpected successes 1
# of expected failures 88
# of unsupported tests 199
/opt/build/eric/gcc/gcc/testsuite/g++/../../g++ version 4.3.0 20070623 (experimental)
=== gcc tests ===
Running target unix
FAIL: gcc.c-torture/compile/limits-exprparen.c -O0 (test for excess errors)
FAIL: gcc.c-torture/compile/limits-exprparen.c -O1 (test for excess errors)
FAIL: gcc.c-torture/compile/limits-exprparen.c -O2 (test for excess errors)
FAIL: gcc.c-torture/compile/limits-exprparen.c -O3 -fomit-frame-pointer (test for excess errors)
FAIL: gcc.c-torture/compile/limits-exprparen.c -O3 -g (test for excess errors)
FAIL: gcc.c-torture/compile/limits-exprparen.c -Os (test for excess errors)
FAIL: gcc.c-torture/compile/limits-fndefn.c -O3 -g (test for excess errors)
FAIL: gcc.c-torture/execute/mayalias-2.c compilation, -O3 -g (internal compiler error)
UNRESOLVED: gcc.c-torture/execute/mayalias-2.c execution, -O3 -g
FAIL: gcc.c-torture/execute/mayalias-3.c compilation, -O3 -g (internal compiler error)
UNRESOLVED: gcc.c-torture/execute/mayalias-3.c execution, -O3 -g
XPASS: gcc.dg/cpp/cmdlne-dI-M.c scan-file (^|\\\\n)cmdlne-dI-M.*:[^\\\\n]*cmdlne-dI-M.c
XPASS: gcc.dg/cpp/cmdlne-dM-M.c scan-file (^|\\\\n)cmdlne-dM-M[^\\\\n]*:[^\\\\n]*cmdlne-dM-M.c
FAIL: gcc.dg/20020425-1.c (test for excess errors)
FAIL: gcc.dg/builtins-20.c (test for excess errors)
FAIL: gcc.dg/builtins-59.c scan-tree-dump __builtin_cexpi
FAIL: gcc.dg/builtins-59.c scan-tree-dump-not sincos
FAIL: gcc.dg/builtins-61.c scan-tree-dump cexpi
FAIL: gcc.dg/builtins-61.c scan-tree-dump sin
FAIL: gcc.dg/builtins-61.c scan-tree-dump cos
FAIL: gcc.dg/builtins-61.c scan-tree-dump return 0.0
FAIL: gcc.dg/builtins-62.c scan-tree-dump-times cexpi 3
FAIL: gcc.dg/float-range-3.c (test for excess errors)
FAIL: gcc.dg/float-range-4.c (test for excess errors)
FAIL: gcc.dg/float-range-5.c (test for excess errors)
WARNING: gcc.dg/ucnid-2.c compilation failed to produce executable
WARNING: gcc.dg/ucnid-3.c compilation failed to produce executable
WARNING: gcc.dg/ucnid-4.c compilation failed to produce executable
FAIL: gcc.dg/matrix/matrix-1.c scan-ipa-dump-times Flattened 3 dimensions 1
FAIL: gcc.dg/matrix/transpose-1.c scan-ipa-dump-times Flattened 3 dimensions 1
FAIL: gcc.dg/matrix/transpose-1.c scan-ipa-dump-times Transposed 3
FAIL: gcc.dg/matrix/transpose-2.c scan-ipa-dump-times Flattened 3 dimensions 1
FAIL: gcc.dg/matrix/transpose-4.c scan-ipa-dump-times Flattened 3 dimensions 1
FAIL: gcc.dg/matrix/transpose-4.c scan-ipa-dump-times Transposed 2
FAIL: gcc.dg/matrix/transpose-5.c scan-ipa-dump-times Flattened 3 dimensions 1
FAIL: gcc.dg/matrix/transpose-6.c scan-ipa-dump-times Flattened 3 dimensions 1
FAIL: largefile.c -O0 -g (test for excess errors)
FAIL: largefile.c -O0 (test for excess errors)
FAIL: largefile.c -O1 (test for excess errors)
FAIL: largefile.c -O2 (test for excess errors)
FAIL: largefile.c -O3 -fomit-frame-pointer (test for excess errors)
FAIL: largefile.c -O3 -g (test for excess errors)
FAIL: largefile.c -Os (test for excess errors)
FAIL: gcc.dg/torture/builtin-pow-mpfr-1.c -O0 scan-tree-dump pow
FAIL: gcc.dg/torture/builtin-pow-mpfr-1.c -O1 scan-tree-dump pow
FAIL: gcc.dg/torture/builtin-pow-mpfr-1.c -O2 scan-tree-dump pow
FAIL: gcc.dg/torture/builtin-pow-mpfr-1.c -O3 -fomit-frame-pointer scan-tree-dump pow
FAIL: gcc.dg/torture/builtin-pow-mpfr-1.c -O3 -g scan-tree-dump pow
FAIL: gcc.dg/torture/builtin-pow-mpfr-1.c -Os scan-tree-dump pow
FAIL: gcc.dg/torture/builtin-sin-mpfr-1.c -O0 (test for excess errors)
FAIL: gcc.dg/torture/builtin-sin-mpfr-1.c -O1 (test for excess errors)
FAIL: gcc.dg/torture/builtin-sin-mpfr-1.c -O2 (test for excess errors)
FAIL: gcc.dg/torture/builtin-sin-mpfr-1.c -O3 -fomit-frame-pointer (test for excess errors)
FAIL: gcc.dg/torture/builtin-sin-mpfr-1.c -O3 -fomit-frame-pointer -funroll-loops (test for excess errors)
FAIL: gcc.dg/torture/builtin-sin-mpfr-1.c -O3 -fomit-frame-pointer -funroll-all-loops -finline-functions (test for excess errors)
FAIL: gcc.dg/torture/builtin-sin-mpfr-1.c -O3 -g (test for excess errors)
FAIL: gcc.dg/torture/builtin-sin-mpfr-1.c -Os (test for excess errors)
XPASS: gcc.dg/tree-ssa/update-threading.c scan-tree-dump-times Invalid sum 0
FAIL: gcc.dg/vect/vect-103.c scan-tree-dump-times vectorized 1 loops 1
FAIL: gcc.dg/vect/vect-103.c scan-tree-dump-times dependence distance modulo vf == 0 1
=== gcc Summary ===
# of expected passes 43685
# of unexpected failures 52
# of unexpected successes 3
# of expected failures 151
# of unresolved testcases 2
# of untested testcases 42
# of unsupported tests 525
/opt/build/eric/gcc/gcc/xgcc version 4.3.0 20070623 (experimental)
=== gfortran tests ===
Running target unix
FAIL: gfortran.dg/data_initialized_2.f90 -O (internal compiler error)
FAIL: gfortran.dg/data_initialized_2.f90 -O (test for excess errors)
FAIL: gfortran.dg/deallocate_stat.f90 -O1 (internal compiler error)
FAIL: gfortran.dg/deallocate_stat.f90 -O1 (test for excess errors)
WARNING: gfortran.dg/deallocate_stat.f90 -O1 compilation failed to produce executable
=== gfortran Summary ===
# of expected passes 18139
# of unexpected failures 4
# of expected failures 9
# of unsupported tests 103
/opt/build/eric/gcc/gcc/testsuite/gfortran/../../gfortran version 4.3.0 20070623 (experimental)
=== obj-c++ tests ===
Running target unix
FAIL: obj-c++.dg/bitfield-1.mm (test for excess errors)
FAIL: obj-c++.dg/bitfield-4.mm (test for excess errors)
FAIL: obj-c++.dg/cxx-class-1.mm (test for excess errors)
FAIL: obj-c++.dg/cxx-ivars-2.mm execution test
FAIL: obj-c++.dg/encode-2.mm scan-assembler {Vec<float>=ffi}
FAIL: obj-c++.dg/encode-2.mm scan-assembler {Vec<double>=ddi}
FAIL: obj-c++.dg/encode-3.mm execution test
FAIL: obj-c++.dg/encode-8.mm execution test
FAIL: obj-c++.dg/gnu-runtime-2.mm (test for excess errors)
FAIL: obj-c++.dg/isa-field-1.mm (test for excess errors)
FAIL: obj-c++.dg/layout-1.mm (test for excess errors)
FAIL: obj-c++.dg/lookup-2.mm (test for excess errors)
WARNING: obj-c++.dg/lookup-2.mm compilation failed to produce executable
FAIL: obj-c++.dg/try-catch-2.mm (test for excess errors)
WARNING: obj-c++.dg/try-catch-2.mm compilation failed to produce executable
FAIL: obj-c++.dg/try-catch-9.mm (test for excess errors)
WARNING: obj-c++.dg/try-catch-9.mm compilation failed to produce executable
=== obj-c++ Summary ===
# of expected passes 421
# of unexpected failures 14
# of unsupported tests 13
/opt/build/eric/gcc/gcc/testsuite/obj-c++/../../g++ version 4.3.0 20070623 (experimental)
=== objc tests ===
Running target unix
FAIL: objc/execute/exceptions/foward-1.m execution, -O3 -fomit-frame-pointer -funroll-loops -fgnu-runtime
FAIL: objc/execute/exceptions/foward-1.m execution, -O3 -fomit-frame-pointer -funroll-all-loops -finline-functions -fgnu-runtime
=== objc Summary ===
# of expected passes 1810
# of unexpected failures 2
# of expected failures 7
# of unsupported tests 24
/opt/build/eric/gcc/gcc/xgcc version 4.3.0 20070623 (experimental)
=== libgomp tests ===
Running target unix
=== libgomp Summary ===
# of expected passes 1570
# of unsupported tests 2
=== libstdc++ tests ===
Running target unix
FAIL: 27_io/ios_base/storage/2.cc execution test
FAIL: ext/enc_filebuf/char/13598.cc execution test
=== libstdc++ Summary ===
# of expected passes 4369
# of unexpected failures 2
# of expected failures 44
# of unsupported tests 359
Compiler version: 4.3.0 20070623 (experimental)
Platform: sparc64-sun-solaris2.9
configure flags: sparc64-sun-solaris2.9 --prefix=/opt/build/eric/local/gcc --with-gmp=/opt/build/eric/local --with-mpfr=/opt/build/eric/local --with-local-prefix=/opt/build/eric/local --enable-languages=c,c++,objc,obj-c++,java,fortran --enable-checking=assert,misc,runtime --disable-libgcj
BOOT_CFLAGS=-g -O2