This is the mail archive of the
gcc-testresults@gcc.gnu.org
mailing list for the GCC project.
Results for 4.3.0 20070616 (experimental) testsuite on x86_64-suse-linux-gnu
- From: aj at suse dot de
- To: gcc-testresults at gcc dot gnu dot org
- Date: Sat, 16 Jun 2007 18:21:28 UT
- Subject: Results for 4.3.0 20070616 (experimental) testsuite on x86_64-suse-linux-gnu
Bootstrap and regtesting on x86_64-suse-linux-gnu.
SVN sources: mainline.
LAST_UPDATED: Sat Jun 16 05:15:14 UTC 2007 (revision 125754)
=== acats tests ===
FAIL: cd92001
FAIL: cxh1001
=== acats Summary ===
# of expected passes 2313
# of unexpected failures 2
Native configuration is x86_64-suse-linux-gnu
=== gcc tests ===
Running target unix/-m32
FAIL: gcc.c-torture/compile/limits-structnest.c -O2 (test for excess errors)
FAIL: gcc.c-torture/compile/limits-structnest.c -O3 -fomit-frame-pointer (test for excess errors)
FAIL: gcc.c-torture/compile/limits-structnest.c -O3 -g (test for excess errors)
FAIL: gcc.c-torture/compile/limits-structnest.c -Os (test for excess errors)
FAIL: gcc.c-torture/execute/mayalias-2.c compilation, -O3 -g (internal compiler error)
UNRESOLVED: gcc.c-torture/execute/mayalias-2.c execution, -O3 -g
FAIL: gcc.c-torture/execute/mayalias-3.c compilation, -O3 -g (internal compiler error)
UNRESOLVED: gcc.c-torture/execute/mayalias-3.c execution, -O3 -g
XPASS: gcc.dg/cpp/cmdlne-dI-M.c scan-file (^|\\\\n)cmdlne-dI-M.*:[^\\\\n]*cmdlne-dI-M.c
XPASS: gcc.dg/cpp/cmdlne-dM-M.c scan-file (^|\\\\n)cmdlne-dM-M[^\\\\n]*:[^\\\\n]*cmdlne-dM-M.c
FAIL: gcc.dg/dfp/fe-convert-1.c execution test
FAIL: gcc.dg/dfp/fe-convert-2.c execution test
FAIL: gcc.dg/torture/builtin-pow-mpfr-1.c -O0 scan-tree-dump pow
FAIL: gcc.dg/torture/builtin-pow-mpfr-1.c -O1 scan-tree-dump pow
FAIL: gcc.dg/torture/builtin-pow-mpfr-1.c -O2 scan-tree-dump pow
FAIL: gcc.dg/torture/builtin-pow-mpfr-1.c -O3 -fomit-frame-pointer scan-tree-dump pow
FAIL: gcc.dg/torture/builtin-pow-mpfr-1.c -O3 -g scan-tree-dump pow
FAIL: gcc.dg/torture/builtin-pow-mpfr-1.c -Os scan-tree-dump pow
XPASS: gcc.dg/tree-ssa/update-threading.c scan-tree-dump-times Invalid sum 0
XPASS: gcc.dg/vect/vect-iv-4.c scan-tree-dump-times vectorized 1 loops 1
FAIL: gcc.target/i386/pr21291.c (test for excess errors)
=== gcc Summary for unix/-m32 ===
# of expected passes 45839
# of unexpected failures 15
# of unexpected successes 4
# of expected failures 133
# of unresolved testcases 2
# of untested testcases 35
# of unsupported tests 392
Running target unix
FAIL: gcc.c-torture/compile/limits-structnest.c -O2 (test for excess errors)
FAIL: gcc.c-torture/compile/limits-structnest.c -O3 -fomit-frame-pointer (test for excess errors)
FAIL: gcc.c-torture/compile/limits-structnest.c -O3 -g (test for excess errors)
FAIL: gcc.c-torture/compile/limits-structnest.c -Os (test for excess errors)
FAIL: gcc.c-torture/execute/mayalias-2.c compilation, -O3 -g (internal compiler error)
UNRESOLVED: gcc.c-torture/execute/mayalias-2.c execution, -O3 -g
FAIL: gcc.c-torture/execute/mayalias-3.c compilation, -O3 -g (internal compiler error)
UNRESOLVED: gcc.c-torture/execute/mayalias-3.c execution, -O3 -g
XPASS: gcc.dg/cpp/cmdlne-dI-M.c scan-file (^|\\\\n)cmdlne-dI-M.*:[^\\\\n]*cmdlne-dI-M.c
XPASS: gcc.dg/cpp/cmdlne-dM-M.c scan-file (^|\\\\n)cmdlne-dM-M[^\\\\n]*:[^\\\\n]*cmdlne-dM-M.c
FAIL: gcc.dg/dfp/fe-convert-1.c execution test
FAIL: gcc.dg/dfp/fe-convert-2.c execution test
FAIL: gcc.dg/torture/builtin-pow-mpfr-1.c -O0 scan-tree-dump pow
FAIL: gcc.dg/torture/builtin-pow-mpfr-1.c -O1 scan-tree-dump pow
FAIL: gcc.dg/torture/builtin-pow-mpfr-1.c -O2 scan-tree-dump pow
FAIL: gcc.dg/torture/builtin-pow-mpfr-1.c -O3 -fomit-frame-pointer scan-tree-dump pow
FAIL: gcc.dg/torture/builtin-pow-mpfr-1.c -O3 -g scan-tree-dump pow
FAIL: gcc.dg/torture/builtin-pow-mpfr-1.c -Os scan-tree-dump pow
XPASS: gcc.dg/tree-ssa/update-threading.c scan-tree-dump-times Invalid sum 0
XPASS: gcc.dg/vect/vect-iv-4.c scan-tree-dump-times vectorized 1 loops 1
=== gcc Summary for unix ===
# of expected passes 45695
# of unexpected failures 14
# of unexpected successes 4
# of expected failures 132
# of unresolved testcases 2
# of untested testcases 35
# of unsupported tests 505
=== gcc Summary ===
# of expected passes 91534
# of unexpected failures 29
# of unexpected successes 8
# of expected failures 265
# of unresolved testcases 4
# of untested testcases 70
# of unsupported tests 897
/abuild-old/aj/gcc/gcc/xgcc version 4.3.0 20070616 (experimental)
=== gfortran tests ===
Running target unix/-m32
=== gfortran Summary for unix/-m32 ===
# of expected passes 18316
# of expected failures 8
# of unsupported tests 16
Running target unix
=== gfortran Summary for unix ===
# of expected passes 18314
# of expected failures 8
# of unsupported tests 18
=== gfortran Summary ===
# of expected passes 36630
# of expected failures 16
# of unsupported tests 34
/abuild-old/aj/gcc/gcc/testsuite/gfortran/../../gfortran version 4.3.0 20070616 (experimental)
=== g++ tests ===
Running target unix/-m32
XPASS: g++.dg/tree-ssa/ivopts-1.C scan-tree-dump-not offset: -4B
XPASS: g++.dg/tree-ssa/ivopts-1.C scan-tree-dump-not &x\\[5\\]
=== g++ Summary for unix/-m32 ===
# of expected passes 16187
# of unexpected successes 2
# of expected failures 86
# of unsupported tests 81
Running target unix
XPASS: g++.dg/tree-ssa/ivopts-1.C scan-tree-dump-not offset: -4B
XPASS: g++.dg/tree-ssa/ivopts-1.C scan-tree-dump-not &x\\[5\\]
=== g++ Summary for unix ===
# of expected passes 16104
# of unexpected successes 2
# of expected failures 86
# of unsupported tests 109
=== g++ Summary ===
# of expected passes 32291
# of unexpected successes 4
# of expected failures 172
# of unsupported tests 190
/abuild-old/aj/gcc/gcc/testsuite/g++/../../g++ version 4.3.0 20070616 (experimental)
=== gnat tests ===
Running target unix/-m32
FAIL: gnat.dg/abstract_with_anonymous_result.adb (test for excess errors)
FAIL: gnat.dg/abstract_with_anonymous_result.adb execution test
FAIL: gnat.dg/access1.adb (test for excess errors)
FAIL: gnat.dg/access_test.adb (test for excess errors)
FAIL: gnat.dg/access_test.adb execution test
FAIL: gnat.dg/addr1.adb (test for excess errors)
FAIL: gnat.dg/address_conversion.adb (test for excess errors)
FAIL: gnat.dg/address_conversion.adb execution test
FAIL: gnat.dg/aggr1.adb (test for excess errors)
FAIL: gnat.dg/aggr1.adb execution test
FAIL: gnat.dg/aggr2.adb (test for excess errors)
FAIL: gnat.dg/aggr3.adb (test for excess errors)
FAIL: gnat.dg/aggr3.adb execution test
FAIL: gnat.dg/aliased_prefix_accessibility.adb (test for excess errors)
FAIL: gnat.dg/aliased_prefix_accessibility.adb execution test
FAIL: gnat.dg/align_check.adb (test for excess errors)
FAIL: gnat.dg/align_check.adb execution test
FAIL: gnat.dg/alignment1.adb (test for excess errors)
FAIL: gnat.dg/alignment1.adb execution test
FAIL: gnat.dg/alignment2.adb (test for excess errors)
FAIL: gnat.dg/alignment2.adb execution test
FAIL: gnat.dg/alignment3.adb (test for excess errors)
FAIL: gnat.dg/assert1.adb (test for excess errors)
FAIL: gnat.dg/assert1.adb execution test
FAIL: gnat.dg/asynch.adb (test for excess errors)
FAIL: gnat.dg/biased_uc.adb (test for excess errors)
FAIL: gnat.dg/biased_uc.adb execution test
FAIL: gnat.dg/capture_value.adb (test for excess errors)
FAIL: gnat.dg/capture_value.adb execution test
FAIL: gnat.dg/conv_bug.adb (test for excess errors)
FAIL: gnat.dg/conv_bug.adb execution test
FAIL: gnat.dg/conv_real.adb (test for excess errors)
FAIL: gnat.dg/conv_real.adb execution test
FAIL: gnat.dg/curr_task.adb (test for excess errors)
WARNING: gnat.dg/curr_task.adb compilation failed to produce executable
FAIL: gnat.dg/derived_aggregate.adb (test for excess errors)
FAIL: gnat.dg/derived_aggregate.adb execution test
FAIL: gnat.dg/discr_range_check.adb (test for excess errors)
FAIL: gnat.dg/dispatch1.adb (test for excess errors)
FAIL: gnat.dg/dispatch1.adb execution test
FAIL: gnat.dg/entry_queues.adb (test for excess errors)
WARNING: gnat.dg/entry_queues.adb compilation failed to produce executable
FAIL: gnat.dg/expect1.adb (test for excess errors)
FAIL: gnat.dg/expect1.adb execution test
FAIL: gnat.dg/fixedpnt.adb (test for excess errors)
FAIL: gnat.dg/fixedpnt.adb execution test
FAIL: gnat.dg/generic_dispatch.adb (test for excess errors)
FAIL: gnat.dg/generic_dispatch.adb execution test
FAIL: gnat.dg/gnat_malloc.adb (test for excess errors)
FAIL: gnat.dg/gnat_malloc.adb execution test
FAIL: gnat.dg/gnatg.adb (test for excess errors)
FAIL: gnat.dg/in_out_parameter.adb (test for excess errors)
FAIL: gnat.dg/in_out_parameter.adb execution test
FAIL: gnat.dg/inline_tagged.adb (test for excess errors)
FAIL: gnat.dg/inline_tagged.adb execution test
FAIL: gnat.dg/interface1.adb (test for excess errors)
FAIL: gnat.dg/interface1.adb execution test
FAIL: gnat.dg/interface2.adb (test for excess errors)
WARNING: gnat.dg/interface2.adb compilation failed to produce executable
FAIL: gnat.dg/interface3.adb (test for excess errors)
FAIL: gnat.dg/interface3.adb execution test
FAIL: gnat.dg/interface_conv.adb (test for excess errors)
FAIL: gnat.dg/interface_conv.adb execution test
FAIL: gnat.dg/iprot_test.adb (test for excess errors)
WARNING: gnat.dg/iprot_test.adb compilation failed to produce executable
FAIL: gnat.dg/kill_value.adb (test for excess errors)
FAIL: gnat.dg/kill_value.adb execution test
FAIL: gnat.dg/lhs_view_convert.adb (test for excess errors)
FAIL: gnat.dg/lhs_view_convert.adb execution test
FAIL: gnat.dg/md5_test.adb (test for excess errors)
FAIL: gnat.dg/md5_test.adb execution test
FAIL: gnat.dg/mutable1.adb (test for excess errors)
FAIL: gnat.dg/mutable1.adb execution test
FAIL: gnat.dg/named_test.adb (test for excess errors)
FAIL: gnat.dg/named_test.adb execution test
FAIL: gnat.dg/nat1r.adb (test for excess errors)
FAIL: gnat.dg/nat1r.adb execution test
FAIL: gnat.dg/nested_controlled_alloc.adb (test for excess errors)
FAIL: gnat.dg/nested_controlled_alloc.adb execution test
FAIL: gnat.dg/nested_return_test.adb (test for excess errors)
FAIL: gnat.dg/nested_return_test.adb execution test
FAIL: gnat.dg/no_final.adb (test for excess errors)
FAIL: gnat.dg/no_final.adb execution test
FAIL: gnat.dg/outer_agg_bitfield_constructor.adb (test for excess errors)
FAIL: gnat.dg/outer_agg_bitfield_constructor.adb execution test
FAIL: gnat.dg/overriding_ops.adb (test for excess errors)
FAIL: gnat.dg/pointer_conversion.adb (test for excess errors)
FAIL: gnat.dg/pointer_conversion.adb execution test
FAIL: gnat.dg/prot1.adb (test for excess errors)
FAIL: gnat.dg/quote.adb (test for excess errors)
FAIL: gnat.dg/quote.adb execution test
FAIL: gnat.dg/scalar_mode_agg_compare.adb (test for excess errors)
FAIL: gnat.dg/scalar_mode_agg_compare.adb execution test
FAIL: gnat.dg/self_aggregate_with_array.adb (test for excess errors)
FAIL: gnat.dg/self_aggregate_with_array.adb execution test
FAIL: gnat.dg/self_aggregate_with_call.adb (test for excess errors)
FAIL: gnat.dg/self_aggregate_with_call.adb execution test
FAIL: gnat.dg/self_aggregate_with_pointer.adb (test for excess errors)
FAIL: gnat.dg/self_aggregate_with_pointer.adb execution test
FAIL: gnat.dg/self_aggregate_with_zeros.adb (test for excess errors)
FAIL: gnat.dg/self_aggregate_with_zeros.adb execution test
FAIL: gnat.dg/socket1.adb (test for excess errors)
FAIL: gnat.dg/socket1.adb execution test
FAIL: gnat.dg/socket2.adb (test for excess errors)
FAIL: gnat.dg/socket2.adb execution test
FAIL: gnat.dg/sort2.adb (test for excess errors)
FAIL: gnat.dg/sort2.adb execution test
FAIL: gnat.dg/spipaterr.adb (test for excess errors)
FAIL: gnat.dg/spipaterr.adb execution test
FAIL: gnat.dg/string_slice.adb (test for excess errors)
FAIL: gnat.dg/string_slice.adb execution test
FAIL: gnat.dg/tail_call.adb (test for excess errors)
FAIL: gnat.dg/tail_call.adb execution test
FAIL: gnat.dg/task_name.adb (test for excess errors)
FAIL: gnat.dg/test_address_null_init.adb (test for excess errors)
FAIL: gnat.dg/test_address_null_init.adb execution test
FAIL: gnat.dg/test_bounded.adb (test for excess errors)
FAIL: gnat.dg/test_bounded.adb execution test
FAIL: gnat.dg/test_delay.adb (test for excess errors)
FAIL: gnat.dg/test_delay.adb execution test
FAIL: gnat.dg/test_enum_io.adb (test for excess errors)
FAIL: gnat.dg/test_enum_io.adb execution test
FAIL: gnat.dg/test_fixed_io.adb (test for excess errors)
FAIL: gnat.dg/test_fixed_io.adb execution test
FAIL: gnat.dg/test_ifaces.adb (test for excess errors)
FAIL: gnat.dg/test_ifaces.adb execution test
FAIL: gnat.dg/test_image.adb (test for excess errors)
WARNING: gnat.dg/test_image.adb compilation failed to produce executable
FAIL: gnat.dg/test_image_p.adb (test for excess errors)
FAIL: gnat.dg/test_prio.adb (test for excess errors)
WARNING: gnat.dg/test_prio.adb compilation failed to produce executable
FAIL: gnat.dg/test_prio_p.adb (test for excess errors)
FAIL: gnat.dg/test_self.adb (test for excess errors)
FAIL: gnat.dg/test_self.adb execution test
FAIL: gnat.dg/test_self_ref.adb (test for excess errors)
FAIL: gnat.dg/test_self_ref.adb execution test
FAIL: gnat.dg/tfren.adb (test for excess errors)
FAIL: gnat.dg/tfren.adb execution test
FAIL: gnat.dg/timing_events.adb (test for excess errors)
WARNING: gnat.dg/timing_events.adb compilation failed to produce executable
FAIL: gnat.dg/valid1.adb (test for excess errors)
FAIL: gnat.dg/valid1.adb execution test
FAIL: gnat.dg/warn1.adb (test for excess errors)
FAIL: gnat.dg/warn1.adb execution test
FAIL: gnat.dg/wide_test.adb (test for excess errors)
FAIL: gnat.dg/wide_test.adb execution test
FAIL: gnat.dg/specs/uc1.ads (test for excess errors)
=== gnat Summary for unix/-m32 ===
# of expected passes 89
# of unexpected failures 140
Running target unix
FAIL: gnat.dg/frame_overflow.adb (test for errors, line 12)
FAIL: gnat.dg/frame_overflow.adb (test for errors, line 21)
FAIL: gnat.dg/specs/uc1.ads (test for excess errors)
=== gnat Summary for unix ===
# of expected passes 233
# of unexpected failures 3
=== gnat Summary ===
# of expected passes 322
# of unexpected failures 143
=== objc tests ===
Running target unix/-m32
=== objc Summary for unix/-m32 ===
# of expected passes 1812
# of expected failures 7
# of unsupported tests 24
Running target unix
=== objc Summary for unix ===
# of expected passes 1812
# of expected failures 7
# of unsupported tests 24
=== objc Summary ===
# of expected passes 3624
# of expected failures 14
# of unsupported tests 48
/abuild-old/aj/gcc/gcc/xgcc version 4.3.0 20070616 (experimental)
=== treelang tests ===
Running target unix/-m32
=== treelang Summary for unix/-m32 ===
# of expected passes 52
Running target unix
=== treelang Summary for unix ===
# of expected passes 52
=== treelang Summary ===
# of expected passes 104
=== libffi tests ===
Running target unix/-m32
=== libffi Summary for unix/-m32 ===
# of expected passes 1096
# of unsupported tests 8
Running target unix
=== libffi Summary for unix ===
# of expected passes 1096
# of unsupported tests 8
=== libffi Summary ===
# of expected passes 2192
# of unsupported tests 16
=== libgomp tests ===
Running target unix/-m32
=== libgomp Summary for unix/-m32 ===
# of expected passes 1566
Running target unix
=== libgomp Summary for unix ===
# of expected passes 1566
=== libgomp Summary ===
# of expected passes 3132
=== libjava tests ===
Running target unix/-m32
WARNING: program timed out.
FAIL: getlocalvartable run
=== libjava Summary for unix/-m32 ===
# of expected passes 2537
# of unexpected failures 1
# of untested testcases 1
Running target unix
WARNING: program timed out.
FAIL: getlocalvartable run
=== libjava Summary for unix ===
# of expected passes 2537
# of unexpected failures 1
# of untested testcases 1
=== libjava Summary ===
# of expected passes 5074
# of unexpected failures 2
# of untested testcases 2
=== libmudflap tests ===
Running target unix/-m32
FAIL: libmudflap.c++/pass41-frag.cxx execution test
FAIL: libmudflap.c++/pass41-frag.cxx (-static) execution test
FAIL: libmudflap.c++/pass41-frag.cxx ( -O) execution test
FAIL: libmudflap.c++/pass41-frag.cxx (-O2) execution test
FAIL: libmudflap.c++/pass41-frag.cxx (-O3) execution test
=== libmudflap Summary for unix/-m32 ===
# of expected passes 1821
# of unexpected failures 5
Running target unix
FAIL: libmudflap.c/fail8-frag.c (-static) output pattern test
FAIL: libmudflap.c/fail9-frag.c (-static) output pattern test
FAIL: libmudflap.c++/pass41-frag.cxx execution test
FAIL: libmudflap.c++/pass41-frag.cxx (-static) execution test
FAIL: libmudflap.c++/pass41-frag.cxx ( -O) execution test
FAIL: libmudflap.c++/pass41-frag.cxx (-O2) execution test
FAIL: libmudflap.c++/pass41-frag.cxx (-O3) execution test
=== libmudflap Summary for unix ===
# of expected passes 1819
# of unexpected failures 7
=== libmudflap Summary ===
# of expected passes 3640
# of unexpected failures 12
=== libstdc++ tests ===
Running target unix/-m32
XPASS: 26_numerics/headers/cmath/c99_classification_macros_c.cc (test for excess errors)
=== libstdc++ Summary for unix/-m32 ===
# of expected passes 5077
# of unexpected successes 1
# of expected failures 42
Running target unix
XPASS: 26_numerics/headers/cmath/c99_classification_macros_c.cc (test for excess errors)
XPASS: 27_io/fpos/14320-1.cc execution test
=== libstdc++ Summary for unix ===
# of expected passes 5077
# of unexpected successes 2
# of expected failures 41
=== libstdc++ Summary ===
# of expected passes 10154
# of unexpected successes 3
# of expected failures 83
Compiler version: 4.3.0 20070616 (experimental)
Platform: x86_64-suse-linux-gnu
configure flags: --prefix=/opt/gcc/4.3-devel --enable-checking=yes,rtl --enable-threads=posix --enable-clocale=gnu --enable-__cxa_atexit --enable-shared --enable-languages=c,c++,ada,treelang,java,fortran,objc --with-system-zlib x86_64-suse-linux-gnu
Version of binutils: GNU ld version 2.17.50.0.5 20060927 (SUSE Linux)
Version of glibc (/lib/libc.so.6): 2.5 (20061011)
Version of glibc (/lib64/libc.so.6): 2.5 (20061011)