This is the mail archive of the
gcc-testresults@gcc.gnu.org
mailing list for the GCC project.
Results for 4.3.0 20070613 (experimental) testsuite on i686-pc-linux-gnu
- From: Rob1weld at aol dot com
- To: gcc-testresults at gcc dot gnu dot org
- Date: Thu, 14 Jun 2007 03:29:42 EDT
- Subject: Results for 4.3.0 20070613 (experimental) testsuite on i686-pc-linux-gnu
LAST_UPDATED: Wed Jun 13 09:41:29 UTC 2007 (revision 125672M)
=== acats tests ===
FAIL: cd92001
FAIL: cxh1001
=== acats Summary ===
# of expected passes 2313
# of unexpected failures 2
Native configuration is i686-pc-linux-gnu
=== g++ tests ===
Running target unix
XPASS: g++.dg/tree-ssa/ivopts-1.C scan-tree-dump-not offset: -4B
XPASS: g++.dg/tree-ssa/ivopts-1.C scan-tree-dump-not &x\\[5\\]
=== g++ Summary ===
# of expected passes 16171
# of unexpected successes 2
# of expected failures 86
# of unsupported tests 81
/opt/gcc-4_3-build/gcc/testsuite/g++/../../g++ version 4.3.0 20070613
(experimental)
=== gcc tests ===
Running target unix
FAIL: gcc.c-torture/execute/20050316-2.c execution, -O0
FAIL: gcc.c-torture/execute/20050316-2.c execution, -O1
FAIL: gcc.c-torture/execute/20050316-2.c execution, -O2
FAIL: gcc.c-torture/execute/mayalias-2.c compilation, -O3 -g (internal
compiler error)
UNRESOLVED: gcc.c-torture/execute/mayalias-2.c execution, -O3 -g
FAIL: gcc.c-torture/execute/mayalias-3.c compilation, -O3 -g (internal
compiler error)
UNRESOLVED: gcc.c-torture/execute/mayalias-3.c execution, -O3 -g
FAIL: gcc.dg/compat/vector-2 c_compat_x_tst.o-c_compat_y_tst.o execute
FAIL: gcc.dg/builtin-apply4.c execution test
FAIL: gcc.dg/tree-ssa/gen-vect-11.c scan-tree-dump-times vectorized 1 loops 1
FAIL: gcc.dg/tree-ssa/gen-vect-11a.c scan-tree-dump-times vectorized 1 loops
1
XPASS: gcc.dg/tree-ssa/update-threading.c scan-tree-dump-times Invalid sum 0
XPASS: gcc.dg/vect/vect-iv-4.c scan-tree-dump-times vectorized 1 loops 1
FAIL: gcc.target/i386/pr21291.c (test for excess errors)
=== gcc Summary ===
# of expected passes 46008
# of unexpected failures 10
# of unexpected successes 2
# of expected failures 135
# of unresolved testcases 2
# of untested testcases 35
# of unsupported tests 309
/opt/gcc-4_3-build/gcc/xgcc version 4.3.0 20070613 (experimental)
=== gfortran tests ===
Running target unix
FAIL: gfortran.dg/open_errors.f90 -O0 execution test
FAIL: gfortran.dg/open_errors.f90 -O1 execution test
FAIL: gfortran.dg/open_errors.f90 -O2 execution test
FAIL: gfortran.dg/open_errors.f90 -O3 -fomit-frame-pointer execution test
FAIL: gfortran.dg/open_errors.f90 -O3 -fomit-frame-pointer -funroll-loops
execution test
FAIL: gfortran.dg/open_errors.f90 -O3 -fomit-frame-pointer
-funroll-all-loops -finline-functions execution test
FAIL: gfortran.dg/open_errors.f90 -O3 -g execution test
FAIL: gfortran.dg/open_errors.f90 -Os execution test
=== gfortran Summary ===
# of expected passes 18273
# of unexpected failures 8
# of expected failures 8
# of unsupported tests 16
/opt/gcc-4_3-build/gcc/testsuite/gfortran/../../gfortran version 4.3.0
20070613 (experimental)
=== gnat tests ===
Running target unix
=== gnat Summary ===
# of expected passes 226
=== obj-c++ tests ===
Running target unix
FAIL: obj-c++.dg/bitfield-1.mm (internal compiler error)
FAIL: obj-c++.dg/bitfield-1.mm (test for excess errors)
UNRESOLVED: obj-c++.dg/bitfield-1.mm compilation failed to produce executable
FAIL: obj-c++.dg/comp-types-10.mm (internal compiler error)
FAIL: obj-c++.dg/comp-types-10.mm (test for excess errors)
FAIL: obj-c++.dg/cxx-class-1.mm (test for excess errors)
FAIL: obj-c++.dg/cxx-ivars-2.mm execution test
FAIL: obj-c++.dg/encode-2.mm scan-assembler {Vec<float>=ffi}
FAIL: obj-c++.dg/encode-2.mm scan-assembler {Vec<double>=ddi}
FAIL: obj-c++.dg/encode-3.mm execution test
FAIL: obj-c++.dg/encode-8.mm execution test
FAIL: obj-c++.dg/gnu-runtime-2.mm (test for excess errors)
FAIL: obj-c++.dg/isa-field-1.mm (test for excess errors)
FAIL: obj-c++.dg/lookup-2.mm (test for excess errors)
UNRESOLVED: obj-c++.dg/lookup-2.mm compilation failed to produce executable
FAIL: obj-c++.dg/try-catch-2.mm (test for excess errors)
UNRESOLVED: obj-c++.dg/try-catch-2.mm compilation failed to produce
executable
FAIL: obj-c++.dg/try-catch-9.mm (internal compiler error)
FAIL: obj-c++.dg/try-catch-9.mm (test for excess errors)
UNRESOLVED: obj-c++.dg/try-catch-9.mm compilation failed to produce
executable
=== obj-c++ Summary ===
# of expected passes 421
# of unexpected failures 16
# of unresolved testcases 4
# of unsupported tests 13
/opt/gcc-4_3-build/gcc/testsuite/obj-c++/../../g++ version 4.3.0 20070613
(experimental)
=== objc tests ===
Running target unix
=== objc Summary ===
# of expected passes 1812
# of expected failures 7
# of unsupported tests 24
/opt/gcc-4_3-build/gcc/xgcc version 4.3.0 20070613 (experimental)
=== libffi tests ===
Running target unix
=== libffi Summary ===
# of expected passes 1096
# of unsupported tests 8
=== libgomp tests ===
Running target unix
=== libgomp Summary ===
# of expected passes 1566
=== libjava tests ===
Running target unix
=== libjava Summary ===
# of expected passes 2538
=== libmudflap tests ===
Running target unix
FAIL: libmudflap.c++/pass41-frag.cxx execution test
FAIL: libmudflap.c++/pass41-frag.cxx (-static) execution test
FAIL: libmudflap.c++/pass41-frag.cxx ( -O) execution test
FAIL: libmudflap.c++/pass41-frag.cxx (-O2) execution test
FAIL: libmudflap.c++/pass41-frag.cxx (-O3) execution test
=== libmudflap Summary ===
# of expected passes 1985
# of unexpected failures 5
=== libstdc++ tests ===
Running target unix
FAIL: abi_check
FAIL: 23_containers/deque/requirements/explicit_instantiation/3.cc (test for
excess errors)
FAIL: 23_containers/list/requirements/explicit_instantiation/3.cc (test for
excess errors)
FAIL: 23_containers/map/requirements/explicit_instantiation/3.cc (test for
excess errors)
FAIL: 23_containers/multimap/requirements/explicit_instantiation/3.cc (test
for excess errors)
FAIL: 23_containers/multiset/requirements/explicit_instantiation/3.cc (test
for excess errors)
FAIL: 23_containers/set/requirements/explicit_instantiation/3.cc (test for
excess errors)
FAIL: 23_containers/vector/requirements/explicit_instantiation/3.cc (test
for excess errors)
XPASS: 26_numerics/headers/cmath/c99_classification_macros_c.cc (test for
excess errors)
=== libstdc++ Summary ===
# of expected passes 4437
# of unexpected failures 8
# of unexpected successes 1
# of expected failures 42
# of unsupported tests 316
---
Check gcc/testsuite/gcc/gcc.log for Spurious Errors:
grep -e undefined\ reference\ to
/opt/gcc-4_3-build/gcc/testsuite/gcc/gcc.log | sort -u -k 2 | head -n 10
builtin-math-4.c:(.text+0xe96d): undefined reference to \`gamma_r'
builtin-math-4.c:(.text+0xe90c): undefined reference to \`gammaf_r'
builtin-math-4.c:(.text+0xe9de): undefined reference to \`gammal_r'
builtin-math-4.c:(.text+0x79): undefined reference to \`link_error'
---
Compiler version: 4.3.0 20070613 (experimental)
Platform: i686-pc-linux-gnu
configure flags: --verbose
--enable-languages=c,ada,c++,fortran,java,objc,obj-c++ --prefix=/usr/test --enable-objc-gc --enable-concept-checks
--disable-multilib --with-gxx-include-dir=/usr/test/include/c++/4.3
--enable-libstdcxx-debug --enable-static --enable-shared --enable-initfini-array
--enable-__cxa_atexit --enable-threads=posix --enable-version-specific-runtime-libs
--enable-libssp --enable-libmudflap --enable-libgomp --disable-werror --enable-nls
--with-included-gettext --enable-decimal-float --enable-debug
--enable-java-gc=boehm --with-x --x-includes=/usr/X11R6/include --x-libraries=/usr/X11R6/lib
--enable-java-awt=gtk,xlib --enable-gtk-cairo --enable-qt-peer --enable-xmlj
--enable-gconf-peer --enable-tool-wrappers --enable-portable-native-sync
--enable-examples --with-dwarf2 --with-stabs --enable-hash-synchronization
--enable-gc-debug --enable-interpreter --with-system-zlib --enable-libada --with-tls
--with-tune=athlon-xp --with-cpu=athlon-xp --with-arch=athlon-xp
--enable-stage1-checking=assert,gc,misc,rtl,rtlflag,runtime,tree
When running "make -i check" and reaching the libjava tests this is printed
on screen:
make[4]: Entering directory
`/opt/gcc-4_3-build/i686-pc-linux-gnu/libjava/classpath/tools'
Makefile:635: warning: overriding commands for target `gappletviewer'
Makefile:567: warning: ignoring old commands for target `gappletviewer'
Makefile:638: warning: overriding commands for target `gjar'
Makefile:573: warning: ignoring old commands for target `gjar'
Makefile:641: warning: overriding commands for target `gjarsigner'
Makefile:569: warning: ignoring old commands for target `gjarsigner'
Makefile:644: warning: overriding commands for target `gjavah'
Makefile:589: warning: ignoring old commands for target `gjavah'
Makefile:647: warning: overriding commands for target `gkeytool'
...(LOTS more)
Schedule of variations:
unix
Running target unix
Using /usr/share/dejagnu/baseboards/unix.exp as board description file for
target.
Using /usr/share/dejagnu/config/unix.exp as generic interface file for
target.
Using /root/downloads/gcc-4_3-trunk/libjava/testsuite/config/default.exp as
tool-and-target-specific interface file.
Running /root/downloads/gcc-4_3-trunk/libjava/testsuite/libjava.cni/cni.exp
...
Running /root/downloads/gcc-4_3-trunk/libjava/testsuite/libjava.jar/jar.exp
...
Running /root/downloads/gcc-4_3-trunk/libjava/testsuite/libjava.jni/jni.exp
...
Running
/root/downloads/gcc-4_3-trunk/libjava/testsuite/libjava.jvmti/jvmti-interp.exp ...
LD_LIBRARY_PATH=. /opt/gcc-4_3-build/i686-pc-linux-gnu/./libjava/gij -cp
/root/downloads/gcc-4_3-trunk/libjava/testsuite/libjava.jvmti/interp/getargssize.j
ar -agentlib:dummyagent getargssize
LD_LIBRARY_PATH=. /opt/gcc-4_3-build/i686-pc-linux-gnu/./libjava/gij -cp
/root/downloads/gcc-4_3-trunk/libjava/testsuite/libjava.jvmti/interp/getlocalvart
able.jar -agentlib:dummyagent getlocalvartable
LD_LIBRARY_PATH=. /opt/gcc-4_3-build/i686-pc-linux-gnu/./libjava/gij -cp
/root/downloads/gcc-4_3-trunk/libjava/testsuite/libjava.jvmti/interp/getstacktrac
e.jar -agentlib:dummyagent getstacktrace
Running
/root/downloads/gcc-4_3-trunk/libjava/testsuite/libjava.jvmti/jvmti.exp ...
Running
/root/downloads/gcc-4_3-trunk/libjava/testsuite/libjava.lang/lang.exp ...
Running
/root/downloads/gcc-4_3-trunk/libjava/testsuite/libjava.loader/loader.exp ...
Running
/root/downloads/gcc-4_3-trunk/libjava/testsuite/libjava.mauve/mauve.exp ...
Running
/root/downloads/gcc-4_3-trunk/libjava/testsuite/libjava.special/special.exp ...
Running
/root/downloads/gcc-4_3-trunk/libjava/testsuite/libjava.verify/verify.exp ...
The excessive number of warnings, the "LD_LIBRARY_PATH" and "-cp" command
were never shown during tests before. They first started showing up sometime
last week.