This is the mail archive of the
gcc-testresults@gcc.gnu.org
mailing list for the GCC project.
Results for 4.2.1 20070611 (prerelease) testsuite on i386-pc-solaris2.10
- From: ro at techfak dot uni-bielefeld dot de
- To: gcc-testresults at gcc dot gnu dot org
- Date: Wed, 13 Jun 2007 19:41:27 +0200 (MEST)
- Subject: Results for 4.2.1 20070611 (prerelease) testsuite on i386-pc-solaris2.10
LAST_UPDATED: Mon Jun 11 16:25:56 UTC 2007 (revision 125623M)
=== acats tests ===
=== acats Summary ===
# of expected passes 2315
# of unexpected failures 0
Native configuration is i386-pc-solaris2.10
=== g++ tests ===
Running target unix
XPASS: g++.dg/other/ucnid-1.C (test for excess errors)
XPASS: g++.dg/tree-ssa/ivopts-1.C scan-tree-dump-not offset: -4B
XPASS: g++.dg/tree-ssa/ivopts-1.C scan-tree-dump-not &x\\[5\\]
XPASS: g++.old-deja/g++.other/init18.C execution test
XPASS: g++.old-deja/g++.other/init19.C execution test
=== g++ Summary for unix ===
# of expected passes 13287
# of unexpected successes 5
# of expected failures 67
# of unsupported tests 128
Running target unix/-m64
XPASS: g++.dg/other/ucnid-1.C (test for excess errors)
XPASS: g++.dg/tree-ssa/ivopts-1.C scan-tree-dump-not offset: -4B
XPASS: g++.dg/tree-ssa/ivopts-1.C scan-tree-dump-not &x\\[5\\]
FAIL: g++.old-deja/g++.law/profile1.C execution test
XPASS: g++.old-deja/g++.other/init18.C execution test
XPASS: g++.old-deja/g++.other/init19.C execution test
=== g++ Summary for unix/-m64 ===
# of expected passes 13209
# of unexpected failures 1
# of unexpected successes 5
# of expected failures 67
# of unsupported tests 153
=== g++ Summary ===
# of expected passes 26496
# of unexpected failures 1
# of unexpected successes 10
# of expected failures 134
# of unsupported tests 281
/vol/gccsrc/obj/gcc-4.2.1-20070611/10-gcc-amd64/gcc/testsuite/g++/../../g++ version 4.2.1 20070611 (prerelease)
=== gcc tests ===
Running target unix
UNRESOLVED: gcc.c-torture/execute/mayalias-2.c execution, -O3 -g
XPASS: gcc.dg/ucnid-2.c (test for excess errors)
XPASS: gcc.dg/ucnid-3.c (test for excess errors)
XPASS: gcc.dg/ucnid-4.c (test for excess errors)
FAIL: largefile.c (test for excess errors)
FAIL: largefile.c (test for excess errors)
FAIL: largefile.c (test for excess errors)
FAIL: largefile.c (test for excess errors)
FAIL: largefile.c (test for excess errors)
FAIL: largefile.c (test for excess errors)
FAIL: largefile.c (test for excess errors)
FAIL: gcc.target/i386/abi-1.c scan-assembler xmm0
FAIL: gcc.target/i386/sse2-vec-5.c (test for excess errors)
WARNING: gcc.target/i386/sse2-vec-5.c compilation failed to produce executable
=== gcc Summary for unix ===
# of expected passes 41953
# of unexpected failures 9
# of unexpected successes 3
# of expected failures 116
# of unresolved testcases 1
# of untested testcases 35
# of unsupported tests 326
Running target unix/-m64
UNRESOLVED: gcc.c-torture/execute/mayalias-2.c execution, -O3 -g
FAIL: gcc.dg/invalid-call-1.c non-compatible type (test for warnings, line 16)
FAIL: gcc.dg/invalid-call-1.c (test for excess errors)
FAIL: gcc.dg/nest.c execution test
FAIL: gcc.dg/nested-func-4.c execution test
XPASS: gcc.dg/ucnid-2.c (test for excess errors)
XPASS: gcc.dg/ucnid-3.c (test for excess errors)
XPASS: gcc.dg/ucnid-4.c (test for excess errors)
FAIL: largefile.c (test for excess errors)
FAIL: largefile.c (test for excess errors)
FAIL: largefile.c (test for excess errors)
FAIL: largefile.c (test for excess errors)
FAIL: largefile.c (test for excess errors)
FAIL: largefile.c (test for excess errors)
FAIL: largefile.c (test for excess errors)
WARNING: gcc.dg/torture/fp-int-convert-float128-timode.c compilation failed to produce executable
WARNING: gcc.dg/torture/fp-int-convert-float128-timode.c compilation failed to produce executable
WARNING: gcc.dg/torture/fp-int-convert-float128-timode.c compilation failed to produce executable
WARNING: gcc.dg/torture/fp-int-convert-float128-timode.c compilation failed to produce executable
WARNING: gcc.dg/torture/fp-int-convert-float128-timode.c compilation failed to produce executable
WARNING: gcc.dg/torture/fp-int-convert-float128-timode.c compilation failed to produce executable
WARNING: gcc.dg/torture/fp-int-convert-float128.c compilation failed to produce executable
WARNING: gcc.dg/torture/fp-int-convert-float128.c compilation failed to produce executable
WARNING: gcc.dg/torture/fp-int-convert-float128.c compilation failed to produce executable
WARNING: gcc.dg/torture/fp-int-convert-float128.c compilation failed to produce executable
WARNING: gcc.dg/torture/fp-int-convert-float128.c compilation failed to produce executable
WARNING: gcc.dg/torture/fp-int-convert-float128.c compilation failed to produce executable
FAIL: gcc.misc-tests/linkage.c link
FAIL: gcc.target/i386/sse-10.c (test for excess errors)
FAIL: gcc.target/i386/sse2-vec-5.c (test for excess errors)
WARNING: gcc.target/i386/sse2-vec-5.c compilation failed to produce executable
=== gcc Summary for unix/-m64 ===
# of expected passes 41784
# of unexpected failures 14
# of unexpected successes 3
# of expected failures 127
# of unresolved testcases 1
# of untested testcases 35
# of unsupported tests 437
=== gcc Summary ===
# of expected passes 83737
# of unexpected failures 23
# of unexpected successes 6
# of expected failures 243
# of unresolved testcases 2
# of untested testcases 70
# of unsupported tests 763
/vol/gccsrc/obj/gcc-4.2.1-20070611/10-gcc-amd64/gcc/xgcc version 4.2.1 20070611 (prerelease)
=== gfortran tests ===
Running target unix
FAIL: gfortran.dg/specifics_1.f90 execution test
FAIL: gfortran.dg/specifics_1.f90 execution test
FAIL: gfortran.dg/specifics_1.f90 execution test
FAIL: gfortran.dg/specifics_1.f90 execution test
FAIL: gfortran.dg/specifics_1.f90 execution test
FAIL: gfortran.dg/specifics_1.f90 execution test
FAIL: gfortran.dg/specifics_1.f90 execution test
FAIL: gfortran.dg/specifics_1.f90 execution test
FAIL: gfortran.dg/stat_1.f90 execution test
FAIL: gfortran.dg/stat_1.f90 execution test
FAIL: gfortran.dg/stat_1.f90 execution test
FAIL: gfortran.dg/stat_1.f90 execution test
FAIL: gfortran.dg/stat_1.f90 execution test
FAIL: gfortran.dg/stat_1.f90 execution test
FAIL: gfortran.dg/stat_1.f90 execution test
FAIL: gfortran.dg/stat_1.f90 execution test
FAIL: gfortran.dg/stat_2.f90 execution test
FAIL: gfortran.dg/stat_2.f90 execution test
FAIL: gfortran.dg/stat_2.f90 execution test
FAIL: gfortran.dg/stat_2.f90 execution test
FAIL: gfortran.dg/stat_2.f90 execution test
FAIL: gfortran.dg/stat_2.f90 execution test
FAIL: gfortran.dg/stat_2.f90 execution test
FAIL: gfortran.dg/stat_2.f90 execution test
FAIL: gfortran.fortran-torture/execute/specifics.f90 execution, -O0
FAIL: gfortran.fortran-torture/execute/specifics.f90 execution, -O1
FAIL: gfortran.fortran-torture/execute/specifics.f90 execution, -O2
FAIL: gfortran.fortran-torture/execute/specifics.f90 execution, -O3 -fomit-frame-pointer
FAIL: gfortran.fortran-torture/execute/specifics.f90 execution, -O3 -fomit-frame-pointer -funroll-loops
FAIL: gfortran.fortran-torture/execute/specifics.f90 execution, -O3 -fomit-frame-pointer -funroll-all-loops -finline-functions
FAIL: gfortran.fortran-torture/execute/specifics.f90 execution, -O3 -g
FAIL: gfortran.fortran-torture/execute/specifics.f90 execution, -Os
=== gfortran Summary for unix ===
# of expected passes 16121
# of unexpected failures 32
# of expected failures 7
# of unsupported tests 32
Running target unix/-m64
FAIL: gfortran.dg/stat_1.f90 execution test
FAIL: gfortran.dg/stat_1.f90 execution test
FAIL: gfortran.dg/stat_1.f90 execution test
FAIL: gfortran.dg/stat_1.f90 execution test
FAIL: gfortran.dg/stat_1.f90 execution test
FAIL: gfortran.dg/stat_1.f90 execution test
FAIL: gfortran.dg/stat_1.f90 execution test
FAIL: gfortran.dg/stat_1.f90 execution test
FAIL: gfortran.dg/stat_2.f90 execution test
FAIL: gfortran.dg/stat_2.f90 execution test
FAIL: gfortran.dg/stat_2.f90 execution test
FAIL: gfortran.dg/stat_2.f90 execution test
FAIL: gfortran.dg/stat_2.f90 execution test
FAIL: gfortran.dg/stat_2.f90 execution test
FAIL: gfortran.dg/stat_2.f90 execution test
FAIL: gfortran.dg/stat_2.f90 execution test
=== gfortran Summary for unix/-m64 ===
# of expected passes 16152
# of unexpected failures 16
# of expected failures 7
# of unsupported tests 25
=== gfortran Summary ===
# of expected passes 32273
# of unexpected failures 48
# of expected failures 14
# of unsupported tests 57
/vol/gccsrc/obj/gcc-4.2.1-20070611/10-gcc-amd64/gcc/testsuite/gfortran/../../gfortran version 4.2.1 20070611 (prerelease)
=== gnat tests ===
Running target unix
=== gnat Summary for unix ===
# of expected passes 42
Running target unix/-m64
FAIL: gnat.dg/address_conversion.adb (test for excess errors)
WARNING: gnat.dg/address_conversion.adb compilation failed to produce executable
FAIL: gnat.dg/derived_aggregate.adb (test for excess errors)
WARNING: gnat.dg/derived_aggregate.adb compilation failed to produce executable
FAIL: gnat.dg/frame_overflow.adb (test for errors, line 12)
FAIL: gnat.dg/frame_overflow.adb (test for errors, line 21)
FAIL: gnat.dg/in_out_parameter.adb (test for excess errors)
WARNING: gnat.dg/in_out_parameter.adb compilation failed to produce executable
FAIL: gnat.dg/outer_agg_bitfield_constructor.adb (test for excess errors)
WARNING: gnat.dg/outer_agg_bitfield_constructor.adb compilation failed to produce executable
FAIL: gnat.dg/pointer_conversion.adb (test for excess errors)
WARNING: gnat.dg/pointer_conversion.adb compilation failed to produce executable
FAIL: gnat.dg/scalar_mode_agg_compare.adb (test for excess errors)
WARNING: gnat.dg/scalar_mode_agg_compare.adb compilation failed to produce executable
FAIL: gnat.dg/self_aggregate_with_array.adb (test for excess errors)
WARNING: gnat.dg/self_aggregate_with_array.adb compilation failed to produce executable
FAIL: gnat.dg/self_aggregate_with_call.adb (test for excess errors)
WARNING: gnat.dg/self_aggregate_with_call.adb compilation failed to produce executable
FAIL: gnat.dg/self_aggregate_with_pointer.adb (test for excess errors)
WARNING: gnat.dg/self_aggregate_with_pointer.adb compilation failed to produce executable
FAIL: gnat.dg/self_aggregate_with_zeros.adb (test for excess errors)
WARNING: gnat.dg/self_aggregate_with_zeros.adb compilation failed to produce executable
FAIL: gnat.dg/string_slice.adb (test for excess errors)
WARNING: gnat.dg/string_slice.adb compilation failed to produce executable
FAIL: gnat.dg/tail_call.adb (test for excess errors)
WARNING: gnat.dg/tail_call.adb compilation failed to produce executable
=== gnat Summary for unix/-m64 ===
# of expected passes 16
# of unexpected failures 14
=== gnat Summary ===
# of expected passes 58
# of unexpected failures 14
=== objc tests ===
Running target unix
=== objc Summary for unix ===
# of expected passes 1806
# of expected failures 7
# of unsupported tests 24
Running target unix/-m64
=== objc Summary for unix/-m64 ===
# of expected passes 1806
# of expected failures 7
# of unsupported tests 24
=== objc Summary ===
# of expected passes 3612
# of expected failures 14
# of unsupported tests 48
/vol/gccsrc/obj/gcc-4.2.1-20070611/10-gcc-amd64/gcc/xgcc version 4.2.1 20070611 (prerelease)
=== libgomp tests ===
Running target unix
=== libgomp Summary for unix ===
# of expected passes 1566
Running target unix/-m64
FAIL: libgomp.c/appendix-a/a.15.1.c (test for excess errors)
WARNING: libgomp.c/appendix-a/a.15.1.c compilation failed to produce executable
FAIL: libgomp.c/appendix-a/a.16.1.c (test for excess errors)
WARNING: libgomp.c/appendix-a/a.16.1.c compilation failed to produce executable
FAIL: libgomp.c/appendix-a/a.18.1.c (test for excess errors)
WARNING: libgomp.c/appendix-a/a.18.1.c compilation failed to produce executable
FAIL: libgomp.c/appendix-a/a.19.1.c (test for excess errors)
WARNING: libgomp.c/appendix-a/a.19.1.c compilation failed to produce executable
FAIL: libgomp.c/appendix-a/a.2.1.c (test for excess errors)
WARNING: libgomp.c/appendix-a/a.2.1.c compilation failed to produce executable
FAIL: libgomp.c/appendix-a/a.21.1.c (test for excess errors)
WARNING: libgomp.c/appendix-a/a.21.1.c compilation failed to produce executable
FAIL: libgomp.c/appendix-a/a.26.1.c (test for excess errors)
WARNING: libgomp.c/appendix-a/a.26.1.c compilation failed to produce executable
FAIL: libgomp.c/appendix-a/a.29.1.c (test for excess errors)
WARNING: libgomp.c/appendix-a/a.29.1.c compilation failed to produce executable
FAIL: libgomp.c/appendix-a/a.3.1.c (test for excess errors)
WARNING: libgomp.c/appendix-a/a.3.1.c compilation failed to produce executable
FAIL: libgomp.c/appendix-a/a.33.3.c (test for excess errors)
FAIL: libgomp.c/appendix-a/a.36.1.c (test for excess errors)
WARNING: libgomp.c/appendix-a/a.36.1.c compilation failed to produce executable
FAIL: libgomp.c/appendix-a/a.39.1.c (test for excess errors)
WARNING: libgomp.c/appendix-a/a.39.1.c compilation failed to produce executable
FAIL: libgomp.c/appendix-a/a.4.1.c (test for excess errors)
WARNING: libgomp.c/appendix-a/a.4.1.c compilation failed to produce executable
FAIL: libgomp.c/appendix-a/a.40.1.c (test for excess errors)
FAIL: libgomp.c/appendix-a/a.5.1.c (test for excess errors)
WARNING: libgomp.c/appendix-a/a.5.1.c compilation failed to produce executable
FAIL: libgomp.c/atomic-1.c (test for excess errors)
WARNING: libgomp.c/atomic-1.c compilation failed to produce executable
FAIL: libgomp.c/atomic-10.c (test for excess errors)
WARNING: libgomp.c/atomic-10.c compilation failed to produce executable
FAIL: libgomp.c/atomic-2.c (test for excess errors)
WARNING: libgomp.c/atomic-2.c compilation failed to produce executable
FAIL: libgomp.c/barrier-1.c (test for excess errors)
WARNING: libgomp.c/barrier-1.c compilation failed to produce executable
FAIL: libgomp.c/copyin-1.c (test for excess errors)
WARNING: libgomp.c/copyin-1.c compilation failed to produce executable
FAIL: libgomp.c/copyin-2.c (test for excess errors)
WARNING: libgomp.c/copyin-2.c compilation failed to produce executable
FAIL: libgomp.c/copyin-3.c (test for excess errors)
WARNING: libgomp.c/copyin-3.c compilation failed to produce executable
FAIL: libgomp.c/critical-1.c (test for excess errors)
WARNING: libgomp.c/critical-1.c compilation failed to produce executable
FAIL: libgomp.c/critical-2.c (test for excess errors)
WARNING: libgomp.c/critical-2.c compilation failed to produce executable
FAIL: libgomp.c/lib-1.c (test for excess errors)
WARNING: libgomp.c/lib-1.c compilation failed to produce executable
FAIL: libgomp.c/loop-1.c (test for excess errors)
WARNING: libgomp.c/loop-1.c compilation failed to produce executable
FAIL: libgomp.c/loop-2.c (test for excess errors)
WARNING: libgomp.c/loop-2.c compilation failed to produce executable
FAIL: libgomp.c/loop-3.c (test for excess errors)
WARNING: libgomp.c/loop-3.c compilation failed to produce executable
FAIL: libgomp.c/nested-1.c (test for excess errors)
WARNING: libgomp.c/nested-1.c compilation failed to produce executable
FAIL: libgomp.c/nested-2.c (test for excess errors)
WARNING: libgomp.c/nested-2.c compilation failed to produce executable
FAIL: libgomp.c/nestedfn-1.c (test for excess errors)
WARNING: libgomp.c/nestedfn-1.c compilation failed to produce executable
FAIL: libgomp.c/nestedfn-2.c (test for excess errors)
WARNING: libgomp.c/nestedfn-2.c compilation failed to produce executable
FAIL: libgomp.c/nestedfn-3.c (test for excess errors)
WARNING: libgomp.c/nestedfn-3.c compilation failed to produce executable
FAIL: libgomp.c/nestedfn-4.c (test for excess errors)
WARNING: libgomp.c/nestedfn-4.c compilation failed to produce executable
FAIL: libgomp.c/nestedfn-5.c (test for excess errors)
WARNING: libgomp.c/nestedfn-5.c compilation failed to produce executable
FAIL: libgomp.c/omp-loop01.c (test for excess errors)
WARNING: libgomp.c/omp-loop01.c compilation failed to produce executable
FAIL: libgomp.c/omp-loop02.c (test for excess errors)
WARNING: libgomp.c/omp-loop02.c compilation failed to produce executable
FAIL: libgomp.c/omp-loop03.c (test for excess errors)
WARNING: libgomp.c/omp-loop03.c compilation failed to produce executable
FAIL: libgomp.c/omp-nested-1.c (test for excess errors)
WARNING: libgomp.c/omp-nested-1.c compilation failed to produce executable
FAIL: libgomp.c/omp-parallel-for.c (test for excess errors)
WARNING: libgomp.c/omp-parallel-for.c compilation failed to produce executable
FAIL: libgomp.c/omp-parallel-if.c (test for excess errors)
WARNING: libgomp.c/omp-parallel-if.c compilation failed to produce executable
FAIL: libgomp.c/omp-single-1.c (test for excess errors)
WARNING: libgomp.c/omp-single-1.c compilation failed to produce executable
FAIL: libgomp.c/omp-single-2.c (test for excess errors)
WARNING: libgomp.c/omp-single-2.c compilation failed to produce executable
FAIL: libgomp.c/omp-single-3.c (test for excess errors)
WARNING: libgomp.c/omp-single-3.c compilation failed to produce executable
FAIL: libgomp.c/omp_hello.c (test for excess errors)
WARNING: libgomp.c/omp_hello.c compilation failed to produce executable
FAIL: libgomp.c/omp_matvec.c (test for excess errors)
WARNING: libgomp.c/omp_matvec.c compilation failed to produce executable
FAIL: libgomp.c/omp_orphan.c (test for excess errors)
WARNING: libgomp.c/omp_orphan.c compilation failed to produce executable
FAIL: libgomp.c/omp_reduction.c (test for excess errors)
WARNING: libgomp.c/omp_reduction.c compilation failed to produce executable
FAIL: libgomp.c/omp_workshare1.c (test for excess errors)
WARNING: libgomp.c/omp_workshare1.c compilation failed to produce executable
FAIL: libgomp.c/omp_workshare2.c (test for excess errors)
WARNING: libgomp.c/omp_workshare2.c compilation failed to produce executable
FAIL: libgomp.c/omp_workshare3.c (test for errors, line 33)
FAIL: libgomp.c/omp_workshare3.c (test for excess errors)
FAIL: libgomp.c/omp_workshare4.c (test for excess errors)
WARNING: libgomp.c/omp_workshare4.c compilation failed to produce executable
FAIL: libgomp.c/ordered-1.c (test for excess errors)
WARNING: libgomp.c/ordered-1.c compilation failed to produce executable
FAIL: libgomp.c/ordered-2.c (test for excess errors)
WARNING: libgomp.c/ordered-2.c compilation failed to produce executable
FAIL: libgomp.c/ordered-3.c (test for excess errors)
WARNING: libgomp.c/ordered-3.c compilation failed to produce executable
FAIL: libgomp.c/parallel-1.c (test for excess errors)
WARNING: libgomp.c/parallel-1.c compilation failed to produce executable
FAIL: libgomp.c/pr24455-1.c (test for excess errors)
FAIL: libgomp.c/pr24455.c (test for excess errors)
WARNING: libgomp.c/pr24455.c compilation failed to produce executable
FAIL: libgomp.c/pr26171.c (test for excess errors)
WARNING: libgomp.c/pr26171.c compilation failed to produce executable
FAIL: libgomp.c/pr26943-1.c (test for excess errors)
WARNING: libgomp.c/pr26943-1.c compilation failed to produce executable
FAIL: libgomp.c/pr26943-2.c (test for excess errors)
WARNING: libgomp.c/pr26943-2.c compilation failed to produce executable
FAIL: libgomp.c/pr26943-3.c (test for excess errors)
WARNING: libgomp.c/pr26943-3.c compilation failed to produce executable
FAIL: libgomp.c/pr26943-4.c (test for excess errors)
WARNING: libgomp.c/pr26943-4.c compilation failed to produce executable
FAIL: libgomp.c/pr29947-1.c (test for excess errors)
WARNING: libgomp.c/pr29947-1.c compilation failed to produce executable
FAIL: libgomp.c/pr29947-2.c (test for excess errors)
WARNING: libgomp.c/pr29947-2.c compilation failed to produce executable
FAIL: libgomp.c/pr30494.c (test for excess errors)
WARNING: libgomp.c/pr30494.c compilation failed to produce executable
FAIL: libgomp.c/reduction-1.c (test for excess errors)
WARNING: libgomp.c/reduction-1.c compilation failed to produce executable
FAIL: libgomp.c/reduction-2.c (test for excess errors)
WARNING: libgomp.c/reduction-2.c compilation failed to produce executable
FAIL: libgomp.c/reduction-3.c (test for excess errors)
WARNING: libgomp.c/reduction-3.c compilation failed to produce executable
FAIL: libgomp.c/reduction-4.c (test for excess errors)
WARNING: libgomp.c/reduction-4.c compilation failed to produce executable
FAIL: libgomp.c/sections-1.c (test for excess errors)
WARNING: libgomp.c/sections-1.c compilation failed to produce executable
FAIL: libgomp.c/shared-1.c (test for excess errors)
WARNING: libgomp.c/shared-1.c compilation failed to produce executable
FAIL: libgomp.c/shared-2.c (test for excess errors)
WARNING: libgomp.c/shared-2.c compilation failed to produce executable
FAIL: libgomp.c/shared-3.c (test for excess errors)
WARNING: libgomp.c/shared-3.c compilation failed to produce executable
FAIL: libgomp.c/single-1.c (test for excess errors)
WARNING: libgomp.c/single-1.c compilation failed to produce executable
FAIL: libgomp.c/single-2.c (test for excess errors)
WARNING: libgomp.c/single-2.c compilation failed to produce executable
FAIL: libgomp.c/vla-1.c (test for excess errors)
WARNING: libgomp.c/vla-1.c compilation failed to produce executable
FAIL: libgomp.c++/copyin-1.C (test for excess errors)
WARNING: libgomp.c++/copyin-1.C compilation failed to produce executable
FAIL: libgomp.c++/copyin-1.C (test for excess errors)
WARNING: libgomp.c++/copyin-1.C compilation failed to produce executable
FAIL: libgomp.c++/copyin-1.C (test for excess errors)
WARNING: libgomp.c++/copyin-1.C compilation failed to produce executable
FAIL: libgomp.c++/copyin-1.C (test for excess errors)
WARNING: libgomp.c++/copyin-1.C compilation failed to produce executable
FAIL: libgomp.c++/copyin-1.C (test for excess errors)
WARNING: libgomp.c++/copyin-1.C compilation failed to produce executable
FAIL: libgomp.c++/copyin-1.C (test for excess errors)
WARNING: libgomp.c++/copyin-1.C compilation failed to produce executable
FAIL: libgomp.c++/copyin-1.C (test for excess errors)
WARNING: libgomp.c++/copyin-1.C compilation failed to produce executable
FAIL: libgomp.c++/copyin-1.C (test for excess errors)
WARNING: libgomp.c++/copyin-1.C compilation failed to produce executable
FAIL: libgomp.c++/copyin-2.C (test for excess errors)
WARNING: libgomp.c++/copyin-2.C compilation failed to produce executable
FAIL: libgomp.c++/copyin-2.C (test for excess errors)
WARNING: libgomp.c++/copyin-2.C compilation failed to produce executable
FAIL: libgomp.c++/copyin-2.C (test for excess errors)
WARNING: libgomp.c++/copyin-2.C compilation failed to produce executable
FAIL: libgomp.c++/copyin-2.C (test for excess errors)
WARNING: libgomp.c++/copyin-2.C compilation failed to produce executable
FAIL: libgomp.c++/copyin-2.C (test for excess errors)
WARNING: libgomp.c++/copyin-2.C compilation failed to produce executable
FAIL: libgomp.c++/copyin-2.C (test for excess errors)
WARNING: libgomp.c++/copyin-2.C compilation failed to produce executable
FAIL: libgomp.c++/copyin-2.C (test for excess errors)
WARNING: libgomp.c++/copyin-2.C compilation failed to produce executable
FAIL: libgomp.c++/copyin-2.C (test for excess errors)
WARNING: libgomp.c++/copyin-2.C compilation failed to produce executable
FAIL: libgomp.c++/ctor-1.C (test for excess errors)
WARNING: libgomp.c++/ctor-1.C compilation failed to produce executable
FAIL: libgomp.c++/ctor-1.C (test for excess errors)
WARNING: libgomp.c++/ctor-1.C compilation failed to produce executable
FAIL: libgomp.c++/ctor-1.C (test for excess errors)
WARNING: libgomp.c++/ctor-1.C compilation failed to produce executable
FAIL: libgomp.c++/ctor-1.C (test for excess errors)
WARNING: libgomp.c++/ctor-1.C compilation failed to produce executable
FAIL: libgomp.c++/ctor-1.C (test for excess errors)
WARNING: libgomp.c++/ctor-1.C compilation failed to produce executable
FAIL: libgomp.c++/ctor-1.C (test for excess errors)
WARNING: libgomp.c++/ctor-1.C compilation failed to produce executable
FAIL: libgomp.c++/ctor-1.C (test for excess errors)
WARNING: libgomp.c++/ctor-1.C compilation failed to produce executable
FAIL: libgomp.c++/ctor-1.C (test for excess errors)
WARNING: libgomp.c++/ctor-1.C compilation failed to produce executable
FAIL: libgomp.c++/ctor-2.C (test for excess errors)
WARNING: libgomp.c++/ctor-2.C compilation failed to produce executable
FAIL: libgomp.c++/ctor-2.C (test for excess errors)
WARNING: libgomp.c++/ctor-2.C compilation failed to produce executable
FAIL: libgomp.c++/ctor-2.C (test for excess errors)
WARNING: libgomp.c++/ctor-2.C compilation failed to produce executable
FAIL: libgomp.c++/ctor-2.C (test for excess errors)
WARNING: libgomp.c++/ctor-2.C compilation failed to produce executable
FAIL: libgomp.c++/ctor-2.C (test for excess errors)
WARNING: libgomp.c++/ctor-2.C compilation failed to produce executable
FAIL: libgomp.c++/ctor-2.C (test for excess errors)
WARNING: libgomp.c++/ctor-2.C compilation failed to produce executable
FAIL: libgomp.c++/ctor-2.C (test for excess errors)
WARNING: libgomp.c++/ctor-2.C compilation failed to produce executable
FAIL: libgomp.c++/ctor-2.C (test for excess errors)
WARNING: libgomp.c++/ctor-2.C compilation failed to produce executable
FAIL: libgomp.c++/ctor-3.C (test for excess errors)
WARNING: libgomp.c++/ctor-3.C compilation failed to produce executable
FAIL: libgomp.c++/ctor-3.C (test for excess errors)
WARNING: libgomp.c++/ctor-3.C compilation failed to produce executable
FAIL: libgomp.c++/ctor-3.C (test for excess errors)
WARNING: libgomp.c++/ctor-3.C compilation failed to produce executable
FAIL: libgomp.c++/ctor-3.C (test for excess errors)
WARNING: libgomp.c++/ctor-3.C compilation failed to produce executable
FAIL: libgomp.c++/ctor-3.C (test for excess errors)
WARNING: libgomp.c++/ctor-3.C compilation failed to produce executable
FAIL: libgomp.c++/ctor-3.C (test for excess errors)
WARNING: libgomp.c++/ctor-3.C compilation failed to produce executable
FAIL: libgomp.c++/ctor-3.C (test for excess errors)
WARNING: libgomp.c++/ctor-3.C compilation failed to produce executable
FAIL: libgomp.c++/ctor-3.C (test for excess errors)
WARNING: libgomp.c++/ctor-3.C compilation failed to produce executable
FAIL: libgomp.c++/ctor-4.C (test for excess errors)
WARNING: libgomp.c++/ctor-4.C compilation failed to produce executable
FAIL: libgomp.c++/ctor-4.C (test for excess errors)
WARNING: libgomp.c++/ctor-4.C compilation failed to produce executable
FAIL: libgomp.c++/ctor-4.C (test for excess errors)
WARNING: libgomp.c++/ctor-4.C compilation failed to produce executable
FAIL: libgomp.c++/ctor-4.C (test for excess errors)
WARNING: libgomp.c++/ctor-4.C compilation failed to produce executable
FAIL: libgomp.c++/ctor-4.C (test for excess errors)
WARNING: libgomp.c++/ctor-4.C compilation failed to produce executable
FAIL: libgomp.c++/ctor-4.C (test for excess errors)
WARNING: libgomp.c++/ctor-4.C compilation failed to produce executable
FAIL: libgomp.c++/ctor-4.C (test for excess errors)
WARNING: libgomp.c++/ctor-4.C compilation failed to produce executable
FAIL: libgomp.c++/ctor-4.C (test for excess errors)
WARNING: libgomp.c++/ctor-4.C compilation failed to produce executable
FAIL: libgomp.c++/ctor-5.C (test for excess errors)
WARNING: libgomp.c++/ctor-5.C compilation failed to produce executable
FAIL: libgomp.c++/ctor-5.C (test for excess errors)
WARNING: libgomp.c++/ctor-5.C compilation failed to produce executable
FAIL: libgomp.c++/ctor-5.C (test for excess errors)
WARNING: libgomp.c++/ctor-5.C compilation failed to produce executable
FAIL: libgomp.c++/ctor-5.C (test for excess errors)
WARNING: libgomp.c++/ctor-5.C compilation failed to produce executable
FAIL: libgomp.c++/ctor-5.C (test for excess errors)
WARNING: libgomp.c++/ctor-5.C compilation failed to produce executable
FAIL: libgomp.c++/ctor-5.C (test for excess errors)
WARNING: libgomp.c++/ctor-5.C compilation failed to produce executable
FAIL: libgomp.c++/ctor-5.C (test for excess errors)
WARNING: libgomp.c++/ctor-5.C compilation failed to produce executable
FAIL: libgomp.c++/ctor-5.C (test for excess errors)
WARNING: libgomp.c++/ctor-5.C compilation failed to produce executable
FAIL: libgomp.c++/ctor-6.C (test for excess errors)
WARNING: libgomp.c++/ctor-6.C compilation failed to produce executable
FAIL: libgomp.c++/ctor-6.C (test for excess errors)
WARNING: libgomp.c++/ctor-6.C compilation failed to produce executable
FAIL: libgomp.c++/ctor-6.C (test for excess errors)
WARNING: libgomp.c++/ctor-6.C compilation failed to produce executable
FAIL: libgomp.c++/ctor-6.C (test for excess errors)
WARNING: libgomp.c++/ctor-6.C compilation failed to produce executable
FAIL: libgomp.c++/ctor-6.C (test for excess errors)
WARNING: libgomp.c++/ctor-6.C compilation failed to produce executable
FAIL: libgomp.c++/ctor-6.C (test for excess errors)
WARNING: libgomp.c++/ctor-6.C compilation failed to produce executable
FAIL: libgomp.c++/ctor-6.C (test for excess errors)
WARNING: libgomp.c++/ctor-6.C compilation failed to produce executable
FAIL: libgomp.c++/ctor-6.C (test for excess errors)
WARNING: libgomp.c++/ctor-6.C compilation failed to produce executable
FAIL: libgomp.c++/ctor-7.C (test for excess errors)
WARNING: libgomp.c++/ctor-7.C compilation failed to produce executable
FAIL: libgomp.c++/ctor-7.C (test for excess errors)
WARNING: libgomp.c++/ctor-7.C compilation failed to produce executable
FAIL: libgomp.c++/ctor-7.C (test for excess errors)
WARNING: libgomp.c++/ctor-7.C compilation failed to produce executable
FAIL: libgomp.c++/ctor-7.C (test for excess errors)
WARNING: libgomp.c++/ctor-7.C compilation failed to produce executable
FAIL: libgomp.c++/ctor-7.C (test for excess errors)
WARNING: libgomp.c++/ctor-7.C compilation failed to produce executable
FAIL: libgomp.c++/ctor-7.C (test for excess errors)
WARNING: libgomp.c++/ctor-7.C compilation failed to produce executable
FAIL: libgomp.c++/ctor-7.C (test for excess errors)
WARNING: libgomp.c++/ctor-7.C compilation failed to produce executable
FAIL: libgomp.c++/ctor-7.C (test for excess errors)
WARNING: libgomp.c++/ctor-7.C compilation failed to produce executable
FAIL: libgomp.c++/ctor-8.C (test for excess errors)
WARNING: libgomp.c++/ctor-8.C compilation failed to produce executable
FAIL: libgomp.c++/ctor-8.C (test for excess errors)
WARNING: libgomp.c++/ctor-8.C compilation failed to produce executable
FAIL: libgomp.c++/ctor-8.C (test for excess errors)
WARNING: libgomp.c++/ctor-8.C compilation failed to produce executable
FAIL: libgomp.c++/ctor-8.C (test for excess errors)
WARNING: libgomp.c++/ctor-8.C compilation failed to produce executable
FAIL: libgomp.c++/ctor-8.C (test for excess errors)
WARNING: libgomp.c++/ctor-8.C compilation failed to produce executable
FAIL: libgomp.c++/ctor-8.C (test for excess errors)
WARNING: libgomp.c++/ctor-8.C compilation failed to produce executable
FAIL: libgomp.c++/ctor-8.C (test for excess errors)
WARNING: libgomp.c++/ctor-8.C compilation failed to produce executable
FAIL: libgomp.c++/ctor-8.C (test for excess errors)
WARNING: libgomp.c++/ctor-8.C compilation failed to produce executable
FAIL: libgomp.c++/ctor-9.C (test for excess errors)
WARNING: libgomp.c++/ctor-9.C compilation failed to produce executable
FAIL: libgomp.c++/ctor-9.C (test for excess errors)
WARNING: libgomp.c++/ctor-9.C compilation failed to produce executable
FAIL: libgomp.c++/ctor-9.C (test for excess errors)
WARNING: libgomp.c++/ctor-9.C compilation failed to produce executable
FAIL: libgomp.c++/ctor-9.C (test for excess errors)
WARNING: libgomp.c++/ctor-9.C compilation failed to produce executable
FAIL: libgomp.c++/ctor-9.C (test for excess errors)
WARNING: libgomp.c++/ctor-9.C compilation failed to produce executable
FAIL: libgomp.c++/ctor-9.C (test for excess errors)
WARNING: libgomp.c++/ctor-9.C compilation failed to produce executable
FAIL: libgomp.c++/ctor-9.C (test for excess errors)
WARNING: libgomp.c++/ctor-9.C compilation failed to produce executable
FAIL: libgomp.c++/ctor-9.C (test for excess errors)
WARNING: libgomp.c++/ctor-9.C compilation failed to produce executable
FAIL: libgomp.c++/loop-1.C (test for excess errors)
WARNING: libgomp.c++/loop-1.C compilation failed to produce executable
FAIL: libgomp.c++/loop-2.C (test for excess errors)
WARNING: libgomp.c++/loop-2.C compilation failed to produce executable
FAIL: libgomp.c++/loop-3.C (test for excess errors)
WARNING: libgomp.c++/loop-3.C compilation failed to produce executable
FAIL: libgomp.c++/loop-4.C (test for excess errors)
WARNING: libgomp.c++/loop-4.C compilation failed to produce executable
FAIL: libgomp.c++/loop-5.C (test for excess errors)
WARNING: libgomp.c++/loop-5.C compilation failed to produce executable
FAIL: libgomp.c++/loop-6.C (test for excess errors)
WARNING: libgomp.c++/loop-6.C compilation failed to produce executable
FAIL: libgomp.c++/loop-6.C (test for excess errors)
WARNING: libgomp.c++/loop-6.C compilation failed to produce executable
FAIL: libgomp.c++/loop-6.C (test for excess errors)
WARNING: libgomp.c++/loop-6.C compilation failed to produce executable
FAIL: libgomp.c++/loop-6.C (test for excess errors)
WARNING: libgomp.c++/loop-6.C compilation failed to produce executable
FAIL: libgomp.c++/loop-6.C (test for excess errors)
WARNING: libgomp.c++/loop-6.C compilation failed to produce executable
FAIL: libgomp.c++/loop-6.C (test for excess errors)
WARNING: libgomp.c++/loop-6.C compilation failed to produce executable
FAIL: libgomp.c++/loop-6.C (test for excess errors)
WARNING: libgomp.c++/loop-6.C compilation failed to produce executable
FAIL: libgomp.c++/loop-6.C (test for excess errors)
WARNING: libgomp.c++/loop-6.C compilation failed to produce executable
FAIL: libgomp.c++/loop-7.C (test for excess errors)
WARNING: libgomp.c++/loop-7.C compilation failed to produce executable
FAIL: libgomp.c++/loop-7.C (test for excess errors)
WARNING: libgomp.c++/loop-7.C compilation failed to produce executable
FAIL: libgomp.c++/loop-7.C (test for excess errors)
WARNING: libgomp.c++/loop-7.C compilation failed to produce executable
FAIL: libgomp.c++/loop-7.C (test for excess errors)
WARNING: libgomp.c++/loop-7.C compilation failed to produce executable
FAIL: libgomp.c++/loop-7.C (test for excess errors)
WARNING: libgomp.c++/loop-7.C compilation failed to produce executable
FAIL: libgomp.c++/loop-7.C (test for excess errors)
WARNING: libgomp.c++/loop-7.C compilation failed to produce executable
FAIL: libgomp.c++/loop-7.C (test for excess errors)
WARNING: libgomp.c++/loop-7.C compilation failed to produce executable
FAIL: libgomp.c++/loop-7.C (test for excess errors)
WARNING: libgomp.c++/loop-7.C compilation failed to produce executable
FAIL: libgomp.c++/master-1.C (test for excess errors)
WARNING: libgomp.c++/master-1.C compilation failed to produce executable
FAIL: libgomp.c++/master-1.C (test for excess errors)
WARNING: libgomp.c++/master-1.C compilation failed to produce executable
FAIL: libgomp.c++/master-1.C (test for excess errors)
WARNING: libgomp.c++/master-1.C compilation failed to produce executable
FAIL: libgomp.c++/master-1.C (test for excess errors)
WARNING: libgomp.c++/master-1.C compilation failed to produce executable
FAIL: libgomp.c++/master-1.C (test for excess errors)
WARNING: libgomp.c++/master-1.C compilation failed to produce executable
FAIL: libgomp.c++/master-1.C (test for excess errors)
WARNING: libgomp.c++/master-1.C compilation failed to produce executable
FAIL: libgomp.c++/master-1.C (test for excess errors)
WARNING: libgomp.c++/master-1.C compilation failed to produce executable
FAIL: libgomp.c++/master-1.C (test for excess errors)
WARNING: libgomp.c++/master-1.C compilation failed to produce executable
FAIL: libgomp.c++/nested-1.C (test for excess errors)
WARNING: libgomp.c++/nested-1.C compilation failed to produce executable
FAIL: libgomp.c++/nested-1.C (test for excess errors)
WARNING: libgomp.c++/nested-1.C compilation failed to produce executable
FAIL: libgomp.c++/nested-1.C (test for excess errors)
WARNING: libgomp.c++/nested-1.C compilation failed to produce executable
FAIL: libgomp.c++/nested-1.C (test for excess errors)
WARNING: libgomp.c++/nested-1.C compilation failed to produce executable
FAIL: libgomp.c++/nested-1.C (test for excess errors)
WARNING: libgomp.c++/nested-1.C compilation failed to produce executable
FAIL: libgomp.c++/nested-1.C (test for excess errors)
WARNING: libgomp.c++/nested-1.C compilation failed to produce executable
FAIL: libgomp.c++/nested-1.C (test for excess errors)
WARNING: libgomp.c++/nested-1.C compilation failed to produce executable
FAIL: libgomp.c++/nested-1.C (test for excess errors)
WARNING: libgomp.c++/nested-1.C compilation failed to produce executable
FAIL: libgomp.c++/parallel-1.C (test for excess errors)
WARNING: libgomp.c++/parallel-1.C compilation failed to produce executable
FAIL: libgomp.c++/pr24455-1.C (test for excess errors)
FAIL: libgomp.c++/pr24455.C (test for excess errors)
WARNING: libgomp.c++/pr24455.C compilation failed to produce executable
FAIL: libgomp.c++/pr24455.C (test for excess errors)
WARNING: libgomp.c++/pr24455.C compilation failed to produce executable
FAIL: libgomp.c++/pr24455.C (test for excess errors)
WARNING: libgomp.c++/pr24455.C compilation failed to produce executable
FAIL: libgomp.c++/pr24455.C (test for excess errors)
WARNING: libgomp.c++/pr24455.C compilation failed to produce executable
FAIL: libgomp.c++/pr24455.C (test for excess errors)
WARNING: libgomp.c++/pr24455.C compilation failed to produce executable
FAIL: libgomp.c++/pr24455.C (test for excess errors)
WARNING: libgomp.c++/pr24455.C compilation failed to produce executable
FAIL: libgomp.c++/pr24455.C (test for excess errors)
WARNING: libgomp.c++/pr24455.C compilation failed to produce executable
FAIL: libgomp.c++/pr24455.C (test for excess errors)
WARNING: libgomp.c++/pr24455.C compilation failed to produce executable
FAIL: libgomp.c++/pr26691.C (test for excess errors)
WARNING: libgomp.c++/pr26691.C compilation failed to produce executable
FAIL: libgomp.c++/pr26943.C (test for excess errors)
WARNING: libgomp.c++/pr26943.C compilation failed to produce executable
FAIL: libgomp.c++/pr26943.C (test for excess errors)
WARNING: libgomp.c++/pr26943.C compilation failed to produce executable
FAIL: libgomp.c++/pr26943.C (test for excess errors)
WARNING: libgomp.c++/pr26943.C compilation failed to produce executable
FAIL: libgomp.c++/pr26943.C (test for excess errors)
WARNING: libgomp.c++/pr26943.C compilation failed to produce executable
FAIL: libgomp.c++/pr26943.C (test for excess errors)
WARNING: libgomp.c++/pr26943.C compilation failed to produce executable
FAIL: libgomp.c++/pr26943.C (test for excess errors)
WARNING: libgomp.c++/pr26943.C compilation failed to produce executable
FAIL: libgomp.c++/pr26943.C (test for excess errors)
WARNING: libgomp.c++/pr26943.C compilation failed to produce executable
FAIL: libgomp.c++/pr26943.C (test for excess errors)
WARNING: libgomp.c++/pr26943.C compilation failed to produce executable
FAIL: libgomp.c++/pr27337.C (test for excess errors)
WARNING: libgomp.c++/pr27337.C compilation failed to produce executable
FAIL: libgomp.c++/pr27337.C (test for excess errors)
WARNING: libgomp.c++/pr27337.C compilation failed to produce executable
FAIL: libgomp.c++/pr27337.C (test for excess errors)
WARNING: libgomp.c++/pr27337.C compilation failed to produce executable
FAIL: libgomp.c++/pr27337.C (test for excess errors)
WARNING: libgomp.c++/pr27337.C compilation failed to produce executable
FAIL: libgomp.c++/pr27337.C (test for excess errors)
WARNING: libgomp.c++/pr27337.C compilation failed to produce executable
FAIL: libgomp.c++/pr27337.C (test for excess errors)
WARNING: libgomp.c++/pr27337.C compilation failed to produce executable
FAIL: libgomp.c++/pr27337.C (test for excess errors)
WARNING: libgomp.c++/pr27337.C compilation failed to produce executable
FAIL: libgomp.c++/pr27337.C (test for excess errors)
WARNING: libgomp.c++/pr27337.C compilation failed to produce executable
FAIL: libgomp.c++/pr30703.C (test for excess errors)
WARNING: libgomp.c++/pr30703.C compilation failed to produce executable
FAIL: libgomp.c++/pr30703.C (test for excess errors)
WARNING: libgomp.c++/pr30703.C compilation failed to produce executable
FAIL: libgomp.c++/pr30703.C (test for excess errors)
WARNING: libgomp.c++/pr30703.C compilation failed to produce executable
FAIL: libgomp.c++/pr30703.C (test for excess errors)
WARNING: libgomp.c++/pr30703.C compilation failed to produce executable
FAIL: libgomp.c++/pr30703.C (test for excess errors)
WARNING: libgomp.c++/pr30703.C compilation failed to produce executable
FAIL: libgomp.c++/pr30703.C (test for excess errors)
WARNING: libgomp.c++/pr30703.C compilation failed to produce executable
FAIL: libgomp.c++/pr30703.C (test for excess errors)
WARNING: libgomp.c++/pr30703.C compilation failed to produce executable
FAIL: libgomp.c++/pr30703.C (test for excess errors)
WARNING: libgomp.c++/pr30703.C compilation failed to produce executable
FAIL: libgomp.c++/reduction-1.C (test for excess errors)
WARNING: libgomp.c++/reduction-1.C compilation failed to produce executable
FAIL: libgomp.c++/reduction-2.C (test for excess errors)
WARNING: libgomp.c++/reduction-2.C compilation failed to produce executable
FAIL: libgomp.c++/reduction-3.C (test for excess errors)
WARNING: libgomp.c++/reduction-3.C compilation failed to produce executable
FAIL: libgomp.c++/sections-1.C (test for excess errors)
WARNING: libgomp.c++/sections-1.C compilation failed to produce executable
FAIL: libgomp.c++/shared-1.C (test for excess errors)
WARNING: libgomp.c++/shared-1.C compilation failed to produce executable
FAIL: libgomp.c++/shared-2.C (test for excess errors)
WARNING: libgomp.c++/shared-2.C compilation failed to produce executable
FAIL: libgomp.c++/single-1.C (test for excess errors)
WARNING: libgomp.c++/single-1.C compilation failed to produce executable
FAIL: libgomp.c++/single-2.C (test for excess errors)
WARNING: libgomp.c++/single-2.C compilation failed to produce executable
FAIL: libgomp.c++/single-3.C (test for excess errors)
WARNING: libgomp.c++/single-3.C compilation failed to produce executable
FAIL: libgomp.fortran/appendix-a/a.15.1.f90 (test for excess errors)
FAIL: libgomp.fortran/appendix-a/a.16.1.f90 (test for excess errors)
WARNING: libgomp.fortran/appendix-a/a.16.1.f90 compilation failed to produce executable
FAIL: libgomp.fortran/appendix-a/a.16.1.f90 (test for excess errors)
WARNING: libgomp.fortran/appendix-a/a.16.1.f90 compilation failed to produce executable
FAIL: libgomp.fortran/appendix-a/a.16.1.f90 (test for excess errors)
WARNING: libgomp.fortran/appendix-a/a.16.1.f90 compilation failed to produce executable
FAIL: libgomp.fortran/appendix-a/a.16.1.f90 (test for excess errors)
WARNING: libgomp.fortran/appendix-a/a.16.1.f90 compilation failed to produce executable
FAIL: libgomp.fortran/appendix-a/a.16.1.f90 (test for excess errors)
WARNING: libgomp.fortran/appendix-a/a.16.1.f90 compilation failed to produce executable
FAIL: libgomp.fortran/appendix-a/a.16.1.f90 (test for excess errors)
WARNING: libgomp.fortran/appendix-a/a.16.1.f90 compilation failed to produce executable
FAIL: libgomp.fortran/appendix-a/a.16.1.f90 (test for excess errors)
WARNING: libgomp.fortran/appendix-a/a.16.1.f90 compilation failed to produce executable
FAIL: libgomp.fortran/appendix-a/a.16.1.f90 (test for excess errors)
WARNING: libgomp.fortran/appendix-a/a.16.1.f90 compilation failed to produce executable
FAIL: libgomp.fortran/appendix-a/a.18.1.f90 (test for excess errors)
WARNING: libgomp.fortran/appendix-a/a.18.1.f90 compilation failed to produce executable
FAIL: libgomp.fortran/appendix-a/a.18.1.f90 (test for excess errors)
WARNING: libgomp.fortran/appendix-a/a.18.1.f90 compilation failed to produce executable
FAIL: libgomp.fortran/appendix-a/a.18.1.f90 (test for excess errors)
WARNING: libgomp.fortran/appendix-a/a.18.1.f90 compilation failed to produce executable
FAIL: libgomp.fortran/appendix-a/a.18.1.f90 (test for excess errors)
WARNING: libgomp.fortran/appendix-a/a.18.1.f90 compilation failed to produce executable
FAIL: libgomp.fortran/appendix-a/a.18.1.f90 (test for excess errors)
WARNING: libgomp.fortran/appendix-a/a.18.1.f90 compilation failed to produce executable
FAIL: libgomp.fortran/appendix-a/a.18.1.f90 (test for excess errors)
WARNING: libgomp.fortran/appendix-a/a.18.1.f90 compilation failed to produce executable
FAIL: libgomp.fortran/appendix-a/a.18.1.f90 (test for excess errors)
WARNING: libgomp.fortran/appendix-a/a.18.1.f90 compilation failed to produce executable
FAIL: libgomp.fortran/appendix-a/a.18.1.f90 (test for excess errors)
WARNING: libgomp.fortran/appendix-a/a.18.1.f90 compilation failed to produce executable
FAIL: libgomp.fortran/appendix-a/a.19.1.f90 (test for excess errors)
WARNING: libgomp.fortran/appendix-a/a.19.1.f90 compilation failed to produce executable
FAIL: libgomp.fortran/appendix-a/a.19.1.f90 (test for excess errors)
WARNING: libgomp.fortran/appendix-a/a.19.1.f90 compilation failed to produce executable
FAIL: libgomp.fortran/appendix-a/a.19.1.f90 (test for excess errors)
WARNING: libgomp.fortran/appendix-a/a.19.1.f90 compilation failed to produce executable
FAIL: libgomp.fortran/appendix-a/a.19.1.f90 (test for excess errors)
WARNING: libgomp.fortran/appendix-a/a.19.1.f90 compilation failed to produce executable
FAIL: libgomp.fortran/appendix-a/a.19.1.f90 (test for excess errors)
WARNING: libgomp.fortran/appendix-a/a.19.1.f90 compilation failed to produce executable
FAIL: libgomp.fortran/appendix-a/a.19.1.f90 (test for excess errors)
WARNING: libgomp.fortran/appendix-a/a.19.1.f90 compilation failed to produce executable
FAIL: libgomp.fortran/appendix-a/a.19.1.f90 (test for excess errors)
WARNING: libgomp.fortran/appendix-a/a.19.1.f90 compilation failed to produce executable
FAIL: libgomp.fortran/appendix-a/a.19.1.f90 (test for excess errors)
WARNING: libgomp.fortran/appendix-a/a.19.1.f90 compilation failed to produce executable
FAIL: libgomp.fortran/appendix-a/a.2.1.f90 (test for excess errors)
WARNING: libgomp.fortran/appendix-a/a.2.1.f90 compilation failed to produce executable
FAIL: libgomp.fortran/appendix-a/a.2.1.f90 (test for excess errors)
WARNING: libgomp.fortran/appendix-a/a.2.1.f90 compilation failed to produce executable
FAIL: libgomp.fortran/appendix-a/a.2.1.f90 (test for excess errors)
WARNING: libgomp.fortran/appendix-a/a.2.1.f90 compilation failed to produce executable
FAIL: libgomp.fortran/appendix-a/a.2.1.f90 (test for excess errors)
WARNING: libgomp.fortran/appendix-a/a.2.1.f90 compilation failed to produce executable
FAIL: libgomp.fortran/appendix-a/a.2.1.f90 (test for excess errors)
WARNING: libgomp.fortran/appendix-a/a.2.1.f90 compilation failed to produce executable
FAIL: libgomp.fortran/appendix-a/a.2.1.f90 (test for excess errors)
WARNING: libgomp.fortran/appendix-a/a.2.1.f90 compilation failed to produce executable
FAIL: libgomp.fortran/appendix-a/a.2.1.f90 (test for excess errors)
WARNING: libgomp.fortran/appendix-a/a.2.1.f90 compilation failed to produce executable
FAIL: libgomp.fortran/appendix-a/a.2.1.f90 (test for excess errors)
WARNING: libgomp.fortran/appendix-a/a.2.1.f90 compilation failed to produce executable
FAIL: libgomp.fortran/appendix-a/a.21.1.f90 (test for excess errors)
FAIL: libgomp.fortran/appendix-a/a.22.7.f90 (test for excess errors)
WARNING: libgomp.fortran/appendix-a/a.22.7.f90 compilation failed to produce executable
FAIL: libgomp.fortran/appendix-a/a.22.7.f90 (test for excess errors)
WARNING: libgomp.fortran/appendix-a/a.22.7.f90 compilation failed to produce executable
FAIL: libgomp.fortran/appendix-a/a.22.7.f90 (test for excess errors)
WARNING: libgomp.fortran/appendix-a/a.22.7.f90 compilation failed to produce executable
FAIL: libgomp.fortran/appendix-a/a.22.7.f90 (test for excess errors)
WARNING: libgomp.fortran/appendix-a/a.22.7.f90 compilation failed to produce executable
FAIL: libgomp.fortran/appendix-a/a.22.7.f90 (test for excess errors)
WARNING: libgomp.fortran/appendix-a/a.22.7.f90 compilation failed to produce executable
FAIL: libgomp.fortran/appendix-a/a.22.7.f90 (test for excess errors)
WARNING: libgomp.fortran/appendix-a/a.22.7.f90 compilation failed to produce executable
FAIL: libgomp.fortran/appendix-a/a.22.7.f90 (test for excess errors)
WARNING: libgomp.fortran/appendix-a/a.22.7.f90 compilation failed to produce executable
FAIL: libgomp.fortran/appendix-a/a.22.7.f90 (test for excess errors)
WARNING: libgomp.fortran/appendix-a/a.22.7.f90 compilation failed to produce executable
FAIL: libgomp.fortran/appendix-a/a.22.8.f90 (test for excess errors)
WARNING: libgomp.fortran/appendix-a/a.22.8.f90 compilation failed to produce executable
FAIL: libgomp.fortran/appendix-a/a.22.8.f90 (test for excess errors)
WARNING: libgomp.fortran/appendix-a/a.22.8.f90 compilation failed to produce executable
FAIL: libgomp.fortran/appendix-a/a.22.8.f90 (test for excess errors)
WARNING: libgomp.fortran/appendix-a/a.22.8.f90 compilation failed to produce executable
FAIL: libgomp.fortran/appendix-a/a.22.8.f90 (test for excess errors)
WARNING: libgomp.fortran/appendix-a/a.22.8.f90 compilation failed to produce executable
FAIL: libgomp.fortran/appendix-a/a.22.8.f90 (test for excess errors)
WARNING: libgomp.fortran/appendix-a/a.22.8.f90 compilation failed to produce executable
FAIL: libgomp.fortran/appendix-a/a.22.8.f90 (test for excess errors)
WARNING: libgomp.fortran/appendix-a/a.22.8.f90 compilation failed to produce executable
FAIL: libgomp.fortran/appendix-a/a.22.8.f90 (test for excess errors)
WARNING: libgomp.fortran/appendix-a/a.22.8.f90 compilation failed to produce executable
FAIL: libgomp.fortran/appendix-a/a.22.8.f90 (test for excess errors)
WARNING: libgomp.fortran/appendix-a/a.22.8.f90 compilation failed to produce executable
FAIL: libgomp.fortran/appendix-a/a.26.1.f90 (test for excess errors)
WARNING: libgomp.fortran/appendix-a/a.26.1.f90 compilation failed to produce executable
FAIL: libgomp.fortran/appendix-a/a.26.1.f90 (test for excess errors)
WARNING: libgomp.fortran/appendix-a/a.26.1.f90 compilation failed to produce executable
FAIL: libgomp.fortran/appendix-a/a.26.1.f90 (test for excess errors)
WARNING: libgomp.fortran/appendix-a/a.26.1.f90 compilation failed to produce executable
FAIL: libgomp.fortran/appendix-a/a.26.1.f90 (test for excess errors)
WARNING: libgomp.fortran/appendix-a/a.26.1.f90 compilation failed to produce executable
FAIL: libgomp.fortran/appendix-a/a.26.1.f90 (test for excess errors)
WARNING: libgomp.fortran/appendix-a/a.26.1.f90 compilation failed to produce executable
FAIL: libgomp.fortran/appendix-a/a.26.1.f90 (test for excess errors)
WARNING: libgomp.fortran/appendix-a/a.26.1.f90 compilation failed to produce executable
FAIL: libgomp.fortran/appendix-a/a.26.1.f90 (test for excess errors)
WARNING: libgomp.fortran/appendix-a/a.26.1.f90 compilation failed to produce executable
FAIL: libgomp.fortran/appendix-a/a.26.1.f90 (test for excess errors)
WARNING: libgomp.fortran/appendix-a/a.26.1.f90 compilation failed to produce executable
FAIL: libgomp.fortran/appendix-a/a.28.1.f90 (test for excess errors)
WARNING: libgomp.fortran/appendix-a/a.28.1.f90 compilation failed to produce executable
FAIL: libgomp.fortran/appendix-a/a.28.1.f90 (test for excess errors)
WARNING: libgomp.fortran/appendix-a/a.28.1.f90 compilation failed to produce executable
FAIL: libgomp.fortran/appendix-a/a.28.1.f90 (test for excess errors)
WARNING: libgomp.fortran/appendix-a/a.28.1.f90 compilation failed to produce executable
FAIL: libgomp.fortran/appendix-a/a.28.1.f90 (test for excess errors)
WARNING: libgomp.fortran/appendix-a/a.28.1.f90 compilation failed to produce executable
FAIL: libgomp.fortran/appendix-a/a.28.1.f90 (test for excess errors)
WARNING: libgomp.fortran/appendix-a/a.28.1.f90 compilation failed to produce executable
FAIL: libgomp.fortran/appendix-a/a.28.1.f90 (test for excess errors)
WARNING: libgomp.fortran/appendix-a/a.28.1.f90 compilation failed to produce executable
FAIL: libgomp.fortran/appendix-a/a.28.1.f90 (test for excess errors)
WARNING: libgomp.fortran/appendix-a/a.28.1.f90 compilation failed to produce executable
FAIL: libgomp.fortran/appendix-a/a.28.1.f90 (test for excess errors)
WARNING: libgomp.fortran/appendix-a/a.28.1.f90 compilation failed to produce executable
FAIL: libgomp.fortran/appendix-a/a.28.2.f90 (test for excess errors)
WARNING: libgomp.fortran/appendix-a/a.28.2.f90 compilation failed to produce executable
FAIL: libgomp.fortran/appendix-a/a.28.2.f90 (test for excess errors)
WARNING: libgomp.fortran/appendix-a/a.28.2.f90 compilation failed to produce executable
FAIL: libgomp.fortran/appendix-a/a.28.2.f90 (test for excess errors)
WARNING: libgomp.fortran/appendix-a/a.28.2.f90 compilation failed to produce executable
FAIL: libgomp.fortran/appendix-a/a.28.2.f90 (test for excess errors)
WARNING: libgomp.fortran/appendix-a/a.28.2.f90 compilation failed to produce executable
FAIL: libgomp.fortran/appendix-a/a.28.2.f90 (test for excess errors)
WARNING: libgomp.fortran/appendix-a/a.28.2.f90 compilation failed to produce executable
FAIL: libgomp.fortran/appendix-a/a.28.2.f90 (test for excess errors)
WARNING: libgomp.fortran/appendix-a/a.28.2.f90 compilation failed to produce executable
FAIL: libgomp.fortran/appendix-a/a.28.2.f90 (test for excess errors)
WARNING: libgomp.fortran/appendix-a/a.28.2.f90 compilation failed to produce executable
FAIL: libgomp.fortran/appendix-a/a.28.2.f90 (test for excess errors)
WARNING: libgomp.fortran/appendix-a/a.28.2.f90 compilation failed to produce executable
FAIL: libgomp.fortran/appendix-a/a.28.3.f90 (test for excess errors)
WARNING: libgomp.fortran/appendix-a/a.28.3.f90 compilation failed to produce executable
FAIL: libgomp.fortran/appendix-a/a.28.3.f90 (test for excess errors)
WARNING: libgomp.fortran/appendix-a/a.28.3.f90 compilation failed to produce executable
FAIL: libgomp.fortran/appendix-a/a.28.3.f90 (test for excess errors)
WARNING: libgomp.fortran/appendix-a/a.28.3.f90 compilation failed to produce executable
FAIL: libgomp.fortran/appendix-a/a.28.3.f90 (test for excess errors)
WARNING: libgomp.fortran/appendix-a/a.28.3.f90 compilation failed to produce executable
FAIL: libgomp.fortran/appendix-a/a.28.3.f90 (test for excess errors)
WARNING: libgomp.fortran/appendix-a/a.28.3.f90 compilation failed to produce executable
FAIL: libgomp.fortran/appendix-a/a.28.3.f90 (test for excess errors)
WARNING: libgomp.fortran/appendix-a/a.28.3.f90 compilation failed to produce executable
FAIL: libgomp.fortran/appendix-a/a.28.3.f90 (test for excess errors)
WARNING: libgomp.fortran/appendix-a/a.28.3.f90 compilation failed to produce executable
FAIL: libgomp.fortran/appendix-a/a.28.3.f90 (test for excess errors)
WARNING: libgomp.fortran/appendix-a/a.28.3.f90 compilation failed to produce executable
FAIL: libgomp.fortran/appendix-a/a.28.4.f90 (test for excess errors)
WARNING: libgomp.fortran/appendix-a/a.28.4.f90 compilation failed to produce executable
FAIL: libgomp.fortran/appendix-a/a.28.4.f90 (test for excess errors)
WARNING: libgomp.fortran/appendix-a/a.28.4.f90 compilation failed to produce executable
FAIL: libgomp.fortran/appendix-a/a.28.4.f90 (test for excess errors)
WARNING: libgomp.fortran/appendix-a/a.28.4.f90 compilation failed to produce executable
FAIL: libgomp.fortran/appendix-a/a.28.4.f90 (test for excess errors)
WARNING: libgomp.fortran/appendix-a/a.28.4.f90 compilation failed to produce executable
FAIL: libgomp.fortran/appendix-a/a.28.4.f90 (test for excess errors)
WARNING: libgomp.fortran/appendix-a/a.28.4.f90 compilation failed to produce executable
FAIL: libgomp.fortran/appendix-a/a.28.4.f90 (test for excess errors)
WARNING: libgomp.fortran/appendix-a/a.28.4.f90 compilation failed to produce executable
FAIL: libgomp.fortran/appendix-a/a.28.4.f90 (test for excess errors)
WARNING: libgomp.fortran/appendix-a/a.28.4.f90 compilation failed to produce executable
FAIL: libgomp.fortran/appendix-a/a.28.4.f90 (test for excess errors)
WARNING: libgomp.fortran/appendix-a/a.28.4.f90 compilation failed to produce executable
FAIL: libgomp.fortran/appendix-a/a.28.5.f90 (test for excess errors)
FAIL: libgomp.fortran/appendix-a/a.3.1.f90 (test for excess errors)
WARNING: libgomp.fortran/appendix-a/a.3.1.f90 compilation failed to produce executable
FAIL: libgomp.fortran/appendix-a/a.3.1.f90 (test for excess errors)
WARNING: libgomp.fortran/appendix-a/a.3.1.f90 compilation failed to produce executable
FAIL: libgomp.fortran/appendix-a/a.3.1.f90 (test for excess errors)
WARNING: libgomp.fortran/appendix-a/a.3.1.f90 compilation failed to produce executable
FAIL: libgomp.fortran/appendix-a/a.3.1.f90 (test for excess errors)
WARNING: libgomp.fortran/appendix-a/a.3.1.f90 compilation failed to produce executable
FAIL: libgomp.fortran/appendix-a/a.3.1.f90 (test for excess errors)
WARNING: libgomp.fortran/appendix-a/a.3.1.f90 compilation failed to produce executable
FAIL: libgomp.fortran/appendix-a/a.3.1.f90 (test for excess errors)
WARNING: libgomp.fortran/appendix-a/a.3.1.f90 compilation failed to produce executable
FAIL: libgomp.fortran/appendix-a/a.3.1.f90 (test for excess errors)
WARNING: libgomp.fortran/appendix-a/a.3.1.f90 compilation failed to produce executable
FAIL: libgomp.fortran/appendix-a/a.3.1.f90 (test for excess errors)
WARNING: libgomp.fortran/appendix-a/a.3.1.f90 compilation failed to produce executable
FAIL: libgomp.fortran/appendix-a/a.31.4.f90 (test for excess errors)
WARNING: libgomp.fortran/appendix-a/a.31.4.f90 compilation failed to produce executable
FAIL: libgomp.fortran/appendix-a/a.31.4.f90 (test for excess errors)
WARNING: libgomp.fortran/appendix-a/a.31.4.f90 compilation failed to produce executable
FAIL: libgomp.fortran/appendix-a/a.31.4.f90 (test for excess errors)
WARNING: libgomp.fortran/appendix-a/a.31.4.f90 compilation failed to produce executable
FAIL: libgomp.fortran/appendix-a/a.31.4.f90 (test for excess errors)
WARNING: libgomp.fortran/appendix-a/a.31.4.f90 compilation failed to produce executable
FAIL: libgomp.fortran/appendix-a/a.31.4.f90 (test for excess errors)
WARNING: libgomp.fortran/appendix-a/a.31.4.f90 compilation failed to produce executable
FAIL: libgomp.fortran/appendix-a/a.31.4.f90 (test for excess errors)
WARNING: libgomp.fortran/appendix-a/a.31.4.f90 compilation failed to produce executable
FAIL: libgomp.fortran/appendix-a/a.31.4.f90 (test for excess errors)
WARNING: libgomp.fortran/appendix-a/a.31.4.f90 compilation failed to produce executable
FAIL: libgomp.fortran/appendix-a/a.31.4.f90 (test for excess errors)
WARNING: libgomp.fortran/appendix-a/a.31.4.f90 compilation failed to produce executable
FAIL: libgomp.fortran/appendix-a/a.31.5.f90 (test for excess errors)
WARNING: libgomp.fortran/appendix-a/a.31.5.f90 compilation failed to produce executable
FAIL: libgomp.fortran/appendix-a/a.31.5.f90 (test for excess errors)
WARNING: libgomp.fortran/appendix-a/a.31.5.f90 compilation failed to produce executable
FAIL: libgomp.fortran/appendix-a/a.31.5.f90 (test for excess errors)
WARNING: libgomp.fortran/appendix-a/a.31.5.f90 compilation failed to produce executable
FAIL: libgomp.fortran/appendix-a/a.31.5.f90 (test for excess errors)
WARNING: libgomp.fortran/appendix-a/a.31.5.f90 compilation failed to produce executable
FAIL: libgomp.fortran/appendix-a/a.31.5.f90 (test for excess errors)
WARNING: libgomp.fortran/appendix-a/a.31.5.f90 compilation failed to produce executable
FAIL: libgomp.fortran/appendix-a/a.31.5.f90 (test for excess errors)
WARNING: libgomp.fortran/appendix-a/a.31.5.f90 compilation failed to produce executable
FAIL: libgomp.fortran/appendix-a/a.31.5.f90 (test for excess errors)
WARNING: libgomp.fortran/appendix-a/a.31.5.f90 compilation failed to produce executable
FAIL: libgomp.fortran/appendix-a/a.31.5.f90 (test for excess errors)
WARNING: libgomp.fortran/appendix-a/a.31.5.f90 compilation failed to produce executable
FAIL: libgomp.fortran/appendix-a/a.33.3.f90 (test for excess errors)
FAIL: libgomp.fortran/appendix-a/a.38.1.f90 (test for excess errors)
FAIL: libgomp.fortran/appendix-a/a.39.1.f90 (test for excess errors)
WARNING: libgomp.fortran/appendix-a/a.39.1.f90 compilation failed to produce executable
FAIL: libgomp.fortran/appendix-a/a.39.1.f90 (test for excess errors)
WARNING: libgomp.fortran/appendix-a/a.39.1.f90 compilation failed to produce executable
FAIL: libgomp.fortran/appendix-a/a.39.1.f90 (test for excess errors)
WARNING: libgomp.fortran/appendix-a/a.39.1.f90 compilation failed to produce executable
FAIL: libgomp.fortran/appendix-a/a.39.1.f90 (test for excess errors)
WARNING: libgomp.fortran/appendix-a/a.39.1.f90 compilation failed to produce executable
FAIL: libgomp.fortran/appendix-a/a.39.1.f90 (test for excess errors)
WARNING: libgomp.fortran/appendix-a/a.39.1.f90 compilation failed to produce executable
FAIL: libgomp.fortran/appendix-a/a.39.1.f90 (test for excess errors)
WARNING: libgomp.fortran/appendix-a/a.39.1.f90 compilation failed to produce executable
FAIL: libgomp.fortran/appendix-a/a.39.1.f90 (test for excess errors)
WARNING: libgomp.fortran/appendix-a/a.39.1.f90 compilation failed to produce executable
FAIL: libgomp.fortran/appendix-a/a.39.1.f90 (test for excess errors)
WARNING: libgomp.fortran/appendix-a/a.39.1.f90 compilation failed to produce executable
FAIL: libgomp.fortran/appendix-a/a.4.1.f90 (test for excess errors)
WARNING: libgomp.fortran/appendix-a/a.4.1.f90 compilation failed to produce executable
FAIL: libgomp.fortran/appendix-a/a.4.1.f90 (test for excess errors)
WARNING: libgomp.fortran/appendix-a/a.4.1.f90 compilation failed to produce executable
FAIL: libgomp.fortran/appendix-a/a.4.1.f90 (test for excess errors)
WARNING: libgomp.fortran/appendix-a/a.4.1.f90 compilation failed to produce executable
FAIL: libgomp.fortran/appendix-a/a.4.1.f90 (test for excess errors)
WARNING: libgomp.fortran/appendix-a/a.4.1.f90 compilation failed to produce executable
FAIL: libgomp.fortran/appendix-a/a.4.1.f90 (test for excess errors)
WARNING: libgomp.fortran/appendix-a/a.4.1.f90 compilation failed to produce executable
FAIL: libgomp.fortran/appendix-a/a.4.1.f90 (test for excess errors)
WARNING: libgomp.fortran/appendix-a/a.4.1.f90 compilation failed to produce executable
FAIL: libgomp.fortran/appendix-a/a.4.1.f90 (test for excess errors)
WARNING: libgomp.fortran/appendix-a/a.4.1.f90 compilation failed to produce executable
FAIL: libgomp.fortran/appendix-a/a.4.1.f90 (test for excess errors)
WARNING: libgomp.fortran/appendix-a/a.4.1.f90 compilation failed to produce executable
FAIL: libgomp.fortran/appendix-a/a.40.1.f90 (test for excess errors)
FAIL: libgomp.fortran/appendix-a/a.5.1.f90 (test for excess errors)
WARNING: libgomp.fortran/appendix-a/a.5.1.f90 compilation failed to produce executable
FAIL: libgomp.fortran/appendix-a/a.5.1.f90 (test for excess errors)
WARNING: libgomp.fortran/appendix-a/a.5.1.f90 compilation failed to produce executable
FAIL: libgomp.fortran/appendix-a/a.5.1.f90 (test for excess errors)
WARNING: libgomp.fortran/appendix-a/a.5.1.f90 compilation failed to produce executable
FAIL: libgomp.fortran/appendix-a/a.5.1.f90 (test for excess errors)
WARNING: libgomp.fortran/appendix-a/a.5.1.f90 compilation failed to produce executable
FAIL: libgomp.fortran/appendix-a/a.5.1.f90 (test for excess errors)
WARNING: libgomp.fortran/appendix-a/a.5.1.f90 compilation failed to produce executable
FAIL: libgomp.fortran/appendix-a/a.5.1.f90 (test for excess errors)
WARNING: libgomp.fortran/appendix-a/a.5.1.f90 compilation failed to produce executable
FAIL: libgomp.fortran/appendix-a/a.5.1.f90 (test for excess errors)
WARNING: libgomp.fortran/appendix-a/a.5.1.f90 compilation failed to produce executable
FAIL: libgomp.fortran/appendix-a/a.5.1.f90 (test for excess errors)
WARNING: libgomp.fortran/appendix-a/a.5.1.f90 compilation failed to produce executable
FAIL: libgomp.fortran/appendix-a/a10.1.f90 (test for excess errors)
WARNING: libgomp.fortran/appendix-a/a10.1.f90 compilation failed to produce executable
FAIL: libgomp.fortran/appendix-a/a10.1.f90 (test for excess errors)
WARNING: libgomp.fortran/appendix-a/a10.1.f90 compilation failed to produce executable
FAIL: libgomp.fortran/appendix-a/a10.1.f90 (test for excess errors)
WARNING: libgomp.fortran/appendix-a/a10.1.f90 compilation failed to produce executable
FAIL: libgomp.fortran/appendix-a/a10.1.f90 (test for excess errors)
WARNING: libgomp.fortran/appendix-a/a10.1.f90 compilation failed to produce executable
FAIL: libgomp.fortran/appendix-a/a10.1.f90 (test for excess errors)
WARNING: libgomp.fortran/appendix-a/a10.1.f90 compilation failed to produce executable
FAIL: libgomp.fortran/appendix-a/a10.1.f90 (test for excess errors)
WARNING: libgomp.fortran/appendix-a/a10.1.f90 compilation failed to produce executable
FAIL: libgomp.fortran/appendix-a/a10.1.f90 (test for excess errors)
WARNING: libgomp.fortran/appendix-a/a10.1.f90 compilation failed to produce executable
FAIL: libgomp.fortran/appendix-a/a10.1.f90 (test for excess errors)
WARNING: libgomp.fortran/appendix-a/a10.1.f90 compilation failed to produce executable
FAIL: libgomp.fortran/character1.f90 (test for excess errors)
WARNING: libgomp.fortran/character1.f90 compilation failed to produce executable
FAIL: libgomp.fortran/character1.f90 (test for excess errors)
WARNING: libgomp.fortran/character1.f90 compilation failed to produce executable
FAIL: libgomp.fortran/character1.f90 (test for excess errors)
WARNING: libgomp.fortran/character1.f90 compilation failed to produce executable
FAIL: libgomp.fortran/character1.f90 (test for excess errors)
WARNING: libgomp.fortran/character1.f90 compilation failed to produce executable
FAIL: libgomp.fortran/character1.f90 (test for excess errors)
WARNING: libgomp.fortran/character1.f90 compilation failed to produce executable
FAIL: libgomp.fortran/character1.f90 (test for excess errors)
WARNING: libgomp.fortran/character1.f90 compilation failed to produce executable
FAIL: libgomp.fortran/character1.f90 (test for excess errors)
WARNING: libgomp.fortran/character1.f90 compilation failed to produce executable
FAIL: libgomp.fortran/character1.f90 (test for excess errors)
WARNING: libgomp.fortran/character1.f90 compilation failed to produce executable
FAIL: libgomp.fortran/character2.f90 (test for excess errors)
WARNING: libgomp.fortran/character2.f90 compilation failed to produce executable
FAIL: libgomp.fortran/character2.f90 (test for excess errors)
WARNING: libgomp.fortran/character2.f90 compilation failed to produce executable
FAIL: libgomp.fortran/character2.f90 (test for excess errors)
WARNING: libgomp.fortran/character2.f90 compilation failed to produce executable
FAIL: libgomp.fortran/character2.f90 (test for excess errors)
WARNING: libgomp.fortran/character2.f90 compilation failed to produce executable
FAIL: libgomp.fortran/character2.f90 (test for excess errors)
WARNING: libgomp.fortran/character2.f90 compilation failed to produce executable
FAIL: libgomp.fortran/character2.f90 (test for excess errors)
WARNING: libgomp.fortran/character2.f90 compilation failed to produce executable
FAIL: libgomp.fortran/character2.f90 (test for excess errors)
WARNING: libgomp.fortran/character2.f90 compilation failed to produce executable
FAIL: libgomp.fortran/character2.f90 (test for excess errors)
WARNING: libgomp.fortran/character2.f90 compilation failed to produce executable
FAIL: libgomp.fortran/condinc1.f (test for excess errors)
WARNING: libgomp.fortran/condinc1.f compilation failed to produce executable
FAIL: libgomp.fortran/condinc2.f (test for excess errors)
WARNING: libgomp.fortran/condinc2.f compilation failed to produce executable
FAIL: libgomp.fortran/condinc3.f90 (test for excess errors)
WARNING: libgomp.fortran/condinc3.f90 compilation failed to produce executable
FAIL: libgomp.fortran/condinc4.f90 (test for excess errors)
WARNING: libgomp.fortran/condinc4.f90 compilation failed to produce executable
FAIL: libgomp.fortran/crayptr1.f90 (test for excess errors)
WARNING: libgomp.fortran/crayptr1.f90 compilation failed to produce executable
FAIL: libgomp.fortran/crayptr1.f90 (test for excess errors)
WARNING: libgomp.fortran/crayptr1.f90 compilation failed to produce executable
FAIL: libgomp.fortran/crayptr1.f90 (test for excess errors)
WARNING: libgomp.fortran/crayptr1.f90 compilation failed to produce executable
FAIL: libgomp.fortran/crayptr1.f90 (test for excess errors)
WARNING: libgomp.fortran/crayptr1.f90 compilation failed to produce executable
FAIL: libgomp.fortran/crayptr1.f90 (test for excess errors)
WARNING: libgomp.fortran/crayptr1.f90 compilation failed to produce executable
FAIL: libgomp.fortran/crayptr1.f90 (test for excess errors)
WARNING: libgomp.fortran/crayptr1.f90 compilation failed to produce executable
FAIL: libgomp.fortran/crayptr1.f90 (test for excess errors)
WARNING: libgomp.fortran/crayptr1.f90 compilation failed to produce executable
FAIL: libgomp.fortran/crayptr1.f90 (test for excess errors)
WARNING: libgomp.fortran/crayptr1.f90 compilation failed to produce executable
FAIL: libgomp.fortran/do1.f90 (test for excess errors)
WARNING: libgomp.fortran/do1.f90 compilation failed to produce executable
FAIL: libgomp.fortran/do1.f90 (test for excess errors)
WARNING: libgomp.fortran/do1.f90 compilation failed to produce executable
FAIL: libgomp.fortran/do1.f90 (test for excess errors)
WARNING: libgomp.fortran/do1.f90 compilation failed to produce executable
FAIL: libgomp.fortran/do1.f90 (test for excess errors)
WARNING: libgomp.fortran/do1.f90 compilation failed to produce executable
FAIL: libgomp.fortran/do1.f90 (test for excess errors)
WARNING: libgomp.fortran/do1.f90 compilation failed to produce executable
FAIL: libgomp.fortran/do1.f90 (test for excess errors)
WARNING: libgomp.fortran/do1.f90 compilation failed to produce executable
FAIL: libgomp.fortran/do1.f90 (test for excess errors)
WARNING: libgomp.fortran/do1.f90 compilation failed to produce executable
FAIL: libgomp.fortran/do1.f90 (test for excess errors)
WARNING: libgomp.fortran/do1.f90 compilation failed to produce executable
FAIL: libgomp.fortran/do2.f90 (test for excess errors)
WARNING: libgomp.fortran/do2.f90 compilation failed to produce executable
FAIL: libgomp.fortran/do2.f90 (test for excess errors)
WARNING: libgomp.fortran/do2.f90 compilation failed to produce executable
FAIL: libgomp.fortran/do2.f90 (test for excess errors)
WARNING: libgomp.fortran/do2.f90 compilation failed to produce executable
FAIL: libgomp.fortran/do2.f90 (test for excess errors)
WARNING: libgomp.fortran/do2.f90 compilation failed to produce executable
FAIL: libgomp.fortran/do2.f90 (test for excess errors)
WARNING: libgomp.fortran/do2.f90 compilation failed to produce executable
FAIL: libgomp.fortran/do2.f90 (test for excess errors)
WARNING: libgomp.fortran/do2.f90 compilation failed to produce executable
FAIL: libgomp.fortran/do2.f90 (test for excess errors)
WARNING: libgomp.fortran/do2.f90 compilation failed to produce executable
FAIL: libgomp.fortran/do2.f90 (test for excess errors)
WARNING: libgomp.fortran/do2.f90 compilation failed to produce executable
FAIL: libgomp.fortran/jacobi.f (test for excess errors)
WARNING: libgomp.fortran/jacobi.f compilation failed to produce executable
FAIL: libgomp.fortran/jacobi.f (test for excess errors)
WARNING: libgomp.fortran/jacobi.f compilation failed to produce executable
FAIL: libgomp.fortran/jacobi.f (test for excess errors)
WARNING: libgomp.fortran/jacobi.f compilation failed to produce executable
FAIL: libgomp.fortran/jacobi.f (test for excess errors)
WARNING: libgomp.fortran/jacobi.f compilation failed to produce executable
FAIL: libgomp.fortran/jacobi.f (test for excess errors)
WARNING: libgomp.fortran/jacobi.f compilation failed to produce executable
FAIL: libgomp.fortran/jacobi.f (test for excess errors)
WARNING: libgomp.fortran/jacobi.f compilation failed to produce executable
FAIL: libgomp.fortran/jacobi.f (test for excess errors)
WARNING: libgomp.fortran/jacobi.f compilation failed to produce executable
FAIL: libgomp.fortran/jacobi.f (test for excess errors)
WARNING: libgomp.fortran/jacobi.f compilation failed to produce executable
FAIL: libgomp.fortran/lib1.f90 (test for excess errors)
WARNING: libgomp.fortran/lib1.f90 compilation failed to produce executable
FAIL: libgomp.fortran/lib1.f90 (test for excess errors)
WARNING: libgomp.fortran/lib1.f90 compilation failed to produce executable
FAIL: libgomp.fortran/lib1.f90 (test for excess errors)
WARNING: libgomp.fortran/lib1.f90 compilation failed to produce executable
FAIL: libgomp.fortran/lib1.f90 (test for excess errors)
WARNING: libgomp.fortran/lib1.f90 compilation failed to produce executable
FAIL: libgomp.fortran/lib1.f90 (test for excess errors)
WARNING: libgomp.fortran/lib1.f90 compilation failed to produce executable
FAIL: libgomp.fortran/lib1.f90 (test for excess errors)
WARNING: libgomp.fortran/lib1.f90 compilation failed to produce executable
FAIL: libgomp.fortran/lib1.f90 (test for excess errors)
WARNING: libgomp.fortran/lib1.f90 compilation failed to produce executable
FAIL: libgomp.fortran/lib1.f90 (test for excess errors)
WARNING: libgomp.fortran/lib1.f90 compilation failed to produce executable
FAIL: libgomp.fortran/lib2.f (test for excess errors)
WARNING: libgomp.fortran/lib2.f compilation failed to produce executable
FAIL: libgomp.fortran/lib2.f (test for excess errors)
WARNING: libgomp.fortran/lib2.f compilation failed to produce executable
FAIL: libgomp.fortran/lib2.f (test for excess errors)
WARNING: libgomp.fortran/lib2.f compilation failed to produce executable
FAIL: libgomp.fortran/lib2.f (test for excess errors)
WARNING: libgomp.fortran/lib2.f compilation failed to produce executable
FAIL: libgomp.fortran/lib2.f (test for excess errors)
WARNING: libgomp.fortran/lib2.f compilation failed to produce executable
FAIL: libgomp.fortran/lib2.f (test for excess errors)
WARNING: libgomp.fortran/lib2.f compilation failed to produce executable
FAIL: libgomp.fortran/lib2.f (test for excess errors)
WARNING: libgomp.fortran/lib2.f compilation failed to produce executable
FAIL: libgomp.fortran/lib2.f (test for excess errors)
WARNING: libgomp.fortran/lib2.f compilation failed to produce executable
FAIL: libgomp.fortran/lib3.f (test for excess errors)
WARNING: libgomp.fortran/lib3.f compilation failed to produce executable
FAIL: libgomp.fortran/lib3.f (test for excess errors)
WARNING: libgomp.fortran/lib3.f compilation failed to produce executable
FAIL: libgomp.fortran/lib3.f (test for excess errors)
WARNING: libgomp.fortran/lib3.f compilation failed to produce executable
FAIL: libgomp.fortran/lib3.f (test for excess errors)
WARNING: libgomp.fortran/lib3.f compilation failed to produce executable
FAIL: libgomp.fortran/lib3.f (test for excess errors)
WARNING: libgomp.fortran/lib3.f compilation failed to produce executable
FAIL: libgomp.fortran/lib3.f (test for excess errors)
WARNING: libgomp.fortran/lib3.f compilation failed to produce executable
FAIL: libgomp.fortran/lib3.f (test for excess errors)
WARNING: libgomp.fortran/lib3.f compilation failed to produce executable
FAIL: libgomp.fortran/lib3.f (test for excess errors)
WARNING: libgomp.fortran/lib3.f compilation failed to produce executable
FAIL: libgomp.fortran/nestedfn1.f90 (test for excess errors)
WARNING: libgomp.fortran/nestedfn1.f90 compilation failed to produce executable
FAIL: libgomp.fortran/nestedfn1.f90 (test for excess errors)
WARNING: libgomp.fortran/nestedfn1.f90 compilation failed to produce executable
FAIL: libgomp.fortran/nestedfn1.f90 (test for excess errors)
WARNING: libgomp.fortran/nestedfn1.f90 compilation failed to produce executable
FAIL: libgomp.fortran/nestedfn1.f90 (test for excess errors)
WARNING: libgomp.fortran/nestedfn1.f90 compilation failed to produce executable
FAIL: libgomp.fortran/nestedfn1.f90 (test for excess errors)
WARNING: libgomp.fortran/nestedfn1.f90 compilation failed to produce executable
FAIL: libgomp.fortran/nestedfn1.f90 (test for excess errors)
WARNING: libgomp.fortran/nestedfn1.f90 compilation failed to produce executable
FAIL: libgomp.fortran/nestedfn1.f90 (test for excess errors)
WARNING: libgomp.fortran/nestedfn1.f90 compilation failed to produce executable
FAIL: libgomp.fortran/nestedfn1.f90 (test for excess errors)
WARNING: libgomp.fortran/nestedfn1.f90 compilation failed to produce executable
FAIL: libgomp.fortran/nestedfn2.f90 (test for excess errors)
WARNING: libgomp.fortran/nestedfn2.f90 compilation failed to produce executable
FAIL: libgomp.fortran/nestedfn2.f90 (test for excess errors)
WARNING: libgomp.fortran/nestedfn2.f90 compilation failed to produce executable
FAIL: libgomp.fortran/nestedfn2.f90 (test for excess errors)
WARNING: libgomp.fortran/nestedfn2.f90 compilation failed to produce executable
FAIL: libgomp.fortran/nestedfn2.f90 (test for excess errors)
WARNING: libgomp.fortran/nestedfn2.f90 compilation failed to produce executable
FAIL: libgomp.fortran/nestedfn2.f90 (test for excess errors)
WARNING: libgomp.fortran/nestedfn2.f90 compilation failed to produce executable
FAIL: libgomp.fortran/nestedfn2.f90 (test for excess errors)
WARNING: libgomp.fortran/nestedfn2.f90 compilation failed to produce executable
FAIL: libgomp.fortran/nestedfn2.f90 (test for excess errors)
WARNING: libgomp.fortran/nestedfn2.f90 compilation failed to produce executable
FAIL: libgomp.fortran/nestedfn2.f90 (test for excess errors)
WARNING: libgomp.fortran/nestedfn2.f90 compilation failed to produce executable
FAIL: libgomp.fortran/nestedfn3.f90 (test for excess errors)
WARNING: libgomp.fortran/nestedfn3.f90 compilation failed to produce executable
FAIL: libgomp.fortran/nestedfn3.f90 (test for excess errors)
WARNING: libgomp.fortran/nestedfn3.f90 compilation failed to produce executable
FAIL: libgomp.fortran/nestedfn3.f90 (test for excess errors)
WARNING: libgomp.fortran/nestedfn3.f90 compilation failed to produce executable
FAIL: libgomp.fortran/nestedfn3.f90 (test for excess errors)
WARNING: libgomp.fortran/nestedfn3.f90 compilation failed to produce executable
FAIL: libgomp.fortran/nestedfn3.f90 (test for excess errors)
WARNING: libgomp.fortran/nestedfn3.f90 compilation failed to produce executable
FAIL: libgomp.fortran/nestedfn3.f90 (test for excess errors)
WARNING: libgomp.fortran/nestedfn3.f90 compilation failed to produce executable
FAIL: libgomp.fortran/nestedfn3.f90 (test for excess errors)
WARNING: libgomp.fortran/nestedfn3.f90 compilation failed to produce executable
FAIL: libgomp.fortran/nestedfn3.f90 (test for excess errors)
WARNING: libgomp.fortran/nestedfn3.f90 compilation failed to produce executable
FAIL: libgomp.fortran/omp_atomic1.f90 (test for excess errors)
WARNING: libgomp.fortran/omp_atomic1.f90 compilation failed to produce executable
FAIL: libgomp.fortran/omp_atomic1.f90 (test for excess errors)
WARNING: libgomp.fortran/omp_atomic1.f90 compilation failed to produce executable
FAIL: libgomp.fortran/omp_atomic1.f90 (test for excess errors)
WARNING: libgomp.fortran/omp_atomic1.f90 compilation failed to produce executable
FAIL: libgomp.fortran/omp_atomic1.f90 (test for excess errors)
WARNING: libgomp.fortran/omp_atomic1.f90 compilation failed to produce executable
FAIL: libgomp.fortran/omp_atomic1.f90 (test for excess errors)
WARNING: libgomp.fortran/omp_atomic1.f90 compilation failed to produce executable
FAIL: libgomp.fortran/omp_atomic1.f90 (test for excess errors)
WARNING: libgomp.fortran/omp_atomic1.f90 compilation failed to produce executable
FAIL: libgomp.fortran/omp_atomic1.f90 (test for excess errors)
WARNING: libgomp.fortran/omp_atomic1.f90 compilation failed to produce executable
FAIL: libgomp.fortran/omp_atomic1.f90 (test for excess errors)
WARNING: libgomp.fortran/omp_atomic1.f90 compilation failed to produce executable
FAIL: libgomp.fortran/omp_atomic2.f90 (test for excess errors)
WARNING: libgomp.fortran/omp_atomic2.f90 compilation failed to produce executable
FAIL: libgomp.fortran/omp_atomic2.f90 (test for excess errors)
WARNING: libgomp.fortran/omp_atomic2.f90 compilation failed to produce executable
FAIL: libgomp.fortran/omp_atomic2.f90 (test for excess errors)
WARNING: libgomp.fortran/omp_atomic2.f90 compilation failed to produce executable
FAIL: libgomp.fortran/omp_atomic2.f90 (test for excess errors)
WARNING: libgomp.fortran/omp_atomic2.f90 compilation failed to produce executable
FAIL: libgomp.fortran/omp_atomic2.f90 (test for excess errors)
WARNING: libgomp.fortran/omp_atomic2.f90 compilation failed to produce executable
FAIL: libgomp.fortran/omp_atomic2.f90 (test for excess errors)
WARNING: libgomp.fortran/omp_atomic2.f90 compilation failed to produce executable
FAIL: libgomp.fortran/omp_atomic2.f90 (test for excess errors)
WARNING: libgomp.fortran/omp_atomic2.f90 compilation failed to produce executable
FAIL: libgomp.fortran/omp_atomic2.f90 (test for excess errors)
WARNING: libgomp.fortran/omp_atomic2.f90 compilation failed to produce executable
FAIL: libgomp.fortran/omp_cond1.f (test for excess errors)
WARNING: libgomp.fortran/omp_cond1.f compilation failed to produce executable
FAIL: libgomp.fortran/omp_cond2.f (test for excess errors)
WARNING: libgomp.fortran/omp_cond2.f compilation failed to produce executable
FAIL: libgomp.fortran/omp_cond3.F90 (test for excess errors)
WARNING: libgomp.fortran/omp_cond3.F90 compilation failed to produce executable
FAIL: libgomp.fortran/omp_cond4.F90 (test for excess errors)
WARNING: libgomp.fortran/omp_cond4.F90 compilation failed to produce executable
FAIL: libgomp.fortran/omp_hello.f (test for excess errors)
WARNING: libgomp.fortran/omp_hello.f compilation failed to produce executable
FAIL: libgomp.fortran/omp_orphan.f (test for excess errors)
WARNING: libgomp.fortran/omp_orphan.f compilation failed to produce executable
FAIL: libgomp.fortran/omp_parse1.f90 (test for excess errors)
WARNING: libgomp.fortran/omp_parse1.f90 compilation failed to produce executable
FAIL: libgomp.fortran/omp_parse1.f90 (test for excess errors)
WARNING: libgomp.fortran/omp_parse1.f90 compilation failed to produce executable
FAIL: libgomp.fortran/omp_parse1.f90 (test for excess errors)
WARNING: libgomp.fortran/omp_parse1.f90 compilation failed to produce executable
FAIL: libgomp.fortran/omp_parse1.f90 (test for excess errors)
WARNING: libgomp.fortran/omp_parse1.f90 compilation failed to produce executable
FAIL: libgomp.fortran/omp_parse1.f90 (test for excess errors)
WARNING: libgomp.fortran/omp_parse1.f90 compilation failed to produce executable
FAIL: libgomp.fortran/omp_parse1.f90 (test for excess errors)
WARNING: libgomp.fortran/omp_parse1.f90 compilation failed to produce executable
FAIL: libgomp.fortran/omp_parse1.f90 (test for excess errors)
WARNING: libgomp.fortran/omp_parse1.f90 compilation failed to produce executable
FAIL: libgomp.fortran/omp_parse1.f90 (test for excess errors)
WARNING: libgomp.fortran/omp_parse1.f90 compilation failed to produce executable
FAIL: libgomp.fortran/omp_parse2.f90 (test for excess errors)
WARNING: libgomp.fortran/omp_parse2.f90 compilation failed to produce executable
FAIL: libgomp.fortran/omp_parse2.f90 (test for excess errors)
WARNING: libgomp.fortran/omp_parse2.f90 compilation failed to produce executable
FAIL: libgomp.fortran/omp_parse2.f90 (test for excess errors)
WARNING: libgomp.fortran/omp_parse2.f90 compilation failed to produce executable
FAIL: libgomp.fortran/omp_parse2.f90 (test for excess errors)
WARNING: libgomp.fortran/omp_parse2.f90 compilation failed to produce executable
FAIL: libgomp.fortran/omp_parse2.f90 (test for excess errors)
WARNING: libgomp.fortran/omp_parse2.f90 compilation failed to produce executable
FAIL: libgomp.fortran/omp_parse2.f90 (test for excess errors)
WARNING: libgomp.fortran/omp_parse2.f90 compilation failed to produce executable
FAIL: libgomp.fortran/omp_parse2.f90 (test for excess errors)
WARNING: libgomp.fortran/omp_parse2.f90 compilation failed to produce executable
FAIL: libgomp.fortran/omp_parse2.f90 (test for excess errors)
WARNING: libgomp.fortran/omp_parse2.f90 compilation failed to produce executable
FAIL: libgomp.fortran/omp_parse3.f90 (test for excess errors)
WARNING: libgomp.fortran/omp_parse3.f90 compilation failed to produce executable
FAIL: libgomp.fortran/omp_parse3.f90 (test for excess errors)
WARNING: libgomp.fortran/omp_parse3.f90 compilation failed to produce executable
FAIL: libgomp.fortran/omp_parse3.f90 (test for excess errors)
WARNING: libgomp.fortran/omp_parse3.f90 compilation failed to produce executable
FAIL: libgomp.fortran/omp_parse3.f90 (test for excess errors)
WARNING: libgomp.fortran/omp_parse3.f90 compilation failed to produce executable
FAIL: libgomp.fortran/omp_parse3.f90 (test for excess errors)
WARNING: libgomp.fortran/omp_parse3.f90 compilation failed to produce executable
FAIL: libgomp.fortran/omp_parse3.f90 (test for excess errors)
WARNING: libgomp.fortran/omp_parse3.f90 compilation failed to produce executable
FAIL: libgomp.fortran/omp_parse3.f90 (test for excess errors)
WARNING: libgomp.fortran/omp_parse3.f90 compilation failed to produce executable
FAIL: libgomp.fortran/omp_parse3.f90 (test for excess errors)
WARNING: libgomp.fortran/omp_parse3.f90 compilation failed to produce executable
FAIL: libgomp.fortran/omp_parse4.f90 (test for excess errors)
WARNING: libgomp.fortran/omp_parse4.f90 compilation failed to produce executable
FAIL: libgomp.fortran/omp_parse4.f90 (test for excess errors)
WARNING: libgomp.fortran/omp_parse4.f90 compilation failed to produce executable
FAIL: libgomp.fortran/omp_parse4.f90 (test for excess errors)
WARNING: libgomp.fortran/omp_parse4.f90 compilation failed to produce executable
FAIL: libgomp.fortran/omp_parse4.f90 (test for excess errors)
WARNING: libgomp.fortran/omp_parse4.f90 compilation failed to produce executable
FAIL: libgomp.fortran/omp_parse4.f90 (test for excess errors)
WARNING: libgomp.fortran/omp_parse4.f90 compilation failed to produce executable
FAIL: libgomp.fortran/omp_parse4.f90 (test for excess errors)
WARNING: libgomp.fortran/omp_parse4.f90 compilation failed to produce executable
FAIL: libgomp.fortran/omp_parse4.f90 (test for excess errors)
WARNING: libgomp.fortran/omp_parse4.f90 compilation failed to produce executable
FAIL: libgomp.fortran/omp_parse4.f90 (test for excess errors)
WARNING: libgomp.fortran/omp_parse4.f90 compilation failed to produce executable
FAIL: libgomp.fortran/omp_reduction.f (test for excess errors)
WARNING: libgomp.fortran/omp_reduction.f compilation failed to produce executable
FAIL: libgomp.fortran/omp_workshare1.f (test for excess errors)
WARNING: libgomp.fortran/omp_workshare1.f compilation failed to produce executable
FAIL: libgomp.fortran/omp_workshare2.f (test for excess errors)
WARNING: libgomp.fortran/omp_workshare2.f compilation failed to produce executable
FAIL: libgomp.fortran/pr25162.f (test for excess errors)
WARNING: libgomp.fortran/pr25162.f compilation failed to produce executable
FAIL: libgomp.fortran/pr25162.f (test for excess errors)
WARNING: libgomp.fortran/pr25162.f compilation failed to produce executable
FAIL: libgomp.fortran/pr25162.f (test for excess errors)
WARNING: libgomp.fortran/pr25162.f compilation failed to produce executable
FAIL: libgomp.fortran/pr25162.f (test for excess errors)
WARNING: libgomp.fortran/pr25162.f compilation failed to produce executable
FAIL: libgomp.fortran/pr25162.f (test for excess errors)
WARNING: libgomp.fortran/pr25162.f compilation failed to produce executable
FAIL: libgomp.fortran/pr25162.f (test for excess errors)
WARNING: libgomp.fortran/pr25162.f compilation failed to produce executable
FAIL: libgomp.fortran/pr25162.f (test for excess errors)
WARNING: libgomp.fortran/pr25162.f compilation failed to produce executable
FAIL: libgomp.fortran/pr25162.f (test for excess errors)
WARNING: libgomp.fortran/pr25162.f compilation failed to produce executable
FAIL: libgomp.fortran/pr25219.f90 (test for excess errors)
WARNING: libgomp.fortran/pr25219.f90 compilation failed to produce executable
FAIL: libgomp.fortran/pr27395-1.f90 (test for excess errors)
WARNING: libgomp.fortran/pr27395-1.f90 compilation failed to produce executable
FAIL: libgomp.fortran/pr27395-1.f90 (test for excess errors)
WARNING: libgomp.fortran/pr27395-1.f90 compilation failed to produce executable
FAIL: libgomp.fortran/pr27395-1.f90 (test for excess errors)
WARNING: libgomp.fortran/pr27395-1.f90 compilation failed to produce executable
FAIL: libgomp.fortran/pr27395-1.f90 (test for excess errors)
WARNING: libgomp.fortran/pr27395-1.f90 compilation failed to produce executable
FAIL: libgomp.fortran/pr27395-1.f90 (test for excess errors)
WARNING: libgomp.fortran/pr27395-1.f90 compilation failed to produce executable
FAIL: libgomp.fortran/pr27395-1.f90 (test for excess errors)
WARNING: libgomp.fortran/pr27395-1.f90 compilation failed to produce executable
FAIL: libgomp.fortran/pr27395-1.f90 (test for excess errors)
WARNING: libgomp.fortran/pr27395-1.f90 compilation failed to produce executable
FAIL: libgomp.fortran/pr27395-1.f90 (test for excess errors)
WARNING: libgomp.fortran/pr27395-1.f90 compilation failed to produce executable
FAIL: libgomp.fortran/pr27395-2.f90 (test for excess errors)
WARNING: libgomp.fortran/pr27395-2.f90 compilation failed to produce executable
FAIL: libgomp.fortran/pr27395-2.f90 (test for excess errors)
WARNING: libgomp.fortran/pr27395-2.f90 compilation failed to produce executable
FAIL: libgomp.fortran/pr27395-2.f90 (test for excess errors)
WARNING: libgomp.fortran/pr27395-2.f90 compilation failed to produce executable
FAIL: libgomp.fortran/pr27395-2.f90 (test for excess errors)
WARNING: libgomp.fortran/pr27395-2.f90 compilation failed to produce executable
FAIL: libgomp.fortran/pr27395-2.f90 (test for excess errors)
WARNING: libgomp.fortran/pr27395-2.f90 compilation failed to produce executable
FAIL: libgomp.fortran/pr27395-2.f90 (test for excess errors)
WARNING: libgomp.fortran/pr27395-2.f90 compilation failed to produce executable
FAIL: libgomp.fortran/pr27395-2.f90 (test for excess errors)
WARNING: libgomp.fortran/pr27395-2.f90 compilation failed to produce executable
FAIL: libgomp.fortran/pr27395-2.f90 (test for excess errors)
WARNING: libgomp.fortran/pr27395-2.f90 compilation failed to produce executable
FAIL: libgomp.fortran/pr27416-1.f90 (test for excess errors)
WARNING: libgomp.fortran/pr27416-1.f90 compilation failed to produce executable
FAIL: libgomp.fortran/pr27416-1.f90 (test for excess errors)
WARNING: libgomp.fortran/pr27416-1.f90 compilation failed to produce executable
FAIL: libgomp.fortran/pr27416-1.f90 (test for excess errors)
WARNING: libgomp.fortran/pr27416-1.f90 compilation failed to produce executable
FAIL: libgomp.fortran/pr27416-1.f90 (test for excess errors)
WARNING: libgomp.fortran/pr27416-1.f90 compilation failed to produce executable
FAIL: libgomp.fortran/pr27416-1.f90 (test for excess errors)
WARNING: libgomp.fortran/pr27416-1.f90 compilation failed to produce executable
FAIL: libgomp.fortran/pr27416-1.f90 (test for excess errors)
WARNING: libgomp.fortran/pr27416-1.f90 compilation failed to produce executable
FAIL: libgomp.fortran/pr27416-1.f90 (test for excess errors)
WARNING: libgomp.fortran/pr27416-1.f90 compilation failed to produce executable
FAIL: libgomp.fortran/pr27416-1.f90 (test for excess errors)
WARNING: libgomp.fortran/pr27416-1.f90 compilation failed to produce executable
FAIL: libgomp.fortran/pr27916-1.f90 (test for excess errors)
WARNING: libgomp.fortran/pr27916-1.f90 compilation failed to produce executable
FAIL: libgomp.fortran/pr27916-1.f90 (test for excess errors)
WARNING: libgomp.fortran/pr27916-1.f90 compilation failed to produce executable
FAIL: libgomp.fortran/pr27916-1.f90 (test for excess errors)
WARNING: libgomp.fortran/pr27916-1.f90 compilation failed to produce executable
FAIL: libgomp.fortran/pr27916-1.f90 (test for excess errors)
WARNING: libgomp.fortran/pr27916-1.f90 compilation failed to produce executable
FAIL: libgomp.fortran/pr27916-1.f90 (test for excess errors)
WARNING: libgomp.fortran/pr27916-1.f90 compilation failed to produce executable
FAIL: libgomp.fortran/pr27916-1.f90 (test for excess errors)
WARNING: libgomp.fortran/pr27916-1.f90 compilation failed to produce executable
FAIL: libgomp.fortran/pr27916-1.f90 (test for excess errors)
WARNING: libgomp.fortran/pr27916-1.f90 compilation failed to produce executable
FAIL: libgomp.fortran/pr27916-1.f90 (test for excess errors)
WARNING: libgomp.fortran/pr27916-1.f90 compilation failed to produce executable
FAIL: libgomp.fortran/pr27916-2.f90 (test for excess errors)
WARNING: libgomp.fortran/pr27916-2.f90 compilation failed to produce executable
FAIL: libgomp.fortran/pr27916-2.f90 (test for excess errors)
WARNING: libgomp.fortran/pr27916-2.f90 compilation failed to produce executable
FAIL: libgomp.fortran/pr27916-2.f90 (test for excess errors)
WARNING: libgomp.fortran/pr27916-2.f90 compilation failed to produce executable
FAIL: libgomp.fortran/pr27916-2.f90 (test for excess errors)
WARNING: libgomp.fortran/pr27916-2.f90 compilation failed to produce executable
FAIL: libgomp.fortran/pr27916-2.f90 (test for excess errors)
WARNING: libgomp.fortran/pr27916-2.f90 compilation failed to produce executable
FAIL: libgomp.fortran/pr27916-2.f90 (test for excess errors)
WARNING: libgomp.fortran/pr27916-2.f90 compilation failed to produce executable
FAIL: libgomp.fortran/pr27916-2.f90 (test for excess errors)
WARNING: libgomp.fortran/pr27916-2.f90 compilation failed to produce executable
FAIL: libgomp.fortran/pr27916-2.f90 (test for excess errors)
WARNING: libgomp.fortran/pr27916-2.f90 compilation failed to produce executable
FAIL: libgomp.fortran/pr28390.f (test for excess errors)
WARNING: libgomp.fortran/pr28390.f compilation failed to produce executable
FAIL: libgomp.fortran/pr29629.f90 (test for excess errors)
WARNING: libgomp.fortran/pr29629.f90 compilation failed to produce executable
FAIL: libgomp.fortran/pr29629.f90 (test for excess errors)
WARNING: libgomp.fortran/pr29629.f90 compilation failed to produce executable
FAIL: libgomp.fortran/pr29629.f90 (test for excess errors)
WARNING: libgomp.fortran/pr29629.f90 compilation failed to produce executable
FAIL: libgomp.fortran/pr29629.f90 (test for excess errors)
WARNING: libgomp.fortran/pr29629.f90 compilation failed to produce executable
FAIL: libgomp.fortran/pr29629.f90 (test for excess errors)
WARNING: libgomp.fortran/pr29629.f90 compilation failed to produce executable
FAIL: libgomp.fortran/pr29629.f90 (test for excess errors)
WARNING: libgomp.fortran/pr29629.f90 compilation failed to produce executable
FAIL: libgomp.fortran/pr29629.f90 (test for excess errors)
WARNING: libgomp.fortran/pr29629.f90 compilation failed to produce executable
FAIL: libgomp.fortran/pr29629.f90 (test for excess errors)
WARNING: libgomp.fortran/pr29629.f90 compilation failed to produce executable
FAIL: libgomp.fortran/reduction1.f90 (test for excess errors)
WARNING: libgomp.fortran/reduction1.f90 compilation failed to produce executable
FAIL: libgomp.fortran/reduction1.f90 (test for excess errors)
WARNING: libgomp.fortran/reduction1.f90 compilation failed to produce executable
FAIL: libgomp.fortran/reduction1.f90 (test for excess errors)
WARNING: libgomp.fortran/reduction1.f90 compilation failed to produce executable
FAIL: libgomp.fortran/reduction1.f90 (test for excess errors)
WARNING: libgomp.fortran/reduction1.f90 compilation failed to produce executable
FAIL: libgomp.fortran/reduction1.f90 (test for excess errors)
WARNING: libgomp.fortran/reduction1.f90 compilation failed to produce executable
FAIL: libgomp.fortran/reduction1.f90 (test for excess errors)
WARNING: libgomp.fortran/reduction1.f90 compilation failed to produce executable
FAIL: libgomp.fortran/reduction1.f90 (test for excess errors)
WARNING: libgomp.fortran/reduction1.f90 compilation failed to produce executable
FAIL: libgomp.fortran/reduction1.f90 (test for excess errors)
WARNING: libgomp.fortran/reduction1.f90 compilation failed to produce executable
FAIL: libgomp.fortran/reduction2.f90 (test for excess errors)
WARNING: libgomp.fortran/reduction2.f90 compilation failed to produce executable
FAIL: libgomp.fortran/reduction2.f90 (test for excess errors)
WARNING: libgomp.fortran/reduction2.f90 compilation failed to produce executable
FAIL: libgomp.fortran/reduction2.f90 (test for excess errors)
WARNING: libgomp.fortran/reduction2.f90 compilation failed to produce executable
FAIL: libgomp.fortran/reduction2.f90 (test for excess errors)
WARNING: libgomp.fortran/reduction2.f90 compilation failed to produce executable
FAIL: libgomp.fortran/reduction2.f90 (test for excess errors)
WARNING: libgomp.fortran/reduction2.f90 compilation failed to produce executable
FAIL: libgomp.fortran/reduction2.f90 (test for excess errors)
WARNING: libgomp.fortran/reduction2.f90 compilation failed to produce executable
FAIL: libgomp.fortran/reduction2.f90 (test for excess errors)
WARNING: libgomp.fortran/reduction2.f90 compilation failed to produce executable
FAIL: libgomp.fortran/reduction2.f90 (test for excess errors)
WARNING: libgomp.fortran/reduction2.f90 compilation failed to produce executable
FAIL: libgomp.fortran/reduction3.f90 (test for excess errors)
WARNING: libgomp.fortran/reduction3.f90 compilation failed to produce executable
FAIL: libgomp.fortran/reduction3.f90 (test for excess errors)
WARNING: libgomp.fortran/reduction3.f90 compilation failed to produce executable
FAIL: libgomp.fortran/reduction3.f90 (test for excess errors)
WARNING: libgomp.fortran/reduction3.f90 compilation failed to produce executable
FAIL: libgomp.fortran/reduction3.f90 (test for excess errors)
WARNING: libgomp.fortran/reduction3.f90 compilation failed to produce executable
FAIL: libgomp.fortran/reduction3.f90 (test for excess errors)
WARNING: libgomp.fortran/reduction3.f90 compilation failed to produce executable
FAIL: libgomp.fortran/reduction3.f90 (test for excess errors)
WARNING: libgomp.fortran/reduction3.f90 compilation failed to produce executable
FAIL: libgomp.fortran/reduction3.f90 (test for excess errors)
WARNING: libgomp.fortran/reduction3.f90 compilation failed to produce executable
FAIL: libgomp.fortran/reduction3.f90 (test for excess errors)
WARNING: libgomp.fortran/reduction3.f90 compilation failed to produce executable
FAIL: libgomp.fortran/reduction4.f90 (test for excess errors)
WARNING: libgomp.fortran/reduction4.f90 compilation failed to produce executable
FAIL: libgomp.fortran/reduction4.f90 (test for excess errors)
WARNING: libgomp.fortran/reduction4.f90 compilation failed to produce executable
FAIL: libgomp.fortran/reduction4.f90 (test for excess errors)
WARNING: libgomp.fortran/reduction4.f90 compilation failed to produce executable
FAIL: libgomp.fortran/reduction4.f90 (test for excess errors)
WARNING: libgomp.fortran/reduction4.f90 compilation failed to produce executable
FAIL: libgomp.fortran/reduction4.f90 (test for excess errors)
WARNING: libgomp.fortran/reduction4.f90 compilation failed to produce executable
FAIL: libgomp.fortran/reduction4.f90 (test for excess errors)
WARNING: libgomp.fortran/reduction4.f90 compilation failed to produce executable
FAIL: libgomp.fortran/reduction4.f90 (test for excess errors)
WARNING: libgomp.fortran/reduction4.f90 compilation failed to produce executable
FAIL: libgomp.fortran/reduction4.f90 (test for excess errors)
WARNING: libgomp.fortran/reduction4.f90 compilation failed to produce executable
FAIL: libgomp.fortran/reduction5.f90 (test for excess errors)
WARNING: libgomp.fortran/reduction5.f90 compilation failed to produce executable
FAIL: libgomp.fortran/reduction5.f90 (test for excess errors)
WARNING: libgomp.fortran/reduction5.f90 compilation failed to produce executable
FAIL: libgomp.fortran/reduction5.f90 (test for excess errors)
WARNING: libgomp.fortran/reduction5.f90 compilation failed to produce executable
FAIL: libgomp.fortran/reduction5.f90 (test for excess errors)
WARNING: libgomp.fortran/reduction5.f90 compilation failed to produce executable
FAIL: libgomp.fortran/reduction5.f90 (test for excess errors)
WARNING: libgomp.fortran/reduction5.f90 compilation failed to produce executable
FAIL: libgomp.fortran/reduction5.f90 (test for excess errors)
WARNING: libgomp.fortran/reduction5.f90 compilation failed to produce executable
FAIL: libgomp.fortran/reduction5.f90 (test for excess errors)
WARNING: libgomp.fortran/reduction5.f90 compilation failed to produce executable
FAIL: libgomp.fortran/reduction5.f90 (test for excess errors)
WARNING: libgomp.fortran/reduction5.f90 compilation failed to produce executable
FAIL: libgomp.fortran/reduction6.f90 (test for excess errors)
WARNING: libgomp.fortran/reduction6.f90 compilation failed to produce executable
FAIL: libgomp.fortran/reduction6.f90 (test for excess errors)
WARNING: libgomp.fortran/reduction6.f90 compilation failed to produce executable
FAIL: libgomp.fortran/reduction6.f90 (test for excess errors)
WARNING: libgomp.fortran/reduction6.f90 compilation failed to produce executable
FAIL: libgomp.fortran/reduction6.f90 (test for excess errors)
WARNING: libgomp.fortran/reduction6.f90 compilation failed to produce executable
FAIL: libgomp.fortran/reduction6.f90 (test for excess errors)
WARNING: libgomp.fortran/reduction6.f90 compilation failed to produce executable
FAIL: libgomp.fortran/reduction6.f90 (test for excess errors)
WARNING: libgomp.fortran/reduction6.f90 compilation failed to produce executable
FAIL: libgomp.fortran/reduction6.f90 (test for excess errors)
WARNING: libgomp.fortran/reduction6.f90 compilation failed to produce executable
FAIL: libgomp.fortran/reduction6.f90 (test for excess errors)
WARNING: libgomp.fortran/reduction6.f90 compilation failed to produce executable
FAIL: libgomp.fortran/reference1.f90 (test for excess errors)
WARNING: libgomp.fortran/reference1.f90 compilation failed to produce executable
FAIL: libgomp.fortran/reference1.f90 (test for excess errors)
WARNING: libgomp.fortran/reference1.f90 compilation failed to produce executable
FAIL: libgomp.fortran/reference1.f90 (test for excess errors)
WARNING: libgomp.fortran/reference1.f90 compilation failed to produce executable
FAIL: libgomp.fortran/reference1.f90 (test for excess errors)
WARNING: libgomp.fortran/reference1.f90 compilation failed to produce executable
FAIL: libgomp.fortran/reference1.f90 (test for excess errors)
WARNING: libgomp.fortran/reference1.f90 compilation failed to produce executable
FAIL: libgomp.fortran/reference1.f90 (test for excess errors)
WARNING: libgomp.fortran/reference1.f90 compilation failed to produce executable
FAIL: libgomp.fortran/reference1.f90 (test for excess errors)
WARNING: libgomp.fortran/reference1.f90 compilation failed to produce executable
FAIL: libgomp.fortran/reference1.f90 (test for excess errors)
WARNING: libgomp.fortran/reference1.f90 compilation failed to produce executable
FAIL: libgomp.fortran/reference2.f90 (test for excess errors)
WARNING: libgomp.fortran/reference2.f90 compilation failed to produce executable
FAIL: libgomp.fortran/reference2.f90 (test for excess errors)
WARNING: libgomp.fortran/reference2.f90 compilation failed to produce executable
FAIL: libgomp.fortran/reference2.f90 (test for excess errors)
WARNING: libgomp.fortran/reference2.f90 compilation failed to produce executable
FAIL: libgomp.fortran/reference2.f90 (test for excess errors)
WARNING: libgomp.fortran/reference2.f90 compilation failed to produce executable
FAIL: libgomp.fortran/reference2.f90 (test for excess errors)
WARNING: libgomp.fortran/reference2.f90 compilation failed to produce executable
FAIL: libgomp.fortran/reference2.f90 (test for excess errors)
WARNING: libgomp.fortran/reference2.f90 compilation failed to produce executable
FAIL: libgomp.fortran/reference2.f90 (test for excess errors)
WARNING: libgomp.fortran/reference2.f90 compilation failed to produce executable
FAIL: libgomp.fortran/reference2.f90 (test for excess errors)
WARNING: libgomp.fortran/reference2.f90 compilation failed to produce executable
FAIL: libgomp.fortran/retval1.f90 (test for excess errors)
WARNING: libgomp.fortran/retval1.f90 compilation failed to produce executable
FAIL: libgomp.fortran/retval1.f90 (test for excess errors)
WARNING: libgomp.fortran/retval1.f90 compilation failed to produce executable
FAIL: libgomp.fortran/retval1.f90 (test for excess errors)
WARNING: libgomp.fortran/retval1.f90 compilation failed to produce executable
FAIL: libgomp.fortran/retval1.f90 (test for excess errors)
WARNING: libgomp.fortran/retval1.f90 compilation failed to produce executable
FAIL: libgomp.fortran/retval1.f90 (test for excess errors)
WARNING: libgomp.fortran/retval1.f90 compilation failed to produce executable
FAIL: libgomp.fortran/retval1.f90 (test for excess errors)
WARNING: libgomp.fortran/retval1.f90 compilation failed to produce executable
FAIL: libgomp.fortran/retval1.f90 (test for excess errors)
WARNING: libgomp.fortran/retval1.f90 compilation failed to produce executable
FAIL: libgomp.fortran/retval1.f90 (test for excess errors)
WARNING: libgomp.fortran/retval1.f90 compilation failed to produce executable
FAIL: libgomp.fortran/retval2.f90 (test for excess errors)
WARNING: libgomp.fortran/retval2.f90 compilation failed to produce executable
FAIL: libgomp.fortran/retval2.f90 (test for excess errors)
WARNING: libgomp.fortran/retval2.f90 compilation failed to produce executable
FAIL: libgomp.fortran/retval2.f90 (test for excess errors)
WARNING: libgomp.fortran/retval2.f90 compilation failed to produce executable
FAIL: libgomp.fortran/retval2.f90 (test for excess errors)
WARNING: libgomp.fortran/retval2.f90 compilation failed to produce executable
FAIL: libgomp.fortran/retval2.f90 (test for excess errors)
WARNING: libgomp.fortran/retval2.f90 compilation failed to produce executable
FAIL: libgomp.fortran/retval2.f90 (test for excess errors)
WARNING: libgomp.fortran/retval2.f90 compilation failed to produce executable
FAIL: libgomp.fortran/retval2.f90 (test for excess errors)
WARNING: libgomp.fortran/retval2.f90 compilation failed to produce executable
FAIL: libgomp.fortran/retval2.f90 (test for excess errors)
WARNING: libgomp.fortran/retval2.f90 compilation failed to produce executable
FAIL: libgomp.fortran/sharing1.f90 (test for excess errors)
WARNING: libgomp.fortran/sharing1.f90 compilation failed to produce executable
FAIL: libgomp.fortran/sharing1.f90 (test for excess errors)
WARNING: libgomp.fortran/sharing1.f90 compilation failed to produce executable
FAIL: libgomp.fortran/sharing1.f90 (test for excess errors)
WARNING: libgomp.fortran/sharing1.f90 compilation failed to produce executable
FAIL: libgomp.fortran/sharing1.f90 (test for excess errors)
WARNING: libgomp.fortran/sharing1.f90 compilation failed to produce executable
FAIL: libgomp.fortran/sharing1.f90 (test for excess errors)
WARNING: libgomp.fortran/sharing1.f90 compilation failed to produce executable
FAIL: libgomp.fortran/sharing1.f90 (test for excess errors)
WARNING: libgomp.fortran/sharing1.f90 compilation failed to produce executable
FAIL: libgomp.fortran/sharing1.f90 (test for excess errors)
WARNING: libgomp.fortran/sharing1.f90 compilation failed to produce executable
FAIL: libgomp.fortran/sharing1.f90 (test for excess errors)
WARNING: libgomp.fortran/sharing1.f90 compilation failed to produce executable
FAIL: libgomp.fortran/sharing2.f90 (test for excess errors)
WARNING: libgomp.fortran/sharing2.f90 compilation failed to produce executable
FAIL: libgomp.fortran/sharing2.f90 (test for excess errors)
WARNING: libgomp.fortran/sharing2.f90 compilation failed to produce executable
FAIL: libgomp.fortran/sharing2.f90 (test for excess errors)
WARNING: libgomp.fortran/sharing2.f90 compilation failed to produce executable
FAIL: libgomp.fortran/sharing2.f90 (test for excess errors)
WARNING: libgomp.fortran/sharing2.f90 compilation failed to produce executable
FAIL: libgomp.fortran/sharing2.f90 (test for excess errors)
WARNING: libgomp.fortran/sharing2.f90 compilation failed to produce executable
FAIL: libgomp.fortran/sharing2.f90 (test for excess errors)
WARNING: libgomp.fortran/sharing2.f90 compilation failed to produce executable
FAIL: libgomp.fortran/sharing2.f90 (test for excess errors)
WARNING: libgomp.fortran/sharing2.f90 compilation failed to produce executable
FAIL: libgomp.fortran/sharing2.f90 (test for excess errors)
WARNING: libgomp.fortran/sharing2.f90 compilation failed to produce executable
FAIL: libgomp.fortran/threadprivate1.f90 (test for excess errors)
WARNING: libgomp.fortran/threadprivate1.f90 compilation failed to produce executable
FAIL: libgomp.fortran/threadprivate1.f90 (test for excess errors)
WARNING: libgomp.fortran/threadprivate1.f90 compilation failed to produce executable
FAIL: libgomp.fortran/threadprivate1.f90 (test for excess errors)
WARNING: libgomp.fortran/threadprivate1.f90 compilation failed to produce executable
FAIL: libgomp.fortran/threadprivate1.f90 (test for excess errors)
WARNING: libgomp.fortran/threadprivate1.f90 compilation failed to produce executable
FAIL: libgomp.fortran/threadprivate1.f90 (test for excess errors)
WARNING: libgomp.fortran/threadprivate1.f90 compilation failed to produce executable
FAIL: libgomp.fortran/threadprivate1.f90 (test for excess errors)
WARNING: libgomp.fortran/threadprivate1.f90 compilation failed to produce executable
FAIL: libgomp.fortran/threadprivate1.f90 (test for excess errors)
WARNING: libgomp.fortran/threadprivate1.f90 compilation failed to produce executable
FAIL: libgomp.fortran/threadprivate1.f90 (test for excess errors)
WARNING: libgomp.fortran/threadprivate1.f90 compilation failed to produce executable
FAIL: libgomp.fortran/threadprivate2.f90 (test for excess errors)
WARNING: libgomp.fortran/threadprivate2.f90 compilation failed to produce executable
FAIL: libgomp.fortran/threadprivate2.f90 (test for excess errors)
WARNING: libgomp.fortran/threadprivate2.f90 compilation failed to produce executable
FAIL: libgomp.fortran/threadprivate2.f90 (test for excess errors)
WARNING: libgomp.fortran/threadprivate2.f90 compilation failed to produce executable
FAIL: libgomp.fortran/threadprivate2.f90 (test for excess errors)
WARNING: libgomp.fortran/threadprivate2.f90 compilation failed to produce executable
FAIL: libgomp.fortran/threadprivate2.f90 (test for excess errors)
WARNING: libgomp.fortran/threadprivate2.f90 compilation failed to produce executable
FAIL: libgomp.fortran/threadprivate2.f90 (test for excess errors)
WARNING: libgomp.fortran/threadprivate2.f90 compilation failed to produce executable
FAIL: libgomp.fortran/threadprivate2.f90 (test for excess errors)
WARNING: libgomp.fortran/threadprivate2.f90 compilation failed to produce executable
FAIL: libgomp.fortran/threadprivate2.f90 (test for excess errors)
WARNING: libgomp.fortran/threadprivate2.f90 compilation failed to produce executable
FAIL: libgomp.fortran/threadprivate3.f90 (test for excess errors)
WARNING: libgomp.fortran/threadprivate3.f90 compilation failed to produce executable
FAIL: libgomp.fortran/threadprivate3.f90 (test for excess errors)
WARNING: libgomp.fortran/threadprivate3.f90 compilation failed to produce executable
FAIL: libgomp.fortran/threadprivate3.f90 (test for excess errors)
WARNING: libgomp.fortran/threadprivate3.f90 compilation failed to produce executable
FAIL: libgomp.fortran/threadprivate3.f90 (test for excess errors)
WARNING: libgomp.fortran/threadprivate3.f90 compilation failed to produce executable
FAIL: libgomp.fortran/threadprivate3.f90 (test for excess errors)
WARNING: libgomp.fortran/threadprivate3.f90 compilation failed to produce executable
FAIL: libgomp.fortran/threadprivate3.f90 (test for excess errors)
WARNING: libgomp.fortran/threadprivate3.f90 compilation failed to produce executable
FAIL: libgomp.fortran/threadprivate3.f90 (test for excess errors)
WARNING: libgomp.fortran/threadprivate3.f90 compilation failed to produce executable
FAIL: libgomp.fortran/threadprivate3.f90 (test for excess errors)
WARNING: libgomp.fortran/threadprivate3.f90 compilation failed to produce executable
FAIL: libgomp.fortran/vla1.f90 (test for excess errors)
WARNING: libgomp.fortran/vla1.f90 compilation failed to produce executable
FAIL: libgomp.fortran/vla1.f90 (test for excess errors)
WARNING: libgomp.fortran/vla1.f90 compilation failed to produce executable
FAIL: libgomp.fortran/vla1.f90 (test for excess errors)
WARNING: libgomp.fortran/vla1.f90 compilation failed to produce executable
FAIL: libgomp.fortran/vla1.f90 (test for excess errors)
WARNING: libgomp.fortran/vla1.f90 compilation failed to produce executable
FAIL: libgomp.fortran/vla1.f90 (test for excess errors)
WARNING: libgomp.fortran/vla1.f90 compilation failed to produce executable
FAIL: libgomp.fortran/vla1.f90 (test for excess errors)
WARNING: libgomp.fortran/vla1.f90 compilation failed to produce executable
FAIL: libgomp.fortran/vla1.f90 (test for excess errors)
WARNING: libgomp.fortran/vla1.f90 compilation failed to produce executable
FAIL: libgomp.fortran/vla1.f90 (test for excess errors)
WARNING: libgomp.fortran/vla1.f90 compilation failed to produce executable
FAIL: libgomp.fortran/vla2.f90 (test for excess errors)
WARNING: libgomp.fortran/vla2.f90 compilation failed to produce executable
FAIL: libgomp.fortran/vla2.f90 (test for excess errors)
WARNING: libgomp.fortran/vla2.f90 compilation failed to produce executable
FAIL: libgomp.fortran/vla2.f90 (test for excess errors)
WARNING: libgomp.fortran/vla2.f90 compilation failed to produce executable
FAIL: libgomp.fortran/vla2.f90 (test for excess errors)
WARNING: libgomp.fortran/vla2.f90 compilation failed to produce executable
FAIL: libgomp.fortran/vla2.f90 (test for excess errors)
WARNING: libgomp.fortran/vla2.f90 compilation failed to produce executable
FAIL: libgomp.fortran/vla2.f90 (test for excess errors)
WARNING: libgomp.fortran/vla2.f90 compilation failed to produce executable
FAIL: libgomp.fortran/vla2.f90 (test for excess errors)
WARNING: libgomp.fortran/vla2.f90 compilation failed to produce executable
FAIL: libgomp.fortran/vla2.f90 (test for excess errors)
WARNING: libgomp.fortran/vla2.f90 compilation failed to produce executable
FAIL: libgomp.fortran/vla3.f90 (test for excess errors)
WARNING: libgomp.fortran/vla3.f90 compilation failed to produce executable
FAIL: libgomp.fortran/vla3.f90 (test for excess errors)
WARNING: libgomp.fortran/vla3.f90 compilation failed to produce executable
FAIL: libgomp.fortran/vla3.f90 (test for excess errors)
WARNING: libgomp.fortran/vla3.f90 compilation failed to produce executable
FAIL: libgomp.fortran/vla3.f90 (test for excess errors)
WARNING: libgomp.fortran/vla3.f90 compilation failed to produce executable
FAIL: libgomp.fortran/vla3.f90 (test for excess errors)
WARNING: libgomp.fortran/vla3.f90 compilation failed to produce executable
FAIL: libgomp.fortran/vla3.f90 (test for excess errors)
WARNING: libgomp.fortran/vla3.f90 compilation failed to produce executable
FAIL: libgomp.fortran/vla3.f90 (test for excess errors)
WARNING: libgomp.fortran/vla3.f90 compilation failed to produce executable
FAIL: libgomp.fortran/vla3.f90 (test for excess errors)
WARNING: libgomp.fortran/vla3.f90 compilation failed to produce executable
FAIL: libgomp.fortran/vla4.f90 (test for excess errors)
WARNING: libgomp.fortran/vla4.f90 compilation failed to produce executable
FAIL: libgomp.fortran/vla4.f90 (test for excess errors)
WARNING: libgomp.fortran/vla4.f90 compilation failed to produce executable
FAIL: libgomp.fortran/vla4.f90 (test for excess errors)
WARNING: libgomp.fortran/vla4.f90 compilation failed to produce executable
FAIL: libgomp.fortran/vla4.f90 (test for excess errors)
WARNING: libgomp.fortran/vla4.f90 compilation failed to produce executable
FAIL: libgomp.fortran/vla4.f90 (test for excess errors)
WARNING: libgomp.fortran/vla4.f90 compilation failed to produce executable
FAIL: libgomp.fortran/vla4.f90 (test for excess errors)
WARNING: libgomp.fortran/vla4.f90 compilation failed to produce executable
FAIL: libgomp.fortran/vla4.f90 (test for excess errors)
WARNING: libgomp.fortran/vla4.f90 compilation failed to produce executable
FAIL: libgomp.fortran/vla4.f90 (test for excess errors)
WARNING: libgomp.fortran/vla4.f90 compilation failed to produce executable
FAIL: libgomp.fortran/vla5.f90 (test for excess errors)
WARNING: libgomp.fortran/vla5.f90 compilation failed to produce executable
FAIL: libgomp.fortran/vla5.f90 (test for excess errors)
WARNING: libgomp.fortran/vla5.f90 compilation failed to produce executable
FAIL: libgomp.fortran/vla5.f90 (test for excess errors)
WARNING: libgomp.fortran/vla5.f90 compilation failed to produce executable
FAIL: libgomp.fortran/vla5.f90 (test for excess errors)
WARNING: libgomp.fortran/vla5.f90 compilation failed to produce executable
FAIL: libgomp.fortran/vla5.f90 (test for excess errors)
WARNING: libgomp.fortran/vla5.f90 compilation failed to produce executable
FAIL: libgomp.fortran/vla5.f90 (test for excess errors)
WARNING: libgomp.fortran/vla5.f90 compilation failed to produce executable
FAIL: libgomp.fortran/vla5.f90 (test for excess errors)
WARNING: libgomp.fortran/vla5.f90 compilation failed to produce executable
FAIL: libgomp.fortran/vla5.f90 (test for excess errors)
WARNING: libgomp.fortran/vla5.f90 compilation failed to produce executable
FAIL: libgomp.fortran/vla6.f90 (test for excess errors)
WARNING: libgomp.fortran/vla6.f90 compilation failed to produce executable
FAIL: libgomp.fortran/vla6.f90 (test for excess errors)
WARNING: libgomp.fortran/vla6.f90 compilation failed to produce executable
FAIL: libgomp.fortran/vla6.f90 (test for excess errors)
WARNING: libgomp.fortran/vla6.f90 compilation failed to produce executable
FAIL: libgomp.fortran/vla6.f90 (test for excess errors)
WARNING: libgomp.fortran/vla6.f90 compilation failed to produce executable
FAIL: libgomp.fortran/vla6.f90 (test for excess errors)
WARNING: libgomp.fortran/vla6.f90 compilation failed to produce executable
FAIL: libgomp.fortran/vla6.f90 (test for excess errors)
WARNING: libgomp.fortran/vla6.f90 compilation failed to produce executable
FAIL: libgomp.fortran/vla6.f90 (test for excess errors)
WARNING: libgomp.fortran/vla6.f90 compilation failed to produce executable
FAIL: libgomp.fortran/vla6.f90 (test for excess errors)
WARNING: libgomp.fortran/vla6.f90 compilation failed to produce executable
FAIL: libgomp.fortran/vla7.f90 (test for excess errors)
WARNING: libgomp.fortran/vla7.f90 compilation failed to produce executable
FAIL: libgomp.fortran/vla7.f90 (test for excess errors)
WARNING: libgomp.fortran/vla7.f90 compilation failed to produce executable
FAIL: libgomp.fortran/vla7.f90 (test for excess errors)
WARNING: libgomp.fortran/vla7.f90 compilation failed to produce executable
FAIL: libgomp.fortran/vla7.f90 (test for excess errors)
WARNING: libgomp.fortran/vla7.f90 compilation failed to produce executable
FAIL: libgomp.fortran/vla7.f90 (test for excess errors)
WARNING: libgomp.fortran/vla7.f90 compilation failed to produce executable
FAIL: libgomp.fortran/vla7.f90 (test for excess errors)
WARNING: libgomp.fortran/vla7.f90 compilation failed to produce executable
FAIL: libgomp.fortran/vla7.f90 (test for excess errors)
WARNING: libgomp.fortran/vla7.f90 compilation failed to produce executable
FAIL: libgomp.fortran/vla7.f90 (test for excess errors)
WARNING: libgomp.fortran/vla7.f90 compilation failed to produce executable
FAIL: libgomp.fortran/workshare1.f90 (test for excess errors)
WARNING: libgomp.fortran/workshare1.f90 compilation failed to produce executable
=== libgomp Summary for unix/-m64 ===
# of unexpected failures 789
=== libgomp Summary ===
# of expected passes 1566
# of unexpected failures 789
=== libstdc++ tests ===
Running target unix
=== libstdc++ Summary for unix ===
# of expected passes 1557
# of expected failures 8
# of unsupported tests 34
Running target unix/-m64
XPASS: 27_io/fpos/14320-1.cc execution test
=== libstdc++ Summary for unix/-m64 ===
# of expected passes 1557
# of unexpected successes 1
# of expected failures 7
# of unsupported tests 34
=== libstdc++ Summary ===
# of expected passes 3114
# of unexpected successes 1
# of expected failures 15
# of unsupported tests 68
Compiler version: 4.2.1 20070611 (prerelease)
Platform: i386-pc-solaris2.10
configure flags: --prefix=/vol/gcc --with-local-prefix=/vol/gcc --disable-nls --with-gnu-as --with-as=/usr/sfw/bin/gas --with-gmp=/vol/gcc --with-mpfr=/vol/gcc --enable-languages=c,ada,c++,fortran,objc
BOOT_CFLAGS=-g -O2