This is the mail archive of the
gcc-testresults@gcc.gnu.org
mailing list for the GCC project.
Results for 4.3.0 20070611 (experimental) testsuite on i686-pc-linux-gnu
- From: Weidong Cui <mason dot cui at gmail dot com>
- To: gcc-testresults at gcc dot gnu dot org
- Date: Mon, 11 Jun 2007 10:01:32 -0700 (PDT)
- Subject: Results for 4.3.0 20070611 (experimental) testsuite on i686-pc-linux-gnu
LAST_UPDATED: Mon Jun 11 12:33:53 UTC 2007 (revision 125617)
Native configuration is i686-pc-linux-gnu
=== gcc tests ===
Running target unix
FAIL: gcc.c-torture/execute/mayalias-2.c compilation, -O3 -g (internal compiler error)
UNRESOLVED: gcc.c-torture/execute/mayalias-2.c execution, -O3 -g
FAIL: gcc.c-torture/execute/mayalias-3.c compilation, -O3 -g (internal compiler error)
UNRESOLVED: gcc.c-torture/execute/mayalias-3.c execution, -O3 -g
FAIL: gcc.dg/torture/builtin-pow-mpfr-1.c -O0 scan-tree-dump pow
FAIL: gcc.dg/torture/builtin-pow-mpfr-1.c -O1 scan-tree-dump pow
FAIL: gcc.dg/torture/builtin-pow-mpfr-1.c -O2 scan-tree-dump pow
FAIL: gcc.dg/torture/builtin-pow-mpfr-1.c -O3 -fomit-frame-pointer scan-tree-dump pow
FAIL: gcc.dg/torture/builtin-pow-mpfr-1.c -O3 -g scan-tree-dump pow
FAIL: gcc.dg/torture/builtin-pow-mpfr-1.c -Os scan-tree-dump pow
XPASS: gcc.dg/tree-ssa/update-threading.c scan-tree-dump-times Invalid sum 0
XPASS: gcc.dg/vect/vect-iv-4.c scan-tree-dump-times vectorized 1 loops 1
FAIL: gcc.target/i386/pr21291.c (test for excess errors)
=== gcc Summary ===
# of expected passes 45739
# of unexpected failures 9
# of unexpected successes 2
# of expected failures 135
# of unresolved testcases 2
# of untested testcases 35
# of unsupported tests 388
/home/cuiwd/gcc4/b2/gcc/xgcc version 4.3.0 20070611 (experimental)
=== gfortran tests ===
Running target unix
FAIL: gfortran.dg/specification_type_resolution_1.f90 -O (internal compiler error)
FAIL: gfortran.dg/specification_type_resolution_1.f90 -O (test for excess errors)
=== gfortran Summary ===
# of expected passes 18263
# of unexpected failures 2
# of expected failures 8
# of unsupported tests 16
/home/cuiwd/gcc4/b2/gcc/testsuite/gfortran/../../gfortran version 4.3.0 20070611 (experimental)
=== g++ tests ===
Running target unix
XPASS: g++.dg/tree-ssa/ivopts-1.C scan-tree-dump-not offset: -4B
XPASS: g++.dg/tree-ssa/ivopts-1.C scan-tree-dump-not &x\\[5\\]
=== g++ Summary ===
# of expected passes 16158
# of unexpected successes 2
# of expected failures 86
# of unsupported tests 81
/home/cuiwd/gcc4/b2/gcc/testsuite/g++/../../g++ version 4.3.0 20070611 (experimental)
=== objc tests ===
Running target unix
=== objc Summary ===
# of expected passes 1812
# of expected failures 7
# of unsupported tests 24
/home/cuiwd/gcc4/b2/gcc/xgcc version 4.3.0 20070611 (experimental)
=== libffi tests ===
Running target unix
=== libffi Summary ===
# of expected passes 1096
# of unsupported tests 8
=== libgomp tests ===
Running target unix
=== libgomp Summary ===
# of expected passes 1566
=== libjava tests ===
Running target unix
=== libjava Summary ===
# of expected passes 2538
=== libmudflap tests ===
Running target unix
FAIL: libmudflap.c++/pass41-frag.cxx execution test
FAIL: libmudflap.c++/pass41-frag.cxx (-static) execution test
FAIL: libmudflap.c++/pass41-frag.cxx ( -O) execution test
FAIL: libmudflap.c++/pass41-frag.cxx (-O2) execution test
FAIL: libmudflap.c++/pass41-frag.cxx (-O3) execution test
=== libmudflap Summary ===
# of expected passes 1821
# of unexpected failures 5
=== libstdc++ tests ===
Running target unix
FAIL: 22_locale/messages/members/char/1.cc execution test
FAIL: 22_locale/messages/members/char/2.cc execution test
FAIL: 22_locale/messages/members/char/wrapped_env.cc execution test
FAIL: 22_locale/messages/members/char/wrapped_locale.cc execution test
FAIL: 22_locale/messages_byname/named_equivalence.cc execution test
FAIL: 22_locale/time_get/get_date/wchar_t/4.cc execution test
XPASS: 26_numerics/headers/cmath/c99_classification_macros_c.cc (test for excess errors)
=== libstdc++ Summary ===
# of expected passes 5071
# of unexpected failures 6
# of unexpected successes 1
# of expected failures 42
Compiler version: 4.3.0 20070611 (experimental)
Platform: i686-pc-linux-gnu
configure flags: --prefix=/home/cuiwd/gcc4/ins --with-gnu-as --with-as=/mnt/beier/home/cuiwd/binutils-217/bin/as --with-gnu-ld --with-ld=/mnt/beier/home/cuiwd/binutils-217/bin/ld --with-mpfr=/mnt/beier/home/cuiwd/mpfr221 --with-gmp=/mnt/beier/usr/local --enable-clocale=gnu --enable-threads=posix --enable-_cxa_atexit