This is the mail archive of the
gcc-testresults@gcc.gnu.org
mailing list for the GCC project.
Results for 4.3.0 20070606 (experimental) testsuite on i686-pc-linux-gnu
- From: Rob1weld at aol dot com
- To: gcc-testresults at gcc dot gnu dot org
- Date: Thu, 7 Jun 2007 20:17:01 EDT
- Subject: Results for 4.3.0 20070606 (experimental) testsuite on i686-pc-linux-gnu
LAST_UPDATED: Wed Jun 6 23:10:34 UTC 2007 (revision 125509M)
Notes: Modified to compile using -ffloat-store -mfpmath=sse -march=athlon-xp
These tests do have more passes and fewer fails than other tests I have ran
previously but that may be partly attributable to there being
more tests. My "mod" didn't break anything but don't wonder why some result
below are not exactly the same as your own results.
I did this to fix:_http://gcc.gnu.org/bugzilla/show_bug.cgi?id=32180_
(http://gcc.gnu.org/bugzilla/show_bug.cgi?id=32180) - see there for more info.
=== acats tests ===
FAIL: cd92001
FAIL: cxh1001
=== acats Summary ===
# of expected passes 2313
# of unexpected failures 2
Native configuration is i686-pc-linux-gnu
=== g++ tests ===
Running target unix
WARNING: Could not compile g++.dg/compat/struct-layout-1 generator
XPASS: g++.dg/tree-ssa/ivopts-1.C scan-tree-dump-not offset: -4B
XPASS: g++.dg/tree-ssa/ivopts-1.C scan-tree-dump-not &x\\[5\\]
=== g++ Summary ===
# of expected passes 16002
# of unexpected successes 2
# of expected failures 86
# of unsupported tests 81
/opt/gcc-4_3-build-2/gcc/testsuite/g++/../../g++ version 4.3.0 20070606
(experimental)
=== gcc tests ===
Running target unix
FAIL: gcc.c-torture/execute/20050316-2.c execution, -O0
FAIL: gcc.c-torture/execute/20050316-2.c execution, -O1
FAIL: gcc.c-torture/execute/20050316-2.c execution, -O2
FAIL: gcc.c-torture/execute/20050604-1.c execution, -O3
-fomit-frame-pointer -funroll-loops
FAIL: gcc.c-torture/execute/20050604-1.c execution, -O3
-fomit-frame-pointer -funroll-all-loops -finline-functions
FAIL: gcc.c-torture/execute/mayalias-2.c compilation, -O3 -g (internal
compiler error)
UNRESOLVED: gcc.c-torture/execute/mayalias-2.c execution, -O3 -g
FAIL: gcc.c-torture/execute/mayalias-3.c compilation, -O3 -g (internal
compiler error)
UNRESOLVED: gcc.c-torture/execute/mayalias-3.c execution, -O3 -g
FAIL: gcc.dg/compat/vector-2 c_compat_x_tst.o-c_compat_y_tst.o execute
WARNING: Could not compile gcc.dg/compat/struct-layout-1 generator
FAIL: gcc.dg/builtin-apply4.c execution test
UNTESTED: gcc.dg/pch/counter-2.c -O0 -g assembly comparison
UNTESTED: gcc.dg/pch/counter-2.c -O0 assembly comparison
UNTESTED: gcc.dg/pch/counter-2.c -O1 assembly comparison
UNTESTED: gcc.dg/pch/counter-2.c -O2 assembly comparison
UNTESTED: gcc.dg/pch/counter-2.c -O3 -fomit-frame-pointer assembly
comparison
UNTESTED: gcc.dg/pch/counter-2.c -O3 -g assembly comparison
UNTESTED: gcc.dg/pch/counter-2.c -Os assembly comparison
UNTESTED: gcc.dg/pch/valid-1.c -O0 -g assembly comparison
UNTESTED: gcc.dg/pch/valid-1.c -O0 assembly comparison
UNTESTED: gcc.dg/pch/valid-1.c -O1 assembly comparison
UNTESTED: gcc.dg/pch/valid-1.c -O2 assembly comparison
UNTESTED: gcc.dg/pch/valid-1.c -O3 -fomit-frame-pointer assembly
comparison
UNTESTED: gcc.dg/pch/valid-1.c -O3 -g assembly comparison
UNTESTED: gcc.dg/pch/valid-1.c -Os assembly comparison
UNTESTED: gcc.dg/pch/valid-2.c -O0 -g assembly comparison
UNTESTED: gcc.dg/pch/valid-2.c -O0 assembly comparison
UNTESTED: gcc.dg/pch/valid-2.c -O1 assembly comparison
UNTESTED: gcc.dg/pch/valid-2.c -O2 assembly comparison
UNTESTED: gcc.dg/pch/valid-2.c -O3 -fomit-frame-pointer assembly comparison
UNTESTED: gcc.dg/pch/valid-2.c -O3 -g assembly comparison
UNTESTED: gcc.dg/pch/valid-2.c -Os assembly comparison
UNTESTED: gcc.dg/pch/valid-3.c -O0 -g assembly comparison
UNTESTED: gcc.dg/pch/valid-3.c -O0 assembly comparison
UNTESTED: gcc.dg/pch/valid-3.c -O1 assembly comparison
UNTESTED: gcc.dg/pch/valid-3.c -O2 assembly comparison
UNTESTED: gcc.dg/pch/valid-3.c -O3 -fomit-frame-pointer assembly
comparison
UNTESTED: gcc.dg/pch/valid-3.c -O3 -g assembly comparison
UNTESTED: gcc.dg/pch/valid-3.c -Os assembly comparison
UNTESTED: gcc.dg/pch/warn-1.c -O0 -g assembly comparison
UNTESTED: gcc.dg/pch/warn-1.c -O0 assembly comparison
UNTESTED: gcc.dg/pch/warn-1.c -O1 assembly comparison
UNTESTED: gcc.dg/pch/warn-1.c -O2 assembly comparison
UNTESTED: gcc.dg/pch/warn-1.c -O3 -fomit-frame-pointer assembly comparison
UNTESTED: gcc.dg/pch/warn-1.c -O3 -g assembly comparison
UNTESTED: gcc.dg/pch/warn-1.c -Os assembly comparison
FAIL: gcc.dg/torture/builtin-pow-mpfr-1.c -O0 scan-tree-dump pow
FAIL: gcc.dg/torture/builtin-pow-mpfr-1.c -O1 scan-tree-dump pow
FAIL: gcc.dg/torture/builtin-pow-mpfr-1.c -O2 scan-tree-dump pow
FAIL: gcc.dg/torture/builtin-pow-mpfr-1.c -O3 -fomit-frame-pointer
scan-tree-dump pow
FAIL: gcc.dg/torture/builtin-pow-mpfr-1.c -O3 -g scan-tree-dump pow
FAIL: gcc.dg/torture/builtin-pow-mpfr-1.c -Os scan-tree-dump pow
FAIL: gcc.dg/tree-ssa/gen-vect-11.c scan-tree-dump-times vectorized 1 loops 1
FAIL: gcc.dg/tree-ssa/gen-vect-11a.c scan-tree-dump-times vectorized 1 loops
1
XPASS: gcc.dg/tree-ssa/update-threading.c scan-tree-dump-times Invalid sum 0
XPASS: gcc.dg/vect/vect-iv-4.c scan-tree-dump-times vectorized 1 loops 1
FAIL: gcc.target/i386/pr21291.c (test for excess errors)
=== gcc Summary ===
# of expected passes 45701
# of unexpected failures 18
# of unexpected successes 2
# of expected failures 135
# of unresolved testcases 2
# of untested testcases 35
# of unsupported tests 309
/opt/gcc-4_3-build-2/gcc/xgcc version 4.3.0 20070606 (experimental)
=== gfortran tests ===
Running target unix
FAIL: gfortran.dg/open_errors.f90 -O0 execution test
FAIL: gfortran.dg/open_errors.f90 -O1 execution test
FAIL: gfortran.dg/open_errors.f90 -O2 execution test
FAIL: gfortran.dg/open_errors.f90 -O3 -fomit-frame-pointer execution test
FAIL: gfortran.dg/open_errors.f90 -O3 -fomit-frame-pointer -funroll-loops
execution test
FAIL: gfortran.dg/open_errors.f90 -O3 -fomit-frame-pointer
-funroll-all-loops -finline-functions execution test
FAIL: gfortran.dg/open_errors.f90 -O3 -g execution test
FAIL: gfortran.dg/open_errors.f90 -Os execution test
=== gfortran Summary ===
# of expected passes 18239
# of unexpected failures 8
# of expected failures 8
# of unsupported tests 16
/opt/gcc-4_3-build-2/gcc/testsuite/gfortran/../../gfortran version 4.3.0
20070606 (experimental)
=== gnat tests ===
Running target unix
FAIL: gnat.dg/address_conversion.adb execution test
=== gnat Summary ===
# of expected passes 188
# of unexpected failures 1
=== obj-c++ tests ===
Running target unix
FAIL: obj-c++.dg/bitfield-1.mm (internal compiler error)
FAIL: obj-c++.dg/bitfield-1.mm (test for excess errors)
UNRESOLVED: obj-c++.dg/bitfield-1.mm compilation failed to produce executable
FAIL: obj-c++.dg/comp-types-10.mm (internal compiler error)
FAIL: obj-c++.dg/comp-types-10.mm (test for excess errors)
FAIL: obj-c++.dg/cxx-class-1.mm (test for excess errors)
FAIL: obj-c++.dg/cxx-ivars-2.mm execution test
FAIL: obj-c++.dg/encode-2.mm scan-assembler {Vec<float>=ffi}
FAIL: obj-c++.dg/encode-2.mm scan-assembler {Vec<double>=ddi}
FAIL: obj-c++.dg/encode-3.mm execution test
FAIL: obj-c++.dg/encode-8.mm execution test
FAIL: obj-c++.dg/gnu-runtime-2.mm (test for excess errors)
FAIL: obj-c++.dg/isa-field-1.mm (test for excess errors)
FAIL: obj-c++.dg/lookup-2.mm (test for excess errors)
UNRESOLVED: obj-c++.dg/lookup-2.mm compilation failed to produce executable
FAIL: obj-c++.dg/try-catch-2.mm (test for excess errors)
UNRESOLVED: obj-c++.dg/try-catch-2.mm compilation failed to produce
executable
FAIL: obj-c++.dg/try-catch-9.mm (internal compiler error)
FAIL: obj-c++.dg/try-catch-9.mm (test for excess errors)
UNRESOLVED: obj-c++.dg/try-catch-9.mm compilation failed to produce
executable
=== obj-c++ Summary ===
# of expected passes 421
# of unexpected failures 16
# of unresolved testcases 4
# of unsupported tests 13
/opt/gcc-4_3-build-2/gcc/testsuite/obj-c++/../../g++ version 4.3.0 20070606
(experimental)
=== objc tests ===
Running target unix
WARNING: Could not compile objc.dg/gnu-encoding/struct-layout-encoding-1
generator
=== objc Summary ===
# of expected passes 1757
# of unsupported tests 24
/opt/gcc-4_3-build-2/gcc/xgcc version 4.3.0 20070606 (experimental)
=== libffi tests ===
Running target unix
=== libffi Summary ===
# of expected passes 1096
# of unsupported tests 8
=== libgomp tests ===
Running target unix
=== libgomp Summary ===
# of expected passes 1566
=== libjava tests ===
Running target unix
=== libjava Summary ===
# of expected passes 2538
=== libmudflap tests ===
Running target unix
FAIL: libmudflap.c++/pass41-frag.cxx execution test
FAIL: libmudflap.c++/pass41-frag.cxx (-static) execution test
FAIL: libmudflap.c++/pass41-frag.cxx ( -O) execution test
FAIL: libmudflap.c++/pass41-frag.cxx (-O2) execution test
FAIL: libmudflap.c++/pass41-frag.cxx (-O3) execution test
=== libmudflap Summary ===
# of expected passes 1821
# of unexpected failures 5
=== libstdc++ tests ===
Running target unix
FAIL: abi_check
FAIL: 23_containers/deque/requirements/explicit_instantiation/3.cc (test for
excess errors)
FAIL: 23_containers/list/requirements/explicit_instantiation/3.cc (test for
excess errors)
FAIL: 23_containers/map/requirements/explicit_instantiation/3.cc (test for
excess errors)
FAIL: 23_containers/multimap/requirements/explicit_instantiation/3.cc (test
for excess errors)
FAIL: 23_containers/multiset/requirements/explicit_instantiation/3.cc (test
for excess errors)
FAIL: 23_containers/set/requirements/explicit_instantiation/3.cc (test for
excess errors)
FAIL: 23_containers/vector/requirements/explicit_instantiation/3.cc (test
for excess errors)
XPASS: 26_numerics/headers/cmath/c99_classification_macros_c.cc (test for
excess errors)
=== libstdc++ Summary ===
# of expected passes 4437
# of unexpected failures 8
# of unexpected successes 1
# of expected failures 42
# of unsupported tests 316
Compiler version: 4.3.0 20070606 (experimental)
Platform: i686-pc-linux-gnu
configure flags: --verbose
--enable-languages=c,ada,c++,fortran,java,objc,obj-c++ --prefix=/usr --enable-objc-gc --enable-concept-checks
--disable-multilib --with-gxx-include-dir=/usr/include/c++/4.3 --enable-libstdcxx-debug
--enable-static --enable-shared --enable-initfini-array --enable-__cxa_atexit
--enable-threads=posix --enable-version-specific-runtime-libs --enable-libssp
--enable-libmudflap --enable-libgomp --disable-werror --enable-nls
--with-included-gettext --enable-decimal-float --enable-debug --enable-java-gc=boehm
--with-x --x-includes=/usr/X11R6/include --x-libraries=/usr/X11R6/lib
--enable-java-awt=gtk,xlib --enable-gtk-cairo --enable-qt-peer --enable-xmlj
--enable-gconf-peer --enable-tool-wrappers --enable-portable-native-sync
--enable-examples --with-stabs --enable-hash-synchronization --enable-gc-debug
--enable-interpreter --with-system-zlib --enable-libada --with-tls --with-tune=athlon-xp
--with-cpu=athlon-xp --with-arch=athlon-xp
--enable-stage1-checking=assert,fold,gc,misc,rtl,rtlflag,runtime,tree