This is the mail archive of the
gcc-testresults@gcc.gnu.org
mailing list for the GCC project.
Results for 4.3.0 20070604 (experimental) testsuite on s390x-ibm-linux-gnu
- From: Andreas Krebbel <Andreas dot Krebbel at de dot ibm dot com>
- To: gcc-testresults at gcc dot gnu dot org
- Date: Mon, 4 Jun 2007 21:46:48 +0200
- Subject: Results for 4.3.0 20070604 (experimental) testsuite on s390x-ibm-linux-gnu
LAST_UPDATED: Mon Jun 4 11:57:08 UTC 2007 (revision 125310M)
=== acats tests ===
FAIL: cxh1001
=== acats Summary ===
# of expected passes 2314
# of unexpected failures 1
Native configuration is s390x-ibm-linux-gnu
=== g++ tests ===
Running target unix
=== g++ Summary ===
# of expected passes 16037
# of expected failures 86
# of unsupported tests 123
/31bit/build/BUILD/gcc/obj-s390x-redhat-linux/gcc/testsuite/g++/../../g++ version 4.3.0 20070604 (experimental)
=== gcc tests ===
Running target unix
WARNING: program timed out.
FAIL: gcc.c-torture/compile/limits-fndefn.c -O2 (test for excess errors)
FAIL: gcc.c-torture/execute/mayalias-2.c compilation, -O3 -g (internal compiler error)
UNRESOLVED: gcc.c-torture/execute/mayalias-2.c execution, -O3 -g
FAIL: gcc.c-torture/execute/mayalias-3.c compilation, -O3 -g (internal compiler error)
UNRESOLVED: gcc.c-torture/execute/mayalias-3.c execution, -O3 -g
XPASS: gcc.dg/cpp/cmdlne-dI-M.c scan-file (^|\\\\n)cmdlne-dI-M.*:[^\\\\n]*cmdlne-dI-M.c
XPASS: gcc.dg/cpp/cmdlne-dM-M.c scan-file (^|\\\\n)cmdlne-dM-M[^\\\\n]*:[^\\\\n]*cmdlne-dM-M.c
FAIL: gcc.dg/matrix/matrix-6.c (test for excess errors)
FAIL: gcc.dg/matrix/transpose-1.c execution, -fprofile-use -fipa-matrix-reorg -fdump-ipa-matrix-reorg -O3 -fwhole-program -combine
FAIL: gcc.dg/torture/builtin-pow-mpfr-1.c -O0 scan-tree-dump pow
FAIL: gcc.dg/torture/builtin-pow-mpfr-1.c -O1 scan-tree-dump pow
FAIL: gcc.dg/torture/builtin-pow-mpfr-1.c -O2 scan-tree-dump pow
FAIL: gcc.dg/torture/builtin-pow-mpfr-1.c -O3 -fomit-frame-pointer scan-tree-dump pow
FAIL: gcc.dg/torture/builtin-pow-mpfr-1.c -O3 -g scan-tree-dump pow
FAIL: gcc.dg/torture/builtin-pow-mpfr-1.c -Os scan-tree-dump pow
XPASS: gcc.dg/tree-ssa/20040204-1.c scan-tree-dump-times link_error 0
XPASS: gcc.dg/tree-ssa/sra-2.c scan-tree-dump-times link_error 0
XPASS: gcc.dg/tree-ssa/update-threading.c scan-tree-dump-times Invalid sum 0
=== gcc Summary ===
# of expected passes 43163
# of unexpected failures 11
# of unexpected successes 5
# of expected failures 88
# of unresolved testcases 2
# of untested testcases 35
# of unsupported tests 381
/31bit/build/BUILD/gcc/obj-s390x-redhat-linux/gcc/xgcc version 4.3.0 20070604 (experimental)
=== gfortran tests ===
Running target unix
FAIL: gfortran.dg/actual_array_constructor_1.f90 -O0 (internal compiler error)
FAIL: gfortran.dg/actual_array_constructor_1.f90 -O0 (test for excess errors)
WARNING: gfortran.dg/actual_array_constructor_1.f90 -O0 compilation failed to produce executable
FAIL: gfortran.dg/actual_array_constructor_1.f90 -O1 (internal compiler error)
FAIL: gfortran.dg/actual_array_constructor_1.f90 -O1 (test for excess errors)
WARNING: gfortran.dg/actual_array_constructor_1.f90 -O1 compilation failed to produce executable
FAIL: gfortran.dg/actual_array_constructor_1.f90 -O2 (internal compiler error)
FAIL: gfortran.dg/actual_array_constructor_1.f90 -O2 (test for excess errors)
WARNING: gfortran.dg/actual_array_constructor_1.f90 -O2 compilation failed to produce executable
FAIL: gfortran.dg/actual_array_constructor_1.f90 -O3 -fomit-frame-pointer (internal compiler error)
FAIL: gfortran.dg/actual_array_constructor_1.f90 -O3 -fomit-frame-pointer (test for excess errors)
WARNING: gfortran.dg/actual_array_constructor_1.f90 -O3 -fomit-frame-pointer compilation failed to produce executable
FAIL: gfortran.dg/actual_array_constructor_1.f90 -O3 -fomit-frame-pointer -funroll-loops (internal compiler error)
FAIL: gfortran.dg/actual_array_constructor_1.f90 -O3 -fomit-frame-pointer -funroll-loops (test for excess errors)
WARNING: gfortran.dg/actual_array_constructor_1.f90 -O3 -fomit-frame-pointer -funroll-loops compilation failed to produce executable
FAIL: gfortran.dg/actual_array_constructor_1.f90 -O3 -fomit-frame-pointer -funroll-all-loops -finline-functions (internal compiler error)
FAIL: gfortran.dg/actual_array_constructor_1.f90 -O3 -fomit-frame-pointer -funroll-all-loops -finline-functions (test for excess errors)
WARNING: gfortran.dg/actual_array_constructor_1.f90 -O3 -fomit-frame-pointer -funroll-all-loops -finline-functions compilation failed to produce executable
FAIL: gfortran.dg/actual_array_constructor_1.f90 -O3 -g (internal compiler error)
FAIL: gfortran.dg/actual_array_constructor_1.f90 -O3 -g (test for excess errors)
WARNING: gfortran.dg/actual_array_constructor_1.f90 -O3 -g compilation failed to produce executable
FAIL: gfortran.dg/actual_array_constructor_1.f90 -Os (internal compiler error)
FAIL: gfortran.dg/actual_array_constructor_1.f90 -Os (test for excess errors)
WARNING: gfortran.dg/actual_array_constructor_1.f90 -Os compilation failed to produce executable
FAIL: gfortran.dg/char_initialiser_actual.f90 -O0 (internal compiler error)
FAIL: gfortran.dg/char_initialiser_actual.f90 -O0 (test for excess errors)
WARNING: gfortran.dg/char_initialiser_actual.f90 -O0 compilation failed to produce executable
FAIL: gfortran.dg/char_initialiser_actual.f90 -O1 (internal compiler error)
FAIL: gfortran.dg/char_initialiser_actual.f90 -O1 (test for excess errors)
WARNING: gfortran.dg/char_initialiser_actual.f90 -O1 compilation failed to produce executable
FAIL: gfortran.dg/char_initialiser_actual.f90 -O2 (internal compiler error)
FAIL: gfortran.dg/char_initialiser_actual.f90 -O2 (test for excess errors)
WARNING: gfortran.dg/char_initialiser_actual.f90 -O2 compilation failed to produce executable
FAIL: gfortran.dg/char_initialiser_actual.f90 -O3 -fomit-frame-pointer (internal compiler error)
FAIL: gfortran.dg/char_initialiser_actual.f90 -O3 -fomit-frame-pointer (test for excess errors)
WARNING: gfortran.dg/char_initialiser_actual.f90 -O3 -fomit-frame-pointer compilation failed to produce executable
FAIL: gfortran.dg/char_initialiser_actual.f90 -O3 -fomit-frame-pointer -funroll-loops (internal compiler error)
FAIL: gfortran.dg/char_initialiser_actual.f90 -O3 -fomit-frame-pointer -funroll-loops (test for excess errors)
WARNING: gfortran.dg/char_initialiser_actual.f90 -O3 -fomit-frame-pointer -funroll-loops compilation failed to produce executable
FAIL: gfortran.dg/char_initialiser_actual.f90 -O3 -fomit-frame-pointer -funroll-all-loops -finline-functions (internal compiler error)
FAIL: gfortran.dg/char_initialiser_actual.f90 -O3 -fomit-frame-pointer -funroll-all-loops -finline-functions (test for excess errors)
WARNING: gfortran.dg/char_initialiser_actual.f90 -O3 -fomit-frame-pointer -funroll-all-loops -finline-functions compilation failed to produce executable
FAIL: gfortran.dg/char_initialiser_actual.f90 -O3 -g (internal compiler error)
FAIL: gfortran.dg/char_initialiser_actual.f90 -O3 -g (test for excess errors)
WARNING: gfortran.dg/char_initialiser_actual.f90 -O3 -g compilation failed to produce executable
FAIL: gfortran.dg/char_initialiser_actual.f90 -Os (internal compiler error)
FAIL: gfortran.dg/char_initialiser_actual.f90 -Os (test for excess errors)
WARNING: gfortran.dg/char_initialiser_actual.f90 -Os compilation failed to produce executable
=== gfortran Summary ===
# of expected passes 18176
# of unexpected failures 32
# of expected failures 7
# of unsupported tests 20
/31bit/build/BUILD/gcc/obj-s390x-redhat-linux/gcc/testsuite/gfortran/../../gfortran version 4.3.0 20070604 (experimental)
=== gnat tests ===
Running target unix
FAIL: gnat.dg/address_conversion.adb execution test
FAIL: gnat.dg/frame_overflow.adb (test for errors, line 12)
FAIL: gnat.dg/frame_overflow.adb (test for errors, line 21)
=== gnat Summary ===
# of expected passes 166
# of unexpected failures 3
=== objc tests ===
Running target unix
=== objc Summary ===
# of expected passes 1812
# of expected failures 7
# of unsupported tests 24
/31bit/build/BUILD/gcc/obj-s390x-redhat-linux/gcc/xgcc version 4.3.0 20070604 (experimental)
=== libffi tests ===
Running target unix
=== libffi Summary ===
# of expected passes 1096
# of unsupported tests 8
=== libgomp tests ===
Running target unix
=== libgomp Summary ===
# of expected passes 1566
=== libjava tests ===
Running target unix
FAIL: events output
=== libjava Summary ===
# of expected passes 2537
# of unexpected failures 1
=== libmudflap tests ===
Running target unix
FAIL: libmudflap.c++/pass41-frag.cxx execution test
FAIL: libmudflap.c++/pass41-frag.cxx (-static) execution test
FAIL: libmudflap.c++/pass41-frag.cxx ( -O) execution test
FAIL: libmudflap.c++/pass41-frag.cxx (-O2) execution test
FAIL: libmudflap.c++/pass41-frag.cxx (-O3) execution test
=== libmudflap Summary ===
# of expected passes 1821
# of unexpected failures 5
=== libstdc++ tests ===
Running target unix
FAIL: abi_check
XPASS: 26_numerics/headers/cmath/c99_classification_macros_c.cc (test for excess errors)
XPASS: 27_io/fpos/14320-1.cc execution test
FAIL: 27_io/ios_base/storage/2.cc execution test
=== libstdc++ Summary ===
# of expected passes 4443
# of unexpected failures 2
# of unexpected successes 2
# of expected failures 41
# of unsupported tests 316
Compiler version: 4.3.0 20070604 (experimental)
Platform: s390x-ibm-linux-gnu
configure flags: --prefix=/usr --mandir=/usr/share/man --infodir=/usr/share/info --enable-shared --enable-threads=posix --enable-checking --with-system-zlib --enable-__cxa_atexit --with-long-double-128 --enable-languages=c,c++,objc,java,fortran,ada --host=s390x-redhat-linux