This is the mail archive of the
gcc-testresults@gcc.gnu.org
mailing list for the GCC project.
Results for 4.3.0 20070603 (experimental) testsuite on i386-pc-linux-gnu
- From: fxcoudert at localhost dot localdomain
- To: gcc-testresults at gcc dot gnu dot org
- Date: Sun, 3 Jun 2007 07:21:12 +0200 (CEST)
- Subject: Results for 4.3.0 20070603 (experimental) testsuite on i386-pc-linux-gnu
LAST_UPDATED: Sun Jun 3 02:00:42 UTC 2007 (revision 125291S)
Native configuration is i386-pc-linux-gnu
=== gcc tests ===
Running target unix
FAIL: gcc.c-torture/execute/mayalias-2.c compilation, -O3 -g (internal compiler error)
UNRESOLVED: gcc.c-torture/execute/mayalias-2.c execution, -O3 -g
FAIL: gcc.c-torture/execute/mayalias-3.c compilation, -O3 -g (internal compiler error)
UNRESOLVED: gcc.c-torture/execute/mayalias-3.c execution, -O3 -g
XPASS: gcc.dg/tree-ssa/20040204-1.c scan-tree-dump-times link_error 0
XPASS: gcc.dg/tree-ssa/update-threading.c scan-tree-dump-times Invalid sum 0
XPASS: gcc.dg/vect/vect-iv-4.c scan-tree-dump-times vectorized 1 loops 1
FAIL: gcc.target/i386/pr21291.c (test for excess errors)
=== gcc Summary ===
# of expected passes 45647
# of unexpected failures 3
# of unexpected successes 3
# of expected failures 134
# of unresolved testcases 2
# of untested testcases 35
# of unsupported tests 403
/home/fxcoudert/gfortran_nightbuild/ibin-20070603/gcc/xgcc version 4.3.0 20070603 (experimental)
=== gfortran tests ===
Running target unix
FAIL: gfortran.dg/allocate_stat_1.f90 -O0 execution test
FAIL: gfortran.dg/allocate_stat_1.f90 -O1 execution test
FAIL: gfortran.dg/allocate_stat_1.f90 -O2 execution test
FAIL: gfortran.dg/allocate_stat_1.f90 -O3 -fomit-frame-pointer execution test
FAIL: gfortran.dg/allocate_stat_1.f90 -O3 -fomit-frame-pointer -funroll-loops execution test
FAIL: gfortran.dg/allocate_stat_1.f90 -O3 -fomit-frame-pointer -funroll-all-loops -finline-functions execution test
FAIL: gfortran.dg/allocate_stat_1.f90 -O3 -g execution test
FAIL: gfortran.dg/allocate_stat_1.f90 -Os execution test
FAIL: gfortran.dg/csqrt_2.f -O0 execution test
FAIL: gfortran.dg/csqrt_2.f -O1 execution test
FAIL: gfortran.dg/csqrt_2.f -O2 execution test
FAIL: gfortran.dg/csqrt_2.f -O3 -fomit-frame-pointer execution test
FAIL: gfortran.dg/csqrt_2.f -O3 -fomit-frame-pointer -funroll-loops execution test
FAIL: gfortran.dg/csqrt_2.f -O3 -fomit-frame-pointer -funroll-all-loops -finline-functions execution test
FAIL: gfortran.dg/csqrt_2.f -O3 -g execution test
FAIL: gfortran.dg/csqrt_2.f -Os execution test
=== gfortran Summary ===
# of expected passes 18220
# of unexpected failures 16
# of expected failures 8
# of unsupported tests 24
/home/fxcoudert/gfortran_nightbuild/ibin-20070603/gcc/testsuite/gfortran/../../gfortran version 4.3.0 20070603 (experimental)
Compiler version: 4.3.0 20070603 (experimental)
Platform: i386-pc-linux-gnu
configure flags: --prefix=/home/fxcoudert/gfortran_nightbuild/irun-20070603 --enable-languages=c,fortran --build=i386-pc-linux-gnu --enable-checking=release --with-gmp=/home/fxcoudert/gfortran_nightbuild/software