This is the mail archive of the
gcc-testresults@gcc.gnu.org
mailing list for the GCC project.
Results for 4.2.1 20070603 (prerelease) testsuite on i386-pc-linux-gnu
- From: fxcoudert at localhost dot localdomain
- To: gcc-testresults at gcc dot gnu dot org
- Date: Sun, 3 Jun 2007 07:20:04 +0200 (CEST)
- Subject: Results for 4.2.1 20070603 (prerelease) testsuite on i386-pc-linux-gnu
LAST_UPDATED:
Native configuration is i386-pc-linux-gnu
=== gcc tests ===
Running target unix
UNRESOLVED: gcc.c-torture/execute/mayalias-2.c execution, -O3 -g
XPASS: gcc.dg/tree-ssa/20040204-1.c scan-tree-dump-times link_error 0
FAIL: gcc.target/i386/sse-18.c execution test
FAIL: gcc.target/i386/sse2-vec-5.c (test for excess errors)
WARNING: gcc.target/i386/sse2-vec-5.c compilation failed to produce executable
=== gcc Summary ===
# of expected passes 42091
# of unexpected failures 2
# of unexpected successes 1
# of expected failures 115
# of unresolved testcases 1
# of untested testcases 28
# of unsupported tests 292
/home/fxcoudert/gfortran_nightbuild/ibin-20070603/gcc/xgcc version 4.2.1 20070603 (prerelease)
=== gfortran tests ===
Running target unix
=== gfortran Summary ===
# of expected passes 16161
# of expected failures 15
# of unsupported tests 24
/home/fxcoudert/gfortran_nightbuild/ibin-20070603/gcc/testsuite/gfortran/../../gfortran version 4.2.1 20070603 (prerelease)
Compiler version: 4.2.1 20070603 (prerelease)
Platform: i386-pc-linux-gnu
configure flags: --prefix=/home/fxcoudert/gfortran_nightbuild/irun-20070603 --enable-languages=c,fortran --host=i386-pc-linux-gnu --enable-checking=release --with-gmp=/home/fxcoudert/gfortran_nightbuild/software,;t t