This is the mail archive of the
gcc-testresults@gcc.gnu.org
mailing list for the GCC project.
Results for 4.3.0 20070602 (experimental) testsuite on i686-pc-linux-gnu
- From: Joe Buck <Joe dot Buck at synopsys dot com>
- To: gcc-testresults at gcc dot gnu dot org
- Date: Sat, 2 Jun 2007 07:27:57 -0700
- Subject: Results for 4.3.0 20070602 (experimental) testsuite on i686-pc-linux-gnu
This is a Red Hat Enterprise (GNU/)Linux WS release 3 system
(yes, horribly old) running on a dual 2.2 GHz Intel Xeon system.
boot compiler: gcc 3.4.2
kernel: 2.4.21-32.EL (from Red Hat)
glibc: 2.3.2-95.33 (from Red Hat)
binutils: 2.17 (FSF release)
MPFR: 2.2.1
Only C, C++, ObjC, and Fortran are tested (no Java).
LAST_UPDATED: Sat Jun 2 07:35:13 UTC 2007 (revision 125277)
Native configuration is i686-pc-linux-gnu
=== g++ tests ===
Running target unix
UNRESOLVED: g++.dg/compat/abi/bitfield1 cp_compat_x_tst.o-cp_compat_y_tst.o link
UNRESOLVED: g++.dg/compat/abi/bitfield1 cp_compat_x_tst.o-cp_compat_y_tst.o execute
UNRESOLVED: g++.dg/compat/abi/bitfield2 cp_compat_x_tst.o-cp_compat_y_tst.o link
UNRESOLVED: g++.dg/compat/abi/bitfield2 cp_compat_x_tst.o-cp_compat_y_tst.o execute
UNRESOLVED: g++.dg/compat/abi/vbase8-10 cp_compat_x_tst.o-cp_compat_y_tst.o link
UNRESOLVED: g++.dg/compat/abi/vbase8-10 cp_compat_x_tst.o-cp_compat_y_tst.o execute
UNRESOLVED: g++.dg/compat/abi/vbase8-21 cp_compat_x_tst.o-cp_compat_y_tst.o link
UNRESOLVED: g++.dg/compat/abi/vbase8-21 cp_compat_x_tst.o-cp_compat_y_tst.o execute
UNRESOLVED: g++.dg/compat/abi/vbase8-22 cp_compat_x_tst.o-cp_compat_y_tst.o link
UNRESOLVED: g++.dg/compat/abi/vbase8-22 cp_compat_x_tst.o-cp_compat_y_tst.o execute
UNRESOLVED: g++.dg/compat/abi/vbase8-4 cp_compat_x_tst.o-cp_compat_y_tst.o link
UNRESOLVED: g++.dg/compat/abi/vbase8-4 cp_compat_x_tst.o-cp_compat_y_tst.o execute
UNRESOLVED: g++.dg/compat/break/bitfield5 cp_compat_x_tst.o-cp_compat_y_tst.o link
UNRESOLVED: g++.dg/compat/break/bitfield5 cp_compat_x_tst.o-cp_compat_y_tst.o execute
UNRESOLVED: g++.dg/compat/break/bitfield7 cp_compat_x_tst.o-cp_compat_y_tst.o link
UNRESOLVED: g++.dg/compat/break/bitfield7 cp_compat_x_tst.o-cp_compat_y_tst.o execute
UNRESOLVED: g++.dg/compat/break/empty6 cp_compat_x_tst.o-cp_compat_y_tst.o link
UNRESOLVED: g++.dg/compat/break/empty6 cp_compat_x_tst.o-cp_compat_y_tst.o execute
UNRESOLVED: g++.dg/compat/break/vbase10 cp_compat_x_tst.o-cp_compat_y_tst.o link
UNRESOLVED: g++.dg/compat/break/vbase10 cp_compat_x_tst.o-cp_compat_y_tst.o execute
UNRESOLVED: g++.dg/compat/break/vbase11 cp_compat_x_tst.o-cp_compat_y_tst.o link
UNRESOLVED: g++.dg/compat/break/vbase11 cp_compat_x_tst.o-cp_compat_y_tst.o execute
UNRESOLVED: g++.dg/compat/eh/ctor1 cp_compat_x_tst.o-cp_compat_y_tst.o link
UNRESOLVED: g++.dg/compat/eh/ctor1 cp_compat_x_tst.o-cp_compat_y_tst.o execute
UNRESOLVED: g++.dg/compat/eh/ctor2 cp_compat_x_tst.o-cp_compat_y_tst.o link
UNRESOLVED: g++.dg/compat/eh/ctor2 cp_compat_x_tst.o-cp_compat_y_tst.o execute
UNRESOLVED: g++.dg/compat/eh/dtor1 cp_compat_x_tst.o-cp_compat_y_tst.o link
UNRESOLVED: g++.dg/compat/eh/dtor1 cp_compat_x_tst.o-cp_compat_y_tst.o execute
UNRESOLVED: g++.dg/compat/eh/filter1 cp_compat_x_tst.o-cp_compat_y_tst.o link
UNRESOLVED: g++.dg/compat/eh/filter1 cp_compat_x_tst.o-cp_compat_y_tst.o execute
UNRESOLVED: g++.dg/compat/eh/filter2 cp_compat_x_tst.o-cp_compat_y_tst.o link
UNRESOLVED: g++.dg/compat/eh/filter2 cp_compat_x_tst.o-cp_compat_y_tst.o execute
UNRESOLVED: g++.dg/compat/eh/new1 cp_compat_x_tst.o-cp_compat_y_tst.o link
UNRESOLVED: g++.dg/compat/eh/new1 cp_compat_x_tst.o-cp_compat_y_tst.o execute
UNRESOLVED: g++.dg/compat/eh/nrv1 cp_compat_x_tst.o-cp_compat_y_tst.o link
UNRESOLVED: g++.dg/compat/eh/nrv1 cp_compat_x_tst.o-cp_compat_y_tst.o execute
UNRESOLVED: g++.dg/compat/eh/spec3 cp_compat_x_tst.o-cp_compat_y_tst.o link
UNRESOLVED: g++.dg/compat/eh/spec3 cp_compat_x_tst.o-cp_compat_y_tst.o execute
UNRESOLVED: g++.dg/compat/eh/template1 cp_compat_x_tst.o-cp_compat_y_tst.o link
UNRESOLVED: g++.dg/compat/eh/template1 cp_compat_x_tst.o-cp_compat_y_tst.o execute
UNRESOLVED: g++.dg/compat/eh/unexpected1 cp_compat_x_tst.o-cp_compat_y_tst.o link
UNRESOLVED: g++.dg/compat/eh/unexpected1 cp_compat_x_tst.o-cp_compat_y_tst.o execute
UNRESOLVED: g++.dg/compat/init/array5 cp_compat_x_tst.o-cp_compat_y_tst.o link
UNRESOLVED: g++.dg/compat/init/array5 cp_compat_x_tst.o-cp_compat_y_tst.o execute
UNRESOLVED: g++.dg/compat/init/byval1 cp_compat_x_tst.o-cp_compat_y_tst.o link
UNRESOLVED: g++.dg/compat/init/byval1 cp_compat_x_tst.o-cp_compat_y_tst.o execute
UNRESOLVED: g++.dg/compat/init/dtor1 cp_compat_x_tst.o-cp_compat_y_tst.o link
UNRESOLVED: g++.dg/compat/init/dtor1 cp_compat_x_tst.o-cp_compat_y_tst.o execute
UNRESOLVED: g++.dg/compat/init/elide1 cp_compat_x_tst.o-cp_compat_y_tst.o link
UNRESOLVED: g++.dg/compat/init/elide1 cp_compat_x_tst.o-cp_compat_y_tst.o execute
UNRESOLVED: g++.dg/compat/init/init-ref2 cp_compat_x_tst.o-cp_compat_y_tst.o link
UNRESOLVED: g++.dg/compat/init/init-ref2 cp_compat_x_tst.o-cp_compat_y_tst.o execute
UNRESOLVED: tmpdir-g++.dg-struct-layout-1/t001 cp_compat_x_tst.o-cp_compat_y_tst.o link
UNRESOLVED: tmpdir-g++.dg-struct-layout-1/t001 cp_compat_x_tst.o-cp_compat_y_tst.o execute
UNRESOLVED: tmpdir-g++.dg-struct-layout-1/t002 cp_compat_x_tst.o-cp_compat_y_tst.o link
UNRESOLVED: tmpdir-g++.dg-struct-layout-1/t002 cp_compat_x_tst.o-cp_compat_y_tst.o execute
UNRESOLVED: tmpdir-g++.dg-struct-layout-1/t003 cp_compat_x_tst.o-cp_compat_y_tst.o link
UNRESOLVED: tmpdir-g++.dg-struct-layout-1/t003 cp_compat_x_tst.o-cp_compat_y_tst.o execute
UNRESOLVED: tmpdir-g++.dg-struct-layout-1/t004 cp_compat_x_tst.o-cp_compat_y_tst.o link
UNRESOLVED: tmpdir-g++.dg-struct-layout-1/t004 cp_compat_x_tst.o-cp_compat_y_tst.o execute
UNRESOLVED: tmpdir-g++.dg-struct-layout-1/t005 cp_compat_x_tst.o-cp_compat_y_tst.o link
UNRESOLVED: tmpdir-g++.dg-struct-layout-1/t005 cp_compat_x_tst.o-cp_compat_y_tst.o execute
UNRESOLVED: tmpdir-g++.dg-struct-layout-1/t006 cp_compat_x_tst.o-cp_compat_y_tst.o link
UNRESOLVED: tmpdir-g++.dg-struct-layout-1/t006 cp_compat_x_tst.o-cp_compat_y_tst.o execute
UNRESOLVED: tmpdir-g++.dg-struct-layout-1/t007 cp_compat_x_tst.o-cp_compat_y_tst.o link
UNRESOLVED: tmpdir-g++.dg-struct-layout-1/t007 cp_compat_x_tst.o-cp_compat_y_tst.o execute
UNRESOLVED: tmpdir-g++.dg-struct-layout-1/t008 cp_compat_x_tst.o-cp_compat_y_tst.o link
UNRESOLVED: tmpdir-g++.dg-struct-layout-1/t008 cp_compat_x_tst.o-cp_compat_y_tst.o execute
UNRESOLVED: tmpdir-g++.dg-struct-layout-1/t009 cp_compat_x_tst.o-cp_compat_y_tst.o link
UNRESOLVED: tmpdir-g++.dg-struct-layout-1/t009 cp_compat_x_tst.o-cp_compat_y_tst.o execute
UNRESOLVED: tmpdir-g++.dg-struct-layout-1/t010 cp_compat_x_tst.o-cp_compat_y_tst.o link
UNRESOLVED: tmpdir-g++.dg-struct-layout-1/t010 cp_compat_x_tst.o-cp_compat_y_tst.o execute
UNRESOLVED: tmpdir-g++.dg-struct-layout-1/t011 cp_compat_x_tst.o-cp_compat_y_tst.o link
UNRESOLVED: tmpdir-g++.dg-struct-layout-1/t011 cp_compat_x_tst.o-cp_compat_y_tst.o execute
UNRESOLVED: tmpdir-g++.dg-struct-layout-1/t012 cp_compat_x_tst.o-cp_compat_y_tst.o link
UNRESOLVED: tmpdir-g++.dg-struct-layout-1/t012 cp_compat_x_tst.o-cp_compat_y_tst.o execute
UNRESOLVED: tmpdir-g++.dg-struct-layout-1/t013 cp_compat_x_tst.o-cp_compat_y_tst.o link
UNRESOLVED: tmpdir-g++.dg-struct-layout-1/t013 cp_compat_x_tst.o-cp_compat_y_tst.o execute
UNRESOLVED: tmpdir-g++.dg-struct-layout-1/t014 cp_compat_x_tst.o-cp_compat_y_tst.o link
UNRESOLVED: tmpdir-g++.dg-struct-layout-1/t014 cp_compat_x_tst.o-cp_compat_y_tst.o execute
UNRESOLVED: tmpdir-g++.dg-struct-layout-1/t015 cp_compat_x_tst.o-cp_compat_y_tst.o link
UNRESOLVED: tmpdir-g++.dg-struct-layout-1/t015 cp_compat_x_tst.o-cp_compat_y_tst.o execute
UNRESOLVED: tmpdir-g++.dg-struct-layout-1/t016 cp_compat_x_tst.o-cp_compat_y_tst.o link
UNRESOLVED: tmpdir-g++.dg-struct-layout-1/t016 cp_compat_x_tst.o-cp_compat_y_tst.o execute
UNRESOLVED: tmpdir-g++.dg-struct-layout-1/t017 cp_compat_x_tst.o-cp_compat_y_tst.o link
UNRESOLVED: tmpdir-g++.dg-struct-layout-1/t017 cp_compat_x_tst.o-cp_compat_y_tst.o execute
UNRESOLVED: tmpdir-g++.dg-struct-layout-1/t018 cp_compat_x_tst.o-cp_compat_y_tst.o link
UNRESOLVED: tmpdir-g++.dg-struct-layout-1/t018 cp_compat_x_tst.o-cp_compat_y_tst.o execute
UNRESOLVED: tmpdir-g++.dg-struct-layout-1/t019 cp_compat_x_tst.o-cp_compat_y_tst.o link
UNRESOLVED: tmpdir-g++.dg-struct-layout-1/t019 cp_compat_x_tst.o-cp_compat_y_tst.o execute
UNRESOLVED: tmpdir-g++.dg-struct-layout-1/t020 cp_compat_x_tst.o-cp_compat_y_tst.o link
UNRESOLVED: tmpdir-g++.dg-struct-layout-1/t020 cp_compat_x_tst.o-cp_compat_y_tst.o execute
UNRESOLVED: tmpdir-g++.dg-struct-layout-1/t021 cp_compat_x_tst.o-cp_compat_y_tst.o link
UNRESOLVED: tmpdir-g++.dg-struct-layout-1/t021 cp_compat_x_tst.o-cp_compat_y_tst.o execute
UNRESOLVED: tmpdir-g++.dg-struct-layout-1/t022 cp_compat_x_tst.o-cp_compat_y_tst.o link
UNRESOLVED: tmpdir-g++.dg-struct-layout-1/t022 cp_compat_x_tst.o-cp_compat_y_tst.o execute
UNRESOLVED: tmpdir-g++.dg-struct-layout-1/t023 cp_compat_x_tst.o-cp_compat_y_tst.o link
UNRESOLVED: tmpdir-g++.dg-struct-layout-1/t023 cp_compat_x_tst.o-cp_compat_y_tst.o execute
UNRESOLVED: tmpdir-g++.dg-struct-layout-1/t024 cp_compat_x_tst.o-cp_compat_y_tst.o link
UNRESOLVED: tmpdir-g++.dg-struct-layout-1/t024 cp_compat_x_tst.o-cp_compat_y_tst.o execute
UNRESOLVED: tmpdir-g++.dg-struct-layout-1/t025 cp_compat_x_tst.o-cp_compat_y_tst.o link
UNRESOLVED: tmpdir-g++.dg-struct-layout-1/t025 cp_compat_x_tst.o-cp_compat_y_tst.o execute
UNRESOLVED: tmpdir-g++.dg-struct-layout-1/t026 cp_compat_x_tst.o-cp_compat_y_tst.o link
UNRESOLVED: tmpdir-g++.dg-struct-layout-1/t026 cp_compat_x_tst.o-cp_compat_y_tst.o execute
UNRESOLVED: tmpdir-g++.dg-struct-layout-1/t027 cp_compat_x_tst.o-cp_compat_y_tst.o link
UNRESOLVED: tmpdir-g++.dg-struct-layout-1/t027 cp_compat_x_tst.o-cp_compat_y_tst.o execute
UNRESOLVED: tmpdir-g++.dg-struct-layout-1/t028 cp_compat_x_tst.o-cp_compat_y_tst.o link
UNRESOLVED: tmpdir-g++.dg-struct-layout-1/t028 cp_compat_x_tst.o-cp_compat_y_tst.o execute
UNRESOLVED: tmpdir-g++.dg-struct-layout-1/t029 cp_compat_x_tst.o-cp_compat_y_tst.o link
UNRESOLVED: tmpdir-g++.dg-struct-layout-1/t029 cp_compat_x_tst.o-cp_compat_y_tst.o execute
UNRESOLVED: tmpdir-g++.dg-struct-layout-1/t030 cp_compat_x_tst.o-cp_compat_y_tst.o link
UNRESOLVED: tmpdir-g++.dg-struct-layout-1/t030 cp_compat_x_tst.o-cp_compat_y_tst.o execute
XPASS: g++.dg/tree-ssa/ivopts-1.C scan-tree-dump-not offset: -4B
XPASS: g++.dg/tree-ssa/ivopts-1.C scan-tree-dump-not &x\\[5\\]
=== g++ Summary ===
# of expected passes 15948
# of unexpected successes 2
# of expected failures 86
# of unresolved testcases 112
# of untested testcases 60
# of unsupported tests 81
/var/tmp/gccbuild/trunk/gcc/testsuite/g++/../../g++ version 4.3.0 20070602 (experimental)
=== gcc tests ===
Running target unix
FAIL: gcc.c-torture/execute/mayalias-2.c compilation, -O3 -g (internal compiler error)
UNRESOLVED: gcc.c-torture/execute/mayalias-2.c execution, -O3 -g
FAIL: gcc.c-torture/execute/mayalias-3.c compilation, -O3 -g (internal compiler error)
UNRESOLVED: gcc.c-torture/execute/mayalias-3.c execution, -O3 -g
UNRESOLVED: gcc.dg/compat/fnptr-by-value-1 c_compat_x_tst.o-c_compat_y_tst.o link
UNRESOLVED: gcc.dg/compat/fnptr-by-value-1 c_compat_x_tst.o-c_compat_y_tst.o execute
UNRESOLVED: gcc.dg/compat/scalar-by-value-1 c_compat_x_tst.o-c_compat_y_tst.o link
UNRESOLVED: gcc.dg/compat/scalar-by-value-1 c_compat_x_tst.o-c_compat_y_tst.o execute
UNRESOLVED: gcc.dg/compat/scalar-by-value-2 c_compat_x_tst.o-c_compat_y_tst.o link
UNRESOLVED: gcc.dg/compat/scalar-by-value-2 c_compat_x_tst.o-c_compat_y_tst.o execute
UNRESOLVED: gcc.dg/compat/scalar-by-value-3 c_compat_x_tst.o-c_compat_y_tst.o link
UNRESOLVED: gcc.dg/compat/scalar-by-value-3 c_compat_x_tst.o-c_compat_y_tst.o execute
UNRESOLVED: gcc.dg/compat/scalar-by-value-4 c_compat_x_tst.o-c_compat_y_tst.o link
UNRESOLVED: gcc.dg/compat/scalar-by-value-4 c_compat_x_tst.o-c_compat_y_tst.o execute
UNRESOLVED: gcc.dg/compat/scalar-by-value-5 c_compat_x_tst.o-c_compat_y_tst.o link
UNRESOLVED: gcc.dg/compat/scalar-by-value-5 c_compat_x_tst.o-c_compat_y_tst.o execute
UNRESOLVED: gcc.dg/compat/scalar-by-value-6 c_compat_x_tst.o-c_compat_y_tst.o link
UNRESOLVED: gcc.dg/compat/scalar-by-value-6 c_compat_x_tst.o-c_compat_y_tst.o execute
UNRESOLVED: gcc.dg/compat/scalar-by-value-dfp c_compat_x_tst.o-c_compat_y_tst.o link
UNRESOLVED: gcc.dg/compat/scalar-by-value-dfp c_compat_x_tst.o-c_compat_y_tst.o execute
UNRESOLVED: gcc.dg/compat/scalar-return-1 c_compat_x_tst.o-c_compat_y_tst.o link
UNRESOLVED: gcc.dg/compat/scalar-return-1 c_compat_x_tst.o-c_compat_y_tst.o execute
UNRESOLVED: gcc.dg/compat/scalar-return-2 c_compat_x_tst.o-c_compat_y_tst.o link
UNRESOLVED: gcc.dg/compat/scalar-return-2 c_compat_x_tst.o-c_compat_y_tst.o execute
UNRESOLVED: gcc.dg/compat/scalar-return-3 c_compat_x_tst.o-c_compat_y_tst.o link
UNRESOLVED: gcc.dg/compat/scalar-return-3 c_compat_x_tst.o-c_compat_y_tst.o execute
UNRESOLVED: gcc.dg/compat/scalar-return-4 c_compat_x_tst.o-c_compat_y_tst.o link
UNRESOLVED: gcc.dg/compat/scalar-return-4 c_compat_x_tst.o-c_compat_y_tst.o execute
UNRESOLVED: gcc.dg/compat/scalar-return-dfp c_compat_x_tst.o-c_compat_y_tst.o link
UNRESOLVED: gcc.dg/compat/scalar-return-dfp c_compat_x_tst.o-c_compat_y_tst.o execute
UNRESOLVED: gcc.dg/compat/sdata-1 c_compat_x_tst.o-c_compat_y_tst.o link
UNRESOLVED: gcc.dg/compat/sdata-1 c_compat_x_tst.o-c_compat_y_tst.o execute
UNRESOLVED: gcc.dg/compat/struct-align-1 c_compat_x_tst.o-c_compat_y_tst.o link
UNRESOLVED: gcc.dg/compat/struct-align-1 c_compat_x_tst.o-c_compat_y_tst.o execute
UNRESOLVED: gcc.dg/compat/struct-align-2 c_compat_x_tst.o-c_compat_y_tst.o link
UNRESOLVED: gcc.dg/compat/struct-align-2 c_compat_x_tst.o-c_compat_y_tst.o execute
UNRESOLVED: gcc.dg/compat/struct-by-value-10 c_compat_x_tst.o-c_compat_y_tst.o link
UNRESOLVED: gcc.dg/compat/struct-by-value-10 c_compat_x_tst.o-c_compat_y_tst.o execute
UNRESOLVED: gcc.dg/compat/struct-by-value-11 c_compat_x_tst.o-c_compat_y_tst.o link
UNRESOLVED: gcc.dg/compat/struct-by-value-11 c_compat_x_tst.o-c_compat_y_tst.o execute
UNRESOLVED: gcc.dg/compat/struct-by-value-12 c_compat_x_tst.o-c_compat_y_tst.o link
UNRESOLVED: gcc.dg/compat/struct-by-value-12 c_compat_x_tst.o-c_compat_y_tst.o execute
UNRESOLVED: gcc.dg/compat/struct-by-value-13 c_compat_x_tst.o-c_compat_y_tst.o link
UNRESOLVED: gcc.dg/compat/struct-by-value-13 c_compat_x_tst.o-c_compat_y_tst.o execute
UNRESOLVED: gcc.dg/compat/struct-by-value-14 c_compat_x_tst.o-c_compat_y_tst.o link
UNRESOLVED: gcc.dg/compat/struct-by-value-14 c_compat_x_tst.o-c_compat_y_tst.o execute
UNRESOLVED: gcc.dg/compat/struct-by-value-15 c_compat_x_tst.o-c_compat_y_tst.o link
UNRESOLVED: gcc.dg/compat/struct-by-value-15 c_compat_x_tst.o-c_compat_y_tst.o execute
UNRESOLVED: gcc.dg/compat/struct-by-value-16 c_compat_x_tst.o-c_compat_y_tst.o link
UNRESOLVED: gcc.dg/compat/struct-by-value-16 c_compat_x_tst.o-c_compat_y_tst.o execute
UNRESOLVED: gcc.dg/compat/struct-by-value-17 c_compat_x_tst.o-c_compat_y_tst.o link
UNRESOLVED: gcc.dg/compat/struct-by-value-17 c_compat_x_tst.o-c_compat_y_tst.o execute
UNRESOLVED: gcc.dg/compat/struct-by-value-18 c_compat_x_tst.o-c_compat_y_tst.o link
UNRESOLVED: gcc.dg/compat/struct-by-value-18 c_compat_x_tst.o-c_compat_y_tst.o execute
UNRESOLVED: gcc.dg/compat/struct-by-value-19 c_compat_x_tst.o-c_compat_y_tst.o link
UNRESOLVED: gcc.dg/compat/struct-by-value-19 c_compat_x_tst.o-c_compat_y_tst.o execute
UNRESOLVED: gcc.dg/compat/struct-by-value-1 c_compat_x_tst.o-c_compat_y_tst.o link
UNRESOLVED: gcc.dg/compat/struct-by-value-1 c_compat_x_tst.o-c_compat_y_tst.o execute
UNRESOLVED: gcc.dg/compat/struct-by-value-20 c_compat_x_tst.o-c_compat_y_tst.o link
UNRESOLVED: gcc.dg/compat/struct-by-value-20 c_compat_x_tst.o-c_compat_y_tst.o execute
UNRESOLVED: gcc.dg/compat/struct-by-value-21 c_compat_x_tst.o-c_compat_y_tst.o link
UNRESOLVED: gcc.dg/compat/struct-by-value-21 c_compat_x_tst.o-c_compat_y_tst.o execute
UNRESOLVED: gcc.dg/compat/struct-by-value-22 c_compat_x_tst.o-c_compat_y_tst.o link
UNRESOLVED: gcc.dg/compat/struct-by-value-22 c_compat_x_tst.o-c_compat_y_tst.o execute
UNRESOLVED: gcc.dg/compat/struct-by-value-2 c_compat_x_tst.o-c_compat_y_tst.o link
UNRESOLVED: gcc.dg/compat/struct-by-value-2 c_compat_x_tst.o-c_compat_y_tst.o execute
UNRESOLVED: gcc.dg/compat/struct-by-value-3 c_compat_x_tst.o-c_compat_y_tst.o link
UNRESOLVED: gcc.dg/compat/struct-by-value-3 c_compat_x_tst.o-c_compat_y_tst.o execute
UNRESOLVED: gcc.dg/compat/struct-by-value-4 c_compat_x_tst.o-c_compat_y_tst.o link
UNRESOLVED: gcc.dg/compat/struct-by-value-4 c_compat_x_tst.o-c_compat_y_tst.o execute
UNRESOLVED: gcc.dg/compat/struct-by-value-5a c_compat_x_tst.o-c_compat_y_tst.o link
UNRESOLVED: gcc.dg/compat/struct-by-value-5a c_compat_x_tst.o-c_compat_y_tst.o execute
UNRESOLVED: gcc.dg/compat/struct-by-value-5b c_compat_x_tst.o-c_compat_y_tst.o link
UNRESOLVED: gcc.dg/compat/struct-by-value-5b c_compat_x_tst.o-c_compat_y_tst.o execute
UNRESOLVED: gcc.dg/compat/struct-by-value-6a c_compat_x_tst.o-c_compat_y_tst.o link
UNRESOLVED: gcc.dg/compat/struct-by-value-6a c_compat_x_tst.o-c_compat_y_tst.o execute
UNRESOLVED: gcc.dg/compat/struct-by-value-6b c_compat_x_tst.o-c_compat_y_tst.o link
UNRESOLVED: gcc.dg/compat/struct-by-value-6b c_compat_x_tst.o-c_compat_y_tst.o execute
UNRESOLVED: gcc.dg/compat/struct-by-value-7a c_compat_x_tst.o-c_compat_y_tst.o link
UNRESOLVED: gcc.dg/compat/struct-by-value-7a c_compat_x_tst.o-c_compat_y_tst.o execute
UNRESOLVED: gcc.dg/compat/struct-by-value-7b c_compat_x_tst.o-c_compat_y_tst.o link
UNRESOLVED: gcc.dg/compat/struct-by-value-7b c_compat_x_tst.o-c_compat_y_tst.o execute
UNRESOLVED: gcc.dg/compat/struct-by-value-8 c_compat_x_tst.o-c_compat_y_tst.o link
UNRESOLVED: gcc.dg/compat/struct-by-value-8 c_compat_x_tst.o-c_compat_y_tst.o execute
UNRESOLVED: gcc.dg/compat/struct-by-value-9 c_compat_x_tst.o-c_compat_y_tst.o link
UNRESOLVED: gcc.dg/compat/struct-by-value-9 c_compat_x_tst.o-c_compat_y_tst.o execute
UNRESOLVED: gcc.dg/compat/struct-complex-1 c_compat_x_tst.o-c_compat_y_tst.o link
UNRESOLVED: gcc.dg/compat/struct-complex-1 c_compat_x_tst.o-c_compat_y_tst.o execute
UNRESOLVED: gcc.dg/compat/struct-layout-1 c_compat_x_tst.o-c_compat_y_tst.o link
UNRESOLVED: gcc.dg/compat/struct-layout-1 c_compat_x_tst.o-c_compat_y_tst.o execute
UNRESOLVED: gcc.dg/compat/struct-return-10 c_compat_x_tst.o-c_compat_y_tst.o link
UNRESOLVED: gcc.dg/compat/struct-return-10 c_compat_x_tst.o-c_compat_y_tst.o execute
UNRESOLVED: gcc.dg/compat/struct-return-19 c_compat_x_tst.o-c_compat_y_tst.o link
UNRESOLVED: gcc.dg/compat/struct-return-19 c_compat_x_tst.o-c_compat_y_tst.o execute
UNRESOLVED: gcc.dg/compat/struct-return-20 c_compat_x_tst.o-c_compat_y_tst.o link
UNRESOLVED: gcc.dg/compat/struct-return-20 c_compat_x_tst.o-c_compat_y_tst.o execute
UNRESOLVED: gcc.dg/compat/struct-return-21 c_compat_x_tst.o-c_compat_y_tst.o link
UNRESOLVED: gcc.dg/compat/struct-return-21 c_compat_x_tst.o-c_compat_y_tst.o execute
UNRESOLVED: gcc.dg/compat/struct-return-2 c_compat_x_tst.o-c_compat_y_tst.o link
UNRESOLVED: gcc.dg/compat/struct-return-2 c_compat_x_tst.o-c_compat_y_tst.o execute
UNRESOLVED: gcc.dg/compat/struct-return-3 c_compat_x_tst.o-c_compat_y_tst.o link
UNRESOLVED: gcc.dg/compat/struct-return-3 c_compat_x_tst.o-c_compat_y_tst.o execute
UNRESOLVED: gcc.dg/compat/union-by-value-1 c_compat_x_tst.o-c_compat_y_tst.o link
UNRESOLVED: gcc.dg/compat/union-by-value-1 c_compat_x_tst.o-c_compat_y_tst.o execute
UNRESOLVED: gcc.dg/compat/union-m128-1 c_compat_x_tst.o-c_compat_y_tst.o link
UNRESOLVED: gcc.dg/compat/union-m128-1 c_compat_x_tst.o-c_compat_y_tst.o execute
UNRESOLVED: gcc.dg/compat/union-return-1 c_compat_x_tst.o-c_compat_y_tst.o link
UNRESOLVED: gcc.dg/compat/union-return-1 c_compat_x_tst.o-c_compat_y_tst.o execute
UNRESOLVED: gcc.dg/compat/vector-1 c_compat_x_tst.o-c_compat_y_tst.o link
UNRESOLVED: gcc.dg/compat/vector-1 c_compat_x_tst.o-c_compat_y_tst.o execute
UNRESOLVED: gcc.dg/compat/vector-2 c_compat_x_tst.o-c_compat_y_tst.o link
UNRESOLVED: gcc.dg/compat/vector-2 c_compat_x_tst.o-c_compat_y_tst.o execute
UNRESOLVED: tmpdir-gcc.dg-struct-layout-1/t001 c_compat_x_tst.o-c_compat_y_tst.o link
UNRESOLVED: tmpdir-gcc.dg-struct-layout-1/t001 c_compat_x_tst.o-c_compat_y_tst.o execute
UNRESOLVED: tmpdir-gcc.dg-struct-layout-1/t002 c_compat_x_tst.o-c_compat_y_tst.o link
UNRESOLVED: tmpdir-gcc.dg-struct-layout-1/t002 c_compat_x_tst.o-c_compat_y_tst.o execute
UNRESOLVED: tmpdir-gcc.dg-struct-layout-1/t003 c_compat_x_tst.o-c_compat_y_tst.o link
UNRESOLVED: tmpdir-gcc.dg-struct-layout-1/t003 c_compat_x_tst.o-c_compat_y_tst.o execute
UNRESOLVED: tmpdir-gcc.dg-struct-layout-1/t004 c_compat_x_tst.o-c_compat_y_tst.o link
UNRESOLVED: tmpdir-gcc.dg-struct-layout-1/t004 c_compat_x_tst.o-c_compat_y_tst.o execute
UNRESOLVED: tmpdir-gcc.dg-struct-layout-1/t005 c_compat_x_tst.o-c_compat_y_tst.o link
UNRESOLVED: tmpdir-gcc.dg-struct-layout-1/t005 c_compat_x_tst.o-c_compat_y_tst.o execute
UNRESOLVED: tmpdir-gcc.dg-struct-layout-1/t006 c_compat_x_tst.o-c_compat_y_tst.o link
UNRESOLVED: tmpdir-gcc.dg-struct-layout-1/t006 c_compat_x_tst.o-c_compat_y_tst.o execute
UNRESOLVED: tmpdir-gcc.dg-struct-layout-1/t007 c_compat_x_tst.o-c_compat_y_tst.o link
UNRESOLVED: tmpdir-gcc.dg-struct-layout-1/t007 c_compat_x_tst.o-c_compat_y_tst.o execute
UNRESOLVED: tmpdir-gcc.dg-struct-layout-1/t008 c_compat_x_tst.o-c_compat_y_tst.o link
UNRESOLVED: tmpdir-gcc.dg-struct-layout-1/t008 c_compat_x_tst.o-c_compat_y_tst.o execute
UNRESOLVED: tmpdir-gcc.dg-struct-layout-1/t009 c_compat_x_tst.o-c_compat_y_tst.o link
UNRESOLVED: tmpdir-gcc.dg-struct-layout-1/t009 c_compat_x_tst.o-c_compat_y_tst.o execute
UNRESOLVED: tmpdir-gcc.dg-struct-layout-1/t010 c_compat_x_tst.o-c_compat_y_tst.o link
UNRESOLVED: tmpdir-gcc.dg-struct-layout-1/t010 c_compat_x_tst.o-c_compat_y_tst.o execute
UNRESOLVED: tmpdir-gcc.dg-struct-layout-1/t011 c_compat_x_tst.o-c_compat_y_tst.o link
UNRESOLVED: tmpdir-gcc.dg-struct-layout-1/t011 c_compat_x_tst.o-c_compat_y_tst.o execute
UNRESOLVED: tmpdir-gcc.dg-struct-layout-1/t012 c_compat_x_tst.o-c_compat_y_tst.o link
UNRESOLVED: tmpdir-gcc.dg-struct-layout-1/t012 c_compat_x_tst.o-c_compat_y_tst.o execute
UNRESOLVED: tmpdir-gcc.dg-struct-layout-1/t013 c_compat_x_tst.o-c_compat_y_tst.o link
UNRESOLVED: tmpdir-gcc.dg-struct-layout-1/t013 c_compat_x_tst.o-c_compat_y_tst.o execute
UNRESOLVED: tmpdir-gcc.dg-struct-layout-1/t014 c_compat_x_tst.o-c_compat_y_tst.o link
UNRESOLVED: tmpdir-gcc.dg-struct-layout-1/t014 c_compat_x_tst.o-c_compat_y_tst.o execute
UNRESOLVED: tmpdir-gcc.dg-struct-layout-1/t015 c_compat_x_tst.o-c_compat_y_tst.o link
UNRESOLVED: tmpdir-gcc.dg-struct-layout-1/t015 c_compat_x_tst.o-c_compat_y_tst.o execute
UNRESOLVED: tmpdir-gcc.dg-struct-layout-1/t016 c_compat_x_tst.o-c_compat_y_tst.o link
UNRESOLVED: tmpdir-gcc.dg-struct-layout-1/t016 c_compat_x_tst.o-c_compat_y_tst.o execute
UNRESOLVED: tmpdir-gcc.dg-struct-layout-1/t017 c_compat_x_tst.o-c_compat_y_tst.o link
UNRESOLVED: tmpdir-gcc.dg-struct-layout-1/t017 c_compat_x_tst.o-c_compat_y_tst.o execute
UNRESOLVED: tmpdir-gcc.dg-struct-layout-1/t018 c_compat_x_tst.o-c_compat_y_tst.o link
UNRESOLVED: tmpdir-gcc.dg-struct-layout-1/t018 c_compat_x_tst.o-c_compat_y_tst.o execute
UNRESOLVED: tmpdir-gcc.dg-struct-layout-1/t019 c_compat_x_tst.o-c_compat_y_tst.o link
UNRESOLVED: tmpdir-gcc.dg-struct-layout-1/t019 c_compat_x_tst.o-c_compat_y_tst.o execute
UNRESOLVED: tmpdir-gcc.dg-struct-layout-1/t020 c_compat_x_tst.o-c_compat_y_tst.o link
UNRESOLVED: tmpdir-gcc.dg-struct-layout-1/t020 c_compat_x_tst.o-c_compat_y_tst.o execute
UNRESOLVED: tmpdir-gcc.dg-struct-layout-1/t021 c_compat_x_tst.o-c_compat_y_tst.o link
UNRESOLVED: tmpdir-gcc.dg-struct-layout-1/t021 c_compat_x_tst.o-c_compat_y_tst.o execute
UNRESOLVED: tmpdir-gcc.dg-struct-layout-1/t022 c_compat_x_tst.o-c_compat_y_tst.o link
UNRESOLVED: tmpdir-gcc.dg-struct-layout-1/t022 c_compat_x_tst.o-c_compat_y_tst.o execute
UNRESOLVED: tmpdir-gcc.dg-struct-layout-1/t023 c_compat_x_tst.o-c_compat_y_tst.o link
UNRESOLVED: tmpdir-gcc.dg-struct-layout-1/t023 c_compat_x_tst.o-c_compat_y_tst.o execute
UNRESOLVED: tmpdir-gcc.dg-struct-layout-1/t024 c_compat_x_tst.o-c_compat_y_tst.o link
UNRESOLVED: tmpdir-gcc.dg-struct-layout-1/t024 c_compat_x_tst.o-c_compat_y_tst.o execute
UNRESOLVED: tmpdir-gcc.dg-struct-layout-1/t025 c_compat_x_tst.o-c_compat_y_tst.o link
UNRESOLVED: tmpdir-gcc.dg-struct-layout-1/t025 c_compat_x_tst.o-c_compat_y_tst.o execute
UNRESOLVED: tmpdir-gcc.dg-struct-layout-1/t026 c_compat_x_tst.o-c_compat_y_tst.o link
UNRESOLVED: tmpdir-gcc.dg-struct-layout-1/t026 c_compat_x_tst.o-c_compat_y_tst.o execute
UNRESOLVED: tmpdir-gcc.dg-struct-layout-1/t027 c_compat_x_tst.o-c_compat_y_tst.o link
UNRESOLVED: tmpdir-gcc.dg-struct-layout-1/t027 c_compat_x_tst.o-c_compat_y_tst.o execute
UNRESOLVED: tmpdir-gcc.dg-struct-layout-1/t028 c_compat_x_tst.o-c_compat_y_tst.o link
UNRESOLVED: tmpdir-gcc.dg-struct-layout-1/t028 c_compat_x_tst.o-c_compat_y_tst.o execute
FAIL: ./valid-1.h (test for excess errors)
FAIL: ./valid-1.h (test for excess errors)
FAIL: ./valid-1.h (test for excess errors)
FAIL: ./valid-1.h (test for excess errors)
FAIL: ./valid-1.h (test for excess errors)
FAIL: ./valid-1.h (test for excess errors)
FAIL: ./valid-1b.h (test for excess errors)
FAIL: ./valid-1b.h (test for excess errors)
FAIL: ./valid-1b.h (test for excess errors)
FAIL: ./valid-1b.h (test for excess errors)
FAIL: ./valid-1b.h (test for excess errors)
FAIL: ./valid-1b.h (test for excess errors)
FAIL: ./valid-3.h (test for excess errors)
FAIL: ./valid-3.h (test for excess errors)
FAIL: ./valid-3.h (test for excess errors)
FAIL: ./valid-3.h (test for excess errors)
FAIL: ./valid-3.h (test for excess errors)
FAIL: ./valid-3.h (test for excess errors)
XPASS: gcc.dg/tree-ssa/update-threading.c scan-tree-dump-times Invalid sum 0
XPASS: gcc.dg/vect/vect-iv-4.c scan-tree-dump-times vectorized 1 loops 1
FAIL: gcc.target/i386/pr21291.c (test for excess errors)
=== gcc Summary ===
# of expected passes 44697
# of unexpected failures 21
# of unexpected successes 2
# of expected failures 135
# of unresolved testcases 166
# of untested testcases 546
# of unsupported tests 373
/var/tmp/gccbuild/trunk/gcc/xgcc version 4.3.0 20070602 (experimental)
=== gfortran tests ===
Running target unix
FAIL: gfortran.dg/allocate_stat_1.f90 execution test
FAIL: gfortran.dg/allocate_stat_1.f90 execution test
FAIL: gfortran.dg/allocate_stat_1.f90 execution test
FAIL: gfortran.dg/allocate_stat_1.f90 execution test
FAIL: gfortran.dg/allocate_stat_1.f90 execution test
FAIL: gfortran.dg/allocate_stat_1.f90 execution test
FAIL: gfortran.dg/allocate_stat_1.f90 execution test
FAIL: gfortran.dg/allocate_stat_1.f90 execution test
FAIL: gfortran.dg/csqrt_2.f execution test
FAIL: gfortran.dg/csqrt_2.f execution test
FAIL: gfortran.dg/csqrt_2.f execution test
FAIL: gfortran.dg/csqrt_2.f execution test
FAIL: gfortran.dg/csqrt_2.f execution test
FAIL: gfortran.dg/csqrt_2.f execution test
FAIL: gfortran.dg/csqrt_2.f execution test
FAIL: gfortran.dg/csqrt_2.f execution test
=== gfortran Summary ===
# of expected passes 18236
# of unexpected failures 16
# of expected failures 8
# of unsupported tests 16
/var/tmp/gccbuild/trunk/gcc/testsuite/gfortran/../../gfortran version 4.3.0 20070602 (experimental)
=== objc tests ===
Running target unix
FAIL: objc/execute/exceptions/catchall-1.m execution, -O0 -fgnu-runtime
FAIL: objc/execute/exceptions/catchall-1.m execution, -O1 -fgnu-runtime
FAIL: objc/execute/exceptions/catchall-1.m execution, -O2 -fgnu-runtime
FAIL: objc/execute/exceptions/catchall-1.m execution, -O3 -fomit-frame-pointer -fgnu-runtime
FAIL: objc/execute/exceptions/catchall-1.m execution, -O3 -g -fgnu-runtime
FAIL: objc/execute/exceptions/catchall-1.m execution, -Os -fgnu-runtime
FAIL: objc/execute/exceptions/finally-1.m execution, -O0 -fgnu-runtime
FAIL: objc/execute/exceptions/finally-1.m execution, -O1 -fgnu-runtime
FAIL: objc/execute/exceptions/finally-1.m execution, -O2 -fgnu-runtime
FAIL: objc/execute/exceptions/finally-1.m execution, -O3 -fomit-frame-pointer -fgnu-runtime
FAIL: objc/execute/exceptions/finally-1.m execution, -O3 -g -fgnu-runtime
FAIL: objc/execute/exceptions/finally-1.m execution, -Os -fgnu-runtime
FAIL: objc/execute/exceptions/foward-1.m execution, -O0 -fgnu-runtime
FAIL: objc/execute/exceptions/foward-1.m execution, -O1 -fgnu-runtime
FAIL: objc/execute/exceptions/foward-1.m execution, -O2 -fgnu-runtime
FAIL: objc/execute/exceptions/foward-1.m execution, -O3 -fomit-frame-pointer -fgnu-runtime
FAIL: objc/execute/exceptions/foward-1.m execution, -O3 -fomit-frame-pointer -funroll-loops -fgnu-runtime
FAIL: objc/execute/exceptions/foward-1.m execution, -O3 -fomit-frame-pointer -funroll-all-loops -finline-functions -fgnu-runtime
FAIL: objc/execute/exceptions/foward-1.m execution, -O3 -g -fgnu-runtime
FAIL: objc/execute/exceptions/foward-1.m execution, -Os -fgnu-runtime
FAIL: objc/execute/exceptions/local-variables-1.m execution, -O0 -fgnu-runtime
FAIL: objc/execute/exceptions/local-variables-1.m execution, -O1 -fgnu-runtime
FAIL: objc/execute/exceptions/local-variables-1.m execution, -O2 -fgnu-runtime
FAIL: objc/execute/exceptions/local-variables-1.m execution, -O3 -fomit-frame-pointer -fgnu-runtime
FAIL: objc/execute/exceptions/local-variables-1.m execution, -O3 -g -fgnu-runtime
FAIL: objc/execute/exceptions/local-variables-1.m execution, -Os -fgnu-runtime
FAIL: objc/execute/exceptions/pr31281.m execution, -O0 -fgnu-runtime
FAIL: objc/execute/exceptions/pr31281.m execution, -O1 -fgnu-runtime
FAIL: objc/execute/exceptions/pr31281.m execution, -O2 -fgnu-runtime
FAIL: objc/execute/exceptions/pr31281.m execution, -O3 -fomit-frame-pointer -fgnu-runtime
FAIL: objc/execute/exceptions/pr31281.m execution, -O3 -fomit-frame-pointer -funroll-loops -fgnu-runtime
FAIL: objc/execute/exceptions/pr31281.m execution, -O3 -fomit-frame-pointer -funroll-all-loops -finline-functions -fgnu-runtime
FAIL: objc/execute/exceptions/pr31281.m execution, -O3 -g -fgnu-runtime
FAIL: objc/execute/exceptions/pr31281.m execution, -Os -fgnu-runtime
FAIL: objc/execute/exceptions/trivial.m execution, -O0 -fgnu-runtime
FAIL: objc/execute/exceptions/trivial.m execution, -O1 -fgnu-runtime
FAIL: objc/execute/exceptions/trivial.m execution, -O2 -fgnu-runtime
FAIL: objc/execute/exceptions/trivial.m execution, -O3 -fomit-frame-pointer -fgnu-runtime
FAIL: objc/execute/exceptions/trivial.m execution, -O3 -g -fgnu-runtime
FAIL: objc/execute/exceptions/trivial.m execution, -Os -fgnu-runtime
FAIL: objc/execute/IMP.m execution, -O0 -fgnu-runtime
FAIL: objc/execute/IMP.m execution, -O1 -fgnu-runtime
FAIL: objc/execute/IMP.m execution, -O2 -fgnu-runtime
FAIL: objc/execute/IMP.m execution, -O3 -fomit-frame-pointer -fgnu-runtime
FAIL: objc/execute/IMP.m execution, -O3 -g -fgnu-runtime
FAIL: objc/execute/IMP.m execution, -Os -fgnu-runtime
FAIL: objc/execute/_cmd.m execution, -O0 -fgnu-runtime
FAIL: objc/execute/_cmd.m execution, -O1 -fgnu-runtime
FAIL: objc/execute/_cmd.m execution, -O2 -fgnu-runtime
FAIL: objc/execute/_cmd.m execution, -O3 -fomit-frame-pointer -fgnu-runtime
FAIL: objc/execute/_cmd.m execution, -O3 -g -fgnu-runtime
FAIL: objc/execute/_cmd.m execution, -Os -fgnu-runtime
FAIL: objc/execute/accessing_ivars.m execution, -O0 -fgnu-runtime
FAIL: objc/execute/accessing_ivars.m execution, -O1 -fgnu-runtime
FAIL: objc/execute/accessing_ivars.m execution, -O2 -fgnu-runtime
FAIL: objc/execute/accessing_ivars.m execution, -O3 -fomit-frame-pointer -fgnu-runtime
FAIL: objc/execute/accessing_ivars.m execution, -O3 -g -fgnu-runtime
FAIL: objc/execute/accessing_ivars.m execution, -Os -fgnu-runtime
FAIL: objc/execute/bf-1.m execution, -O0 -fgnu-runtime
FAIL: objc/execute/bf-1.m execution, -O1 -fgnu-runtime
FAIL: objc/execute/bf-1.m execution, -O2 -fgnu-runtime
FAIL: objc/execute/bf-1.m execution, -O3 -fomit-frame-pointer -fgnu-runtime
FAIL: objc/execute/bf-1.m execution, -O3 -g -fgnu-runtime
FAIL: objc/execute/bf-1.m execution, -Os -fgnu-runtime
FAIL: objc/execute/bf-10.m execution, -O0 -fgnu-runtime
FAIL: objc/execute/bf-10.m execution, -O1 -fgnu-runtime
FAIL: objc/execute/bf-10.m execution, -O2 -fgnu-runtime
FAIL: objc/execute/bf-10.m execution, -O3 -fomit-frame-pointer -fgnu-runtime
FAIL: objc/execute/bf-10.m execution, -O3 -g -fgnu-runtime
FAIL: objc/execute/bf-10.m execution, -Os -fgnu-runtime
FAIL: objc/execute/bf-11.m execution, -O0 -fgnu-runtime
FAIL: objc/execute/bf-11.m execution, -O1 -fgnu-runtime
FAIL: objc/execute/bf-11.m execution, -O2 -fgnu-runtime
FAIL: objc/execute/bf-11.m execution, -O3 -fomit-frame-pointer -fgnu-runtime
FAIL: objc/execute/bf-11.m execution, -O3 -g -fgnu-runtime
FAIL: objc/execute/bf-11.m execution, -Os -fgnu-runtime
FAIL: objc/execute/bf-12.m execution, -O0 -fgnu-runtime
FAIL: objc/execute/bf-12.m execution, -O1 -fgnu-runtime
FAIL: objc/execute/bf-12.m execution, -O2 -fgnu-runtime
FAIL: objc/execute/bf-12.m execution, -O3 -fomit-frame-pointer -fgnu-runtime
FAIL: objc/execute/bf-12.m execution, -O3 -g -fgnu-runtime
FAIL: objc/execute/bf-12.m execution, -Os -fgnu-runtime
FAIL: objc/execute/bf-13.m execution, -O0 -fgnu-runtime
FAIL: objc/execute/bf-13.m execution, -O1 -fgnu-runtime
FAIL: objc/execute/bf-13.m execution, -O2 -fgnu-runtime
FAIL: objc/execute/bf-13.m execution, -O3 -fomit-frame-pointer -fgnu-runtime
FAIL: objc/execute/bf-13.m execution, -O3 -g -fgnu-runtime
FAIL: objc/execute/bf-13.m execution, -Os -fgnu-runtime
FAIL: objc/execute/bf-14.m execution, -O0 -fgnu-runtime
FAIL: objc/execute/bf-14.m execution, -O1 -fgnu-runtime
FAIL: objc/execute/bf-14.m execution, -O2 -fgnu-runtime
FAIL: objc/execute/bf-14.m execution, -O3 -fomit-frame-pointer -fgnu-runtime
FAIL: objc/execute/bf-14.m execution, -O3 -g -fgnu-runtime
FAIL: objc/execute/bf-14.m execution, -Os -fgnu-runtime
FAIL: objc/execute/bf-15.m execution, -O0 -fgnu-runtime
FAIL: objc/execute/bf-15.m execution, -O1 -fgnu-runtime
FAIL: objc/execute/bf-15.m execution, -O2 -fgnu-runtime
FAIL: objc/execute/bf-15.m execution, -O3 -fomit-frame-pointer -fgnu-runtime
FAIL: objc/execute/bf-15.m execution, -O3 -g -fgnu-runtime
FAIL: objc/execute/bf-15.m execution, -Os -fgnu-runtime
FAIL: objc/execute/bf-16.m execution, -O0 -fgnu-runtime
FAIL: objc/execute/bf-16.m execution, -O1 -fgnu-runtime
FAIL: objc/execute/bf-16.m execution, -O2 -fgnu-runtime
FAIL: objc/execute/bf-16.m execution, -O3 -fomit-frame-pointer -fgnu-runtime
FAIL: objc/execute/bf-16.m execution, -O3 -g -fgnu-runtime
FAIL: objc/execute/bf-16.m execution, -Os -fgnu-runtime
FAIL: objc/execute/bf-17.m execution, -O0 -fgnu-runtime
FAIL: objc/execute/bf-17.m execution, -O1 -fgnu-runtime
FAIL: objc/execute/bf-17.m execution, -O2 -fgnu-runtime
FAIL: objc/execute/bf-17.m execution, -O3 -fomit-frame-pointer -fgnu-runtime
FAIL: objc/execute/bf-17.m execution, -O3 -g -fgnu-runtime
FAIL: objc/execute/bf-17.m execution, -Os -fgnu-runtime
FAIL: objc/execute/bf-18.m execution, -O0 -fgnu-runtime
FAIL: objc/execute/bf-18.m execution, -O1 -fgnu-runtime
FAIL: objc/execute/bf-18.m execution, -O2 -fgnu-runtime
FAIL: objc/execute/bf-18.m execution, -O3 -fomit-frame-pointer -fgnu-runtime
FAIL: objc/execute/bf-18.m execution, -O3 -g -fgnu-runtime
FAIL: objc/execute/bf-18.m execution, -Os -fgnu-runtime
FAIL: objc/execute/bf-19.m execution, -O0 -fgnu-runtime
FAIL: objc/execute/bf-19.m execution, -O1 -fgnu-runtime
FAIL: objc/execute/bf-19.m execution, -O2 -fgnu-runtime
FAIL: objc/execute/bf-19.m execution, -O3 -fomit-frame-pointer -fgnu-runtime
FAIL: objc/execute/bf-19.m execution, -O3 -g -fgnu-runtime
FAIL: objc/execute/bf-19.m execution, -Os -fgnu-runtime
FAIL: objc/execute/bf-2.m execution, -O0 -fgnu-runtime
FAIL: objc/execute/bf-2.m execution, -O1 -fgnu-runtime
FAIL: objc/execute/bf-2.m execution, -O2 -fgnu-runtime
FAIL: objc/execute/bf-2.m execution, -O3 -fomit-frame-pointer -fgnu-runtime
FAIL: objc/execute/bf-2.m execution, -O3 -g -fgnu-runtime
FAIL: objc/execute/bf-2.m execution, -Os -fgnu-runtime
FAIL: objc/execute/bf-20.m execution, -O0 -fgnu-runtime
FAIL: objc/execute/bf-20.m execution, -O1 -fgnu-runtime
FAIL: objc/execute/bf-20.m execution, -O2 -fgnu-runtime
FAIL: objc/execute/bf-20.m execution, -O3 -fomit-frame-pointer -fgnu-runtime
FAIL: objc/execute/bf-20.m execution, -O3 -g -fgnu-runtime
FAIL: objc/execute/bf-20.m execution, -Os -fgnu-runtime
FAIL: objc/execute/bf-21.m execution, -O0 -fgnu-runtime
FAIL: objc/execute/bf-21.m execution, -O1 -fgnu-runtime
FAIL: objc/execute/bf-21.m execution, -O2 -fgnu-runtime
FAIL: objc/execute/bf-21.m execution, -O3 -fomit-frame-pointer -fgnu-runtime
FAIL: objc/execute/bf-21.m execution, -O3 -g -fgnu-runtime
FAIL: objc/execute/bf-21.m execution, -Os -fgnu-runtime
FAIL: objc/execute/bf-3.m execution, -O0 -fgnu-runtime
FAIL: objc/execute/bf-3.m execution, -O1 -fgnu-runtime
FAIL: objc/execute/bf-3.m execution, -O2 -fgnu-runtime
FAIL: objc/execute/bf-3.m execution, -O3 -fomit-frame-pointer -fgnu-runtime
FAIL: objc/execute/bf-3.m execution, -O3 -g -fgnu-runtime
FAIL: objc/execute/bf-3.m execution, -Os -fgnu-runtime
FAIL: objc/execute/bf-4.m execution, -O0 -fgnu-runtime
FAIL: objc/execute/bf-4.m execution, -O1 -fgnu-runtime
FAIL: objc/execute/bf-4.m execution, -O2 -fgnu-runtime
FAIL: objc/execute/bf-4.m execution, -O3 -fomit-frame-pointer -fgnu-runtime
FAIL: objc/execute/bf-4.m execution, -O3 -g -fgnu-runtime
FAIL: objc/execute/bf-4.m execution, -Os -fgnu-runtime
FAIL: objc/execute/bf-5.m execution, -O0 -fgnu-runtime
FAIL: objc/execute/bf-5.m execution, -O1 -fgnu-runtime
FAIL: objc/execute/bf-5.m execution, -O2 -fgnu-runtime
FAIL: objc/execute/bf-5.m execution, -O3 -fomit-frame-pointer -fgnu-runtime
FAIL: objc/execute/bf-5.m execution, -O3 -g -fgnu-runtime
FAIL: objc/execute/bf-5.m execution, -Os -fgnu-runtime
FAIL: objc/execute/bf-6.m execution, -O0 -fgnu-runtime
FAIL: objc/execute/bf-6.m execution, -O1 -fgnu-runtime
FAIL: objc/execute/bf-6.m execution, -O2 -fgnu-runtime
FAIL: objc/execute/bf-6.m execution, -O3 -fomit-frame-pointer -fgnu-runtime
FAIL: objc/execute/bf-6.m execution, -O3 -g -fgnu-runtime
FAIL: objc/execute/bf-6.m execution, -Os -fgnu-runtime
FAIL: objc/execute/bf-7.m execution, -O0 -fgnu-runtime
FAIL: objc/execute/bf-7.m execution, -O1 -fgnu-runtime
FAIL: objc/execute/bf-7.m execution, -O2 -fgnu-runtime
FAIL: objc/execute/bf-7.m execution, -O3 -fomit-frame-pointer -fgnu-runtime
FAIL: objc/execute/bf-7.m execution, -O3 -g -fgnu-runtime
FAIL: objc/execute/bf-7.m execution, -Os -fgnu-runtime
FAIL: objc/execute/bf-8.m execution, -O0 -fgnu-runtime
FAIL: objc/execute/bf-8.m execution, -O1 -fgnu-runtime
FAIL: objc/execute/bf-8.m execution, -O2 -fgnu-runtime
FAIL: objc/execute/bf-8.m execution, -O3 -fomit-frame-pointer -fgnu-runtime
FAIL: objc/execute/bf-8.m execution, -O3 -g -fgnu-runtime
FAIL: objc/execute/bf-8.m execution, -Os -fgnu-runtime
FAIL: objc/execute/bf-9.m execution, -O0 -fgnu-runtime
FAIL: objc/execute/bf-9.m execution, -O1 -fgnu-runtime
FAIL: objc/execute/bf-9.m execution, -O2 -fgnu-runtime
FAIL: objc/execute/bf-9.m execution, -O3 -fomit-frame-pointer -fgnu-runtime
FAIL: objc/execute/bf-9.m execution, -O3 -g -fgnu-runtime
FAIL: objc/execute/bf-9.m execution, -Os -fgnu-runtime
FAIL: objc/execute/bycopy-1.m execution, -O0 -fgnu-runtime
FAIL: objc/execute/bycopy-1.m execution, -O1 -fgnu-runtime
FAIL: objc/execute/bycopy-1.m execution, -O2 -fgnu-runtime
FAIL: objc/execute/bycopy-1.m execution, -O3 -fomit-frame-pointer -fgnu-runtime
FAIL: objc/execute/bycopy-1.m execution, -O3 -g -fgnu-runtime
FAIL: objc/execute/bycopy-1.m execution, -Os -fgnu-runtime
FAIL: objc/execute/bycopy-2.m execution, -O0 -fgnu-runtime
FAIL: objc/execute/bycopy-2.m execution, -O1 -fgnu-runtime
FAIL: objc/execute/bycopy-2.m execution, -O2 -fgnu-runtime
FAIL: objc/execute/bycopy-2.m execution, -O3 -fomit-frame-pointer -fgnu-runtime
FAIL: objc/execute/bycopy-2.m execution, -O3 -g -fgnu-runtime
FAIL: objc/execute/bycopy-2.m execution, -Os -fgnu-runtime
FAIL: objc/execute/bycopy-3.m execution, -O0 -fgnu-runtime
FAIL: objc/execute/bycopy-3.m execution, -O1 -fgnu-runtime
FAIL: objc/execute/bycopy-3.m execution, -O2 -fgnu-runtime
FAIL: objc/execute/bycopy-3.m execution, -O3 -fomit-frame-pointer -fgnu-runtime
FAIL: objc/execute/bycopy-3.m execution, -O3 -g -fgnu-runtime
FAIL: objc/execute/bycopy-3.m execution, -Os -fgnu-runtime
FAIL: objc/execute/cascading-1.m execution, -O0 -fgnu-runtime
FAIL: objc/execute/cascading-1.m execution, -O1 -fgnu-runtime
FAIL: objc/execute/cascading-1.m execution, -O2 -fgnu-runtime
FAIL: objc/execute/cascading-1.m execution, -O3 -fomit-frame-pointer -fgnu-runtime
FAIL: objc/execute/cascading-1.m execution, -O3 -g -fgnu-runtime
FAIL: objc/execute/cascading-1.m execution, -Os -fgnu-runtime
FAIL: objc/execute/class-1.m execution, -O0 -fgnu-runtime
FAIL: objc/execute/class-1.m execution, -O1 -fgnu-runtime
FAIL: objc/execute/class-1.m execution, -O2 -fgnu-runtime
FAIL: objc/execute/class-1.m execution, -O3 -fomit-frame-pointer -fgnu-runtime
FAIL: objc/execute/class-1.m execution, -O3 -g -fgnu-runtime
FAIL: objc/execute/class-1.m execution, -Os -fgnu-runtime
FAIL: objc/execute/class-10.m execution, -O0 -fgnu-runtime
FAIL: objc/execute/class-10.m execution, -O1 -fgnu-runtime
FAIL: objc/execute/class-10.m execution, -O2 -fgnu-runtime
FAIL: objc/execute/class-10.m execution, -O3 -fomit-frame-pointer -fgnu-runtime
FAIL: objc/execute/class-10.m execution, -O3 -g -fgnu-runtime
FAIL: objc/execute/class-10.m execution, -Os -fgnu-runtime
FAIL: objc/execute/class-11.m execution, -O0 -fgnu-runtime
FAIL: objc/execute/class-11.m execution, -O1 -fgnu-runtime
FAIL: objc/execute/class-11.m execution, -O2 -fgnu-runtime
FAIL: objc/execute/class-11.m execution, -O3 -fomit-frame-pointer -fgnu-runtime
FAIL: objc/execute/class-11.m execution, -O3 -g -fgnu-runtime
FAIL: objc/execute/class-11.m execution, -Os -fgnu-runtime
FAIL: objc/execute/class-12.m execution, -O0 -fgnu-runtime
FAIL: objc/execute/class-12.m execution, -O1 -fgnu-runtime
FAIL: objc/execute/class-12.m execution, -O2 -fgnu-runtime
FAIL: objc/execute/class-12.m execution, -O3 -fomit-frame-pointer -fgnu-runtime
FAIL: objc/execute/class-12.m execution, -O3 -g -fgnu-runtime
FAIL: objc/execute/class-12.m execution, -Os -fgnu-runtime
FAIL: objc/execute/class-13.m execution, -O0 -fgnu-runtime
FAIL: objc/execute/class-13.m execution, -O1 -fgnu-runtime
FAIL: objc/execute/class-13.m execution, -O2 -fgnu-runtime
FAIL: objc/execute/class-13.m execution, -O3 -fomit-frame-pointer -fgnu-runtime
FAIL: objc/execute/class-13.m execution, -O3 -g -fgnu-runtime
FAIL: objc/execute/class-13.m execution, -Os -fgnu-runtime
FAIL: objc/execute/class-14.m execution, -O0 -fgnu-runtime
FAIL: objc/execute/class-14.m execution, -O1 -fgnu-runtime
FAIL: objc/execute/class-14.m execution, -O2 -fgnu-runtime
FAIL: objc/execute/class-14.m execution, -O3 -fomit-frame-pointer -fgnu-runtime
FAIL: objc/execute/class-14.m execution, -O3 -g -fgnu-runtime
FAIL: objc/execute/class-14.m execution, -Os -fgnu-runtime
FAIL: objc/execute/class-2.m execution, -O0 -fgnu-runtime
FAIL: objc/execute/class-2.m execution, -O1 -fgnu-runtime
FAIL: objc/execute/class-2.m execution, -O2 -fgnu-runtime
FAIL: objc/execute/class-2.m execution, -O3 -fomit-frame-pointer -fgnu-runtime
FAIL: objc/execute/class-2.m execution, -O3 -g -fgnu-runtime
FAIL: objc/execute/class-2.m execution, -Os -fgnu-runtime
FAIL: objc/execute/class-3.m execution, -O0 -fgnu-runtime
FAIL: objc/execute/class-3.m execution, -O1 -fgnu-runtime
FAIL: objc/execute/class-3.m execution, -O2 -fgnu-runtime
FAIL: objc/execute/class-3.m execution, -O3 -fomit-frame-pointer -fgnu-runtime
FAIL: objc/execute/class-3.m execution, -O3 -g -fgnu-runtime
FAIL: objc/execute/class-3.m execution, -Os -fgnu-runtime
FAIL: objc/execute/class-4.m execution, -O0 -fgnu-runtime
FAIL: objc/execute/class-4.m execution, -O1 -fgnu-runtime
FAIL: objc/execute/class-4.m execution, -O2 -fgnu-runtime
FAIL: objc/execute/class-4.m execution, -O3 -fomit-frame-pointer -fgnu-runtime
FAIL: objc/execute/class-4.m execution, -O3 -g -fgnu-runtime
FAIL: objc/execute/class-4.m execution, -Os -fgnu-runtime
FAIL: objc/execute/class-5.m execution, -O0 -fgnu-runtime
FAIL: objc/execute/class-5.m execution, -O1 -fgnu-runtime
FAIL: objc/execute/class-5.m execution, -O2 -fgnu-runtime
FAIL: objc/execute/class-5.m execution, -O3 -fomit-frame-pointer -fgnu-runtime
FAIL: objc/execute/class-5.m execution, -O3 -g -fgnu-runtime
FAIL: objc/execute/class-5.m execution, -Os -fgnu-runtime
FAIL: objc/execute/class-6.m execution, -O0 -fgnu-runtime
FAIL: objc/execute/class-6.m execution, -O1 -fgnu-runtime
FAIL: objc/execute/class-6.m execution, -O2 -fgnu-runtime
FAIL: objc/execute/class-6.m execution, -O3 -fomit-frame-pointer -fgnu-runtime
FAIL: objc/execute/class-6.m execution, -O3 -g -fgnu-runtime
FAIL: objc/execute/class-6.m execution, -Os -fgnu-runtime
FAIL: objc/execute/class-7.m execution, -O0 -fgnu-runtime
FAIL: objc/execute/class-7.m execution, -O1 -fgnu-runtime
FAIL: objc/execute/class-7.m execution, -O2 -fgnu-runtime
FAIL: objc/execute/class-7.m execution, -O3 -fomit-frame-pointer -fgnu-runtime
FAIL: objc/execute/class-7.m execution, -O3 -g -fgnu-runtime
FAIL: objc/execute/class-7.m execution, -Os -fgnu-runtime
FAIL: objc/execute/class-8.m execution, -O0 -fgnu-runtime
FAIL: objc/execute/class-8.m execution, -O1 -fgnu-runtime
FAIL: objc/execute/class-8.m execution, -O2 -fgnu-runtime
FAIL: objc/execute/class-8.m execution, -O3 -fomit-frame-pointer -fgnu-runtime
FAIL: objc/execute/class-8.m execution, -O3 -g -fgnu-runtime
FAIL: objc/execute/class-8.m execution, -Os -fgnu-runtime
FAIL: objc/execute/class-9.m execution, -O0 -fgnu-runtime
FAIL: objc/execute/class-9.m execution, -O1 -fgnu-runtime
FAIL: objc/execute/class-9.m execution, -O2 -fgnu-runtime
FAIL: objc/execute/class-9.m execution, -O3 -fomit-frame-pointer -fgnu-runtime
FAIL: objc/execute/class-9.m execution, -O3 -g -fgnu-runtime
FAIL: objc/execute/class-9.m execution, -Os -fgnu-runtime
FAIL: objc/execute/class_self-1.m execution, -O0 -fgnu-runtime
FAIL: objc/execute/class_self-1.m execution, -O1 -fgnu-runtime
FAIL: objc/execute/class_self-1.m execution, -O2 -fgnu-runtime
FAIL: objc/execute/class_self-1.m execution, -O3 -fomit-frame-pointer -fgnu-runtime
FAIL: objc/execute/class_self-1.m execution, -O3 -g -fgnu-runtime
FAIL: objc/execute/class_self-1.m execution, -Os -fgnu-runtime
FAIL: objc/execute/class_self-2.m execution, -O0 -fgnu-runtime
FAIL: objc/execute/class_self-2.m execution, -O1 -fgnu-runtime
FAIL: objc/execute/class_self-2.m execution, -O2 -fgnu-runtime
FAIL: objc/execute/class_self-2.m execution, -O3 -fomit-frame-pointer -fgnu-runtime
FAIL: objc/execute/class_self-2.m execution, -O3 -g -fgnu-runtime
FAIL: objc/execute/class_self-2.m execution, -Os -fgnu-runtime
FAIL: objc/execute/compatibility_alias.m execution, -O0 -fgnu-runtime
FAIL: objc/execute/compatibility_alias.m execution, -O1 -fgnu-runtime
FAIL: objc/execute/compatibility_alias.m execution, -O2 -fgnu-runtime
FAIL: objc/execute/compatibility_alias.m execution, -O3 -fomit-frame-pointer -fgnu-runtime
FAIL: objc/execute/compatibility_alias.m execution, -O3 -g -fgnu-runtime
FAIL: objc/execute/compatibility_alias.m execution, -Os -fgnu-runtime
FAIL: objc/execute/encode-1.m execution, -O0 -fgnu-runtime
FAIL: objc/execute/encode-1.m execution, -O1 -fgnu-runtime
FAIL: objc/execute/encode-1.m execution, -O2 -fgnu-runtime
FAIL: objc/execute/encode-1.m execution, -O3 -fomit-frame-pointer -fgnu-runtime
FAIL: objc/execute/encode-1.m execution, -O3 -g -fgnu-runtime
FAIL: objc/execute/encode-1.m execution, -Os -fgnu-runtime
FAIL: objc/execute/enumeration-1.m execution, -O0 -fgnu-runtime
FAIL: objc/execute/enumeration-1.m execution, -O1 -fgnu-runtime
FAIL: objc/execute/enumeration-1.m execution, -O2 -fgnu-runtime
FAIL: objc/execute/enumeration-1.m execution, -O3 -fomit-frame-pointer -fgnu-runtime
FAIL: objc/execute/enumeration-1.m execution, -O3 -g -fgnu-runtime
FAIL: objc/execute/enumeration-1.m execution, -Os -fgnu-runtime
FAIL: objc/execute/enumeration-2.m execution, -O0 -fgnu-runtime
FAIL: objc/execute/enumeration-2.m execution, -O1 -fgnu-runtime
FAIL: objc/execute/enumeration-2.m execution, -O2 -fgnu-runtime
FAIL: objc/execute/enumeration-2.m execution, -O3 -fomit-frame-pointer -fgnu-runtime
FAIL: objc/execute/enumeration-2.m execution, -O3 -g -fgnu-runtime
FAIL: objc/execute/enumeration-2.m execution, -Os -fgnu-runtime
FAIL: objc/execute/fdecl.m execution, -O0 -fgnu-runtime
FAIL: objc/execute/fdecl.m execution, -O1 -fgnu-runtime
FAIL: objc/execute/fdecl.m execution, -O2 -fgnu-runtime
FAIL: objc/execute/fdecl.m execution, -O3 -fomit-frame-pointer -fgnu-runtime
FAIL: objc/execute/fdecl.m execution, -O3 -g -fgnu-runtime
FAIL: objc/execute/fdecl.m execution, -Os -fgnu-runtime
FAIL: objc/execute/formal_protocol-1.m execution, -O0 -fgnu-runtime
FAIL: objc/execute/formal_protocol-1.m execution, -O1 -fgnu-runtime
FAIL: objc/execute/formal_protocol-1.m execution, -O2 -fgnu-runtime
FAIL: objc/execute/formal_protocol-1.m execution, -O3 -fomit-frame-pointer -fgnu-runtime
FAIL: objc/execute/formal_protocol-1.m execution, -O3 -g -fgnu-runtime
FAIL: objc/execute/formal_protocol-1.m execution, -Os -fgnu-runtime
FAIL: objc/execute/formal_protocol-2.m execution, -O0 -fgnu-runtime
FAIL: objc/execute/formal_protocol-2.m execution, -O1 -fgnu-runtime
FAIL: objc/execute/formal_protocol-2.m execution, -O2 -fgnu-runtime
FAIL: objc/execute/formal_protocol-2.m execution, -O3 -fomit-frame-pointer -fgnu-runtime
FAIL: objc/execute/formal_protocol-2.m execution, -O3 -g -fgnu-runtime
FAIL: objc/execute/formal_protocol-2.m execution, -Os -fgnu-runtime
FAIL: objc/execute/formal_protocol-3.m execution, -O0 -fgnu-runtime
FAIL: objc/execute/formal_protocol-3.m execution, -O1 -fgnu-runtime
FAIL: objc/execute/formal_protocol-3.m execution, -O2 -fgnu-runtime
FAIL: objc/execute/formal_protocol-3.m execution, -O3 -fomit-frame-pointer -fgnu-runtime
FAIL: objc/execute/formal_protocol-3.m execution, -O3 -g -fgnu-runtime
FAIL: objc/execute/formal_protocol-3.m execution, -Os -fgnu-runtime
FAIL: objc/execute/formal_protocol-4.m execution, -O0 -fgnu-runtime
FAIL: objc/execute/formal_protocol-4.m execution, -O1 -fgnu-runtime
FAIL: objc/execute/formal_protocol-4.m execution, -O2 -fgnu-runtime
FAIL: objc/execute/formal_protocol-4.m execution, -O3 -fomit-frame-pointer -fgnu-runtime
FAIL: objc/execute/formal_protocol-4.m execution, -O3 -g -fgnu-runtime
FAIL: objc/execute/formal_protocol-4.m execution, -Os -fgnu-runtime
FAIL: objc/execute/formal_protocol-5.m execution, -O0 -fgnu-runtime
FAIL: objc/execute/formal_protocol-5.m execution, -O1 -fgnu-runtime
FAIL: objc/execute/formal_protocol-5.m execution, -O2 -fgnu-runtime
FAIL: objc/execute/formal_protocol-5.m execution, -O3 -fomit-frame-pointer -fgnu-runtime
FAIL: objc/execute/formal_protocol-5.m execution, -O3 -g -fgnu-runtime
FAIL: objc/execute/formal_protocol-5.m execution, -Os -fgnu-runtime
FAIL: objc/execute/formal_protocol-6.m execution, -O0 -fgnu-runtime
FAIL: objc/execute/formal_protocol-6.m execution, -O1 -fgnu-runtime
FAIL: objc/execute/formal_protocol-6.m execution, -O2 -fgnu-runtime
FAIL: objc/execute/formal_protocol-6.m execution, -O3 -fomit-frame-pointer -fgnu-runtime
FAIL: objc/execute/formal_protocol-6.m execution, -O3 -g -fgnu-runtime
FAIL: objc/execute/formal_protocol-6.m execution, -Os -fgnu-runtime
FAIL: objc/execute/formal_protocol-7.m execution, -O0 -fgnu-runtime
FAIL: objc/execute/formal_protocol-7.m execution, -O1 -fgnu-runtime
FAIL: objc/execute/formal_protocol-7.m execution, -O2 -fgnu-runtime
FAIL: objc/execute/formal_protocol-7.m execution, -O3 -fomit-frame-pointer -fgnu-runtime
FAIL: objc/execute/formal_protocol-7.m execution, -O3 -g -fgnu-runtime
FAIL: objc/execute/formal_protocol-7.m execution, -Os -fgnu-runtime
FAIL: objc/execute/function-message-1.m execution, -O0 -fgnu-runtime
FAIL: objc/execute/function-message-1.m execution, -O1 -fgnu-runtime
FAIL: objc/execute/function-message-1.m execution, -O2 -fgnu-runtime
FAIL: objc/execute/function-message-1.m execution, -O3 -fomit-frame-pointer -fgnu-runtime
FAIL: objc/execute/function-message-1.m execution, -O3 -g -fgnu-runtime
FAIL: objc/execute/function-message-1.m execution, -Os -fgnu-runtime
FAIL: objc/execute/informal_protocol.m execution, -O0 -fgnu-runtime
FAIL: objc/execute/informal_protocol.m execution, -O1 -fgnu-runtime
FAIL: objc/execute/informal_protocol.m execution, -O2 -fgnu-runtime
FAIL: objc/execute/informal_protocol.m execution, -O3 -fomit-frame-pointer -fgnu-runtime
FAIL: objc/execute/informal_protocol.m execution, -O3 -g -fgnu-runtime
FAIL: objc/execute/informal_protocol.m execution, -Os -fgnu-runtime
FAIL: objc/execute/initialize.m execution, -O0 -fgnu-runtime
FAIL: objc/execute/initialize.m execution, -O1 -fgnu-runtime
FAIL: objc/execute/initialize.m execution, -O2 -fgnu-runtime
FAIL: objc/execute/initialize.m execution, -O3 -fomit-frame-pointer -fgnu-runtime
FAIL: objc/execute/initialize.m execution, -O3 -g -fgnu-runtime
FAIL: objc/execute/initialize.m execution, -Os -fgnu-runtime
FAIL: objc/execute/load-2.m execution, -O0 -fgnu-runtime
FAIL: objc/execute/load-2.m execution, -O1 -fgnu-runtime
FAIL: objc/execute/load-2.m execution, -O2 -fgnu-runtime
FAIL: objc/execute/load-2.m execution, -O3 -fomit-frame-pointer -fgnu-runtime
FAIL: objc/execute/load-2.m execution, -O3 -g -fgnu-runtime
FAIL: objc/execute/load-2.m execution, -Os -fgnu-runtime
FAIL: objc/execute/load-3.m execution, -O0 -fgnu-runtime
FAIL: objc/execute/load-3.m execution, -O1 -fgnu-runtime
FAIL: objc/execute/load-3.m execution, -O2 -fgnu-runtime
FAIL: objc/execute/load-3.m execution, -O3 -fomit-frame-pointer -fgnu-runtime
FAIL: objc/execute/load-3.m execution, -O3 -fomit-frame-pointer -funroll-loops -fgnu-runtime
FAIL: objc/execute/load-3.m execution, -O3 -fomit-frame-pointer -funroll-all-loops -finline-functions -fgnu-runtime
FAIL: objc/execute/load-3.m execution, -O3 -g -fgnu-runtime
FAIL: objc/execute/load-3.m execution, -Os -fgnu-runtime
FAIL: objc/execute/load.m execution, -O0 -fgnu-runtime
FAIL: objc/execute/load.m execution, -O1 -fgnu-runtime
FAIL: objc/execute/load.m execution, -O2 -fgnu-runtime
FAIL: objc/execute/load.m execution, -O3 -fomit-frame-pointer -fgnu-runtime
FAIL: objc/execute/load.m execution, -O3 -g -fgnu-runtime
FAIL: objc/execute/load.m execution, -Os -fgnu-runtime
FAIL: objc/execute/many_args_method.m execution, -O0 -fgnu-runtime
FAIL: objc/execute/many_args_method.m execution, -O1 -fgnu-runtime
FAIL: objc/execute/many_args_method.m execution, -O2 -fgnu-runtime
FAIL: objc/execute/many_args_method.m execution, -O3 -fomit-frame-pointer -fgnu-runtime
FAIL: objc/execute/many_args_method.m execution, -O3 -g -fgnu-runtime
FAIL: objc/execute/many_args_method.m execution, -Os -fgnu-runtime
FAIL: objc/execute/nested-1.m execution, -O0 -fgnu-runtime
FAIL: objc/execute/nested-1.m execution, -O1 -fgnu-runtime
FAIL: objc/execute/nested-1.m execution, -O2 -fgnu-runtime
FAIL: objc/execute/nested-1.m execution, -O3 -fomit-frame-pointer -fgnu-runtime
FAIL: objc/execute/nested-1.m execution, -O3 -g -fgnu-runtime
FAIL: objc/execute/nested-1.m execution, -Os -fgnu-runtime
FAIL: objc/execute/nested-2.m execution, -O0 -fgnu-runtime
FAIL: objc/execute/nested-2.m execution, -O1 -fgnu-runtime
FAIL: objc/execute/nested-2.m execution, -O2 -fgnu-runtime
FAIL: objc/execute/nested-2.m execution, -O3 -fomit-frame-pointer -fgnu-runtime
FAIL: objc/execute/nested-2.m execution, -O3 -g -fgnu-runtime
FAIL: objc/execute/nested-2.m execution, -Os -fgnu-runtime
FAIL: objc/execute/nested-3.m execution, -O0 -fgnu-runtime
FAIL: objc/execute/nested-3.m execution, -O1 -fgnu-runtime
FAIL: objc/execute/nested-3.m execution, -O2 -fgnu-runtime
FAIL: objc/execute/nested-3.m execution, -O3 -fomit-frame-pointer -fgnu-runtime
FAIL: objc/execute/nested-3.m execution, -O3 -g -fgnu-runtime
FAIL: objc/execute/nested-3.m execution, -Os -fgnu-runtime
FAIL: objc/execute/nested-func-1.m execution, -O0 -fgnu-runtime
FAIL: objc/execute/nested-func-1.m execution, -O1 -fgnu-runtime
FAIL: objc/execute/nested-func-1.m execution, -O2 -fgnu-runtime
FAIL: objc/execute/nested-func-1.m execution, -O3 -fomit-frame-pointer -fgnu-runtime
FAIL: objc/execute/nested-func-1.m execution, -O3 -g -fgnu-runtime
FAIL: objc/execute/nested-func-1.m execution, -Os -fgnu-runtime
FAIL: objc/execute/nil_method-1.m execution, -O0 -fgnu-runtime
FAIL: objc/execute/nil_method-1.m execution, -O1 -fgnu-runtime
FAIL: objc/execute/nil_method-1.m execution, -O2 -fgnu-runtime
FAIL: objc/execute/nil_method-1.m execution, -O3 -fomit-frame-pointer -fgnu-runtime
FAIL: objc/execute/nil_method-1.m execution, -O3 -g -fgnu-runtime
FAIL: objc/execute/nil_method-1.m execution, -Os -fgnu-runtime
FAIL: objc/execute/no_clash.m execution, -O0 -fgnu-runtime
FAIL: objc/execute/no_clash.m execution, -O1 -fgnu-runtime
FAIL: objc/execute/no_clash.m execution, -O2 -fgnu-runtime
FAIL: objc/execute/no_clash.m execution, -O3 -fomit-frame-pointer -fgnu-runtime
FAIL: objc/execute/no_clash.m execution, -O3 -g -fgnu-runtime
FAIL: objc/execute/no_clash.m execution, -Os -fgnu-runtime
FAIL: objc/execute/np-1.m execution, -O0 -fgnu-runtime
FAIL: objc/execute/np-1.m execution, -O1 -fgnu-runtime
FAIL: objc/execute/np-1.m execution, -O2 -fgnu-runtime
FAIL: objc/execute/np-1.m execution, -O3 -fomit-frame-pointer -fgnu-runtime
FAIL: objc/execute/np-1.m execution, -O3 -g -fgnu-runtime
FAIL: objc/execute/np-1.m execution, -Os -fgnu-runtime
FAIL: objc/execute/np-2.m execution, -O0 -fgnu-runtime
FAIL: objc/execute/np-2.m execution, -O1 -fgnu-runtime
FAIL: objc/execute/np-2.m execution, -O2 -fgnu-runtime
FAIL: objc/execute/np-2.m execution, -O3 -fomit-frame-pointer -fgnu-runtime
FAIL: objc/execute/np-2.m execution, -O3 -g -fgnu-runtime
FAIL: objc/execute/np-2.m execution, -Os -fgnu-runtime
FAIL: objc/execute/object_is_class.m execution, -O0 -fgnu-runtime
FAIL: objc/execute/object_is_class.m execution, -O1 -fgnu-runtime
FAIL: objc/execute/object_is_class.m execution, -O2 -fgnu-runtime
FAIL: objc/execute/object_is_class.m execution, -O3 -fomit-frame-pointer -fgnu-runtime
FAIL: objc/execute/object_is_class.m execution, -O3 -g -fgnu-runtime
FAIL: objc/execute/object_is_class.m execution, -Os -fgnu-runtime
FAIL: objc/execute/object_is_meta_class.m execution, -O0 -fgnu-runtime
FAIL: objc/execute/object_is_meta_class.m execution, -O1 -fgnu-runtime
FAIL: objc/execute/object_is_meta_class.m execution, -O2 -fgnu-runtime
FAIL: objc/execute/object_is_meta_class.m execution, -O3 -fomit-frame-pointer -fgnu-runtime
FAIL: objc/execute/object_is_meta_class.m execution, -O3 -g -fgnu-runtime
FAIL: objc/execute/object_is_meta_class.m execution, -Os -fgnu-runtime
FAIL: objc/execute/pr25328.m execution, -O0 -fgnu-runtime
FAIL: objc/execute/pr25328.m execution, -O1 -fgnu-runtime
FAIL: objc/execute/pr25328.m execution, -O2 -fgnu-runtime
FAIL: objc/execute/pr25328.m execution, -O3 -fomit-frame-pointer -fgnu-runtime
FAIL: objc/execute/pr25328.m execution, -O3 -g -fgnu-runtime
FAIL: objc/execute/pr25328.m execution, -Os -fgnu-runtime
FAIL: objc/execute/private.m execution, -O0 -fgnu-runtime
FAIL: objc/execute/private.m execution, -O1 -fgnu-runtime
FAIL: objc/execute/private.m execution, -O2 -fgnu-runtime
FAIL: objc/execute/private.m execution, -O3 -fomit-frame-pointer -fgnu-runtime
FAIL: objc/execute/private.m execution, -O3 -g -fgnu-runtime
FAIL: objc/execute/private.m execution, -Os -fgnu-runtime
FAIL: objc/execute/protocol-isEqual-1.m execution, -O0 -fgnu-runtime
FAIL: objc/execute/protocol-isEqual-1.m execution, -O1 -fgnu-runtime
FAIL: objc/execute/protocol-isEqual-1.m execution, -O2 -fgnu-runtime
FAIL: objc/execute/protocol-isEqual-1.m execution, -O3 -fomit-frame-pointer -fgnu-runtime
FAIL: objc/execute/protocol-isEqual-1.m execution, -O3 -g -fgnu-runtime
FAIL: objc/execute/protocol-isEqual-1.m execution, -Os -fgnu-runtime
FAIL: objc/execute/protocol-isEqual-2.m execution, -O0 -fgnu-runtime
FAIL: objc/execute/protocol-isEqual-2.m execution, -O1 -fgnu-runtime
FAIL: objc/execute/protocol-isEqual-2.m execution, -O2 -fgnu-runtime
FAIL: objc/execute/protocol-isEqual-2.m execution, -O3 -fomit-frame-pointer -fgnu-runtime
FAIL: objc/execute/protocol-isEqual-2.m execution, -O3 -g -fgnu-runtime
FAIL: objc/execute/protocol-isEqual-2.m execution, -Os -fgnu-runtime
FAIL: objc/execute/protocol-isEqual-3.m execution, -O0 -fgnu-runtime
FAIL: objc/execute/protocol-isEqual-3.m execution, -O1 -fgnu-runtime
FAIL: objc/execute/protocol-isEqual-3.m execution, -O2 -fgnu-runtime
FAIL: objc/execute/protocol-isEqual-3.m execution, -O3 -fomit-frame-pointer -fgnu-runtime
FAIL: objc/execute/protocol-isEqual-3.m execution, -O3 -g -fgnu-runtime
FAIL: objc/execute/protocol-isEqual-3.m execution, -Os -fgnu-runtime
FAIL: objc/execute/protocol-isEqual-4.m execution, -O0 -fgnu-runtime
FAIL: objc/execute/protocol-isEqual-4.m execution, -O1 -fgnu-runtime
FAIL: objc/execute/protocol-isEqual-4.m execution, -O2 -fgnu-runtime
FAIL: objc/execute/protocol-isEqual-4.m execution, -O3 -fomit-frame-pointer -fgnu-runtime
FAIL: objc/execute/protocol-isEqual-4.m execution, -O3 -g -fgnu-runtime
FAIL: objc/execute/protocol-isEqual-4.m execution, -Os -fgnu-runtime
FAIL: objc/execute/protocol.m execution, -O0 -fgnu-runtime
FAIL: objc/execute/protocol.m execution, -O1 -fgnu-runtime
FAIL: objc/execute/protocol.m execution, -O2 -fgnu-runtime
FAIL: objc/execute/protocol.m execution, -O3 -fomit-frame-pointer -fgnu-runtime
FAIL: objc/execute/protocol.m execution, -O3 -g -fgnu-runtime
FAIL: objc/execute/protocol.m execution, -Os -fgnu-runtime
FAIL: objc/execute/redefining_self.m execution, -O0 -fgnu-runtime
FAIL: objc/execute/redefining_self.m execution, -O1 -fgnu-runtime
FAIL: objc/execute/redefining_self.m execution, -O2 -fgnu-runtime
FAIL: objc/execute/redefining_self.m execution, -O3 -fomit-frame-pointer -fgnu-runtime
FAIL: objc/execute/redefining_self.m execution, -O3 -g -fgnu-runtime
FAIL: objc/execute/redefining_self.m execution, -Os -fgnu-runtime
FAIL: objc/execute/root_methods.m execution, -O0 -fgnu-runtime
FAIL: objc/execute/root_methods.m execution, -O1 -fgnu-runtime
FAIL: objc/execute/root_methods.m execution, -O2 -fgnu-runtime
FAIL: objc/execute/root_methods.m execution, -O3 -fomit-frame-pointer -fgnu-runtime
FAIL: objc/execute/root_methods.m execution, -O3 -g -fgnu-runtime
FAIL: objc/execute/root_methods.m execution, -Os -fgnu-runtime
FAIL: objc/execute/selector-1.m execution, -O0 -fgnu-runtime
FAIL: objc/execute/selector-1.m execution, -O1 -fgnu-runtime
FAIL: objc/execute/selector-1.m execution, -O2 -fgnu-runtime
FAIL: objc/execute/selector-1.m execution, -O3 -fomit-frame-pointer -fgnu-runtime
FAIL: objc/execute/selector-1.m execution, -O3 -g -fgnu-runtime
FAIL: objc/execute/selector-1.m execution, -Os -fgnu-runtime
FAIL: objc/execute/static-1.m execution, -O0 -fgnu-runtime
FAIL: objc/execute/static-1.m execution, -O1 -fgnu-runtime
FAIL: objc/execute/static-1.m execution, -O2 -fgnu-runtime
FAIL: objc/execute/static-1.m execution, -O3 -fomit-frame-pointer -fgnu-runtime
FAIL: objc/execute/static-1.m execution, -O3 -g -fgnu-runtime
FAIL: objc/execute/static-1.m execution, -Os -fgnu-runtime
FAIL: objc/execute/static-2.m execution, -O0 -fgnu-runtime
FAIL: objc/execute/static-2.m execution, -O1 -fgnu-runtime
FAIL: objc/execute/static-2.m execution, -O2 -fgnu-runtime
FAIL: objc/execute/static-2.m execution, -O3 -fomit-frame-pointer -fgnu-runtime
FAIL: objc/execute/static-2.m execution, -O3 -g -fgnu-runtime
FAIL: objc/execute/static-2.m execution, -Os -fgnu-runtime
FAIL: objc/execute/string1.m execution, -O0 -fgnu-runtime
FAIL: objc/execute/string1.m execution, -O1 -fgnu-runtime
FAIL: objc/execute/string1.m execution, -O2 -fgnu-runtime
FAIL: objc/execute/string1.m execution, -O3 -fomit-frame-pointer -fgnu-runtime
FAIL: objc/execute/string1.m execution, -O3 -g -fgnu-runtime
FAIL: objc/execute/string1.m execution, -Os -fgnu-runtime
FAIL: objc/execute/string2.m execution, -O0 -fgnu-runtime
FAIL: objc/execute/string2.m execution, -O1 -fgnu-runtime
FAIL: objc/execute/string2.m execution, -O2 -fgnu-runtime
FAIL: objc/execute/string2.m execution, -O3 -fomit-frame-pointer -fgnu-runtime
FAIL: objc/execute/string2.m execution, -O3 -g -fgnu-runtime
FAIL: objc/execute/string2.m execution, -Os -fgnu-runtime
FAIL: objc/execute/string3.m execution, -O0 -fgnu-runtime
FAIL: objc/execute/string3.m execution, -O1 -fgnu-runtime
FAIL: objc/execute/string3.m execution, -O2 -fgnu-runtime
FAIL: objc/execute/string3.m execution, -O3 -fomit-frame-pointer -fgnu-runtime
FAIL: objc/execute/string3.m execution, -O3 -g -fgnu-runtime
FAIL: objc/execute/string3.m execution, -Os -fgnu-runtime
FAIL: objc/execute/string4.m execution, -O0 -fgnu-runtime
FAIL: objc/execute/string4.m execution, -O1 -fgnu-runtime
FAIL: objc/execute/string4.m execution, -O2 -fgnu-runtime
FAIL: objc/execute/string4.m execution, -O3 -fomit-frame-pointer -fgnu-runtime
FAIL: objc/execute/string4.m execution, -O3 -g -fgnu-runtime
FAIL: objc/execute/string4.m execution, -Os -fgnu-runtime
FAIL: objc/execute/va_method.m execution, -O0 -fgnu-runtime
FAIL: objc/execute/va_method.m execution, -O1 -fgnu-runtime
FAIL: objc/execute/va_method.m execution, -O2 -fgnu-runtime
FAIL: objc/execute/va_method.m execution, -O3 -fomit-frame-pointer -fgnu-runtime
FAIL: objc/execute/va_method.m execution, -O3 -fomit-frame-pointer -funroll-loops -fgnu-runtime
FAIL: objc/execute/va_method.m execution, -O3 -fomit-frame-pointer -funroll-all-loops -finline-functions -fgnu-runtime
FAIL: objc/execute/va_method.m execution, -O3 -g -fgnu-runtime
FAIL: objc/execute/va_method.m execution, -Os -fgnu-runtime
FAIL: objc.dg/bitfield-1.m execution test
FAIL: objc.dg/bitfield-3.m execution test
FAIL: objc.dg/bitfield-5.m execution test
FAIL: objc.dg/call-super-1.m execution test
FAIL: objc.dg/call-super-3.m execution test
FAIL: objc.dg/category-1.m execution test
FAIL: objc.dg/defs.m execution test
FAIL: objc.dg/desig-init-1.m execution test
FAIL: objc.dg/encode-1.m execution test
FAIL: objc.dg/encode-2.m execution test
FAIL: objc.dg/encode-3.m execution test
FAIL: objc.dg/encode-4.m execution test
FAIL: objc.dg/encode-7.m execution test
FAIL: objc.dg/encode-8.m execution test
FAIL: objc.dg/func-ptr-1.m execution test
FAIL: objc.dg/func-ptr-2.m execution test
FAIL: objc.dg/gnu-runtime-3.m execution test
FAIL: objc.dg/method-10.m execution test
FAIL: objc.dg/method-13.m execution test
FAIL: objc.dg/method-3.m execution test
FAIL: objc.dg/proto-lossage-3.m execution test
FAIL: objc.dg/proto-qual-1.m execution test
FAIL: objc.dg/sizeof-1.m execution test
FAIL: objc.dg/stret-1.m execution test
FAIL: objc.dg/super-class-3.m execution test
FAIL: objc.dg/type-size-2.m execution test
FAIL: objc.dg/type-stream-1.m execution test
FAIL: objc.dg/va-meth-1.m execution test
FAIL: objc.dg-struct-layout-encoding-1/t001_main.m execution test
FAIL: objc.dg-struct-layout-encoding-1/t002_main.m execution test
FAIL: objc.dg-struct-layout-encoding-1/t003_main.m execution test
FAIL: objc.dg-struct-layout-encoding-1/t004_main.m execution test
FAIL: objc.dg-struct-layout-encoding-1/t005_main.m execution test
FAIL: objc.dg-struct-layout-encoding-1/t006_main.m execution test
FAIL: objc.dg-struct-layout-encoding-1/t007_main.m execution test
FAIL: objc.dg-struct-layout-encoding-1/t008_main.m execution test
FAIL: objc.dg-struct-layout-encoding-1/t009_main.m execution test
FAIL: objc.dg-struct-layout-encoding-1/t010_main.m execution test
FAIL: objc.dg-struct-layout-encoding-1/t011_main.m execution test
FAIL: objc.dg-struct-layout-encoding-1/t012_main.m execution test
FAIL: objc.dg-struct-layout-encoding-1/t013_main.m execution test
FAIL: objc.dg-struct-layout-encoding-1/t014_main.m execution test
FAIL: objc.dg-struct-layout-encoding-1/t015_main.m execution test
FAIL: objc.dg-struct-layout-encoding-1/t016_main.m execution test
FAIL: objc.dg-struct-layout-encoding-1/t017_main.m execution test
FAIL: objc.dg-struct-layout-encoding-1/t018_main.m execution test
FAIL: objc.dg-struct-layout-encoding-1/t019_main.m execution test
FAIL: objc.dg-struct-layout-encoding-1/t020_main.m execution test
FAIL: objc.dg-struct-layout-encoding-1/t021_main.m execution test
FAIL: objc.dg-struct-layout-encoding-1/t022_main.m execution test
FAIL: objc.dg-struct-layout-encoding-1/t023_main.m execution test
FAIL: objc.dg-struct-layout-encoding-1/t024_main.m execution test
FAIL: objc.dg/special/unclaimed-category-1.m execution test
=== objc Summary ===
# of expected passes 1154
# of unexpected failures 637
# of expected failures 7
# of untested testcases 14
# of unsupported tests 24
/var/tmp/gccbuild/trunk/gcc/xgcc version 4.3.0 20070602 (experimental)
=== libgomp tests ===
Running target unix
=== libgomp Summary ===
# of expected passes 1566
=== libmudflap tests ===
Running target unix
FAIL: libmudflap.c++/pass41-frag.cxx execution test
FAIL: libmudflap.c++/pass41-frag.cxx (-static) execution test
FAIL: libmudflap.c++/pass41-frag.cxx ( -O) execution test
FAIL: libmudflap.c++/pass41-frag.cxx (-O2) execution test
FAIL: libmudflap.c++/pass41-frag.cxx (-O3) execution test
=== libmudflap Summary ===
# of expected passes 1821
# of unexpected failures 5
=== libstdc++ tests ===
Running target unix
XPASS: 26_numerics/headers/cmath/c99_classification_macros_c.cc (test for excess errors)
=== libstdc++ Summary ===
# of expected passes 1917
# of unexpected successes 1
# of expected failures 23
Compiler version: 4.3.0 20070602 (experimental)
Platform: i686-pc-linux-gnu
configure flags: --prefix=/usr/localdisk/gcc-cvs/trunk --with-gnu-as --with-as=/remote/atg5/jbuck/binutils-2.17-linux/bin/as --with-gnu-ld --with-ld=/remote/atg5/jbuck/binutils-2.17-linux/bin/ld --enable-languages=c,c++,objc,fortran --with-mpfr=/remote/atg5/jbuck/mpfr-linux