This is the mail archive of the gcc-testresults@gcc.gnu.org mailing list for the GCC project.


Index Nav: [Date Index] [Subject Index] [Author Index] [Thread Index]
Message Nav: [Date Prev] [Date Next] [Thread Prev] [Thread Next]
Other format: [Raw text]

Results for 4.3.0 20070518 (experimental) testsuite on s390-ibm-linux-gnu


LAST_UPDATED: Tue May 29 07:01:10 UTC 2007 (revision 124834)

		=== acats tests ===
FAIL:	c36205l
FAIL:	cxg2009
FAIL:	cxh1001

		=== acats Summary ===
# of expected passes		2312
# of unexpected failures	3
Native configuration is s390-ibm-linux-gnu

		=== g++ tests ===


Running target unix

		=== g++ Summary ===

# of expected passes		14860
# of expected failures		82
# of unsupported tests		121
/build2/gcc-4.3-build/gcc/testsuite/g++/../../g++  version 4.3.0 20070518 (experimental)

		=== gcc tests ===


Running target unix
FAIL: gcc.c-torture/execute/mayalias-2.c compilation,  -O3 -g  (internal compiler error)
UNRESOLVED: gcc.c-torture/execute/mayalias-2.c execution,  -O3 -g 
FAIL: gcc.c-torture/execute/mayalias-3.c compilation,  -O3 -g  (internal compiler error)
UNRESOLVED: gcc.c-torture/execute/mayalias-3.c execution,  -O3 -g 
XPASS: gcc.dg/cpp/cmdlne-dI-M.c scan-file (^|\\\\n)cmdlne-dI-M.*:[^\\\\n]*cmdlne-dI-M.c
XPASS: gcc.dg/cpp/cmdlne-dM-M.c scan-file (^|\\\\n)cmdlne-dM-M[^\\\\n]*:[^\\\\n]*cmdlne-dM-M.c
FAIL: gcc.dg/Wno-pointer-sign.c (test for excess errors)
FAIL: gcc.dg/assign-warn-1.c  (test for warnings, line 63)
FAIL: gcc.dg/assign-warn-1.c  (test for warnings, line 64)
FAIL: gcc.dg/assign-warn-1.c  (test for warnings, line 65)
FAIL: gcc.dg/assign-warn-1.c  (test for warnings, line 66)
FAIL: gcc.dg/assign-warn-1.c  (test for warnings, line 67)
FAIL: gcc.dg/assign-warn-1.c  (test for warnings, line 69)
FAIL: gcc.dg/assign-warn-1.c  (test for warnings, line 70)
FAIL: gcc.dg/assign-warn-1.c  (test for warnings, line 71)
FAIL: gcc.dg/assign-warn-1.c  (test for warnings, line 72)
FAIL: gcc.dg/assign-warn-1.c  (test for warnings, line 73)
FAIL: gcc.dg/assign-warn-1.c  (test for warnings, line 75)
FAIL: gcc.dg/assign-warn-1.c  (test for warnings, line 76)
FAIL: gcc.dg/assign-warn-1.c  (test for warnings, line 77)
FAIL: gcc.dg/assign-warn-1.c  (test for warnings, line 78)
FAIL: gcc.dg/assign-warn-1.c  (test for warnings, line 79)
FAIL: gcc.dg/assign-warn-1.c  (test for warnings, line 81)
FAIL: gcc.dg/assign-warn-1.c  (test for warnings, line 82)
FAIL: gcc.dg/assign-warn-1.c  (test for warnings, line 83)
FAIL: gcc.dg/assign-warn-1.c  (test for warnings, line 84)
FAIL: gcc.dg/assign-warn-1.c  (test for warnings, line 85)
FAIL: gcc.dg/assign-warn-1.c (test for excess errors)
FAIL: gcc.dg/assign-warn-2.c  (test for errors, line 64)
FAIL: gcc.dg/assign-warn-2.c  (test for errors, line 65)
FAIL: gcc.dg/assign-warn-2.c  (test for errors, line 66)
FAIL: gcc.dg/assign-warn-2.c  (test for errors, line 67)
FAIL: gcc.dg/assign-warn-2.c  (test for errors, line 68)
FAIL: gcc.dg/assign-warn-2.c  (test for errors, line 70)
FAIL: gcc.dg/assign-warn-2.c  (test for errors, line 71)
FAIL: gcc.dg/assign-warn-2.c  (test for errors, line 72)
FAIL: gcc.dg/assign-warn-2.c  (test for errors, line 73)
FAIL: gcc.dg/assign-warn-2.c  (test for errors, line 74)
FAIL: gcc.dg/assign-warn-2.c  (test for errors, line 76)
FAIL: gcc.dg/assign-warn-2.c  (test for errors, line 77)
FAIL: gcc.dg/assign-warn-2.c  (test for errors, line 78)
FAIL: gcc.dg/assign-warn-2.c  (test for errors, line 79)
FAIL: gcc.dg/assign-warn-2.c  (test for errors, line 80)
FAIL: gcc.dg/assign-warn-2.c  (test for errors, line 82)
FAIL: gcc.dg/assign-warn-2.c  (test for errors, line 83)
FAIL: gcc.dg/assign-warn-2.c  (test for errors, line 84)
FAIL: gcc.dg/assign-warn-2.c  (test for errors, line 85)
FAIL: gcc.dg/assign-warn-2.c  (test for errors, line 86)
FAIL: gcc.dg/assign-warn-2.c (test for excess errors)
FAIL: gcc.dg/conv-2.c  (test for warnings, line 20)
FAIL: gcc.dg/conv-2.c  (test for warnings, line 21)
FAIL: gcc.dg/conv-2.c  (test for warnings, line 23)
FAIL: gcc.dg/conv-2.c  (test for warnings, line 25)
FAIL: gcc.dg/conv-2.c (test for excess errors)
FAIL: gcc.dg/memcpy-1.c scan-tree-dump-times nasty_local 0
FAIL: gcc.dg/pr28726.c (test for excess errors)
FAIL: gcc.dg/torture/builtin-pow-mpfr-1.c  -O0  scan-tree-dump pow
FAIL: gcc.dg/torture/builtin-pow-mpfr-1.c  -O1  scan-tree-dump pow
FAIL: gcc.dg/torture/builtin-pow-mpfr-1.c  -O2  scan-tree-dump pow
FAIL: gcc.dg/torture/builtin-pow-mpfr-1.c  -O3 -fomit-frame-pointer  scan-tree-dump pow
FAIL: gcc.dg/torture/builtin-pow-mpfr-1.c  -O3 -g  scan-tree-dump pow
FAIL: gcc.dg/torture/builtin-pow-mpfr-1.c  -Os  scan-tree-dump pow
XPASS: gcc.dg/tree-ssa/20040204-1.c scan-tree-dump-times link_error 0
XPASS: gcc.dg/tree-ssa/update-threading.c scan-tree-dump-times Invalid sum 0

		=== gcc Summary ===

# of expected passes		42745
# of unexpected failures	58
# of unexpected successes	4
# of expected failures		83
# of unresolved testcases	2
# of untested testcases		28
# of unsupported tests		378
/build2/gcc-4.3-build/gcc/xgcc  version 4.3.0 20070518 (experimental)

		=== gfortran tests ===


Running target unix
FAIL: gfortran.dg/open_errors.f90  -O0  execution test
FAIL: gfortran.dg/open_errors.f90  -O1  execution test
FAIL: gfortran.dg/open_errors.f90  -O2  execution test
FAIL: gfortran.dg/open_errors.f90  -O3 -fomit-frame-pointer  execution test
FAIL: gfortran.dg/open_errors.f90  -O3 -fomit-frame-pointer -funroll-loops  execution test
FAIL: gfortran.dg/open_errors.f90  -O3 -fomit-frame-pointer -funroll-all-loops -finline-functions  execution test
FAIL: gfortran.dg/open_errors.f90  -O3 -g  execution test
FAIL: gfortran.dg/open_errors.f90  -Os  execution test
FAIL: gfortran.dg/secnds.f  -O3 -fomit-frame-pointer -funroll-loops  execution test
FAIL: gfortran.fortran-torture/execute/st_function.f90,  -O1  (internal compiler error)
FAIL: gfortran.fortran-torture/execute/st_function.f90,  -O2  (internal compiler error)
FAIL: gfortran.fortran-torture/execute/st_function.f90,  -O3 -fomit-frame-pointer  (internal compiler error)
FAIL: gfortran.fortran-torture/execute/st_function.f90,  -O3 -fomit-frame-pointer -funroll-loops  (internal compiler error)
FAIL: gfortran.fortran-torture/execute/st_function.f90,  -O3 -fomit-frame-pointer -funroll-all-loops -finline-functions  (internal compiler error)
FAIL: gfortran.fortran-torture/execute/st_function.f90,  -O3 -g  (internal compiler error)
FAIL: gfortran.fortran-torture/execute/st_function.f90,  -Os  (internal compiler error)

		=== gfortran Summary ===

# of expected passes		17958
# of unexpected failures	16
# of expected failures		7
# of unsupported tests		36
/build2/gcc-4.3-build/gcc/testsuite/gfortran/../../gfortran  version 4.3.0 20070518 (experimental)

		=== gnat tests ===


Running target unix
FAIL: gnat.dg/address_conversion.adb execution test

		=== gnat Summary ===

# of expected passes		168
# of unexpected failures	1
		=== objc tests ===


Running target unix

		=== objc Summary ===

# of expected passes		1812
# of expected failures		7
# of unsupported tests		24
/build2/gcc-4.3-build/gcc/xgcc  version 4.3.0 20070518 (experimental)

		=== libffi tests ===


Running target unix

		=== libffi Summary ===

# of expected passes		1096
# of unsupported tests		8
		=== libgomp tests ===


Running target unix

		=== libgomp Summary ===

# of expected passes		1566
		=== libjava tests ===


Running target unix
WARNING: program timed out.
FAIL: getstacktrace run

		=== libjava Summary ===

# of expected passes		2535
# of unexpected failures	1
# of untested testcases		1
		=== libmudflap tests ===


Running target unix
FAIL: libmudflap.c++/pass41-frag.cxx execution test
FAIL: libmudflap.c++/pass41-frag.cxx (-static) execution test
FAIL: libmudflap.c++/pass41-frag.cxx ( -O) execution test
FAIL: libmudflap.c++/pass41-frag.cxx (-O2) execution test
FAIL: libmudflap.c++/pass41-frag.cxx (-O3) execution test

		=== libmudflap Summary ===

# of expected passes		1821
# of unexpected failures	5
		=== libstdc++ tests ===


Running target unix
XPASS: 26_numerics/headers/cmath/c99_classification_macros_c.cc (test for excess errors)
FAIL: 27_io/ios_base/storage/2.cc execution test

		=== libstdc++ Summary ===

# of expected passes		5014
# of unexpected failures	1
# of unexpected successes	1
# of expected failures		46

Compiler version: 4.3.0 20070518 (experimental) 
Platform: s390-ibm-linux-gnu
configure flags: --prefix=/build2/gcc-4.3-install --enable-shared --with-system-zlib --enable-threads=posix --enable-__cxa_atexit --enable-checking --program-suffix=-4.3.0 --enable-languages=ada,c,c++,fortran,java,objc


Index Nav: [Date Index] [Subject Index] [Author Index] [Thread Index]
Message Nav: [Date Prev] [Date Next] [Thread Prev] [Thread Next]