This is the mail archive of the
gcc-testresults@gcc.gnu.org
mailing list for the GCC project.
Results for 4.3.0 20070527 (experimental) testsuite on hppa-unknown-linux-gnu
- From: dave at mx3210 dot hia dot nrc dot ca (John David Anglin)
- To: dave dot anglin at nrc-cnrc dot gc dot ca, gcc-testresults at gcc dot gnu dot org
- Date: Mon, 28 May 2007 21:38:59 -0400 (EDT)
- Subject: Results for 4.3.0 20070527 (experimental) testsuite on hppa-unknown-linux-gnu
LAST_UPDATED: Sun May 27 18:28:11 UTC 2007 (revision 125115)
=== acats tests ===
FAIL: c37215h
FAIL: cxh1001
=== acats Summary ===
# of expected passes 2313
# of unexpected failures 2
Native configuration is hppa-unknown-linux-gnu
=== g++ tests ===
Running target unix
WARNING: program timed out.
FAIL: g++.dg/eh/cleanup1.C (test for excess errors)
XPASS: g++.dg/tree-ssa/ivopts-1.C scan-tree-dump-not offset: -4B
XPASS: g++.dg/tree-ssa/ivopts-1.C scan-tree-dump-not &x\\[5\\]
=== g++ Summary ===
# of expected passes 15016
# of unexpected failures 1
# of unexpected successes 2
# of expected failures 88
# of unsupported tests 122
/home/dave/gnu/gcc-4.3/objdir/gcc/testsuite/g++/../../g++ version 4.3.0 20070527 (experimental)
=== gcc tests ===
Running target unix
WARNING: program timed out.
FAIL: gcc.c-torture/compile/20001226-1.c -O0 (test for excess errors)
WARNING: program timed out.
FAIL: gcc.c-torture/compile/20001226-1.c -O1 (test for excess errors)
WARNING: program timed out.
FAIL: gcc.c-torture/compile/20001226-1.c -O2 (test for excess errors)
WARNING: program timed out.
FAIL: gcc.c-torture/compile/20001226-1.c -O3 -fomit-frame-pointer (test for excess errors)
WARNING: program timed out.
FAIL: gcc.c-torture/compile/20001226-1.c -O3 -g (test for excess errors)
WARNING: program timed out.
FAIL: gcc.c-torture/compile/20001226-1.c -Os (test for excess errors)
FAIL: gcc.c-torture/execute/mayalias-2.c compilation, -O3 -g (internal compiler error)
UNRESOLVED: gcc.c-torture/execute/mayalias-2.c execution, -O3 -g
FAIL: gcc.c-torture/execute/mayalias-3.c compilation, -O3 -g (internal compiler error)
UNRESOLVED: gcc.c-torture/execute/mayalias-3.c execution, -O3 -g
WARNING: program timed out.
FAIL: gcc.dg/c99-intconst-1.c (test for excess errors)
FAIL: gcc.dg/noncompile/pr16876.c -O0 (test for errors, line 10)
FAIL: gcc.dg/noncompile/pr16876.c -O1 (test for errors, line 10)
FAIL: gcc.dg/noncompile/pr16876.c -O2 (test for errors, line 10)
FAIL: gcc.dg/noncompile/pr16876.c -O3 -fomit-frame-pointer (test for errors, line 10)
FAIL: gcc.dg/noncompile/pr16876.c -O3 -g (test for errors, line 10)
FAIL: gcc.dg/noncompile/pr16876.c -Os (test for errors, line 10)
XPASS: gcc.dg/tree-ssa/loop-1.c scan-assembler-times foo 5
XPASS: gcc.dg/tree-ssa/update-threading.c scan-tree-dump-times Invalid sum 0
=== gcc Summary ===
# of expected passes 43012
# of unexpected failures 15
# of unexpected successes 2
# of expected failures 94
# of unresolved testcases 2
# of untested testcases 35
# of unsupported tests 404
/home/dave/gnu/gcc-4.3/objdir/gcc/xgcc version 4.3.0 20070527 (experimental)
=== gfortran tests ===
Running target unix
WARNING: program timed out.
FAIL: gfortran.dg/cray_pointers_2.f90 -O1 (test for excess errors)
UNRESOLVED: gfortran.dg/cray_pointers_2.f90 -O1 compilation failed to produce executable
WARNING: program timed out.
FAIL: gfortran.dg/cray_pointers_2.f90 -O3 -g (test for excess errors)
UNRESOLVED: gfortran.dg/cray_pointers_2.f90 -O3 -g compilation failed to produce executable
FAIL: gfortran.dg/secnds.f -O0 execution test
FAIL: gfortran.dg/secnds.f -Os execution test
=== gfortran Summary ===
# of expected passes 17994
# of unexpected failures 4
# of expected failures 7
# of unresolved testcases 2
# of unsupported tests 92
/home/dave/gnu/gcc-4.3/objdir/gcc/testsuite/gfortran/../../gfortran version 4.3.0 20070527 (experimental)
=== gnat tests ===
Running target unix
FAIL: gnat.dg/address_conversion.adb execution test
=== gnat Summary ===
# of expected passes 168
# of unexpected failures 1
=== obj-c++ tests ===
Running target unix
FAIL: obj-c++.dg/bitfield-1.mm (internal compiler error)
FAIL: obj-c++.dg/bitfield-1.mm (test for excess errors)
UNRESOLVED: obj-c++.dg/bitfield-1.mm compilation failed to produce executable
FAIL: obj-c++.dg/comp-types-10.mm (internal compiler error)
FAIL: obj-c++.dg/comp-types-10.mm (test for excess errors)
FAIL: obj-c++.dg/cxx-class-1.mm (test for excess errors)
FAIL: obj-c++.dg/cxx-ivars-2.mm execution test
FAIL: obj-c++.dg/encode-2.mm scan-assembler {Vec<float>=ffi}
FAIL: obj-c++.dg/encode-2.mm scan-assembler {Vec<double>=ddi}
FAIL: obj-c++.dg/encode-3.mm execution test
FAIL: obj-c++.dg/encode-8.mm execution test
FAIL: obj-c++.dg/gnu-runtime-2.mm (test for excess errors)
FAIL: obj-c++.dg/isa-field-1.mm (test for excess errors)
FAIL: obj-c++.dg/lookup-2.mm (test for excess errors)
UNRESOLVED: obj-c++.dg/lookup-2.mm compilation failed to produce executable
FAIL: obj-c++.dg/try-catch-2.mm (test for excess errors)
UNRESOLVED: obj-c++.dg/try-catch-2.mm compilation failed to produce executable
FAIL: obj-c++.dg/try-catch-9.mm (internal compiler error)
FAIL: obj-c++.dg/try-catch-9.mm (test for excess errors)
UNRESOLVED: obj-c++.dg/try-catch-9.mm compilation failed to produce executable
=== obj-c++ Summary ===
# of expected passes 421
# of unexpected failures 16
# of unresolved testcases 4
# of unsupported tests 13
/home/dave/gnu/gcc-4.3/objdir/gcc/testsuite/obj-c++/../../g++ version 4.3.0 20070527 (experimental)
=== objc tests ===
Running target unix
FAIL: objc.dg/comp-types-4.m (test for warnings, line 70)
FAIL: objc.dg/comp-types-4.m (test for excess errors)
=== objc Summary ===
# of expected passes 1810
# of unexpected failures 2
# of expected failures 7
# of unsupported tests 24
/home/dave/gnu/gcc-4.3/objdir/gcc/xgcc version 4.3.0 20070527 (experimental)
=== libgomp tests ===
Running target unix
=== libgomp Summary ===
# of expected passes 1334
# of unsupported tests 116
=== libmudflap tests ===
Running target unix
FAIL: libmudflap.c++/pass41-frag.cxx execution test
FAIL: libmudflap.c++/pass41-frag.cxx (-static) execution test
FAIL: libmudflap.c++/pass41-frag.cxx ( -O) execution test
FAIL: libmudflap.c++/pass41-frag.cxx (-O2) execution test
FAIL: libmudflap.c++/pass41-frag.cxx (-O3) execution test
WARNING: program timed out.
FAIL: libmudflap.cth/pass40-frag.c execution test
FAIL: libmudflap.cth/pass40-frag.c output pattern test
WARNING: program timed out.
FAIL: libmudflap.cth/pass40-frag.c (-static -DSTATIC) execution test
FAIL: libmudflap.cth/pass40-frag.c (-static -DSTATIC) output pattern test
WARNING: program timed out.
FAIL: libmudflap.cth/pass40-frag.c (-O2) execution test
FAIL: libmudflap.cth/pass40-frag.c (-O2) output pattern test
WARNING: program timed out.
FAIL: libmudflap.cth/pass40-frag.c (-O3) execution test
FAIL: libmudflap.cth/pass40-frag.c (-O3) output pattern test
=== libmudflap Summary ===
# of expected passes 1813
# of unexpected failures 13
=== libstdc++ tests ===
Running target unix
FAIL: 22_locale/time_get/get_date/wchar_t/4.cc execution test
XPASS: 26_numerics/headers/cmath/c99_classification_macros_c.cc (test for excess errors)
WARNING: program timed out.
FAIL: thread/pthread7-rope.cc execution test
=== libstdc++ Summary ===
# of expected passes 5013
# of unexpected failures 2
# of unexpected successes 1
# of expected failures 46
Compiler version: 4.3.0 20070527 (experimental)
Platform: hppa-unknown-linux-gnu
configure flags: --with-gnu-as --with-gnu-ld --enable-shared --prefix=/home/dave/opt/gnu/gcc/gcc-4.3.0 --with-local-prefix=/home/dave/opt/gnu --enable-threads=posix --enable-__cxa_atexit --build=hppa-linux --enable-clocale=gnu --enable-java-gc=boehm --enable-java-awt=xlib --enable-languages=c,c++,objc,fortran,obj-c++,ada