This is the mail archive of the gcc-testresults@gcc.gnu.org mailing list for the GCC project.


Index Nav: [Date Index] [Subject Index] [Author Index] [Thread Index]
Message Nav: [Date Prev] [Date Next] [Thread Prev] [Thread Next]
Other format: [Raw text]

Results for 4.1.3 20070519 (prerelease) testsuite on arm-none-linux-gnueabi


LAST_UPDATED: Sat May 19 11:34:55 UTC 2007 (/branches/gcc-4_1-branch revision 124852)

Target is arm-none-linux-gnueabi
Host   is i686-pc-linux-gnu

		=== g++ tests ===


Running target qemu-system
FAIL: g++.dg/abi/local1.C execution test
XPASS: g++.dg/other/packed1.C execution test
XPASS: g++.dg/tree-ssa/pr14814.C scan-tree-dump-times &this 0
XPASS: g++.old-deja/g++.other/init5.C execution test

		=== g++ Summary ===

# of expected passes		12347
# of unexpected failures	1
# of unexpected successes	3
# of expected failures		66
# of unsupported tests		124
/scratch/gcc/nightly-2007-05-18-4.1/arm-none-linux-gnueabi/build_gcc/build/test-4.1-0-arm-none-linux-gnueabi/host-i686-pc-linux-gnu/fsf-4.1/bin/arm-none-linux-gnueabi-g++  version 4.1.3 20070519 (prerelease)

Host   is i686-pc-linux-gnu

		=== gcc tests ===


Running target qemu-system

		=== gcc Summary ===

# of expected passes		37969
# of expected failures		77
# of untested testcases		28
# of unsupported tests		337
/scratch/gcc/nightly-2007-05-18-4.1/arm-none-linux-gnueabi/build_gcc/build/test-4.1-0-arm-none-linux-gnueabi/host-i686-pc-linux-gnu/fsf-4.1/bin/arm-none-linux-gnueabi-gcc  version 4.1.3 20070519 (prerelease)

Host   is i686-pc-linux-gnu

		=== libstdc++ tests ===


Running target qemu-system

		=== libstdc++ Summary ===

# of expected passes		3391
# of expected failures		13
# of unsupported tests		327
Host   is i686-pc-linux-gnu

		=== g++ tests ===


Running target qemu-system/-mthumb
FAIL: g++.dg/abi/local1.C execution test
XPASS: g++.dg/other/packed1.C execution test
XPASS: g++.dg/tree-ssa/pr14814.C scan-tree-dump-times &this 0
XPASS: g++.old-deja/g++.other/init5.C execution test

		=== g++ Summary ===

# of expected passes		12345
# of unexpected failures	1
# of unexpected successes	3
# of expected failures		66
# of unsupported tests		125
/scratch/gcc/nightly-2007-05-18-4.1/arm-none-linux-gnueabi/build_gcc/build/test-4.1-0-arm-none-linux-gnueabi/host-i686-pc-linux-gnu/fsf-4.1/bin/arm-none-linux-gnueabi-g++  version 4.1.3 20070519 (prerelease)

Host   is i686-pc-linux-gnu

		=== gcc tests ===


Running target qemu-system/-mthumb
XPASS: gcc.c-torture/execute/941014-1.c execution,  -O0 
FAIL: gcc.dg/debug/20050907-1.c -gstabs1 (test for excess errors)
FAIL: gcc.dg/debug/20050907-1.c -gstabs (test for excess errors)
FAIL: gcc.dg/debug/20050907-1.c -gstabs3 (test for excess errors)
FAIL: gcc.dg/debug/20050907-1.c -gstabs+1 (test for excess errors)
FAIL: gcc.dg/debug/20050907-1.c -gstabs+ (test for excess errors)
FAIL: gcc.dg/debug/20050907-1.c -gstabs+3 (test for excess errors)
FAIL: gcc.dg/nested-func-4.c (test for excess errors)
UNRESOLVED: gcc.dg/nested-func-4.c compilation failed to produce executable
FAIL: gcc.dg/sibcall-3.c execution test
FAIL: gcc.dg/sibcall-4.c execution test
XPASS: gcc.dg/tree-ssa/20040204-1.c scan-tree-dump-times link_error 0

		=== gcc Summary ===

# of expected passes		37907
# of unexpected failures	9
# of unexpected successes	2
# of expected failures		76
# of unresolved testcases	1
# of untested testcases		28
# of unsupported tests		346
/scratch/gcc/nightly-2007-05-18-4.1/arm-none-linux-gnueabi/build_gcc/build/test-4.1-0-arm-none-linux-gnueabi/host-i686-pc-linux-gnu/fsf-4.1/bin/arm-none-linux-gnueabi-gcc  version 4.1.3 20070519 (prerelease)

Host   is i686-pc-linux-gnu

		=== libstdc++ tests ===


Running target qemu-system/-mthumb
FAIL: 22_locale/money_put/put/char/4.cc execution test
FAIL: 22_locale/num_put/put/char/4.cc execution test
FAIL: 22_locale/num_put/put/wchar_t/4.cc execution test

		=== libstdc++ Summary ===

# of expected passes		3388
# of unexpected failures	3
# of expected failures		13
# of unsupported tests		327

Compiler version: 4.1.3 20070519 (prerelease) 
Platform: arm-none-linux-gnueabi
configure flags: --build=i686-pc-linux-gnu --host=i686-pc-linux-gnu --target=arm-none-linux-gnueabi --enable-shared --enable-threads --disable-libmudflap --disable-libssp --disable-libgomp --disable-libstdcxx-pch --with-gnu-as --with-gnu-ld --enable-languages=c,c++ --enable-symvers=gnu --enable-__cxa_atexit --disable-nls --prefix=/scratch/gcc/nightly-2007-05-18-4.1/arm-none-linux-gnueabi/build_gcc/install --with-sysroot=/scratch/gcc/nightly-2007-05-18-4.1/arm-none-linux-gnueabi/build_gcc/install/arm-none-linux-gnueabi/libc --enable-poison-system-directories


Index Nav: [Date Index] [Subject Index] [Author Index] [Thread Index]
Message Nav: [Date Prev] [Date Next] [Thread Prev] [Thread Next]