This is the mail archive of the gcc-testresults@gcc.gnu.org mailing list for the GCC project.


Index Nav: [Date Index] [Subject Index] [Author Index] [Thread Index]
Message Nav: [Date Prev] [Date Next] [Thread Prev] [Thread Next]
Other format: [Raw text]

Results for 4.3.0 20070515 (experimental) testsuite on s390-ibm-linux-gnu


LAST_UPDATED: 
		=== acats tests ===
FAIL:	c36205l
FAIL:	cd10002
FAIL:	cxg2009
FAIL:	cxh1001

		=== acats Summary ===
# of expected passes		2311
# of unexpected failures	4
Native configuration is s390-ibm-linux-gnu

		=== g++ tests ===


Running target unix

		=== g++ Summary for unix ===

# of expected passes		14860
# of expected failures		82
# of unsupported tests		121

Running target unix/-fstack-protector

		=== g++ Summary for unix/-fstack-protector ===

# of expected passes		14860
# of expected failures		82
# of unsupported tests		121

		=== g++ Summary ===

# of expected passes		29720
# of expected failures		164
# of unsupported tests		242
/build/buildd/gcc-snapshot-20070515/build/gcc/testsuite/g++/../../g++  version 4.3.0 20070515 (experimental)

		=== gcc tests ===


Running target unix
FAIL: gcc.c-torture/execute/mayalias-2.c compilation,  -O3 -g  (internal compiler error)
UNRESOLVED: gcc.c-torture/execute/mayalias-2.c execution,  -O3 -g 
FAIL: gcc.c-torture/execute/mayalias-3.c compilation,  -O3 -g  (internal compiler error)
UNRESOLVED: gcc.c-torture/execute/mayalias-3.c execution,  -O3 -g 
FAIL: gcc.dg/Wno-pointer-sign.c (test for excess errors)
FAIL: gcc.dg/Wpointer-sign-Wall-no.c (test for excess errors)
FAIL: gcc.dg/Wpointer-sign-Wall.c  (test for warnings, line 8)
FAIL: gcc.dg/Wpointer-sign-Wall.c (test for excess errors)
FAIL: gcc.dg/Wpointer-sign-pedantic-no.c (test for excess errors)
FAIL: gcc.dg/Wpointer-sign-pedantic.c  (test for warnings, line 8)
FAIL: gcc.dg/Wpointer-sign-pedantic.c (test for excess errors)
FAIL: gcc.dg/Wpointer-sign.c (test for excess errors)
FAIL: gcc.dg/assign-warn-1.c  (test for warnings, line 63)
FAIL: gcc.dg/assign-warn-1.c  (test for warnings, line 64)
FAIL: gcc.dg/assign-warn-1.c  (test for warnings, line 65)
FAIL: gcc.dg/assign-warn-1.c  (test for warnings, line 66)
FAIL: gcc.dg/assign-warn-1.c  (test for warnings, line 67)
FAIL: gcc.dg/assign-warn-1.c  (test for warnings, line 69)
FAIL: gcc.dg/assign-warn-1.c  (test for warnings, line 70)
FAIL: gcc.dg/assign-warn-1.c  (test for warnings, line 71)
FAIL: gcc.dg/assign-warn-1.c  (test for warnings, line 72)
FAIL: gcc.dg/assign-warn-1.c  (test for warnings, line 73)
FAIL: gcc.dg/assign-warn-1.c  (test for warnings, line 75)
FAIL: gcc.dg/assign-warn-1.c  (test for warnings, line 76)
FAIL: gcc.dg/assign-warn-1.c  (test for warnings, line 77)
FAIL: gcc.dg/assign-warn-1.c  (test for warnings, line 78)
FAIL: gcc.dg/assign-warn-1.c  (test for warnings, line 79)
FAIL: gcc.dg/assign-warn-1.c  (test for warnings, line 81)
FAIL: gcc.dg/assign-warn-1.c  (test for warnings, line 82)
FAIL: gcc.dg/assign-warn-1.c  (test for warnings, line 83)
FAIL: gcc.dg/assign-warn-1.c  (test for warnings, line 84)
FAIL: gcc.dg/assign-warn-1.c  (test for warnings, line 85)
FAIL: gcc.dg/assign-warn-1.c (test for excess errors)
FAIL: gcc.dg/assign-warn-2.c  (test for errors, line 64)
FAIL: gcc.dg/assign-warn-2.c  (test for errors, line 65)
FAIL: gcc.dg/assign-warn-2.c  (test for errors, line 66)
FAIL: gcc.dg/assign-warn-2.c  (test for errors, line 67)
FAIL: gcc.dg/assign-warn-2.c  (test for errors, line 68)
FAIL: gcc.dg/assign-warn-2.c  (test for errors, line 70)
FAIL: gcc.dg/assign-warn-2.c  (test for errors, line 71)
FAIL: gcc.dg/assign-warn-2.c  (test for errors, line 72)
FAIL: gcc.dg/assign-warn-2.c  (test for errors, line 73)
FAIL: gcc.dg/assign-warn-2.c  (test for errors, line 74)
FAIL: gcc.dg/assign-warn-2.c  (test for errors, line 76)
FAIL: gcc.dg/assign-warn-2.c  (test for errors, line 77)
FAIL: gcc.dg/assign-warn-2.c  (test for errors, line 78)
FAIL: gcc.dg/assign-warn-2.c  (test for errors, line 79)
FAIL: gcc.dg/assign-warn-2.c  (test for errors, line 80)
FAIL: gcc.dg/assign-warn-2.c  (test for errors, line 82)
FAIL: gcc.dg/assign-warn-2.c  (test for errors, line 83)
FAIL: gcc.dg/assign-warn-2.c  (test for errors, line 84)
FAIL: gcc.dg/assign-warn-2.c  (test for errors, line 85)
FAIL: gcc.dg/assign-warn-2.c  (test for errors, line 86)
FAIL: gcc.dg/assign-warn-2.c (test for excess errors)
XPASS: gcc.dg/c90-const-expr-2.c bogus null pointer constant (test for bogus messages, line 37)
XPASS: gcc.dg/c90-const-expr-2.c bogus null pointer constant (test for bogus messages, line 38)
XPASS: gcc.dg/c90-const-expr-2.c bogus null pointer constant (test for bogus messages, line 40)
XPASS: gcc.dg/c90-const-expr-2.c bogus null pointer constant (test for bogus messages, line 42)
XPASS: gcc.dg/c90-const-expr-3.c bogus null pointer constant (test for bogus messages, line 31)
XPASS: gcc.dg/c90-const-expr-3.c bogus null pointer constant (test for bogus messages, line 32)
XPASS: gcc.dg/c90-const-expr-3.c bogus null pointer constant (test for bogus messages, line 34)
XPASS: gcc.dg/c90-const-expr-3.c bogus null pointer constant (test for bogus messages, line 36)
XPASS: gcc.dg/c90-const-expr-3.c bogus null pointer constant (test for bogus messages, line 43)
XPASS: gcc.dg/c90-const-expr-3.c bogus null pointer constant (test for bogus messages, line 44)
XPASS: gcc.dg/c90-const-expr-3.c bogus null pointer constant (test for bogus messages, line 45)
FAIL: gcc.dg/c90-const-expr-5.c  (test for errors, line 18)
FAIL: gcc.dg/c90-const-expr-5.c  (test for errors, line 19)
FAIL: gcc.dg/c90-const-expr-5.c (test for excess errors)
XPASS: gcc.dg/c99-const-expr-2.c bogus null pointer constant (test for bogus messages, line 37)
XPASS: gcc.dg/c99-const-expr-2.c bogus null pointer constant (test for bogus messages, line 38)
XPASS: gcc.dg/c99-const-expr-2.c bogus null pointer constant (test for bogus messages, line 40)
XPASS: gcc.dg/c99-const-expr-3.c bogus null pointer constant (test for bogus messages, line 30)
XPASS: gcc.dg/c99-const-expr-3.c bogus null pointer constant (test for bogus messages, line 31)
XPASS: gcc.dg/c99-const-expr-3.c bogus null pointer constant (test for bogus messages, line 33)
XPASS: gcc.dg/c99-const-expr-3.c bogus null pointer constant (test for bogus messages, line 35)
XPASS: gcc.dg/c99-const-expr-3.c bogus null pointer constant (test for bogus messages, line 42)
XPASS: gcc.dg/c99-const-expr-3.c bogus null pointer constant (test for bogus messages, line 43)
XPASS: gcc.dg/c99-const-expr-3.c bogus null pointer constant (test for bogus messages, line 44)
FAIL: gcc.dg/c99-const-expr-5.c  (test for errors, line 18)
FAIL: gcc.dg/c99-const-expr-5.c  (test for errors, line 19)
FAIL: gcc.dg/c99-const-expr-5.c (test for excess errors)
FAIL: gcc.dg/conv-2.c  (test for warnings, line 15)
FAIL: gcc.dg/conv-2.c  (test for warnings, line 16)
FAIL: gcc.dg/conv-2.c  (test for warnings, line 17)
FAIL: gcc.dg/conv-2.c  (test for warnings, line 18)
FAIL: gcc.dg/conv-2.c  (test for warnings, line 20)
FAIL: gcc.dg/conv-2.c  (test for warnings, line 21)
FAIL: gcc.dg/conv-2.c  (test for warnings, line 23)
FAIL: gcc.dg/conv-2.c  (test for warnings, line 25)
FAIL: gcc.dg/conv-2.c (test for excess errors)
FAIL: gcc.dg/memcpy-1.c scan-tree-dump-times nasty_local 0
FAIL: gcc.dg/pr28726.c (test for excess errors)
FAIL: gcc.dg/transparent-union-1.c  (test for warnings, line 55)
FAIL: gcc.dg/transparent-union-1.c  (test for warnings, line 57)
FAIL: gcc.dg/transparent-union-1.c  (test for warnings, line 59)
FAIL: gcc.dg/transparent-union-1.c  (test for warnings, line 61)
FAIL: gcc.dg/transparent-union-1.c  (test for warnings, line 63)
FAIL: gcc.dg/transparent-union-1.c  (test for warnings, line 65)
FAIL: gcc.dg/transparent-union-1.c  (test for warnings, line 67)
FAIL: gcc.dg/transparent-union-1.c  (test for warnings, line 69)
FAIL: gcc.dg/transparent-union-1.c  (test for warnings, line 71)
FAIL: gcc.dg/transparent-union-1.c  (test for warnings, line 73)
FAIL: gcc.dg/format/bitfld-1.c   (test for excess errors)
FAIL: gcc.dg/format/bitfld-1.c  -DWIDE  (test for excess errors)
XPASS: gcc.dg/tree-ssa/20040204-1.c scan-tree-dump-times link_error 0
XPASS: gcc.dg/tree-ssa/update-threading.c scan-tree-dump-times Invalid sum 0

		=== gcc Summary for unix ===

# of expected passes		42555
# of unexpected failures	81
# of unexpected successes	23
# of expected failures		56
# of unresolved testcases	2
# of untested testcases		28
# of unsupported tests		377

Running target unix/-fstack-protector
FAIL: gcc.c-torture/compile/limits-blockid.c  -O0  (internal compiler error)
FAIL: gcc.c-torture/compile/limits-blockid.c  -O0  (test for excess errors)
FAIL: gcc.c-torture/execute/mayalias-2.c compilation,  -O3 -g  (internal compiler error)
UNRESOLVED: gcc.c-torture/execute/mayalias-2.c execution,  -O3 -g 
FAIL: gcc.c-torture/execute/mayalias-3.c compilation,  -O3 -g  (internal compiler error)
UNRESOLVED: gcc.c-torture/execute/mayalias-3.c execution,  -O3 -g 
FAIL: gcc.dg/Wno-pointer-sign.c (test for excess errors)
FAIL: gcc.dg/Wpointer-sign-Wall-no.c (test for excess errors)
FAIL: gcc.dg/Wpointer-sign-Wall.c  (test for warnings, line 8)
FAIL: gcc.dg/Wpointer-sign-Wall.c (test for excess errors)
FAIL: gcc.dg/Wpointer-sign-pedantic-no.c (test for excess errors)
FAIL: gcc.dg/Wpointer-sign-pedantic.c  (test for warnings, line 8)
FAIL: gcc.dg/Wpointer-sign-pedantic.c (test for excess errors)
FAIL: gcc.dg/Wpointer-sign.c (test for excess errors)
FAIL: gcc.dg/assign-warn-1.c  (test for warnings, line 63)
FAIL: gcc.dg/assign-warn-1.c  (test for warnings, line 64)
FAIL: gcc.dg/assign-warn-1.c  (test for warnings, line 65)
FAIL: gcc.dg/assign-warn-1.c  (test for warnings, line 66)
FAIL: gcc.dg/assign-warn-1.c  (test for warnings, line 67)
FAIL: gcc.dg/assign-warn-1.c  (test for warnings, line 69)
FAIL: gcc.dg/assign-warn-1.c  (test for warnings, line 70)
FAIL: gcc.dg/assign-warn-1.c  (test for warnings, line 71)
FAIL: gcc.dg/assign-warn-1.c  (test for warnings, line 72)
FAIL: gcc.dg/assign-warn-1.c  (test for warnings, line 73)
FAIL: gcc.dg/assign-warn-1.c  (test for warnings, line 75)
FAIL: gcc.dg/assign-warn-1.c  (test for warnings, line 76)
FAIL: gcc.dg/assign-warn-1.c  (test for warnings, line 77)
FAIL: gcc.dg/assign-warn-1.c  (test for warnings, line 78)
FAIL: gcc.dg/assign-warn-1.c  (test for warnings, line 79)
FAIL: gcc.dg/assign-warn-1.c  (test for warnings, line 81)
FAIL: gcc.dg/assign-warn-1.c  (test for warnings, line 82)
FAIL: gcc.dg/assign-warn-1.c  (test for warnings, line 83)
FAIL: gcc.dg/assign-warn-1.c  (test for warnings, line 84)
FAIL: gcc.dg/assign-warn-1.c  (test for warnings, line 85)
FAIL: gcc.dg/assign-warn-1.c (test for excess errors)
FAIL: gcc.dg/assign-warn-2.c  (test for errors, line 64)
FAIL: gcc.dg/assign-warn-2.c  (test for errors, line 65)
FAIL: gcc.dg/assign-warn-2.c  (test for errors, line 66)
FAIL: gcc.dg/assign-warn-2.c  (test for errors, line 67)
FAIL: gcc.dg/assign-warn-2.c  (test for errors, line 68)
FAIL: gcc.dg/assign-warn-2.c  (test for errors, line 70)
FAIL: gcc.dg/assign-warn-2.c  (test for errors, line 71)
FAIL: gcc.dg/assign-warn-2.c  (test for errors, line 72)
FAIL: gcc.dg/assign-warn-2.c  (test for errors, line 73)
FAIL: gcc.dg/assign-warn-2.c  (test for errors, line 74)
FAIL: gcc.dg/assign-warn-2.c  (test for errors, line 76)
FAIL: gcc.dg/assign-warn-2.c  (test for errors, line 77)
FAIL: gcc.dg/assign-warn-2.c  (test for errors, line 78)
FAIL: gcc.dg/assign-warn-2.c  (test for errors, line 79)
FAIL: gcc.dg/assign-warn-2.c  (test for errors, line 80)
FAIL: gcc.dg/assign-warn-2.c  (test for errors, line 82)
FAIL: gcc.dg/assign-warn-2.c  (test for errors, line 83)
FAIL: gcc.dg/assign-warn-2.c  (test for errors, line 84)
FAIL: gcc.dg/assign-warn-2.c  (test for errors, line 85)
FAIL: gcc.dg/assign-warn-2.c  (test for errors, line 86)
FAIL: gcc.dg/assign-warn-2.c (test for excess errors)
XPASS: gcc.dg/c90-const-expr-2.c bogus null pointer constant (test for bogus messages, line 37)
XPASS: gcc.dg/c90-const-expr-2.c bogus null pointer constant (test for bogus messages, line 38)
XPASS: gcc.dg/c90-const-expr-2.c bogus null pointer constant (test for bogus messages, line 40)
XPASS: gcc.dg/c90-const-expr-2.c bogus null pointer constant (test for bogus messages, line 42)
XPASS: gcc.dg/c90-const-expr-3.c bogus null pointer constant (test for bogus messages, line 31)
XPASS: gcc.dg/c90-const-expr-3.c bogus null pointer constant (test for bogus messages, line 32)
XPASS: gcc.dg/c90-const-expr-3.c bogus null pointer constant (test for bogus messages, line 34)
XPASS: gcc.dg/c90-const-expr-3.c bogus null pointer constant (test for bogus messages, line 36)
XPASS: gcc.dg/c90-const-expr-3.c bogus null pointer constant (test for bogus messages, line 43)
XPASS: gcc.dg/c90-const-expr-3.c bogus null pointer constant (test for bogus messages, line 44)
XPASS: gcc.dg/c90-const-expr-3.c bogus null pointer constant (test for bogus messages, line 45)
FAIL: gcc.dg/c90-const-expr-5.c  (test for errors, line 18)
FAIL: gcc.dg/c90-const-expr-5.c  (test for errors, line 19)
FAIL: gcc.dg/c90-const-expr-5.c (test for excess errors)
XPASS: gcc.dg/c99-const-expr-2.c bogus null pointer constant (test for bogus messages, line 37)
XPASS: gcc.dg/c99-const-expr-2.c bogus null pointer constant (test for bogus messages, line 38)
XPASS: gcc.dg/c99-const-expr-2.c bogus null pointer constant (test for bogus messages, line 40)
XPASS: gcc.dg/c99-const-expr-3.c bogus null pointer constant (test for bogus messages, line 30)
XPASS: gcc.dg/c99-const-expr-3.c bogus null pointer constant (test for bogus messages, line 31)
XPASS: gcc.dg/c99-const-expr-3.c bogus null pointer constant (test for bogus messages, line 33)
XPASS: gcc.dg/c99-const-expr-3.c bogus null pointer constant (test for bogus messages, line 35)
XPASS: gcc.dg/c99-const-expr-3.c bogus null pointer constant (test for bogus messages, line 42)
XPASS: gcc.dg/c99-const-expr-3.c bogus null pointer constant (test for bogus messages, line 43)
XPASS: gcc.dg/c99-const-expr-3.c bogus null pointer constant (test for bogus messages, line 44)
FAIL: gcc.dg/c99-const-expr-5.c  (test for errors, line 18)
FAIL: gcc.dg/c99-const-expr-5.c  (test for errors, line 19)
FAIL: gcc.dg/c99-const-expr-5.c (test for excess errors)
FAIL: gcc.dg/conv-2.c  (test for warnings, line 15)
FAIL: gcc.dg/conv-2.c  (test for warnings, line 16)
FAIL: gcc.dg/conv-2.c  (test for warnings, line 17)
FAIL: gcc.dg/conv-2.c  (test for warnings, line 18)
FAIL: gcc.dg/conv-2.c  (test for warnings, line 20)
FAIL: gcc.dg/conv-2.c  (test for warnings, line 21)
FAIL: gcc.dg/conv-2.c  (test for warnings, line 23)
FAIL: gcc.dg/conv-2.c  (test for warnings, line 25)
FAIL: gcc.dg/conv-2.c (test for excess errors)
FAIL: gcc.dg/memcpy-1.c scan-tree-dump-times nasty_local 0
FAIL: gcc.dg/pr28726.c (test for excess errors)
FAIL: gcc.dg/transparent-union-1.c  (test for warnings, line 55)
FAIL: gcc.dg/transparent-union-1.c  (test for warnings, line 57)
FAIL: gcc.dg/transparent-union-1.c  (test for warnings, line 59)
FAIL: gcc.dg/transparent-union-1.c  (test for warnings, line 61)
FAIL: gcc.dg/transparent-union-1.c  (test for warnings, line 63)
FAIL: gcc.dg/transparent-union-1.c  (test for warnings, line 65)
FAIL: gcc.dg/transparent-union-1.c  (test for warnings, line 67)
FAIL: gcc.dg/transparent-union-1.c  (test for warnings, line 69)
FAIL: gcc.dg/transparent-union-1.c  (test for warnings, line 71)
FAIL: gcc.dg/transparent-union-1.c  (test for warnings, line 73)
FAIL: gcc.dg/format/bitfld-1.c   (test for excess errors)
FAIL: gcc.dg/format/bitfld-1.c  -DWIDE  (test for excess errors)
XPASS: gcc.dg/tree-ssa/20040204-1.c scan-tree-dump-times link_error 0
XPASS: gcc.dg/tree-ssa/update-threading.c scan-tree-dump-times Invalid sum 0

		=== gcc Summary for unix/-fstack-protector ===

# of expected passes		42554
# of unexpected failures	83
# of unexpected successes	23
# of expected failures		56
# of unresolved testcases	2
# of untested testcases		28
# of unsupported tests		377

		=== gcc Summary ===

# of expected passes		85109
# of unexpected failures	164
# of unexpected successes	46
# of expected failures		112
# of unresolved testcases	4
# of untested testcases		56
# of unsupported tests		754
/build/buildd/gcc-snapshot-20070515/build/gcc/xgcc  version 4.3.0 20070515 (experimental)

		=== gfortran tests ===


Running target unix
FAIL: gfortran.fortran-torture/execute/st_function.f90,  -O1  (internal compiler error)
FAIL: gfortran.fortran-torture/execute/st_function.f90,  -O2  (internal compiler error)
FAIL: gfortran.fortran-torture/execute/st_function.f90,  -O3 -fomit-frame-pointer  (internal compiler error)
FAIL: gfortran.fortran-torture/execute/st_function.f90,  -O3 -fomit-frame-pointer -funroll-loops  (internal compiler error)
FAIL: gfortran.fortran-torture/execute/st_function.f90,  -O3 -fomit-frame-pointer -funroll-all-loops -finline-functions  (internal compiler error)
FAIL: gfortran.fortran-torture/execute/st_function.f90,  -O3 -g  (internal compiler error)
FAIL: gfortran.fortran-torture/execute/st_function.f90,  -Os  (internal compiler error)

		=== gfortran Summary for unix ===

# of expected passes		17902
# of unexpected failures	7
# of expected failures		7
# of unsupported tests		36

Running target unix/-fstack-protector
FAIL: gfortran.dg/secnds-1.f  -O3 -g  execution test
FAIL: gfortran.dg/secnds.f  -O3 -fomit-frame-pointer -funroll-all-loops -finline-functions  execution test
FAIL: gfortran.fortran-torture/execute/st_function.f90,  -O1  (internal compiler error)
FAIL: gfortran.fortran-torture/execute/st_function.f90,  -O2  (internal compiler error)
FAIL: gfortran.fortran-torture/execute/st_function.f90,  -O3 -fomit-frame-pointer  (internal compiler error)
FAIL: gfortran.fortran-torture/execute/st_function.f90,  -O3 -fomit-frame-pointer -funroll-loops  (internal compiler error)
FAIL: gfortran.fortran-torture/execute/st_function.f90,  -O3 -fomit-frame-pointer -funroll-all-loops -finline-functions  (internal compiler error)
FAIL: gfortran.fortran-torture/execute/st_function.f90,  -O3 -g  (internal compiler error)
FAIL: gfortran.fortran-torture/execute/st_function.f90,  -Os  (internal compiler error)

		=== gfortran Summary for unix/-fstack-protector ===

# of expected passes		17900
# of unexpected failures	9
# of expected failures		7
# of unsupported tests		36

		=== gfortran Summary ===

# of expected passes		35802
# of unexpected failures	16
# of expected failures		14
# of unsupported tests		72
/build/buildd/gcc-snapshot-20070515/build/gcc/testsuite/gfortran/../../gfortran  version 4.3.0 20070515 (experimental)

		=== gnat tests ===


Running target unix
FAIL: gnat.dg/address_conversion.adb execution test

		=== gnat Summary for unix ===

# of expected passes		168
# of unexpected failures	1

Running target unix/-fstack-protector
FAIL: gnat.dg/address_conversion.adb execution test

		=== gnat Summary for unix/-fstack-protector ===

# of expected passes		168
# of unexpected failures	1

		=== gnat Summary ===

# of expected passes		336
# of unexpected failures	2
		=== obj-c++ tests ===


Running target unix
FAIL: obj-c++.dg/bitfield-1.mm (internal compiler error)
FAIL: obj-c++.dg/bitfield-1.mm (test for excess errors)
UNRESOLVED: obj-c++.dg/bitfield-1.mm compilation failed to produce executable
FAIL: obj-c++.dg/comp-types-10.mm (internal compiler error)
FAIL: obj-c++.dg/comp-types-10.mm (test for excess errors)
FAIL: obj-c++.dg/cxx-class-1.mm (test for excess errors)
FAIL: obj-c++.dg/cxx-ivars-2.mm execution test
FAIL: obj-c++.dg/encode-2.mm scan-assembler {Vec<float>=ffi}
FAIL: obj-c++.dg/encode-2.mm scan-assembler {Vec<double>=ddi}
FAIL: obj-c++.dg/encode-3.mm execution test
FAIL: obj-c++.dg/encode-8.mm execution test
FAIL: obj-c++.dg/gnu-runtime-2.mm (test for excess errors)
FAIL: obj-c++.dg/isa-field-1.mm (test for excess errors)
FAIL: obj-c++.dg/lookup-2.mm (test for excess errors)
UNRESOLVED: obj-c++.dg/lookup-2.mm compilation failed to produce executable
FAIL: obj-c++.dg/try-catch-2.mm (test for excess errors)
UNRESOLVED: obj-c++.dg/try-catch-2.mm compilation failed to produce executable
FAIL: obj-c++.dg/try-catch-9.mm (internal compiler error)
FAIL: obj-c++.dg/try-catch-9.mm (test for excess errors)
UNRESOLVED: obj-c++.dg/try-catch-9.mm compilation failed to produce executable

		=== obj-c++ Summary for unix ===

# of expected passes		421
# of unexpected failures	16
# of unresolved testcases	4
# of unsupported tests		13

Running target unix/-fstack-protector
FAIL: obj-c++.dg/bitfield-1.mm (internal compiler error)
FAIL: obj-c++.dg/bitfield-1.mm (test for excess errors)
UNRESOLVED: obj-c++.dg/bitfield-1.mm compilation failed to produce executable
FAIL: obj-c++.dg/comp-types-10.mm (internal compiler error)
FAIL: obj-c++.dg/comp-types-10.mm (test for excess errors)
FAIL: obj-c++.dg/cxx-class-1.mm (test for excess errors)
FAIL: obj-c++.dg/cxx-ivars-2.mm execution test
FAIL: obj-c++.dg/encode-2.mm scan-assembler {Vec<float>=ffi}
FAIL: obj-c++.dg/encode-2.mm scan-assembler {Vec<double>=ddi}
FAIL: obj-c++.dg/encode-3.mm execution test
FAIL: obj-c++.dg/encode-8.mm execution test
FAIL: obj-c++.dg/gnu-runtime-2.mm (test for excess errors)
FAIL: obj-c++.dg/isa-field-1.mm (test for excess errors)
FAIL: obj-c++.dg/lookup-2.mm (test for excess errors)
UNRESOLVED: obj-c++.dg/lookup-2.mm compilation failed to produce executable
FAIL: obj-c++.dg/try-catch-2.mm (test for excess errors)
UNRESOLVED: obj-c++.dg/try-catch-2.mm compilation failed to produce executable
FAIL: obj-c++.dg/try-catch-9.mm (internal compiler error)
FAIL: obj-c++.dg/try-catch-9.mm (test for excess errors)
UNRESOLVED: obj-c++.dg/try-catch-9.mm compilation failed to produce executable

		=== obj-c++ Summary for unix/-fstack-protector ===

# of expected passes		421
# of unexpected failures	16
# of unresolved testcases	4
# of unsupported tests		13

		=== obj-c++ Summary ===

# of expected passes		842
# of unexpected failures	32
# of unresolved testcases	8
# of unsupported tests		26
/build/buildd/gcc-snapshot-20070515/build/gcc/testsuite/obj-c++/../../g++  version 4.3.0 20070515 (experimental)

		=== objc tests ===


Running target unix

		=== objc Summary for unix ===

# of expected passes		1812
# of expected failures		7
# of unsupported tests		24

Running target unix/-fstack-protector

		=== objc Summary for unix/-fstack-protector ===

# of expected passes		1812
# of expected failures		7
# of unsupported tests		24

		=== objc Summary ===

# of expected passes		3624
# of expected failures		14
# of unsupported tests		48
/build/buildd/gcc-snapshot-20070515/build/gcc/xgcc  version 4.3.0 20070515 (experimental)

		=== treelang tests ===


Running target unix

		=== treelang Summary for unix ===

# of expected passes		52

Running target unix/-fstack-protector

		=== treelang Summary for unix/-fstack-protector ===

# of expected passes		52

		=== treelang Summary ===

# of expected passes		104
		=== libffi tests ===


Running target unix

		=== libffi Summary for unix ===

# of expected passes		1096
# of unsupported tests		8

Running target unix/-fstack-protector

		=== libffi Summary for unix/-fstack-protector ===

# of expected passes		1096
# of unsupported tests		8

		=== libffi Summary ===

# of expected passes		2192
# of unsupported tests		16
		=== libgomp tests ===


Running target unix

		=== libgomp Summary for unix ===

# of expected passes		1566

Running target unix/-fstack-protector

		=== libgomp Summary for unix/-fstack-protector ===

# of expected passes		1566

		=== libgomp Summary ===

# of expected passes		3132
		=== libjava tests ===


Running target unix
WARNING: program timed out.
FAIL: getstacktrace run

		=== libjava Summary for unix ===

# of expected passes		2543
# of unexpected failures	1
# of untested testcases		1

Running target unix/-fstack-protector
WARNING: program timed out.
FAIL: getstacktrace run

		=== libjava Summary for unix/-fstack-protector ===

# of expected passes		2543
# of unexpected failures	1
# of untested testcases		1

		=== libjava Summary ===

# of expected passes		5086
# of unexpected failures	2
# of untested testcases		2
		=== libmudflap tests ===


Running target unix
FAIL: libmudflap.c++/pass41-frag.cxx execution test
FAIL: libmudflap.c++/pass41-frag.cxx (-static) execution test
FAIL: libmudflap.c++/pass41-frag.cxx ( -O) execution test
FAIL: libmudflap.c++/pass41-frag.cxx (-O2) execution test
FAIL: libmudflap.c++/pass41-frag.cxx (-O3) execution test
WARNING: program timed out.
FAIL: libmudflap.cth/pass40-frag.c execution test
FAIL: libmudflap.cth/pass40-frag.c output pattern test
WARNING: program timed out.
FAIL: libmudflap.cth/pass40-frag.c (-static -DSTATIC) execution test
FAIL: libmudflap.cth/pass40-frag.c (-static -DSTATIC) output pattern test
WARNING: program timed out.
FAIL: libmudflap.cth/pass40-frag.c (-O3) execution test
FAIL: libmudflap.cth/pass40-frag.c (-O3) output pattern test

		=== libmudflap Summary for unix ===

# of expected passes		1815
# of unexpected failures	11

Running target unix/-fstack-protector
FAIL: libmudflap.c++/pass41-frag.cxx execution test
FAIL: libmudflap.c++/pass41-frag.cxx (-static) execution test
FAIL: libmudflap.c++/pass41-frag.cxx ( -O) execution test
FAIL: libmudflap.c++/pass41-frag.cxx (-O2) execution test
FAIL: libmudflap.c++/pass41-frag.cxx (-O3) execution test
WARNING: program timed out.
FAIL: libmudflap.cth/pass40-frag.c execution test
FAIL: libmudflap.cth/pass40-frag.c output pattern test
WARNING: program timed out.
FAIL: libmudflap.cth/pass40-frag.c (-static -DSTATIC) execution test
FAIL: libmudflap.cth/pass40-frag.c (-static -DSTATIC) output pattern test
WARNING: program timed out.
FAIL: libmudflap.cth/pass40-frag.c (-O3) execution test
FAIL: libmudflap.cth/pass40-frag.c (-O3) output pattern test

		=== libmudflap Summary for unix/-fstack-protector ===

# of expected passes		1815
# of unexpected failures	11

		=== libmudflap Summary ===

# of expected passes		3630
# of unexpected failures	22
		=== libstdc++ tests ===


Running target unix
XPASS: 26_numerics/headers/cmath/c99_classification_macros_c.cc (test for excess errors)
FAIL: 27_io/ios_base/storage/2.cc execution test

		=== libstdc++ Summary for unix ===

# of expected passes		4359
# of unexpected failures	1
# of unexpected successes	1
# of expected failures		69
# of unsupported tests		316

Running target unix/-fstack-protector
XPASS: 26_numerics/headers/cmath/c99_classification_macros_c.cc (test for excess errors)
FAIL: 27_io/ios_base/storage/2.cc execution test

		=== libstdc++ Summary for unix/-fstack-protector ===

# of expected passes		4359
# of unexpected failures	1
# of unexpected successes	1
# of expected failures		69
# of unsupported tests		316

		=== libstdc++ Summary ===

# of expected passes		8718
# of unexpected failures	2
# of unexpected successes	2
# of expected failures		138
# of unsupported tests		632

Compiler version: 4.3.0 20070515 (experimental) 
Platform: s390-ibm-linux-gnu
configure flags: linux gnu,g
BOOT_CFLAGS=-O2


Build Dependencies:
Desired=Unknown/Install/Remove/Purge/Hold
| Status=Not/Installed/Config-files/Unpacked/Failed-config/Half-installed
|/ Err?=(none)/Hold/Reinst-required/X=both-problems (Status,Err: uppercase=bad)
||/ Name           Version           Description
+++-==============-=================-==============================================
ii  binutils       2.17cvs20070426-5 The GNU assembler, linker and binary utilities
ii  libc6          2.5-7             GNU C Library: Shared libraries


Patches that Debian applied in this version:

cpu-default-i486:
  set default 32bit ix86 architecture to i486

reporting:
  Add Debian URL for bug reporting instructions.

gcc-ice-hack:
  2004-01-23  Jakub Jelinek  <jakub@redhat.com>
  
  	* system.h (ICE_EXIT_CODE): Define.
  	* gcc.c (execute): Don't free first string early, but at the end
  	of the function.  Call retry_ice if compiler exited with
  	ICE_EXIT_CODE.
  	(retry_ice): New function.
  	* diagnostic.c (diagnostic_count_diagnostic,
  	diagnostic_action_after_output, error_recursion): Exit with
  	ICE_EXIT_CODE instead of FATAL_EXIT_CODE.

multiarch-include:
  biarch-include.dpatch
  
  Adds biarch include directories
  /usr/local/include/<arch>-linux-gnu
  /usr/include/<arch>-linux-gnu
  to the system include paths, depending on 32/64 bit mode.

libjava-qt-peer:
  Add standard C++ include directores when building the QT peer library.

libjava-disable-static:
  Disable building the static libjava.

ada-driver-check:
  Simplify Ada driver check (we always build using the required
  Ada version. Needed for warnings on alpha.

libjava-biarch-awt:
  

config-ml:
  disable some biarch libraries for biarch builds

libjava-biarch-alsa:
  Fix linking with the correct biarch asound library

s390-biarch:
  enable biarch for 31 bit compiler

disable-configure-run-check:
  don't bogusly check if the 64bit binaries also work,
  which does break on 32bit kernels.

Counting all warnings,
there are 0 warnings in stage3 of this bootstrap.

Number of warnings per file:

Number of warning types:


Index Nav: [Date Index] [Subject Index] [Author Index] [Thread Index]
Message Nav: [Date Prev] [Date Next] [Thread Prev] [Thread Next]