This is the mail archive of the gcc-testresults@gcc.gnu.org mailing list for the GCC project.


Index Nav: [Date Index] [Subject Index] [Author Index] [Thread Index]
Message Nav: [Date Prev] [Date Next] [Thread Prev] [Thread Next]
Other format: [Raw text]

Results for 4.1.3 20070514 (prerelease) testsuite on i686-pc-linux-gnu


This is a Red Hat Enterprise (GNU/)Linux WS release 3 system
(yes, horribly old) running on a dual 2.2 GHz Intel Xeon system.

boot compiler: gcc 3.4.2

kernel: 2.4.21-32.EL (from Red Hat)
glibc: 2.3.2-95.33 (from Red Hat)
binutils: 2.17 (FSF release)
MPFR: 2.2.1

Only C, C++, ObjC, and Fortran are tested (no Java).
LAST_UPDATED: Mon May 14 07:51:48 UTC 2007 (revision 124708)

Native configuration is i686-pc-linux-gnu

		=== g++ tests ===


Running target unix
XPASS: g++.dg/tree-ssa/pr14814.C scan-tree-dump-times &this 0

		=== g++ Summary ===

# of expected passes		12463
# of unexpected successes	1
# of expected failures		67
# of unsupported tests		69
/var/tmp/gccbuild/4_1_branch/gcc/testsuite/g++/../../g++  version 4.1.3 20070514 (prerelease)

		=== gcc tests ===


Running target unix

		=== gcc Summary ===

# of expected passes		39182
# of expected failures		101
# of untested testcases		28
# of unsupported tests		246
/var/tmp/gccbuild/4_1_branch/gcc/xgcc  version 4.1.3 20070514 (prerelease)

		=== gfortran tests ===


Running target unix

		=== gfortran Summary ===

# of expected passes		13694
# of expected failures		14
# of unsupported tests		16
/var/tmp/gccbuild/4_1_branch/gcc/testsuite/gfortran/../../gfortran  version 4.1.3 20070514 (prerelease)

		=== objc tests ===


Running target unix

		=== objc Summary ===

# of expected passes		1722
# of unsupported tests		22
/var/tmp/gccbuild/4_1_branch/gcc/xgcc  version 4.1.3 20070514 (prerelease)

		=== libmudflap tests ===


Running target unix
FAIL: libmudflap.cth/pass39-frag.c (-O2) (rerun 4) execution test
FAIL: libmudflap.cth/pass39-frag.c (-O2) (rerun 4) output pattern test
FAIL: libmudflap.cth/pass39-frag.c (-O3) (rerun 9) execution test
FAIL: libmudflap.cth/pass39-frag.c (-O3) (rerun 9) output pattern test

		=== libmudflap Summary ===

# of expected passes		1795
# of unexpected failures	4
		=== libstdc++ tests ===


Running target unix
XPASS: 26_numerics/cmath/c99_classification_macros_c.cc (test for excess errors)

		=== libstdc++ Summary ===

# of expected passes		1593
# of unexpected successes	1
# of expected failures		6
# of unsupported tests		8

Compiler version: 4.1.3 20070514 (prerelease) 
Platform: i686-pc-linux-gnu
configure flags: --prefix=/usr/localdisk/gcc-cvs/4_1_branch --with-gnu-as --with-as=/remote/atg5/jbuck/binutils-2.17-linux/bin/as --with-gnu-ld --with-ld=/remote/atg5/jbuck/binutils-2.17-linux/bin/ld --with-mpfr=/remote/atg5/jbuck/mpfr-linux --enable-languages=c,c++,fortran,objc


Index Nav: [Date Index] [Subject Index] [Author Index] [Thread Index]
Message Nav: [Date Prev] [Date Next] [Thread Prev] [Thread Next]