This is the mail archive of the gcc-testresults@gcc.gnu.org mailing list for the GCC project.


Index Nav: [Date Index] [Subject Index] [Author Index] [Thread Index]
Message Nav: [Date Prev] [Date Next] [Thread Prev] [Thread Next]
Other format: [Raw text]

Results for 4.0.4 testsuite on i686-pc-linux-gnu


This is using the GCC 4.0.4 Release tarball and is based on the
DIY Linux Reference Build recipe from:

  http://www.diy-linux.org/

Using these packages:

FSF binutils-2.16.1
glibc-2.3.6

Running under a 2.6.21 kernel.

LAST_UPDATED: Obtained from SVN: tags/gcc_4_0_4_release revision 121416

Native configuration is i686-pc-linux-gnu

		=== g++ tests ===


Running target unix
XPASS: g++.old-deja/g++.other/init5.C execution test

		=== g++ Summary ===

# of expected passes		11642
# of unexpected successes	1
# of expected failures		69
# of unsupported tests		56
/home/pkgmgr/src/gcc-build/gcc/testsuite/g++/../../g++  version 4.0.4

		=== gcc tests ===


Running target unix
XPASS: gcc.dg/vect/vect-22.c scan-tree-dump-times vectorized 3 loops 1

		=== gcc Summary ===

# of expected passes		35741
# of unexpected successes	1
# of expected failures		94
# of untested testcases		28
# of unsupported tests		328
/home/pkgmgr/src/gcc-build/gcc/xgcc  version 4.0.4

		=== libmudflap tests ===


Running target unix
FAIL: libmudflap.cth/pass40-frag.c execution test
FAIL: libmudflap.cth/pass40-frag.c output pattern test
FAIL: libmudflap.cth/pass40-frag.c (-O2) execution test
FAIL: libmudflap.cth/pass40-frag.c (-O2) output pattern test
FAIL: libmudflap.cth/pass40-frag.c (-O3) execution test
FAIL: libmudflap.cth/pass40-frag.c (-O3) output pattern test

		=== libmudflap Summary ===

# of expected passes		1282
# of unexpected failures	6
		=== libstdc++ tests ===


Running target unix
XPASS: 22_locale/locale/cons/12658_thread-1.cc execution test
XPASS: 26_numerics/cmath/c99_classification_macros_c.cc (test for excess errors)

		=== libstdc++ Summary ===

# of expected passes		3713
# of unexpected successes	2
# of expected failures		12

Compiler version: 4.0.4 
Platform: i686-pc-linux-gnu
configure flags: --libexecdir=/usr/lib --enable-shared --disable-multilib --disable-bootstrap --enable-clocale=gnu --enable-threads=posix --enable-__cxa_atexit --enable-languages=c,c++


Index Nav: [Date Index] [Subject Index] [Author Index] [Thread Index]
Message Nav: [Date Prev] [Date Next] [Thread Prev] [Thread Next]