This is the mail archive of the gcc-testresults@gcc.gnu.org mailing list for the GCC project.


Index Nav: [Date Index] [Subject Index] [Author Index] [Thread Index]
Message Nav: [Date Prev] [Date Next] [Thread Prev] [Thread Next]
Other format: [Raw text]

Results for 4.1.3 20070429 (prerelease) (Debian 4.1.2-6) testsuite on mips-unknown-linux-gnu


LAST_UPDATED: Sun Apr 29 20:44:29 UTC 2007 (revision 124285)

Native configuration is mips-unknown-linux-gnu

		=== g++ tests ===


Running target unix
XPASS: g++.dg/tree-ssa/pr14814.C scan-tree-dump-times &this 0
XPASS: g++.old-deja/g++.other/init5.C execution test

		=== g++ Summary ===

# of expected passes		12384
# of unexpected successes	2
# of expected failures		66
# of unsupported tests		109
/build/buildd/gcc-4.1-4.1.2/build/gcc/testsuite/g++/../../g++  version 4.1.3 20070429 (prerelease) (Debian 4.1.2-6)

		=== gcc tests ===


Running target unix
WARNING: program timed out.
FAIL: gcc.c-torture/compile/20001226-1.c  -O2  (test for excess errors)
WARNING: program timed out.
FAIL: gcc.c-torture/compile/20001226-1.c  -O3 -fomit-frame-pointer  (test for excess errors)
WARNING: program timed out.
FAIL: gcc.c-torture/compile/20001226-1.c  -O3 -g  (test for excess errors)
WARNING: program timed out.
FAIL: gcc.c-torture/compile/20001226-1.c  -Os  (test for excess errors)
FAIL: gcc.c-torture/execute/loop-2f.c execution,  -O0 
FAIL: gcc.c-torture/execute/loop-2f.c execution,  -O1 
FAIL: gcc.c-torture/execute/loop-2f.c execution,  -O2 
FAIL: gcc.c-torture/execute/loop-2f.c execution,  -O3 -fomit-frame-pointer 
FAIL: gcc.c-torture/execute/loop-2f.c execution,  -O3 -fomit-frame-pointer -funroll-loops 
FAIL: gcc.c-torture/execute/loop-2f.c execution,  -O3 -fomit-frame-pointer -funroll-all-loops -finline-functions 
FAIL: gcc.c-torture/execute/loop-2f.c execution,  -O3 -g 
FAIL: gcc.c-torture/execute/loop-2f.c execution,  -Os 
FAIL: gcc.c-torture/execute/loop-2g.c execution,  -O0 
FAIL: gcc.c-torture/execute/loop-2g.c execution,  -O1 
FAIL: gcc.c-torture/execute/loop-2g.c execution,  -O2 
FAIL: gcc.c-torture/execute/loop-2g.c execution,  -O3 -fomit-frame-pointer 
FAIL: gcc.c-torture/execute/loop-2g.c execution,  -O3 -fomit-frame-pointer -funroll-loops 
FAIL: gcc.c-torture/execute/loop-2g.c execution,  -O3 -fomit-frame-pointer -funroll-all-loops -finline-functions 
FAIL: gcc.c-torture/execute/loop-2g.c execution,  -O3 -g 
FAIL: gcc.c-torture/execute/loop-2g.c execution,  -Os 
FAIL: gcc.c-torture/execute/ieee/copysign1.c execution,  -O0 
FAIL: gcc.c-torture/execute/ieee/copysign1.c execution,  -O1 
FAIL: gcc.c-torture/execute/ieee/copysign1.c execution,  -O2 
FAIL: gcc.c-torture/execute/ieee/copysign1.c execution,  -O3 -fomit-frame-pointer 
FAIL: gcc.c-torture/execute/ieee/copysign1.c execution,  -O3 -fomit-frame-pointer -funroll-loops 
FAIL: gcc.c-torture/execute/ieee/copysign1.c execution,  -O3 -fomit-frame-pointer -funroll-all-loops -finline-functions 
FAIL: gcc.c-torture/execute/ieee/copysign1.c execution,  -O3 -g 
FAIL: gcc.c-torture/execute/ieee/copysign1.c execution,  -Os 
FAIL: gcc.dg/attr-alias-3.c (test for excess errors)
XPASS: gcc.dg/tree-ssa/20040204-1.c scan-tree-dump-times link_error 0
FAIL: gcc.target/mips/memcpy-1.c scan-assembler-not \\tlbu\\t

		=== gcc Summary ===

# of expected passes		38216
# of unexpected failures	30
# of unexpected successes	1
# of expected failures		76
# of untested testcases		28
# of unsupported tests		278
/build/buildd/gcc-4.1-4.1.2/build/gcc/xgcc  version 4.1.3 20070429 (prerelease) (Debian 4.1.2-6)

		=== gfortran tests ===


Running target unix
XPASS: gfortran.dg/csqrt_2.f  -O0  execution test
XPASS: gfortran.dg/csqrt_2.f  -O1  execution test
XPASS: gfortran.dg/csqrt_2.f  -O2  execution test
XPASS: gfortran.dg/csqrt_2.f  -O3 -fomit-frame-pointer  execution test
XPASS: gfortran.dg/csqrt_2.f  -O3 -fomit-frame-pointer -funroll-loops  execution test
XPASS: gfortran.dg/csqrt_2.f  -O3 -fomit-frame-pointer -funroll-all-loops -finline-functions  execution test
XPASS: gfortran.dg/csqrt_2.f  -O3 -g  execution test
XPASS: gfortran.dg/csqrt_2.f  -Os  execution test

		=== gfortran Summary ===

# of expected passes		13509
# of unexpected successes	8
# of expected failures		4
# of unsupported tests		90
/build/buildd/gcc-4.1-4.1.2/build/gcc/testsuite/gfortran/../../gfortran  version 4.1.3 20070429 (prerelease) (Debian 4.1.2-6)

		=== obj-c++ tests ===


Running target unix
FAIL: obj-c++.dg/cxx-ivars-2.mm execution test
FAIL: obj-c++.dg/encode-8.mm execution test
FAIL: obj-c++.dg/isa-field-1.mm (test for excess errors)
FAIL: obj-c++.dg/lookup-2.mm (test for excess errors)
UNRESOLVED: obj-c++.dg/lookup-2.mm compilation failed to produce executable
FAIL: obj-c++.dg/try-catch-2.mm (test for excess errors)
UNRESOLVED: obj-c++.dg/try-catch-2.mm compilation failed to produce executable
FAIL: obj-c++.dg/try-catch-9.mm (test for excess errors)
UNRESOLVED: obj-c++.dg/try-catch-9.mm compilation failed to produce executable

		=== obj-c++ Summary ===

# of expected passes		423
# of unexpected failures	6
# of unresolved testcases	3
# of unsupported tests		13
/build/buildd/gcc-4.1-4.1.2/build/gcc/testsuite/obj-c++/../../g++  version 4.1.3 20070429 (prerelease) (Debian 4.1.2-6)

		=== objc tests ===


Running target unix
FAIL: objc.dg/stabs-1.m scan-assembler (.SUBSPA.*[\$]CODE[\$]|.text"?)\\n\\t.stabs.*100,0,0,(\\\\.)?L?L[\$]?etext[0-9]*\\n(\\\\.)?L?L[\$]?etext

		=== objc Summary ===

# of expected passes		1721
# of unexpected failures	1
# of unsupported tests		22
/build/buildd/gcc-4.1-4.1.2/build/gcc/xgcc  version 4.1.3 20070429 (prerelease) (Debian 4.1.2-6)

		=== treelang tests ===


Running target unix

		=== treelang Summary ===

# of expected passes		50
		=== libffi tests ===


Running target unix

		=== libffi Summary ===

# of expected passes		1084
# of unsupported tests		8
		=== libmudflap tests ===


Running target unix

		=== libmudflap Summary ===

# of expected passes		1799
		=== libstdc++ tests ===


Running target unix
XPASS: 26_numerics/cmath/c99_classification_macros_c.cc (test for excess errors)

		=== libstdc++ Summary ===

# of expected passes		3398
# of unexpected successes	1
# of expected failures		12
# of unsupported tests		324

Compiler version: 4.1.3 20070429 (prerelease) (Debian 4.1.2-6) 
Platform: mips-unknown-linux-gnu
configure flags: -v --prefix=/usr --enable-shared --with-system-zlib --libexecdir=/usr/lib --without-included-gettext --enable-threads=posix --enable-nls --with-gxx-include-dir=/usr/include/c++/4.1.3 --program-suffix=-4.1 --enable-__cxa_atexit --enable-clocale=gnu --enable-libstdcxx-debug --enable-mpfr --disable-libssp --enable-checking=release mips-linux-gnu --enable-languages=c,c++,fortran,objc,obj-c++,treelang
BOOT_CFLAGS=-O2


Build Dependencies:
Desired=Unknown/Install/Remove/Purge/Hold
| Status=Not/Installed/Config-files/Unpacked/Failed-config/Half-installed
|/ Err?=(none)/Hold/Reinst-required/X=both-problems (Status,Err: uppercase=bad)
||/ Name           Version           Description
+++-==============-=================-==============================================
ii  binutils       2.17cvs20070426-4 The GNU assembler, linker and binary utilities
ii  libc6          2.5-5             GNU C Library: Shared libraries


Patches that Debian applied in this version:

svn-updates:
  SVN updates from the 4.1 branch upto 20070429.

gcc-version:
  Add package identification to the gcc version string

gcc-textdomain:
  Set gettext's domain and textdomain to the versioned package name.

gcc-driver-extra-langs:
  Add options and specs for languages that are not built from a source
  (but built from separate sources).

gcc-long-double:
  Add --with{,out}-long-double-128 configure option.
  Taken from http://gcc.gnu.org/bugzilla/show_bug.cgi?id=25864#c14

libstdc++-long-double:
  PR target/25864, libstdc++-v3 parts.
  Taken from http://gcc.gnu.org/bugzilla/show_bug.cgi?id=25864#c13

libstdc++-pic:
  Build and install libstdc++_pic.a library.

libstdc++-doclink:
  adjust hrefs to point to the local documentation

gcc-hash-style-gnu:
  Link using --hash-style=gnu (alpha, amd64, ia64, i386, powerpc, ppc64, s390, sparc)

gccbug:
  Use sensible-editor instead of vi as fallback editor

gccbug-posix:
  Make gccbug POSIX compliant (patch by David Weinehall)
  http://www.opengroup.org/onlinepubs/009695399/utilities/test.html

boehm-gc-backport:
  gcc/java / libjava backport / classpath-0.92

boehm-gc-nocheck:
  Disable running the boehm-gc testsuite. Hangs the buildd at least on hppa.

fastjar-version:
  Append GCC version to the fastjar version string.

fastjar-doc:
  fastjar.texi: Directly define the gcctabopt and gccoptlist macros.

libstdc++-doxygen:
  libstdc++ doxygen docs: Set SHORT_NAMES to YES

libffi-configure:
  Add --enable-libffi option to toplevel configure script

libffi-backport:
  libffi backport

libffi-backport2:
  Add missing bits for the libffi backport from the trunk
  - parisc chunks
  - missing testcases in testsuite/libffi.call

libjava-backport-updates:
  SVN updates from the gcc-4_1-branch-java-merge-20070117 branch upto 20070221.

libjava-backport-updates2:
  SVN updates from the gcc-4_1-rh-branch branch upto 20070428.

libjava-backport-updates3:
  SVN updates from the gcc-4_1-rh-branch branch upto 20070504.

libjava-visibility:
  Reduce the number of symbols in libgcj.so by 20%; taken from the trunk.

libjava-subdir:
  - Set the libjava sublibdir to /usr/lib/gcj-4_1
  - Set the default libgcj database dir to /var/lib/gcj-4.1

libjava-lib32subdir:
  - When running the i386 binaries on amd64, look in /usr/lib32/gcj-x_y

libjava-jnipath:
  - Add /usr/lib/jni to java.library.path.
  - When running the i386 binaries on amd64, look in
  - /usr/lib32/gcj-x.y and /usr/lib32/jni instead.

libjava-lib32-properties:
  - When running the i386 binaries on amd64, adjust the properties
  java.home, gnu.classpath.home.url, sun.boot.class.path,
  gnu.gcj.precompiled.db.path.

libjava-stacktrace:
  libgcj: Lookup source file name and line number in separated
  debug files found in /usr/lib/debug

libjava-soname:
  Bump the libgcj soversion.

libjava-disable-static:
  Disable building the static libjava.

libjava-rpath:
  - Link ecjx and gij with -rpath \$(dbexecdir)

gcc-expandv:
  * gcc.c (main): Call expandargv.

alpha-no-ev4-directive:

arm-libffi:
  Add closure support to libffi for arm

note-gnu-stack:
  Add .note.GNU-stack sections for gcc's crt files, libffi and boehm-gc
  Taken from FC.

arm-gij:
  Enable gij interpreter on arm

hppa-cbranch:
  Fix for PR target/26743 (hppa)
  Backport from gcc trunk 2006-04-12 by tausq@debian.org

hppa-cbranch2:
  Fix for PR target/26743 (hppa)
  Backport from gcc trunk 2006-04-12 by tausq@debian.org

hppa-caller-save-pic-tls:
  Make sure %r19 an %r27 aren't clobbered.
  http://gcc.gnu.org/ml/gcc-patches/2007-05/msg00144.html

m68k-fjump:
  gcc/config/m68k/m68k.md:
  always use as fjcc pseudo op, we rely heavily on as 
  to generate the right size for the jump instructions
  fixes #359281

m68k-gc:
  boehm-gc:
  the thread suspend handler has to save all registers
  reenable MPROTECT_VDB, it should work, otherwise it's probably a kernel bug
  change STACKBOTTOM to LINUX_STACKBOTTOM so it works with 2.6 kernel

m68k-save_pic:
  gcc/config/m68k/m68k.c:
  correctly save the pic register, when not done by reload()
  (fixes _Unwind_RaiseException and thus exception handling)
  fixes 345574

m68k-libffi2:
  add closure support to libffi for m68k

m68k-dwarf:
  correct the dwarf frame information, but preserve compatibility

m68k-split_shift:
  use correct predicates for long long shifts and use more splits
  fixes 381572

m68k-prevent-qipush:
  prevent combine from creating a byte push on the stack (invalid on m68k)

m68k-jumptable:
  Don't force byte offset when accessing the jumptable, gas can
  generate the correct offset size instead.

m68k-peephole:
  Convert some text peepholes to rtl peepholes, so the correct
  DWARF2 information can be generated for stack manipulations.
  (Keep a few peepholes temporarily disabled.)

m68k-return:
  don't use single return if fp register have to be restored
  fixes 386864

m68k-sig-unwind:
  add support for unwinding over signal frames

m68k-align-code:
  use "move.l %a4,%a4" to advance within code.

m68k-align-stack:
  try to keep the stack word aligned

m68k-dwarf3:
  emit correct dwarf info for cfa offset and register with -fomit-frame-pointer

m68k-fpcompare:
  bring fp compare early to its desired form to relieve reload,
  allow any fp constant during and after reload (even special constants)
  in case reload can't find a free register for them.

m68k-secondary-addr-reload:
  add secondary reloads to allow reload to get byte values into addr regs

m68k-notice-move:
  don't set cc_status for fp move without fp register

m68k-symbolic-operand:
  better recognize symbolic operands in addresses

m68k-bitfield-offset:
  only use constant offset for register bitfields
  (combine expects shifts, but does a rotate)

pr25524:
  Backport PR libstdc++/25524 from the trunk

pr26885:
  Proposed patch for PR driver/26885

pr26864:
  Backport fix for PR libmudflap/26864 from the trunk.

pr26208:
  PR other/26208

pr26208-r111674:
  PR other/26208, fix arm pasto

libjava-sjlj:
  Don't try to use _Unwind_Backtrace on SJLJ targets.
  See bug #387875, #388505, GCC PR 29206.

gcc-dwarf2-h:
  gcc dwarf2.h header additions (r107384, r111620), taken from the trunk

gcc-unwind-r111705:
  gcc unwind r11705, taken from the trunk

gcc-unwind-r120406:
  gcc unwind r120406, taken from the trunk

pr9861-nojava:
  Non-java parts of PR java/9861 (java changes in gcj-ecj-generics.tar.bz2).

gcc-r109242:
  Backport r109242 from the trunk

gcc-r109581:
  Backport r109581 from the trunk

gcc-4.1-x86-blended:
  Backport x86 "generic" patches from the trunk

cpu-default-generic:
  set default 32bit ix86 architecture to i486

gcc-pfrs-2:
  Fix a regression in the backport of PR 28946 from the trunk (H.J. Lu).

deb-protoize:
  build protoize/unprotoize binaries

link-libs:

reporting:
  Add Debian URL for bug reporting instructions.

gcc-ice-hack:
  2004-01-23  Jakub Jelinek  <jakub@redhat.com>
  
  	* system.h (ICE_EXIT_CODE): Define.
  	* gcc.c (execute): Don't free first string early, but at the end
  	of the function.  Call retry_ice if compiler exited with
  	ICE_EXIT_CODE.
  	(retry_ice): New function.
  	* diagnostic.c (diagnostic_count_diagnostic,
  	diagnostic_action_after_output, error_recursion): Exit with
  	ICE_EXIT_CODE instead of FATAL_EXIT_CODE.

multiarch-include:
  biarch-include.dpatch
  
  Adds biarch include directories
  /usr/local/include/<arch>-linux-gnu
  /usr/include/<arch>-linux-gnu
  to the system include paths, depending on 32/64 bit mode.

Counting all warnings,
there are 42 warnings in stage3 of this bootstrap.

Number of warnings per file:
     13 gcc/config/mips/mips.md
     11 treelang/lex.c
     11 gengtype-lex.c
      3 gcc/gcc.c
      2 gcc/objc/lang-specs.h
      1 gcc/protoize.c
      1 gcc/java/lang-specs.h

Number of warning types:
     22 no previous prototype for `???'
      7 operand 1 missing mode?
      6 string length `???' is greater than the length `???' ISO C89 compilers are required to support
      5 operand 0 missing mode?
      1 source missing a mode?
      1 argument `???' might be clobbered by `???' or `???'


Index Nav: [Date Index] [Subject Index] [Author Index] [Thread Index]
Message Nav: [Date Prev] [Date Next] [Thread Prev] [Thread Next]