This is the mail archive of the
gcc-testresults@gcc.gnu.org
mailing list for the GCC project.
Results for 4.1.3 20070429 (prerelease) (Debian 4.1.2-5) testsuite on hppa-unknown-linux-gnu
- From: Matthias Klose <doko at debian dot org>
- To: gcc-testresults at gcc dot gnu dot org
- Cc: debian-gcc at lists dot debian dot org
- Date: Mon, 30 Apr 2007 17:54:13 -0600
- Subject: Results for 4.1.3 20070429 (prerelease) (Debian 4.1.2-5) testsuite on hppa-unknown-linux-gnu
- Reply-to: Matthias Klose <doko at debian dot org>
LAST_UPDATED: Sun Apr 29 20:44:29 UTC 2007 (revision 124285)
Native configuration is hppa-unknown-linux-gnu
=== g++ tests ===
Running target unix
FAIL: g++.dg/bprob/g++-bprob-1.C compilation, -g -fprofile-arcs
UNRESOLVED: g++.dg/bprob/g++-bprob-1.C execution, -g -fprofile-arcs
UNRESOLVED: g++.dg/bprob/g++-bprob-1.C compilation, -g -fbranch-probabilities
UNRESOLVED: g++.dg/bprob/g++-bprob-1.C execution, -g -fbranch-probabilities
FAIL: g++.dg/bprob/g++-bprob-1.C compilation, -O0 -fprofile-arcs
UNRESOLVED: g++.dg/bprob/g++-bprob-1.C execution, -O0 -fprofile-arcs
UNRESOLVED: g++.dg/bprob/g++-bprob-1.C compilation, -O0 -fbranch-probabilities
UNRESOLVED: g++.dg/bprob/g++-bprob-1.C execution, -O0 -fbranch-probabilities
FAIL: g++.dg/bprob/g++-bprob-1.C compilation, -O1 -fprofile-arcs
UNRESOLVED: g++.dg/bprob/g++-bprob-1.C execution, -O1 -fprofile-arcs
UNRESOLVED: g++.dg/bprob/g++-bprob-1.C compilation, -O1 -fbranch-probabilities
UNRESOLVED: g++.dg/bprob/g++-bprob-1.C execution, -O1 -fbranch-probabilities
FAIL: g++.dg/bprob/g++-bprob-1.C compilation, -O2 -fprofile-arcs
UNRESOLVED: g++.dg/bprob/g++-bprob-1.C execution, -O2 -fprofile-arcs
UNRESOLVED: g++.dg/bprob/g++-bprob-1.C compilation, -O2 -fbranch-probabilities
UNRESOLVED: g++.dg/bprob/g++-bprob-1.C execution, -O2 -fbranch-probabilities
FAIL: g++.dg/bprob/g++-bprob-1.C compilation, -O3 -fprofile-arcs
UNRESOLVED: g++.dg/bprob/g++-bprob-1.C execution, -O3 -fprofile-arcs
UNRESOLVED: g++.dg/bprob/g++-bprob-1.C compilation, -O3 -fbranch-probabilities
UNRESOLVED: g++.dg/bprob/g++-bprob-1.C execution, -O3 -fbranch-probabilities
FAIL: g++.dg/bprob/g++-bprob-1.C compilation, -O3 -g -fprofile-arcs
UNRESOLVED: g++.dg/bprob/g++-bprob-1.C execution, -O3 -g -fprofile-arcs
UNRESOLVED: g++.dg/bprob/g++-bprob-1.C compilation, -O3 -g -fbranch-probabilities
UNRESOLVED: g++.dg/bprob/g++-bprob-1.C execution, -O3 -g -fbranch-probabilities
FAIL: g++.dg/bprob/g++-bprob-1.C compilation, -Os -fprofile-arcs
UNRESOLVED: g++.dg/bprob/g++-bprob-1.C execution, -Os -fprofile-arcs
UNRESOLVED: g++.dg/bprob/g++-bprob-1.C compilation, -Os -fbranch-probabilities
UNRESOLVED: g++.dg/bprob/g++-bprob-1.C execution, -Os -fbranch-probabilities
FAIL: g++.dg/compat/abi/bitfield1 cp_compat_x_tst.o-cp_compat_y_tst.o link
UNRESOLVED: g++.dg/compat/abi/bitfield1 cp_compat_x_tst.o-cp_compat_y_tst.o execute
FAIL: g++.dg/compat/abi/bitfield2 cp_compat_x_tst.o-cp_compat_y_tst.o link
UNRESOLVED: g++.dg/compat/abi/bitfield2 cp_compat_x_tst.o-cp_compat_y_tst.o execute
FAIL: g++.dg/compat/abi/vbase8-10 cp_compat_x_tst.o-cp_compat_y_tst.o link
UNRESOLVED: g++.dg/compat/abi/vbase8-10 cp_compat_x_tst.o-cp_compat_y_tst.o execute
FAIL: g++.dg/compat/abi/vbase8-21 cp_compat_x_tst.o-cp_compat_y_tst.o link
UNRESOLVED: g++.dg/compat/abi/vbase8-21 cp_compat_x_tst.o-cp_compat_y_tst.o execute
FAIL: g++.dg/compat/abi/vbase8-22 cp_compat_x_tst.o-cp_compat_y_tst.o link
UNRESOLVED: g++.dg/compat/abi/vbase8-22 cp_compat_x_tst.o-cp_compat_y_tst.o execute
FAIL: g++.dg/compat/abi/vbase8-4 cp_compat_x_tst.o-cp_compat_y_tst.o link
UNRESOLVED: g++.dg/compat/abi/vbase8-4 cp_compat_x_tst.o-cp_compat_y_tst.o execute
FAIL: g++.dg/compat/break/bitfield5 cp_compat_x_tst.o-cp_compat_y_tst.o link
UNRESOLVED: g++.dg/compat/break/bitfield5 cp_compat_x_tst.o-cp_compat_y_tst.o execute
FAIL: g++.dg/compat/break/bitfield7 cp_compat_x_tst.o-cp_compat_y_tst.o link
UNRESOLVED: g++.dg/compat/break/bitfield7 cp_compat_x_tst.o-cp_compat_y_tst.o execute
FAIL: g++.dg/compat/break/empty6 cp_compat_x_tst.o-cp_compat_y_tst.o link
UNRESOLVED: g++.dg/compat/break/empty6 cp_compat_x_tst.o-cp_compat_y_tst.o execute
FAIL: g++.dg/compat/break/vbase10 cp_compat_x_tst.o-cp_compat_y_tst.o link
UNRESOLVED: g++.dg/compat/break/vbase10 cp_compat_x_tst.o-cp_compat_y_tst.o execute
FAIL: g++.dg/compat/break/vbase11 cp_compat_x_tst.o-cp_compat_y_tst.o link
UNRESOLVED: g++.dg/compat/break/vbase11 cp_compat_x_tst.o-cp_compat_y_tst.o execute
FAIL: g++.dg/compat/eh/ctor1 cp_compat_x_tst.o-cp_compat_y_tst.o link
UNRESOLVED: g++.dg/compat/eh/ctor1 cp_compat_x_tst.o-cp_compat_y_tst.o execute
FAIL: g++.dg/compat/eh/ctor2 cp_compat_x_tst.o-cp_compat_y_tst.o link
UNRESOLVED: g++.dg/compat/eh/ctor2 cp_compat_x_tst.o-cp_compat_y_tst.o execute
FAIL: g++.dg/compat/eh/dtor1 cp_compat_x_tst.o-cp_compat_y_tst.o link
UNRESOLVED: g++.dg/compat/eh/dtor1 cp_compat_x_tst.o-cp_compat_y_tst.o execute
FAIL: g++.dg/compat/eh/filter1 cp_compat_x_tst.o-cp_compat_y_tst.o link
UNRESOLVED: g++.dg/compat/eh/filter1 cp_compat_x_tst.o-cp_compat_y_tst.o execute
FAIL: g++.dg/compat/eh/filter2 cp_compat_x_tst.o-cp_compat_y_tst.o link
UNRESOLVED: g++.dg/compat/eh/filter2 cp_compat_x_tst.o-cp_compat_y_tst.o execute
FAIL: g++.dg/compat/eh/new1 cp_compat_x_tst.o-cp_compat_y_tst.o link
UNRESOLVED: g++.dg/compat/eh/new1 cp_compat_x_tst.o-cp_compat_y_tst.o execute
FAIL: g++.dg/compat/eh/nrv1 cp_compat_x_tst.o-cp_compat_y_tst.o link
UNRESOLVED: g++.dg/compat/eh/nrv1 cp_compat_x_tst.o-cp_compat_y_tst.o execute
FAIL: g++.dg/compat/eh/spec3 cp_compat_x_tst.o-cp_compat_y_tst.o link
UNRESOLVED: g++.dg/compat/eh/spec3 cp_compat_x_tst.o-cp_compat_y_tst.o execute
FAIL: g++.dg/compat/eh/template1 cp_compat_x_tst.o-cp_compat_y_tst.o link
UNRESOLVED: g++.dg/compat/eh/template1 cp_compat_x_tst.o-cp_compat_y_tst.o execute
FAIL: g++.dg/compat/eh/unexpected1 cp_compat_x_tst.o-cp_compat_y_tst.o link
UNRESOLVED: g++.dg/compat/eh/unexpected1 cp_compat_x_tst.o-cp_compat_y_tst.o execute
FAIL: g++.dg/compat/init/array5 cp_compat_x_tst.o-cp_compat_y_tst.o link
UNRESOLVED: g++.dg/compat/init/array5 cp_compat_x_tst.o-cp_compat_y_tst.o execute
FAIL: g++.dg/compat/init/byval1 cp_compat_x_tst.o-cp_compat_y_tst.o link
UNRESOLVED: g++.dg/compat/init/byval1 cp_compat_x_tst.o-cp_compat_y_tst.o execute
FAIL: g++.dg/compat/init/dtor1 cp_compat_x_tst.o-cp_compat_y_tst.o link
UNRESOLVED: g++.dg/compat/init/dtor1 cp_compat_x_tst.o-cp_compat_y_tst.o execute
FAIL: g++.dg/compat/init/elide1 cp_compat_x_tst.o-cp_compat_y_tst.o link
UNRESOLVED: g++.dg/compat/init/elide1 cp_compat_x_tst.o-cp_compat_y_tst.o execute
FAIL: g++.dg/compat/init/init-ref2 cp_compat_x_tst.o-cp_compat_y_tst.o link
UNRESOLVED: g++.dg/compat/init/init-ref2 cp_compat_x_tst.o-cp_compat_y_tst.o execute
FAIL: tmpdir-g++.dg-struct-layout-1/t001 cp_compat_x_tst.o-cp_compat_y_tst.o link
UNRESOLVED: tmpdir-g++.dg-struct-layout-1/t001 cp_compat_x_tst.o-cp_compat_y_tst.o execute
FAIL: tmpdir-g++.dg-struct-layout-1/t002 cp_compat_x_tst.o-cp_compat_y_tst.o link
UNRESOLVED: tmpdir-g++.dg-struct-layout-1/t002 cp_compat_x_tst.o-cp_compat_y_tst.o execute
FAIL: tmpdir-g++.dg-struct-layout-1/t003 cp_compat_x_tst.o-cp_compat_y_tst.o link
UNRESOLVED: tmpdir-g++.dg-struct-layout-1/t003 cp_compat_x_tst.o-cp_compat_y_tst.o execute
FAIL: tmpdir-g++.dg-struct-layout-1/t004 cp_compat_x_tst.o-cp_compat_y_tst.o link
UNRESOLVED: tmpdir-g++.dg-struct-layout-1/t004 cp_compat_x_tst.o-cp_compat_y_tst.o execute
FAIL: tmpdir-g++.dg-struct-layout-1/t005 cp_compat_x_tst.o-cp_compat_y_tst.o link
UNRESOLVED: tmpdir-g++.dg-struct-layout-1/t005 cp_compat_x_tst.o-cp_compat_y_tst.o execute
FAIL: tmpdir-g++.dg-struct-layout-1/t006 cp_compat_x_tst.o-cp_compat_y_tst.o link
UNRESOLVED: tmpdir-g++.dg-struct-layout-1/t006 cp_compat_x_tst.o-cp_compat_y_tst.o execute
FAIL: tmpdir-g++.dg-struct-layout-1/t007 cp_compat_x_tst.o-cp_compat_y_tst.o link
UNRESOLVED: tmpdir-g++.dg-struct-layout-1/t007 cp_compat_x_tst.o-cp_compat_y_tst.o execute
FAIL: tmpdir-g++.dg-struct-layout-1/t008 cp_compat_x_tst.o-cp_compat_y_tst.o link
UNRESOLVED: tmpdir-g++.dg-struct-layout-1/t008 cp_compat_x_tst.o-cp_compat_y_tst.o execute
FAIL: tmpdir-g++.dg-struct-layout-1/t009 cp_compat_x_tst.o-cp_compat_y_tst.o link
UNRESOLVED: tmpdir-g++.dg-struct-layout-1/t009 cp_compat_x_tst.o-cp_compat_y_tst.o execute
FAIL: tmpdir-g++.dg-struct-layout-1/t010 cp_compat_x_tst.o-cp_compat_y_tst.o link
UNRESOLVED: tmpdir-g++.dg-struct-layout-1/t010 cp_compat_x_tst.o-cp_compat_y_tst.o execute
FAIL: tmpdir-g++.dg-struct-layout-1/t011 cp_compat_x_tst.o-cp_compat_y_tst.o link
UNRESOLVED: tmpdir-g++.dg-struct-layout-1/t011 cp_compat_x_tst.o-cp_compat_y_tst.o execute
FAIL: tmpdir-g++.dg-struct-layout-1/t012 cp_compat_x_tst.o-cp_compat_y_tst.o link
UNRESOLVED: tmpdir-g++.dg-struct-layout-1/t012 cp_compat_x_tst.o-cp_compat_y_tst.o execute
FAIL: tmpdir-g++.dg-struct-layout-1/t013 cp_compat_x_tst.o-cp_compat_y_tst.o link
UNRESOLVED: tmpdir-g++.dg-struct-layout-1/t013 cp_compat_x_tst.o-cp_compat_y_tst.o execute
FAIL: tmpdir-g++.dg-struct-layout-1/t014 cp_compat_x_tst.o-cp_compat_y_tst.o link
UNRESOLVED: tmpdir-g++.dg-struct-layout-1/t014 cp_compat_x_tst.o-cp_compat_y_tst.o execute
FAIL: tmpdir-g++.dg-struct-layout-1/t015 cp_compat_x_tst.o-cp_compat_y_tst.o link
UNRESOLVED: tmpdir-g++.dg-struct-layout-1/t015 cp_compat_x_tst.o-cp_compat_y_tst.o execute
FAIL: tmpdir-g++.dg-struct-layout-1/t016 cp_compat_x_tst.o-cp_compat_y_tst.o link
UNRESOLVED: tmpdir-g++.dg-struct-layout-1/t016 cp_compat_x_tst.o-cp_compat_y_tst.o execute
FAIL: tmpdir-g++.dg-struct-layout-1/t017 cp_compat_x_tst.o-cp_compat_y_tst.o link
UNRESOLVED: tmpdir-g++.dg-struct-layout-1/t017 cp_compat_x_tst.o-cp_compat_y_tst.o execute
FAIL: tmpdir-g++.dg-struct-layout-1/t018 cp_compat_x_tst.o-cp_compat_y_tst.o link
UNRESOLVED: tmpdir-g++.dg-struct-layout-1/t018 cp_compat_x_tst.o-cp_compat_y_tst.o execute
FAIL: tmpdir-g++.dg-struct-layout-1/t019 cp_compat_x_tst.o-cp_compat_y_tst.o link
UNRESOLVED: tmpdir-g++.dg-struct-layout-1/t019 cp_compat_x_tst.o-cp_compat_y_tst.o execute
FAIL: tmpdir-g++.dg-struct-layout-1/t020 cp_compat_x_tst.o-cp_compat_y_tst.o link
UNRESOLVED: tmpdir-g++.dg-struct-layout-1/t020 cp_compat_x_tst.o-cp_compat_y_tst.o execute
FAIL: tmpdir-g++.dg-struct-layout-1/t021 cp_compat_x_tst.o-cp_compat_y_tst.o link
UNRESOLVED: tmpdir-g++.dg-struct-layout-1/t021 cp_compat_x_tst.o-cp_compat_y_tst.o execute
FAIL: tmpdir-g++.dg-struct-layout-1/t022 cp_compat_x_tst.o-cp_compat_y_tst.o link
UNRESOLVED: tmpdir-g++.dg-struct-layout-1/t022 cp_compat_x_tst.o-cp_compat_y_tst.o execute
FAIL: tmpdir-g++.dg-struct-layout-1/t023 cp_compat_x_tst.o-cp_compat_y_tst.o link
UNRESOLVED: tmpdir-g++.dg-struct-layout-1/t023 cp_compat_x_tst.o-cp_compat_y_tst.o execute
FAIL: tmpdir-g++.dg-struct-layout-1/t024 cp_compat_x_tst.o-cp_compat_y_tst.o link
UNRESOLVED: tmpdir-g++.dg-struct-layout-1/t024 cp_compat_x_tst.o-cp_compat_y_tst.o execute
FAIL: tmpdir-g++.dg-struct-layout-1/t025 cp_compat_x_tst.o-cp_compat_y_tst.o link
UNRESOLVED: tmpdir-g++.dg-struct-layout-1/t025 cp_compat_x_tst.o-cp_compat_y_tst.o execute
FAIL: tmpdir-g++.dg-struct-layout-1/t026 cp_compat_x_tst.o-cp_compat_y_tst.o link
UNRESOLVED: tmpdir-g++.dg-struct-layout-1/t026 cp_compat_x_tst.o-cp_compat_y_tst.o execute
FAIL: tmpdir-g++.dg-struct-layout-1/t027 cp_compat_x_tst.o-cp_compat_y_tst.o link
UNRESOLVED: tmpdir-g++.dg-struct-layout-1/t027 cp_compat_x_tst.o-cp_compat_y_tst.o execute
FAIL: tmpdir-g++.dg-struct-layout-1/t028 cp_compat_x_tst.o-cp_compat_y_tst.o link
UNRESOLVED: tmpdir-g++.dg-struct-layout-1/t028 cp_compat_x_tst.o-cp_compat_y_tst.o execute
FAIL: tmpdir-g++.dg-struct-layout-1/t029 cp_compat_x_tst.o-cp_compat_y_tst.o link
UNRESOLVED: tmpdir-g++.dg-struct-layout-1/t029 cp_compat_x_tst.o-cp_compat_y_tst.o execute
FAIL: tmpdir-g++.dg-struct-layout-1/t030 cp_compat_x_tst.o-cp_compat_y_tst.o link
UNRESOLVED: tmpdir-g++.dg-struct-layout-1/t030 cp_compat_x_tst.o-cp_compat_y_tst.o execute
FAIL: g++.dg/abi/covariant3.C (test for excess errors)
FAIL: g++.dg/abi/covariant4.C (test for excess errors)
FAIL: g++.dg/abi/covariant5.C (test for excess errors)
FAIL: g++.dg/abi/local1.C (test for excess errors)
FAIL: g++.dg/abi/vcall1.C (test for excess errors)
FAIL: g++.dg/abi/vthunk1.C (test for excess errors)
FAIL: g++.dg/eh/cond1.C (test for excess errors)
FAIL: g++.dg/eh/crossjump1.C (test for excess errors)
FAIL: g++.dg/eh/ctor1.C (test for excess errors)
FAIL: g++.dg/eh/ctor2.C (test for excess errors)
FAIL: g++.dg/eh/delayslot1.C (test for excess errors)
FAIL: g++.dg/eh/dtor1.C (test for excess errors)
FAIL: g++.dg/eh/elide1.C (test for excess errors)
FAIL: g++.dg/eh/elide2.C (test for excess errors)
FAIL: g++.dg/eh/filter1.C (test for excess errors)
FAIL: g++.dg/eh/filter2.C (test for excess errors)
FAIL: g++.dg/eh/forced1.C (test for excess errors)
FAIL: g++.dg/eh/forced2.C (test for excess errors)
FAIL: g++.dg/eh/forced3.C (test for excess errors)
FAIL: g++.dg/eh/forced4.C (test for excess errors)
FAIL: g++.dg/eh/fp-regs.C (test for excess errors)
FAIL: g++.dg/eh/ia64-2.C (test for excess errors)
FAIL: g++.dg/eh/loop1.C (test for excess errors)
FAIL: g++.dg/eh/loop2.C (test for excess errors)
FAIL: g++.dg/eh/new1.C (test for excess errors)
FAIL: g++.dg/eh/omit-frame-pointer.C (test for excess errors)
FAIL: g++.dg/eh/omit-frame-pointer2.C (test for excess errors)
FAIL: g++.dg/eh/registers1.C (test for excess errors)
FAIL: g++.dg/eh/scope1.C (test for excess errors)
FAIL: g++.dg/eh/simd-1.C (test for excess errors)
FAIL: g++.dg/eh/simd-2.C (test for excess errors)
FAIL: g++.dg/eh/spec3.C (test for excess errors)
FAIL: g++.dg/eh/spec7.C (test for excess errors)
FAIL: g++.dg/eh/synth2.C (test for excess errors)
FAIL: g++.dg/eh/template1.C (test for excess errors)
FAIL: g++.dg/eh/uncaught1.C (test for excess errors)
FAIL: g++.dg/eh/unexpected1.C (test for excess errors)
FAIL: g++.dg/eh/weak1.C (test for excess errors)
FAIL: g++.dg/expr/cast4.C (test for excess errors)
FAIL: g++.dg/expr/comma1.C (test for excess errors)
FAIL: g++.dg/expr/enum1.C (test for excess errors)
FAIL: g++.dg/expr/ptrmem6.C (test for excess errors)
FAIL: g++.dg/ext/attribute-test-1.C (test for excess errors)
FAIL: g++.dg/ext/attribute-test-2.C (test for excess errors)
FAIL: g++.dg/ext/attribute-test-3.C (test for excess errors)
FAIL: g++.dg/ext/attribute-test-4.C (test for excess errors)
FAIL: g++.dg/ext/interface1.C (test for excess errors)
FAIL: g++.dg/ext/label3.C (test for excess errors)
FAIL: g++.dg/ext/pretty2.C (test for excess errors)
FAIL: g++.dg/ext/stmtexpr1.C (test for excess errors)
FAIL: g++.dg/ext/stmtexpr2.C (test for excess errors)
FAIL: g++.dg/inherit/covariant1.C (test for excess errors)
FAIL: g++.dg/inherit/covariant2.C (test for excess errors)
FAIL: g++.dg/inherit/covariant3.C (test for excess errors)
FAIL: g++.dg/inherit/covariant4.C (test for excess errors)
FAIL: g++.dg/inherit/covariant9.C (test for excess errors)
FAIL: g++.dg/inherit/operator1.C (test for excess errors)
FAIL: g++.dg/init/aggr2.C (test for excess errors)
FAIL: g++.dg/init/array12.C (test for excess errors)
FAIL: g++.dg/init/array16.C (test for excess errors)
FAIL: g++.dg/init/array5.C (test for excess errors)
FAIL: g++.dg/init/bitfield2.C (test for excess errors)
FAIL: g++.dg/init/ctor1.C (test for excess errors)
FAIL: g++.dg/init/ctor2.C (test for excess errors)
FAIL: g++.dg/init/dtor1.C (test for excess errors)
FAIL: g++.dg/init/dtor2.C (test for excess errors)
FAIL: g++.dg/init/dtor3.C (test for excess errors)
FAIL: g++.dg/init/init-ref3.C (test for excess errors)
FAIL: g++.dg/init/new11.C (test for excess errors)
FAIL: g++.dg/init/placement2.C (test for excess errors)
FAIL: g++.dg/init/ref12.C (test for excess errors)
FAIL: g++.dg/init/ref9.C (test for excess errors)
FAIL: g++.dg/init/vector1.C (test for excess errors)
FAIL: g++.dg/lookup/builtin1.C (test for excess errors)
FAIL: g++.dg/lookup/two-stage5.C (test for excess errors)
FAIL: g++.dg/opt/alias1.C (test for excess errors)
FAIL: g++.dg/opt/alias2.C (test for excess errors)
FAIL: g++.dg/opt/alias4.C (test for excess errors)
FAIL: g++.dg/opt/bool1.C (test for excess errors)
FAIL: g++.dg/opt/cleanup1.C (test for excess errors)
FAIL: g++.dg/opt/const1.C (test for excess errors)
FAIL: g++.dg/opt/const2.C (test for excess errors)
FAIL: g++.dg/opt/const3.C (test for excess errors)
FAIL: g++.dg/opt/covariant1.C (test for excess errors)
FAIL: g++.dg/opt/delay-slot-1.C (test for excess errors)
FAIL: g++.dg/opt/eh2.C (test for excess errors)
FAIL: g++.dg/opt/eh3.C (test for excess errors)
FAIL: g++.dg/opt/expect1.C (test for excess errors)
FAIL: g++.dg/opt/interface1.C (test for excess errors)
FAIL: g++.dg/opt/max1.C (test for excess errors)
FAIL: g++.dg/opt/nrv10.C (test for excess errors)
FAIL: g++.dg/opt/nrv11.C (test for excess errors)
FAIL: g++.dg/opt/nrv5.C (test for excess errors)
FAIL: g++.dg/opt/pr15054.C (test for excess errors)
FAIL: g++.dg/opt/pr15551.C (test for excess errors)
FAIL: g++.dg/opt/pr16693-1.C (test for excess errors)
FAIL: g++.dg/opt/pr16693-2.C (test for excess errors)
FAIL: g++.dg/opt/pr19317-1.C (test for excess errors)
FAIL: g++.dg/opt/pr19317-2.C (test for excess errors)
FAIL: g++.dg/opt/pr19317-3.C (test for excess errors)
FAIL: g++.dg/opt/pr22167.C (test for excess errors)
FAIL: g++.dg/opt/pr23299.C (test for excess errors)
FAIL: g++.dg/opt/pr23478.C (test for excess errors)
FAIL: g++.dg/opt/preinc1.C (test for excess errors)
FAIL: g++.dg/opt/ptrintsum1.C (test for excess errors)
FAIL: g++.dg/opt/range-test-1.C (test for excess errors)
FAIL: g++.dg/opt/range-test-2.C (test for excess errors)
FAIL: g++.dg/opt/reg-stack.C (test for excess errors)
FAIL: g++.dg/opt/stack1.C (test for excess errors)
FAIL: g++.dg/opt/strength-reduce.C (test for excess errors)
FAIL: g++.dg/opt/thunk1.C (test for excess errors)
FAIL: g++.dg/opt/tmp1.C (test for excess errors)
FAIL: g++.dg/opt/vrp2.C (test for excess errors)
FAIL: g++.dg/other/array4.C (test for excess errors)
FAIL: g++.dg/other/complex1.C (test for excess errors)
FAIL: g++.dg/other/profile1.C (test for excess errors)
FAIL: g++.dg/other/stdarg1.C (test for excess errors)
FAIL: g++.dg/other/vthunk1.C (test for excess errors)
FAIL: g++.dg/rtti/typeid4.C (test for excess errors)
FAIL: g++.dg/tc1/dr127.C (test for excess errors)
FAIL: g++.dg/tc1/dr128.C (test for excess errors)
FAIL: g++.dg/tc1/dr185.C (test for excess errors)
FAIL: g++.dg/tc1/dr193.C (test for excess errors)
FAIL: g++.dg/tc1/dr20.C (test for excess errors)
FAIL: g++.dg/template/const1.C (test for excess errors)
FAIL: g++.dg/template/explicit1.C (test for excess errors)
FAIL: g++.dg/template/explicit7.C (test for excess errors)
FAIL: g++.dg/template/fntry1.C (test for excess errors)
FAIL: g++.dg/template/friend10.C (test for excess errors)
FAIL: g++.dg/template/friend28.C (test for excess errors)
FAIL: g++.dg/template/new1.C (test for excess errors)
FAIL: g++.dg/template/overload7.C (test for excess errors)
FAIL: g++.dg/template/partial1.C (test for excess errors)
FAIL: g++.dg/template/qualttp16.C (test for excess errors)
FAIL: g++.dg/template/union1.C (test for excess errors)
FAIL: g++.dg/tree-ssa/20040317-1.C (test for excess errors)
XPASS: g++.dg/tree-ssa/pr14814.C scan-tree-dump-times &this 0
FAIL: g++.dg/tree-ssa/pr19786.C (test for excess errors)
FAIL: g++.dg/tree-ssa/pr20458.C (test for excess errors)
FAIL: g++.dg/tree-ssa/pr21407.C (test for excess errors)
FAIL: g++.dg/tree-ssa/pr26757.C (test for excess errors)
FAIL: g++.dg/warn/weak1.C (test for excess errors)
FAIL: g++.dg/gcov/gcov-1.C (test for excess errors)
FAIL: g++.dg/gcov/gcov-2.C (test for excess errors)
FAIL: g++.dg/gcov/gcov-3.C (test for excess errors)
FAIL: g++.old-deja/g++.abi/cxa_vec.C (test for excess errors)
FAIL: g++.old-deja/g++.abi/vbase1.C (test for excess errors)
FAIL: g++.old-deja/g++.abi/vbase2.C (test for excess errors)
FAIL: g++.old-deja/g++.abi/vbase4.C (test for excess errors)
FAIL: g++.old-deja/g++.abi/vbase7.C (test for excess errors)
FAIL: g++.old-deja/g++.abi/vtable2.C (test for excess errors)
FAIL: g++.old-deja/g++.abi/vtable3a.C (test for excess errors)
FAIL: g++.old-deja/g++.abi/vtable3b.C (test for excess errors)
FAIL: g++.old-deja/g++.abi/vtable3c.C (test for excess errors)
FAIL: g++.old-deja/g++.abi/vtable3d.C (test for excess errors)
FAIL: g++.old-deja/g++.abi/vtable3e.C (test for excess errors)
FAIL: g++.old-deja/g++.abi/vtable3f.C (test for excess errors)
FAIL: g++.old-deja/g++.abi/vtable3g.C (test for excess errors)
FAIL: g++.old-deja/g++.abi/vtable3h.C (test for excess errors)
FAIL: g++.old-deja/g++.abi/vtable3i.C (test for excess errors)
FAIL: g++.old-deja/g++.abi/vtable3j.C (test for excess errors)
FAIL: g++.old-deja/g++.benjamin/15071.C (test for excess errors)
FAIL: g++.old-deja/g++.benjamin/tem07.C (test for excess errors)
FAIL: g++.old-deja/g++.brendan/code-gen1.C (test for excess errors)
FAIL: g++.old-deja/g++.brendan/code-gen2.C (test for excess errors)
FAIL: g++.old-deja/g++.brendan/code-gen3.C (test for excess errors)
FAIL: g++.old-deja/g++.brendan/code-gen4.C (test for excess errors)
FAIL: g++.old-deja/g++.brendan/code-gen6.C (test for excess errors)
FAIL: g++.old-deja/g++.brendan/complex1.C (test for excess errors)
FAIL: g++.old-deja/g++.brendan/copy1.C (test for excess errors)
FAIL: g++.old-deja/g++.brendan/copy2.C (test for excess errors)
FAIL: g++.old-deja/g++.brendan/copy3.C (test for excess errors)
FAIL: g++.old-deja/g++.brendan/copy4.C (test for excess errors)
FAIL: g++.old-deja/g++.brendan/copy5.C (test for excess errors)
FAIL: g++.old-deja/g++.brendan/copy6.C (test for excess errors)
FAIL: g++.old-deja/g++.brendan/copy7.C (test for excess errors)
FAIL: g++.old-deja/g++.brendan/copy8.C (test for excess errors)
FAIL: g++.old-deja/g++.brendan/copy9.C (test for excess errors)
FAIL: g++.old-deja/g++.brendan/ctors1.C (test for excess errors)
FAIL: g++.old-deja/g++.brendan/ctors2.C (test for excess errors)
FAIL: g++.old-deja/g++.brendan/delete2.C (test for excess errors)
FAIL: g++.old-deja/g++.brendan/dtors1.C (test for excess errors)
FAIL: g++.old-deja/g++.brendan/dtors2.C (test for excess errors)
FAIL: g++.old-deja/g++.brendan/dtors3.C (test for excess errors)
FAIL: g++.old-deja/g++.brendan/eh1.C (test for excess errors)
FAIL: g++.old-deja/g++.brendan/groff1.C (test for excess errors)
FAIL: g++.old-deja/g++.brendan/init3.C (test for excess errors)
FAIL: g++.old-deja/g++.brendan/misc7.C (test for excess errors)
FAIL: g++.old-deja/g++.brendan/nest21.C (test for excess errors)
FAIL: g++.old-deja/g++.brendan/new2.C (test for excess errors)
FAIL: g++.old-deja/g++.brendan/new3.C (test for excess errors)
FAIL: g++.old-deja/g++.brendan/operators5.C (test for excess errors)
FAIL: g++.old-deja/g++.brendan/overload2.C (test for excess errors)
FAIL: g++.old-deja/g++.brendan/overload7.C (test for excess errors)
FAIL: g++.old-deja/g++.brendan/ptolemy2.C (test for excess errors)
FAIL: g++.old-deja/g++.brendan/redecl2.C (test for excess errors)
FAIL: g++.old-deja/g++.brendan/reference1.C (test for excess errors)
FAIL: g++.old-deja/g++.brendan/sizeof5.C (test for excess errors)
FAIL: g++.old-deja/g++.brendan/template22.C (test for excess errors)
FAIL: g++.old-deja/g++.brendan/template24.C (test for excess errors)
FAIL: g++.old-deja/g++.brendan/template3.C (test for excess errors)
FAIL: g++.old-deja/g++.brendan/vtables1.C (test for excess errors)
FAIL: g++.old-deja/g++.bugs/900212_03.C (test for excess errors)
FAIL: g++.old-deja/g++.bugs/900321_02.C (test for excess errors)
FAIL: g++.old-deja/g++.bugs/900520_04.C (test for excess errors)
FAIL: g++.old-deja/g++.bugs/900520_05.C (test for excess errors)
FAIL: g++.old-deja/g++.eh/badalloc1.C (test for excess errors)
FAIL: g++.old-deja/g++.eh/catch11.C (test for excess errors)
FAIL: g++.old-deja/g++.eh/catch12.C (test for excess errors)
FAIL: g++.old-deja/g++.eh/catch3.C (test for excess errors)
FAIL: g++.old-deja/g++.eh/catch3p.C (test for excess errors)
FAIL: g++.old-deja/g++.eh/catch4.C (test for excess errors)
FAIL: g++.old-deja/g++.eh/catch4p.C (test for excess errors)
FAIL: g++.old-deja/g++.eh/catch5.C (test for excess errors)
FAIL: g++.old-deja/g++.eh/catch5p.C (test for excess errors)
FAIL: g++.old-deja/g++.eh/catch6.C (test for excess errors)
FAIL: g++.old-deja/g++.eh/catch6p.C (test for excess errors)
FAIL: g++.old-deja/g++.eh/catch7.C (test for excess errors)
FAIL: g++.old-deja/g++.eh/catch7p.C (test for excess errors)
FAIL: g++.old-deja/g++.eh/catch8.C (test for excess errors)
FAIL: g++.old-deja/g++.eh/catch8p.C (test for excess errors)
FAIL: g++.old-deja/g++.eh/catch9.C (test for excess errors)
FAIL: g++.old-deja/g++.eh/catch9p.C (test for excess errors)
FAIL: g++.old-deja/g++.eh/catchptr1.C (test for excess errors)
FAIL: g++.old-deja/g++.eh/cleanup1.C (test for excess errors)
FAIL: g++.old-deja/g++.eh/cleanup2.C (test for excess errors)
FAIL: g++.old-deja/g++.eh/flow1.C (test for excess errors)
FAIL: g++.old-deja/g++.eh/fntry1.C (test for excess errors)
FAIL: g++.old-deja/g++.eh/ia64-1.C (test for excess errors)
FAIL: g++.old-deja/g++.eh/inline2.C (test for excess errors)
FAIL: g++.old-deja/g++.eh/new1.C (test for excess errors)
FAIL: g++.old-deja/g++.eh/new2.C (test for excess errors)
FAIL: g++.old-deja/g++.eh/pdel1.C (test for excess errors)
FAIL: g++.old-deja/g++.eh/pdel2.C (test for excess errors)
FAIL: g++.old-deja/g++.eh/ptr1.C (test for excess errors)
FAIL: g++.old-deja/g++.eh/ptrmem1.C (test for excess errors)
FAIL: g++.old-deja/g++.eh/rethrow1.C (test for excess errors)
FAIL: g++.old-deja/g++.eh/rethrow2.C (test for excess errors)
FAIL: g++.old-deja/g++.eh/rethrow3.C (test for excess errors)
FAIL: g++.old-deja/g++.eh/rethrow4.C (test for excess errors)
FAIL: g++.old-deja/g++.eh/rethrow5.C (test for excess errors)
FAIL: g++.old-deja/g++.eh/rethrow6.C (test for excess errors)
FAIL: g++.old-deja/g++.eh/spec1.C (test for excess errors)
FAIL: g++.old-deja/g++.eh/spec2.C (test for excess errors)
FAIL: g++.old-deja/g++.eh/spec3.C (test for excess errors)
FAIL: g++.old-deja/g++.eh/spec4.C (test for excess errors)
FAIL: g++.old-deja/g++.eh/spec7.C (test for excess errors)
FAIL: g++.old-deja/g++.eh/terminate1.C (test for excess errors)
FAIL: g++.old-deja/g++.eh/terminate2.C (test for excess errors)
FAIL: g++.old-deja/g++.eh/tmpl1.C (test for excess errors)
FAIL: g++.old-deja/g++.eh/unwind1.C (test for excess errors)
FAIL: g++.old-deja/g++.eh/vbase1.C (test for excess errors)
FAIL: g++.old-deja/g++.eh/vbase2.C (test for excess errors)
FAIL: g++.old-deja/g++.eh/vbase4.C (test for excess errors)
FAIL: g++.old-deja/g++.ext/arrnew2.C (test for excess errors)
FAIL: g++.old-deja/g++.ext/attrib5.C (test for excess errors)
FAIL: g++.old-deja/g++.ext/pretty2.C (test for excess errors)
FAIL: g++.old-deja/g++.ext/pretty3.C (test for excess errors)
FAIL: g++.old-deja/g++.jason/2371.C (test for excess errors)
FAIL: g++.old-deja/g++.jason/cleanup.C (test for excess errors)
FAIL: g++.old-deja/g++.jason/cond2.C (test for excess errors)
FAIL: g++.old-deja/g++.jason/const2.C (test for excess errors)
FAIL: g++.old-deja/g++.jason/conversion6.C (test for excess errors)
FAIL: g++.old-deja/g++.jason/ctor1.C (test for excess errors)
FAIL: g++.old-deja/g++.jason/defctor.C (test for excess errors)
FAIL: g++.old-deja/g++.jason/dtor5.C (test for excess errors)
FAIL: g++.old-deja/g++.jason/groff1.C (test for excess errors)
FAIL: g++.old-deja/g++.jason/init3.C (test for excess errors)
FAIL: g++.old-deja/g++.jason/inline3.C (test for excess errors)
FAIL: g++.old-deja/g++.jason/mangle3.C (test for excess errors)
FAIL: g++.old-deja/g++.jason/mi.C (test for excess errors)
FAIL: g++.old-deja/g++.jason/net2.C (test for excess errors)
FAIL: g++.old-deja/g++.jason/new4.C (test for excess errors)
FAIL: g++.old-deja/g++.jason/new5.C (test for excess errors)
FAIL: g++.old-deja/g++.jason/opeq5.C (test for excess errors)
FAIL: g++.old-deja/g++.jason/optimize2.C (test for excess errors)
FAIL: g++.old-deja/g++.jason/overload13.C (test for excess errors)
FAIL: g++.old-deja/g++.jason/parse10.C (test for excess errors)
FAIL: g++.old-deja/g++.jason/parse12.C (test for excess errors)
FAIL: g++.old-deja/g++.jason/pmem2.C (test for excess errors)
FAIL: g++.old-deja/g++.jason/pmf7.C (test for excess errors)
FAIL: g++.old-deja/g++.jason/ref10.C (test for excess errors)
FAIL: g++.old-deja/g++.jason/ref11.C (test for excess errors)
FAIL: g++.old-deja/g++.jason/ref9.C (test for excess errors)
FAIL: g++.old-deja/g++.jason/rvalue1.C (test for excess errors)
FAIL: g++.old-deja/g++.jason/static1.C (test for excess errors)
FAIL: g++.old-deja/g++.jason/synth7.C (test for excess errors)
FAIL: g++.old-deja/g++.jason/template24.C (test for excess errors)
FAIL: g++.old-deja/g++.jason/template26.C (test for excess errors)
FAIL: g++.old-deja/g++.jason/template31.C (test for excess errors)
FAIL: g++.old-deja/g++.jason/template40.C (test for excess errors)
FAIL: g++.old-deja/g++.jason/template41.C (test for excess errors)
FAIL: g++.old-deja/g++.jason/template44.C (test for excess errors)
FAIL: g++.old-deja/g++.jason/temporary3.C (test for excess errors)
FAIL: g++.old-deja/g++.jason/temporary8.C (test for excess errors)
FAIL: g++.old-deja/g++.jason/thunk1.C (test for excess errors)
FAIL: g++.old-deja/g++.jason/thunk2.C (test for excess errors)
FAIL: g++.old-deja/g++.jason/thunk3.C (test for excess errors)
FAIL: g++.old-deja/g++.jason/typeid2.C (test for excess errors)
FAIL: g++.old-deja/g++.jason/vecdel.C (test for excess errors)
FAIL: g++.old-deja/g++.jason/virtual2.C (test for excess errors)
FAIL: g++.old-deja/g++.law/arg7.C (test for excess errors)
FAIL: g++.old-deja/g++.law/arg8.C (test for excess errors)
FAIL: g++.old-deja/g++.law/arm13.C (test for excess errors)
FAIL: g++.old-deja/g++.law/arm15.C (test for excess errors)
FAIL: g++.old-deja/g++.law/arm4.C (test for excess errors)
FAIL: g++.old-deja/g++.law/arm5.C (test for excess errors)
FAIL: g++.old-deja/g++.law/arm7.C (test for excess errors)
FAIL: g++.old-deja/g++.law/array1.C (test for excess errors)
FAIL: g++.old-deja/g++.law/bit-fields2.C (test for excess errors)
FAIL: g++.old-deja/g++.law/builtin1.C (test for excess errors)
FAIL: g++.old-deja/g++.law/code-gen1.C (test for excess errors)
FAIL: g++.old-deja/g++.law/code-gen2.C (test for excess errors)
FAIL: g++.old-deja/g++.law/code-gen4.C (test for excess errors)
FAIL: g++.old-deja/g++.law/code-gen5.C (test for excess errors)
FAIL: g++.old-deja/g++.law/copy1.C (test for excess errors)
FAIL: g++.old-deja/g++.law/ctors12.C (test for excess errors)
FAIL: g++.old-deja/g++.law/ctors15.C (test for excess errors)
FAIL: g++.old-deja/g++.law/ctors16.C (test for excess errors)
FAIL: g++.old-deja/g++.law/ctors2.C (test for excess errors)
FAIL: g++.old-deja/g++.law/ctors4.C (test for excess errors)
FAIL: g++.old-deja/g++.law/ctors8.C (test for excess errors)
FAIL: g++.old-deja/g++.law/cvt12.C (test for excess errors)
FAIL: g++.old-deja/g++.law/cvt2.C (test for excess errors)
FAIL: g++.old-deja/g++.law/cvt4.C (test for excess errors)
FAIL: g++.old-deja/g++.law/cvt7.C (test for excess errors)
FAIL: g++.old-deja/g++.law/dtors2.C (test for excess errors)
FAIL: g++.old-deja/g++.law/dtors3.C (test for excess errors)
FAIL: g++.old-deja/g++.law/dtors4.C (test for excess errors)
FAIL: g++.old-deja/g++.law/dtors5.C (test for excess errors)
FAIL: g++.old-deja/g++.law/enum9.C (test for excess errors)
FAIL: g++.old-deja/g++.law/global-init1.C (test for excess errors)
FAIL: g++.old-deja/g++.law/init11.C (test for excess errors)
FAIL: g++.old-deja/g++.law/init14.C (test for excess errors)
FAIL: g++.old-deja/g++.law/init9.C (test for excess errors)
FAIL: g++.old-deja/g++.law/inline4.C (test for excess errors)
FAIL: g++.old-deja/g++.law/operators15.C (test for excess errors)
FAIL: g++.old-deja/g++.law/operators16.C (test for excess errors)
FAIL: g++.old-deja/g++.law/operators23.C (test for excess errors)
FAIL: g++.old-deja/g++.law/operators27.C (test for excess errors)
FAIL: g++.old-deja/g++.law/operators30.C (test for excess errors)
FAIL: g++.old-deja/g++.law/operators8.C (test for excess errors)
FAIL: g++.old-deja/g++.law/profile1.C (test for excess errors)
FAIL: g++.old-deja/g++.law/refs1.C (test for excess errors)
FAIL: g++.old-deja/g++.law/scope2.C (test for excess errors)
FAIL: g++.old-deja/g++.law/temps2.C (test for excess errors)
FAIL: g++.old-deja/g++.law/temps3.C (test for excess errors)
FAIL: g++.old-deja/g++.law/temps4.C (test for excess errors)
FAIL: g++.old-deja/g++.law/temps5.C (test for excess errors)
FAIL: g++.old-deja/g++.law/temps6.C (test for excess errors)
FAIL: g++.old-deja/g++.law/virtual2.C (test for excess errors)
FAIL: g++.old-deja/g++.law/virtual3.C (test for excess errors)
FAIL: g++.old-deja/g++.law/virtual4.C (test for excess errors)
FAIL: g++.old-deja/g++.law/vtable3.C (test for excess errors)
FAIL: g++.old-deja/g++.martin/eval1.C (test for excess errors)
FAIL: g++.old-deja/g++.martin/new1.C (test for excess errors)
FAIL: g++.old-deja/g++.martin/pmf1.C (test for excess errors)
FAIL: g++.old-deja/g++.martin/pmf2.C (test for excess errors)
FAIL: g++.old-deja/g++.mike/align1.C (test for excess errors)
FAIL: g++.old-deja/g++.mike/asm2.C (test for excess errors)
FAIL: g++.old-deja/g++.mike/dyncast1.C (test for excess errors)
FAIL: g++.old-deja/g++.mike/dyncast2.C (test for excess errors)
FAIL: g++.old-deja/g++.mike/dyncast5.C (test for excess errors)
FAIL: g++.old-deja/g++.mike/dyncast7.C (test for excess errors)
FAIL: g++.old-deja/g++.mike/eh10.C (test for excess errors)
FAIL: g++.old-deja/g++.mike/eh12.C (test for excess errors)
FAIL: g++.old-deja/g++.mike/eh14.C (test for excess errors)
FAIL: g++.old-deja/g++.mike/eh16.C (test for excess errors)
FAIL: g++.old-deja/g++.mike/eh17.C (test for excess errors)
FAIL: g++.old-deja/g++.mike/eh18.C (test for excess errors)
FAIL: g++.old-deja/g++.mike/eh2.C (test for excess errors)
FAIL: g++.old-deja/g++.mike/eh21.C (test for excess errors)
FAIL: g++.old-deja/g++.mike/eh23.C (test for excess errors)
FAIL: g++.old-deja/g++.mike/eh24.C (test for excess errors)
FAIL: g++.old-deja/g++.mike/eh25.C (test for excess errors)
FAIL: g++.old-deja/g++.mike/eh26.C (test for excess errors)
FAIL: g++.old-deja/g++.mike/eh27.C (test for excess errors)
FAIL: g++.old-deja/g++.mike/eh28.C (test for excess errors)
FAIL: g++.old-deja/g++.mike/eh29.C (test for excess errors)
FAIL: g++.old-deja/g++.mike/eh3.C (test for excess errors)
FAIL: g++.old-deja/g++.mike/eh31.C (test for excess errors)
FAIL: g++.old-deja/g++.mike/eh33.C (test for excess errors)
FAIL: g++.old-deja/g++.mike/eh34.C (test for excess errors)
FAIL: g++.old-deja/g++.mike/eh35.C (test for excess errors)
FAIL: g++.old-deja/g++.mike/eh36.C (test for excess errors)
FAIL: g++.old-deja/g++.mike/eh37.C (test for excess errors)
FAIL: g++.old-deja/g++.mike/eh38.C (test for excess errors)
FAIL: g++.old-deja/g++.mike/eh39.C (test for excess errors)
FAIL: g++.old-deja/g++.mike/eh40.C (test for excess errors)
FAIL: g++.old-deja/g++.mike/eh41.C (test for excess errors)
FAIL: g++.old-deja/g++.mike/eh42.C (test for excess errors)
FAIL: g++.old-deja/g++.mike/eh44.C (test for excess errors)
FAIL: g++.old-deja/g++.mike/eh47.C (test for excess errors)
FAIL: g++.old-deja/g++.mike/eh48.C (test for excess errors)
FAIL: g++.old-deja/g++.mike/eh49.C (test for excess errors)
FAIL: g++.old-deja/g++.mike/eh5.C (test for excess errors)
FAIL: g++.old-deja/g++.mike/eh50.C (test for excess errors)
FAIL: g++.old-deja/g++.mike/eh51.C (test for excess errors)
FAIL: g++.old-deja/g++.mike/eh55.C (test for excess errors)
FAIL: g++.old-deja/g++.mike/eh6.C (test for excess errors)
FAIL: g++.old-deja/g++.mike/eh8.C (test for excess errors)
FAIL: g++.old-deja/g++.mike/init1.C (test for excess errors)
FAIL: g++.old-deja/g++.mike/mi1.C (test for excess errors)
FAIL: g++.old-deja/g++.mike/mi2.C (test for excess errors)
FAIL: g++.old-deja/g++.mike/misc1.C (test for excess errors)
FAIL: g++.old-deja/g++.mike/misc13.C (test for excess errors)
FAIL: g++.old-deja/g++.mike/misc14.C (test for excess errors)
FAIL: g++.old-deja/g++.mike/net15.C (test for excess errors)
FAIL: g++.old-deja/g++.mike/net16.C (test for excess errors)
FAIL: g++.old-deja/g++.mike/net17.C (test for excess errors)
FAIL: g++.old-deja/g++.mike/net21.C (test for excess errors)
FAIL: g++.old-deja/g++.mike/net26.C (test for excess errors)
FAIL: g++.old-deja/g++.mike/net34.C (test for excess errors)
FAIL: g++.old-deja/g++.mike/net35.C (test for excess errors)
FAIL: g++.old-deja/g++.mike/net38.C (test for excess errors)
FAIL: g++.old-deja/g++.mike/net39.C (test for excess errors)
FAIL: g++.old-deja/g++.mike/net40.C (test for excess errors)
FAIL: g++.old-deja/g++.mike/net46.C (test for excess errors)
FAIL: g++.old-deja/g++.mike/offset1.C (test for excess errors)
FAIL: g++.old-deja/g++.mike/p10148.C (test for excess errors)
FAIL: g++.old-deja/g++.mike/p11667.C (test for excess errors)
FAIL: g++.old-deja/g++.mike/p1248.C (test for excess errors)
FAIL: g++.old-deja/g++.mike/p1567.C (test for excess errors)
FAIL: g++.old-deja/g++.mike/p16146.C (test for excess errors)
FAIL: g++.old-deja/g++.mike/p1862.C (test for excess errors)
FAIL: g++.old-deja/g++.mike/p2846.C (test for excess errors)
FAIL: g++.old-deja/g++.mike/p2846a.C (test for excess errors)
FAIL: g++.old-deja/g++.mike/p2846b.C (test for excess errors)
FAIL: g++.old-deja/g++.mike/p2960.C (test for excess errors)
FAIL: g++.old-deja/g++.mike/p3041.C (test for excess errors)
FAIL: g++.old-deja/g++.mike/p3060d.C (test for excess errors)
FAIL: g++.old-deja/g++.mike/p3068.C (test for excess errors)
FAIL: g++.old-deja/g++.mike/p3139.C (test for excess errors)
FAIL: g++.old-deja/g++.mike/p3570.C (test for excess errors)
FAIL: g++.old-deja/g++.mike/p3579.C (test for excess errors)
FAIL: g++.old-deja/g++.mike/p3708.C (test for excess errors)
FAIL: g++.old-deja/g++.mike/p3708a.C (test for excess errors)
FAIL: g++.old-deja/g++.mike/p3708b.C (test for excess errors)
FAIL: g++.old-deja/g++.mike/p4068.C (test for excess errors)
FAIL: g++.old-deja/g++.mike/p4104.C (test for excess errors)
FAIL: g++.old-deja/g++.mike/p4246.C (test for excess errors)
FAIL: g++.old-deja/g++.mike/p4511.C (test for excess errors)
FAIL: g++.old-deja/g++.mike/p4736a.C (test for excess errors)
FAIL: g++.old-deja/g++.mike/p4736b.C (test for excess errors)
FAIL: g++.old-deja/g++.mike/p4736c.C (test for excess errors)
FAIL: g++.old-deja/g++.mike/p5571.C (test for excess errors)
FAIL: g++.old-deja/g++.mike/p5840.C (test for excess errors)
FAIL: g++.old-deja/g++.mike/p658.C (test for excess errors)
FAIL: g++.old-deja/g++.mike/p6610a.C (test for excess errors)
FAIL: g++.old-deja/g++.mike/p6610b.C (test for excess errors)
FAIL: g++.old-deja/g++.mike/p6927.C (test for excess errors)
FAIL: g++.old-deja/g++.mike/p755.C (test for excess errors)
FAIL: g++.old-deja/g++.mike/p755a.C (test for excess errors)
FAIL: g++.old-deja/g++.mike/p786.C (test for excess errors)
FAIL: g++.old-deja/g++.mike/p789.C (test for excess errors)
FAIL: g++.old-deja/g++.mike/p789a.C (test for excess errors)
FAIL: g++.old-deja/g++.mike/p7912.C (test for excess errors)
FAIL: g++.old-deja/g++.mike/p8018.C (test for excess errors)
FAIL: g++.old-deja/g++.mike/p8155.C (test for excess errors)
FAIL: g++.old-deja/g++.mike/p9206.C (test for excess errors)
FAIL: g++.old-deja/g++.mike/p9706.C (test for excess errors)
FAIL: g++.old-deja/g++.mike/p9732b.C (test for excess errors)
FAIL: g++.old-deja/g++.mike/pmf1.C (test for excess errors)
FAIL: g++.old-deja/g++.mike/pmf2.C (test for excess errors)
FAIL: g++.old-deja/g++.mike/pmf8.C (test for excess errors)
FAIL: g++.old-deja/g++.mike/pmf9.C (test for excess errors)
FAIL: g++.old-deja/g++.mike/rtti3.C (test for excess errors)
FAIL: g++.old-deja/g++.mike/temp.C (test for excess errors)
FAIL: g++.old-deja/g++.mike/thunk2.C (test for excess errors)
FAIL: g++.old-deja/g++.mike/thunk3.C (test for excess errors)
FAIL: g++.old-deja/g++.mike/virt2.C (test for excess errors)
FAIL: g++.old-deja/g++.mike/virt4.C (test for excess errors)
FAIL: g++.old-deja/g++.mike/virt5.C (test for excess errors)
FAIL: g++.old-deja/g++.niklas/t140.C (test for excess errors)
FAIL: g++.old-deja/g++.ns/alias3.C (test for excess errors)
FAIL: g++.old-deja/g++.ns/template3.C (test for excess errors)
FAIL: g++.old-deja/g++.ns/template9.C (test for excess errors)
FAIL: g++.old-deja/g++.oliva/delete2.C (test for excess errors)
FAIL: g++.old-deja/g++.oliva/delete3.C (test for excess errors)
FAIL: g++.old-deja/g++.oliva/delete4.C (test for excess errors)
FAIL: g++.old-deja/g++.oliva/delete5.C (test for excess errors)
FAIL: g++.old-deja/g++.oliva/ext1.C (test for excess errors)
FAIL: g++.old-deja/g++.oliva/new1.C (test for excess errors)
FAIL: g++.old-deja/g++.oliva/thunk1.C (test for excess errors)
FAIL: g++.old-deja/g++.other/addrof1.C (test for excess errors)
FAIL: g++.old-deja/g++.other/anon2.C (test for excess errors)
FAIL: g++.old-deja/g++.other/anon3.C (test for excess errors)
FAIL: g++.old-deja/g++.other/anon6.C (test for excess errors)
FAIL: g++.old-deja/g++.other/array1.C (test for excess errors)
FAIL: g++.old-deja/g++.other/badopt1.C (test for excess errors)
FAIL: g++.old-deja/g++.other/builtins2.C (test for excess errors)
FAIL: g++.old-deja/g++.other/builtins4.C (test for excess errors)
FAIL: g++.old-deja/g++.other/call1.C (test for excess errors)
FAIL: g++.old-deja/g++.other/comdat1.C (test for excess errors)
FAIL: g++.old-deja/g++.other/comdat2.C (test for excess errors)
FAIL: g++.old-deja/g++.other/comdat3.C (test for excess errors)
FAIL: g++.old-deja/g++.other/comdat5.C (test for excess errors)
FAIL: g++.old-deja/g++.other/crash22.C (test for excess errors)
FAIL: g++.old-deja/g++.other/ctor1.C (test for excess errors)
FAIL: g++.old-deja/g++.other/delete3.C (test for excess errors)
FAIL: g++.old-deja/g++.other/delete7.C (test for excess errors)
FAIL: g++.old-deja/g++.other/dtor10.C (test for excess errors)
FAIL: g++.old-deja/g++.other/dtor11.C (test for excess errors)
FAIL: g++.old-deja/g++.other/dtor5.C (test for excess errors)
FAIL: g++.old-deja/g++.other/dtor6.C (test for excess errors)
FAIL: g++.old-deja/g++.other/dtor9.C (test for excess errors)
FAIL: g++.old-deja/g++.other/dyncast1.C (test for excess errors)
FAIL: g++.old-deja/g++.other/dyncast2.C (test for excess errors)
FAIL: g++.old-deja/g++.other/dyncast3.C (test for excess errors)
FAIL: g++.old-deja/g++.other/dyncast4.C (test for excess errors)
FAIL: g++.old-deja/g++.other/dyncast5.C (test for excess errors)
FAIL: g++.old-deja/g++.other/dyncast6.C (test for excess errors)
FAIL: g++.old-deja/g++.other/eh3.C (test for excess errors)
FAIL: g++.old-deja/g++.other/empty1.C (test for excess errors)
FAIL: g++.old-deja/g++.other/enum1.C (test for excess errors)
FAIL: g++.old-deja/g++.other/headers1.C (test for excess errors)
FAIL: g++.old-deja/g++.other/init1.C (test for excess errors)
FAIL: g++.old-deja/g++.other/init11.C (test for excess errors)
FAIL: g++.old-deja/g++.other/init5.C (test for excess errors)
XPASS: g++.old-deja/g++.other/init5.C execution test
FAIL: g++.old-deja/g++.other/init7.C (test for excess errors)
FAIL: g++.old-deja/g++.other/inline7.C (test for excess errors)
FAIL: g++.old-deja/g++.other/inline8.C (test for excess errors)
FAIL: g++.old-deja/g++.other/local1.C (test for excess errors)
FAIL: g++.old-deja/g++.other/loop1.C (test for excess errors)
FAIL: g++.old-deja/g++.other/new3.C (test for excess errors)
FAIL: g++.old-deja/g++.other/new5.C (test for excess errors)
FAIL: g++.old-deja/g++.other/new7.C (test for excess errors)
FAIL: g++.old-deja/g++.other/op2.C (test for excess errors)
FAIL: g++.old-deja/g++.other/op3.C (test for excess errors)
FAIL: g++.old-deja/g++.other/optimize2.C (test for excess errors)
FAIL: g++.old-deja/g++.other/overload14.C (test for excess errors)
FAIL: g++.old-deja/g++.other/overload6.C (test for excess errors)
FAIL: g++.old-deja/g++.other/overload7.C (test for excess errors)
FAIL: g++.old-deja/g++.other/overload8.C (test for excess errors)
FAIL: g++.old-deja/g++.other/overload9.C (test for excess errors)
FAIL: g++.old-deja/g++.other/pmf4.C (test for excess errors)
FAIL: g++.old-deja/g++.other/pmf5.C (test for excess errors)
FAIL: g++.old-deja/g++.other/reload1.C (test for excess errors)
FAIL: g++.old-deja/g++.other/rtti3.C (test for excess errors)
FAIL: g++.old-deja/g++.other/rtti4.C (test for excess errors)
FAIL: g++.old-deja/g++.other/sibcall1.C (test for excess errors)
FAIL: g++.old-deja/g++.other/singleton.C (test for excess errors)
FAIL: g++.old-deja/g++.other/temporary1.C (test for excess errors)
FAIL: g++.old-deja/g++.other/thunk1.C (test for excess errors)
FAIL: g++.old-deja/g++.other/unchanging1.C (test for excess errors)
FAIL: g++.old-deja/g++.other/vaarg2.C (test for excess errors)
FAIL: g++.old-deja/g++.other/vbase2.C (test for excess errors)
FAIL: g++.old-deja/g++.other/vbase5.C (test for excess errors)
FAIL: g++.old-deja/g++.other/virtual2.C (test for excess errors)
FAIL: g++.old-deja/g++.other/virtual8.C (test for excess errors)
FAIL: g++.old-deja/g++.other/virtual9.C (test for excess errors)
FAIL: g++.old-deja/g++.other/vtbl2.C (test for excess errors)
FAIL: g++.old-deja/g++.pt/crash18.C (test for excess errors)
FAIL: g++.old-deja/g++.pt/deduct5.C (test for excess errors)
FAIL: g++.old-deja/g++.pt/explicit43.C (test for excess errors)
FAIL: g++.old-deja/g++.pt/explicit50.C (test for excess errors)
FAIL: g++.old-deja/g++.pt/explicit51.C (test for excess errors)
FAIL: g++.old-deja/g++.pt/explicit52.C (test for excess errors)
FAIL: g++.old-deja/g++.pt/explicit53.C (test for excess errors)
FAIL: g++.old-deja/g++.pt/explicit54.C (test for excess errors)
FAIL: g++.old-deja/g++.pt/explicit55.C (test for excess errors)
FAIL: g++.old-deja/g++.pt/explicit56.C (test for excess errors)
FAIL: g++.old-deja/g++.pt/explicit57.C (test for excess errors)
FAIL: g++.old-deja/g++.pt/explicit58.C (test for excess errors)
FAIL: g++.old-deja/g++.pt/explicit59.C (test for excess errors)
FAIL: g++.old-deja/g++.pt/explicit60.C (test for excess errors)
FAIL: g++.old-deja/g++.pt/explicit61.C (test for excess errors)
FAIL: g++.old-deja/g++.pt/explicit65.C (test for excess errors)
FAIL: g++.old-deja/g++.pt/explicit74.C (test for excess errors)
FAIL: g++.old-deja/g++.pt/expr1.C (test for excess errors)
FAIL: g++.old-deja/g++.pt/fntry1.C (test for excess errors)
FAIL: g++.old-deja/g++.pt/local2.C (test for excess errors)
FAIL: g++.old-deja/g++.pt/local3.C (test for excess errors)
FAIL: g++.old-deja/g++.pt/local4.C (test for excess errors)
FAIL: g++.old-deja/g++.pt/local6.C (test for excess errors)
FAIL: g++.old-deja/g++.pt/memtemp10.C (test for excess errors)
FAIL: g++.old-deja/g++.pt/memtemp11.C (test for excess errors)
FAIL: g++.old-deja/g++.pt/memtemp14.C (test for excess errors)
FAIL: g++.old-deja/g++.pt/memtemp16.C (test for excess errors)
FAIL: g++.old-deja/g++.pt/memtemp17.C (test for excess errors)
FAIL: g++.old-deja/g++.pt/memtemp19.C (test for excess errors)
FAIL: g++.old-deja/g++.pt/memtemp20.C (test for excess errors)
FAIL: g++.old-deja/g++.pt/memtemp23.C (test for excess errors)
FAIL: g++.old-deja/g++.pt/memtemp24.C (test for excess errors)
FAIL: g++.old-deja/g++.pt/memtemp25.C (test for excess errors)
FAIL: g++.old-deja/g++.pt/memtemp26.C (test for excess errors)
FAIL: g++.old-deja/g++.pt/memtemp28.C (test for excess errors)
FAIL: g++.old-deja/g++.pt/memtemp29.C (test for excess errors)
FAIL: g++.old-deja/g++.pt/memtemp3.C (test for excess errors)
FAIL: g++.old-deja/g++.pt/memtemp47.C (test for excess errors)
FAIL: g++.old-deja/g++.pt/memtemp5.C (test for excess errors)
FAIL: g++.old-deja/g++.pt/memtemp7.C (test for excess errors)
FAIL: g++.old-deja/g++.pt/memtemp9.C (test for excess errors)
FAIL: g++.old-deja/g++.pt/mi1.C (test for excess errors)
FAIL: g++.old-deja/g++.pt/overload10.C (test for excess errors)
FAIL: g++.old-deja/g++.pt/overload11.C (test for excess errors)
FAIL: g++.old-deja/g++.pt/overload9.C (test for excess errors)
FAIL: g++.old-deja/g++.pt/ptrmem1.C (test for excess errors)
FAIL: g++.old-deja/g++.pt/ptrmem2.C (test for excess errors)
FAIL: g++.old-deja/g++.pt/ptrmem4.C (test for excess errors)
FAIL: g++.old-deja/g++.pt/repo1.C (test for excess errors)
FAIL: g++.old-deja/g++.pt/repo3.C (test for excess errors)
FAIL: g++.old-deja/g++.pt/sizeof.C (test for excess errors)
FAIL: g++.old-deja/g++.pt/sizeof2.C (test for excess errors)
FAIL: g++.old-deja/g++.pt/spec10.C (test for excess errors)
FAIL: g++.old-deja/g++.pt/spec11.C (test for excess errors)
FAIL: g++.old-deja/g++.pt/spec12.C (test for excess errors)
FAIL: g++.old-deja/g++.pt/spec15.C (test for excess errors)
FAIL: g++.old-deja/g++.pt/spec30.C (test for excess errors)
FAIL: g++.old-deja/g++.pt/spec36.C (test for excess errors)
FAIL: g++.old-deja/g++.pt/spec7.C (test for excess errors)
FAIL: g++.old-deja/g++.pt/static1.C (test for excess errors)
FAIL: g++.old-deja/g++.pt/static11.C (test for excess errors)
FAIL: g++.old-deja/g++.pt/static8.C (test for excess errors)
FAIL: g++.old-deja/g++.pt/stmtexpr.C (test for excess errors)
FAIL: g++.old-deja/g++.pt/stmtexpr2.C (test for excess errors)
FAIL: g++.old-deja/g++.pt/t16.C (test for excess errors)
FAIL: g++.old-deja/g++.pt/t39.C (test for excess errors)
FAIL: g++.old-deja/g++.pt/tiemann2.C (test for excess errors)
FAIL: g++.old-deja/g++.pt/ttp34.C (test for excess errors)
FAIL: g++.old-deja/g++.pt/ttp62.C (test for excess errors)
FAIL: g++.old-deja/g++.pt/using1.C (test for excess errors)
FAIL: g++.old-deja/g++.pt/vaarg.C (test for excess errors)
FAIL: g++.old-deja/g++.pt/virtual1.C (test for excess errors)
FAIL: g++.old-deja/g++.pt/virtual4.C (test for excess errors)
FAIL: g++.old-deja/g++.robertl/eb102.C (test for excess errors)
FAIL: g++.old-deja/g++.robertl/eb104.C (test for excess errors)
FAIL: g++.old-deja/g++.robertl/eb114.C (test for excess errors)
FAIL: g++.old-deja/g++.robertl/eb115.C (test for excess errors)
FAIL: g++.old-deja/g++.robertl/eb126.C (test for excess errors)
FAIL: g++.old-deja/g++.robertl/eb14.C (test for excess errors)
FAIL: g++.old-deja/g++.robertl/eb17.C (test for excess errors)
FAIL: g++.old-deja/g++.robertl/eb21.C (test for excess errors)
FAIL: g++.old-deja/g++.robertl/eb31.C (test for excess errors)
FAIL: g++.old-deja/g++.robertl/eb33.C (test for excess errors)
FAIL: g++.old-deja/g++.robertl/eb41.C (test for excess errors)
FAIL: g++.old-deja/g++.robertl/eb46.C (test for excess errors)
FAIL: g++.old-deja/g++.robertl/eb50.C (test for excess errors)
FAIL: g++.old-deja/g++.robertl/eb54.C (test for excess errors)
FAIL: g++.old-deja/g++.robertl/eb58.C (test for excess errors)
FAIL: g++.old-deja/g++.robertl/eb59.C (test for excess errors)
FAIL: g++.old-deja/g++.robertl/eb63.C (test for excess errors)
FAIL: g++.old-deja/g++.robertl/eb66.C (test for excess errors)
FAIL: g++.old-deja/g++.robertl/eb73.C (test for excess errors)
FAIL: g++.old-deja/g++.robertl/eb77.C (test for excess errors)
FAIL: g++.old-deja/g++.robertl/eb83.C (test for excess errors)
FAIL: g++.old-deja/g++.robertl/eb88.C (test for excess errors)
FAIL: g++.old-deja/g++.robertl/eh990323-1.C (test for excess errors)
FAIL: g++.old-deja/g++.robertl/eh990323-2.C (test for excess errors)
FAIL: g++.old-deja/g++.robertl/eh990323-3.C (test for excess errors)
FAIL: g++.old-deja/g++.robertl/eh990323-4.C (test for excess errors)
FAIL: g++.old-deja/g++.robertl/eh990323-5.C (test for excess errors)
FAIL: g++.old-deja/g++.robertl/ice990323-2.C (test for excess errors)
=== g++ Summary ===
# of expected passes 11567
# of unexpected failures 715
# of unexpected successes 2
# of expected failures 66
# of unresolved testcases 77
# of unsupported tests 121
/scratch/packages/gcc/4.1/gcc-4.1-4.1.2/build/gcc/testsuite/g++/../../g++ version 4.1.3 20070429 (prerelease) (Debian 4.1.2-5)
=== gcc tests ===
Running target unix
FAIL: gcc.dg/cleanup-10.c (test for excess errors)
FAIL: gcc.dg/cleanup-11.c (test for excess errors)
FAIL: gcc.dg/cleanup-5.c (test for excess errors)
FAIL: gcc.dg/cleanup-8.c (test for excess errors)
FAIL: gcc.dg/cleanup-9.c (test for excess errors)
XPASS: gcc.dg/tree-ssa/loop-1.c scan-assembler-times foo 5
=== gcc Summary ===
# of expected passes 37957
# of unexpected failures 5
# of unexpected successes 1
# of expected failures 77
# of untested testcases 28
# of unsupported tests 321
/scratch/packages/gcc/4.1/gcc-4.1-4.1.2/build/gcc/xgcc version 4.1.3 20070429 (prerelease) (Debian 4.1.2-5)
=== gfortran tests ===
Running target unix
FAIL: gfortran.dg/char_result_3.f90 -O3 -fomit-frame-pointer execution test
XPASS: gfortran.dg/csqrt_2.f -O0 execution test
XPASS: gfortran.dg/csqrt_2.f -O1 execution test
XPASS: gfortran.dg/csqrt_2.f -O2 execution test
XPASS: gfortran.dg/csqrt_2.f -O3 -fomit-frame-pointer execution test
XPASS: gfortran.dg/csqrt_2.f -O3 -fomit-frame-pointer -funroll-loops execution test
XPASS: gfortran.dg/csqrt_2.f -O3 -fomit-frame-pointer -funroll-all-loops -finline-functions execution test
XPASS: gfortran.dg/csqrt_2.f -O3 -g execution test
XPASS: gfortran.dg/csqrt_2.f -Os execution test
FAIL: gfortran.fortran-torture/execute/specifics.f90 execution, -O3 -fomit-frame-pointer -funroll-loops
=== gfortran Summary ===
# of expected passes 13507
# of unexpected failures 2
# of unexpected successes 8
# of expected failures 4
# of unsupported tests 90
/scratch/packages/gcc/4.1/gcc-4.1-4.1.2/build/gcc/testsuite/gfortran/../../gfortran version 4.1.3 20070429 (prerelease) (Debian 4.1.2-5)
=== obj-c++ tests ===
Running target unix
FAIL: obj-c++.dg/basic.mm (test for excess errors)
FAIL: obj-c++.dg/bitfield-2.mm (test for excess errors)
FAIL: obj-c++.dg/cxx-ivars-1.mm (test for excess errors)
FAIL: obj-c++.dg/cxx-ivars-2.mm (test for excess errors)
FAIL: obj-c++.dg/cxx-ivars-2.mm execution test
FAIL: obj-c++.dg/cxx-scope-1.mm (test for excess errors)
FAIL: obj-c++.dg/defs.mm (test for excess errors)
FAIL: obj-c++.dg/encode-4.mm (test for excess errors)
FAIL: obj-c++.dg/encode-5.mm (test for excess errors)
FAIL: obj-c++.dg/encode-6.mm (test for excess errors)
FAIL: obj-c++.dg/encode-8.mm execution test
FAIL: obj-c++.dg/except-1.mm (test for excess errors)
FAIL: obj-c++.dg/gnu-runtime-3.mm (test for excess errors)
FAIL: obj-c++.dg/isa-field-1.mm (test for excess errors)
FAIL: obj-c++.dg/lookup-2.mm (test for excess errors)
UNRESOLVED: obj-c++.dg/lookup-2.mm compilation failed to produce executable
FAIL: obj-c++.dg/method-10.mm (test for excess errors)
FAIL: obj-c++.dg/method-17.mm (test for excess errors)
FAIL: obj-c++.dg/method-19.mm (test for excess errors)
FAIL: obj-c++.dg/proto-lossage-3.mm (test for excess errors)
FAIL: obj-c++.dg/proto-qual-1.mm (test for excess errors)
FAIL: obj-c++.dg/qual-types-1.mm (test for excess errors)
FAIL: obj-c++.dg/template-1.mm (test for excess errors)
FAIL: obj-c++.dg/template-3.mm (test for excess errors)
FAIL: obj-c++.dg/template-4.mm (test for excess errors)
FAIL: obj-c++.dg/try-catch-2.mm (test for excess errors)
UNRESOLVED: obj-c++.dg/try-catch-2.mm compilation failed to produce executable
FAIL: obj-c++.dg/try-catch-9.mm (test for excess errors)
UNRESOLVED: obj-c++.dg/try-catch-9.mm compilation failed to produce executable
FAIL: obj-c++.dg/va-meth-1.mm (test for excess errors)
=== obj-c++ Summary ===
# of expected passes 402
# of unexpected failures 27
# of unresolved testcases 3
# of unsupported tests 13
/scratch/packages/gcc/4.1/gcc-4.1-4.1.2/build/gcc/testsuite/obj-c++/../../g++ version 4.1.3 20070429 (prerelease) (Debian 4.1.2-5)
=== objc tests ===
Running target unix
FAIL: objc/execute/exceptions/catchall-1.m compilation, -O0 -fgnu-runtime
UNRESOLVED: objc/execute/exceptions/catchall-1.m execution, -O0 -fgnu-runtime
FAIL: objc/execute/exceptions/catchall-1.m compilation, -O1 -fgnu-runtime
UNRESOLVED: objc/execute/exceptions/catchall-1.m execution, -O1 -fgnu-runtime
FAIL: objc/execute/exceptions/catchall-1.m compilation, -O2 -fgnu-runtime
UNRESOLVED: objc/execute/exceptions/catchall-1.m execution, -O2 -fgnu-runtime
FAIL: objc/execute/exceptions/catchall-1.m compilation, -O3 -fomit-frame-pointer -fgnu-runtime
UNRESOLVED: objc/execute/exceptions/catchall-1.m execution, -O3 -fomit-frame-pointer -fgnu-runtime
FAIL: objc/execute/exceptions/catchall-1.m compilation, -O3 -g -fgnu-runtime
UNRESOLVED: objc/execute/exceptions/catchall-1.m execution, -O3 -g -fgnu-runtime
FAIL: objc/execute/exceptions/catchall-1.m compilation, -Os -fgnu-runtime
UNRESOLVED: objc/execute/exceptions/catchall-1.m execution, -Os -fgnu-runtime
FAIL: objc/execute/exceptions/finally-1.m compilation, -O0 -fgnu-runtime
UNRESOLVED: objc/execute/exceptions/finally-1.m execution, -O0 -fgnu-runtime
FAIL: objc/execute/exceptions/finally-1.m compilation, -O1 -fgnu-runtime
UNRESOLVED: objc/execute/exceptions/finally-1.m execution, -O1 -fgnu-runtime
FAIL: objc/execute/exceptions/finally-1.m compilation, -O2 -fgnu-runtime
UNRESOLVED: objc/execute/exceptions/finally-1.m execution, -O2 -fgnu-runtime
FAIL: objc/execute/exceptions/finally-1.m compilation, -O3 -fomit-frame-pointer -fgnu-runtime
UNRESOLVED: objc/execute/exceptions/finally-1.m execution, -O3 -fomit-frame-pointer -fgnu-runtime
FAIL: objc/execute/exceptions/finally-1.m compilation, -O3 -g -fgnu-runtime
UNRESOLVED: objc/execute/exceptions/finally-1.m execution, -O3 -g -fgnu-runtime
FAIL: objc/execute/exceptions/finally-1.m compilation, -Os -fgnu-runtime
UNRESOLVED: objc/execute/exceptions/finally-1.m execution, -Os -fgnu-runtime
FAIL: objc/execute/exceptions/foward-1.m compilation, -O0 -fgnu-runtime
UNRESOLVED: objc/execute/exceptions/foward-1.m execution, -O0 -fgnu-runtime
FAIL: objc/execute/exceptions/foward-1.m compilation, -O1 -fgnu-runtime
UNRESOLVED: objc/execute/exceptions/foward-1.m execution, -O1 -fgnu-runtime
FAIL: objc/execute/exceptions/foward-1.m compilation, -O2 -fgnu-runtime
UNRESOLVED: objc/execute/exceptions/foward-1.m execution, -O2 -fgnu-runtime
FAIL: objc/execute/exceptions/foward-1.m compilation, -O3 -fomit-frame-pointer -fgnu-runtime
UNRESOLVED: objc/execute/exceptions/foward-1.m execution, -O3 -fomit-frame-pointer -fgnu-runtime
FAIL: objc/execute/exceptions/foward-1.m compilation, -O3 -fomit-frame-pointer -funroll-loops -fgnu-runtime
UNRESOLVED: objc/execute/exceptions/foward-1.m execution, -O3 -fomit-frame-pointer -funroll-loops -fgnu-runtime
FAIL: objc/execute/exceptions/foward-1.m compilation, -O3 -fomit-frame-pointer -funroll-all-loops -finline-functions -fgnu-runtime
UNRESOLVED: objc/execute/exceptions/foward-1.m execution, -O3 -fomit-frame-pointer -funroll-all-loops -finline-functions -fgnu-runtime
FAIL: objc/execute/exceptions/foward-1.m compilation, -O3 -g -fgnu-runtime
UNRESOLVED: objc/execute/exceptions/foward-1.m execution, -O3 -g -fgnu-runtime
FAIL: objc/execute/exceptions/foward-1.m compilation, -Os -fgnu-runtime
UNRESOLVED: objc/execute/exceptions/foward-1.m execution, -Os -fgnu-runtime
FAIL: objc/execute/exceptions/local-variables-1.m compilation, -O0 -fgnu-runtime
UNRESOLVED: objc/execute/exceptions/local-variables-1.m execution, -O0 -fgnu-runtime
FAIL: objc/execute/exceptions/local-variables-1.m compilation, -O1 -fgnu-runtime
UNRESOLVED: objc/execute/exceptions/local-variables-1.m execution, -O1 -fgnu-runtime
FAIL: objc/execute/exceptions/local-variables-1.m compilation, -O2 -fgnu-runtime
UNRESOLVED: objc/execute/exceptions/local-variables-1.m execution, -O2 -fgnu-runtime
FAIL: objc/execute/exceptions/local-variables-1.m compilation, -O3 -fomit-frame-pointer -fgnu-runtime
UNRESOLVED: objc/execute/exceptions/local-variables-1.m execution, -O3 -fomit-frame-pointer -fgnu-runtime
FAIL: objc/execute/exceptions/local-variables-1.m compilation, -O3 -g -fgnu-runtime
UNRESOLVED: objc/execute/exceptions/local-variables-1.m execution, -O3 -g -fgnu-runtime
FAIL: objc/execute/exceptions/local-variables-1.m compilation, -Os -fgnu-runtime
UNRESOLVED: objc/execute/exceptions/local-variables-1.m execution, -Os -fgnu-runtime
=== objc Summary ===
# of expected passes 1670
# of unexpected failures 26
# of unresolved testcases 26
# of unsupported tests 22
/scratch/packages/gcc/4.1/gcc-4.1-4.1.2/build/gcc/xgcc version 4.1.3 20070429 (prerelease) (Debian 4.1.2-5)
=== treelang tests ===
Running target unix
=== treelang Summary ===
# of expected passes 50
=== libffi tests ===
Running target unix
FAIL: libffi.special/unwindtest.cc -shared-libgcc -lstdc++ (test for excess errors)
FAIL: libffi.special/unwindtest.cc -shared-libgcc -lstdc++ (test for excess errors)
FAIL: libffi.special/unwindtest.cc -shared-libgcc -lstdc++ (test for excess errors)
FAIL: libffi.special/unwindtest.cc -shared-libgcc -lstdc++ (test for excess errors)
=== libffi Summary ===
# of expected passes 1080
# of unexpected failures 4
# of unsupported tests 8
=== libmudflap tests ===
Running target unix
FAIL: libmudflap.c++/fail24-frag.cxx (test for excess errors)
FAIL: libmudflap.c++/pass28-frag.cxx (test for excess errors)
FAIL: libmudflap.c++/pass31-frag.cxx (test for excess errors)
FAIL: libmudflap.c++/pass41-frag.cxx (test for excess errors)
FAIL: libmudflap.c++/pass55-frag.cxx (test for excess errors)
FAIL: libmudflap.c++/pass57-frag.cxx (test for excess errors)
FAIL: libmudflap.c++/fail24-frag.cxx (-static) (test for excess errors)
FAIL: libmudflap.c++/pass27-frag.cxx (-static) (test for excess errors)
FAIL: libmudflap.c++/pass28-frag.cxx (-static) (test for excess errors)
FAIL: libmudflap.c++/pass31-frag.cxx (-static) (test for excess errors)
FAIL: libmudflap.c++/pass41-frag.cxx (-static) (test for excess errors)
FAIL: libmudflap.c++/pass55-frag.cxx (-static) (test for excess errors)
FAIL: libmudflap.c++/pass57-frag.cxx (-static) (test for excess errors)
FAIL: libmudflap.c++/pass58-frag.cxx (-static) (test for excess errors)
FAIL: libmudflap.c++/fail24-frag.cxx (-O) (test for excess errors)
FAIL: libmudflap.c++/pass27-frag.cxx (-O) (test for excess errors)
FAIL: libmudflap.c++/pass28-frag.cxx (-O) (test for excess errors)
FAIL: libmudflap.c++/pass31-frag.cxx (-O) (test for excess errors)
FAIL: libmudflap.c++/pass41-frag.cxx (-O) (test for excess errors)
FAIL: libmudflap.c++/pass55-frag.cxx (-O) (test for excess errors)
FAIL: libmudflap.c++/pass57-frag.cxx (-O) (test for excess errors)
FAIL: libmudflap.c++/pass58-frag.cxx (-O) (test for excess errors)
FAIL: libmudflap.c++/fail24-frag.cxx (-O2) (test for excess errors)
FAIL: libmudflap.c++/pass28-frag.cxx (-O2) (test for excess errors)
FAIL: libmudflap.c++/pass31-frag.cxx (-O2) (test for excess errors)
FAIL: libmudflap.c++/pass41-frag.cxx (-O2) (test for excess errors)
FAIL: libmudflap.c++/pass55-frag.cxx (-O2) (test for excess errors)
FAIL: libmudflap.c++/pass57-frag.cxx (-O2) (test for excess errors)
FAIL: libmudflap.c++/fail24-frag.cxx (-O3) (test for excess errors)
FAIL: libmudflap.c++/pass28-frag.cxx (-O3) (test for excess errors)
FAIL: libmudflap.c++/pass31-frag.cxx (-O3) (test for excess errors)
FAIL: libmudflap.c++/pass41-frag.cxx (-O3) (test for excess errors)
FAIL: libmudflap.c++/pass55-frag.cxx (-O3) (test for excess errors)
FAIL: libmudflap.c++/pass57-frag.cxx (-O3) (test for excess errors)
FAIL: ctors-12 linkage
FAIL: ctors-21 linkage
FAIL: ctors-12 linkage -static
FAIL: ctors-21 linkage -static
FAIL: ctors-12 linkage -O2
FAIL: ctors-21 linkage -O2
FAIL: ctors-12 linkage -O3
FAIL: ctors-21 linkage -O3
WARNING: program timed out.
FAIL: libmudflap.cth/pass40-frag.c (-O2) execution test
FAIL: libmudflap.cth/pass40-frag.c (-O2) output pattern test
WARNING: program timed out.
FAIL: libmudflap.cth/pass40-frag.c (-O3) execution test
FAIL: libmudflap.cth/pass40-frag.c (-O3) output pattern test
=== libmudflap Summary ===
# of expected passes 1753
# of unexpected failures 46
=== libstdc++ tests ===
Running target unix
ERROR: tcl error sourcing /scratch/packages/gcc/4.1/gcc-4.1-4.1.2/src/libstdc++-v3/testsuite/libstdc++-abi/abi.exp.
ERROR: could not compile testsuite_shared.cc
ERROR: tcl error sourcing /scratch/packages/gcc/4.1/gcc-4.1-4.1.2/src/libstdc++-v3/testsuite/libstdc++-dg/normal.exp.
ERROR: could not compile testsuite_shared.cc
=== libstdc++ Summary ===
Compiler version: 4.1.3 20070429 (prerelease) (Debian 4.1.2-5)
Platform: hppa-unknown-linux-gnu
configure flags: -v --prefix=/usr --enable-shared --with-system-zlib --libexecdir=/usr/lib --without-included-gettext --enable-threads=posix --enable-nls --with-gxx-include-dir=/usr/include/c++/4.1.3 --program-suffix=-4.1 --enable-__cxa_atexit --enable-clocale=gnu --enable-libstdcxx-debug --enable-mpfr --disable-libssp --enable-checking=release hppa-linux-gnu --enable-languages=c,c++,fortran,objc,obj-c++,treelang
BOOT_CFLAGS=-O2
Build Dependencies:
Desired=Unknown/Install/Remove/Purge/Hold
| Status=Not/Installed/Config-files/Unpacked/Failed-config/Half-installed
|/ Err?=(none)/Hold/Reinst-required/X=both-problems (Status,Err: uppercase=bad)
||/ Name Version Description
+++-==============-=================-==============================================
ii binutils 2.17cvs20070426-2 The GNU assembler, linker and binary utilities
ii libc6 2.3.6.ds1-11 GNU C Library: Shared libraries
Patches that Debian applied in this version:
svn-updates:
SVN updates from the 4.1 branch upto 20070429.
gcc-version:
Add package identification to the gcc version string
gcc-textdomain:
Set gettext's domain and textdomain to the versioned package name.
gcc-driver-extra-langs:
Add options and specs for languages that are not built from a source
(but built from separate sources).
gcc-long-double:
Add --with{,out}-long-double-128 configure option.
Taken from http://gcc.gnu.org/bugzilla/show_bug.cgi?id=25864#c14
libstdc++-long-double:
PR target/25864, libstdc++-v3 parts.
Taken from http://gcc.gnu.org/bugzilla/show_bug.cgi?id=25864#c13
libstdc++-pic:
Build and install libstdc++_pic.a library.
libstdc++-doclink:
adjust hrefs to point to the local documentation
gcc-hash-style-gnu:
Link using --hash-style=gnu (alpha, amd64, ia64, i386, powerpc, ppc64, s390, sparc)
gccbug:
Use sensible-editor instead of vi as fallback editor
gccbug-posix:
Make gccbug POSIX compliant (patch by David Weinehall)
http://www.opengroup.org/onlinepubs/009695399/utilities/test.html
boehm-gc-backport:
gcc/java / libjava backport / classpath-0.92
boehm-gc-nocheck:
Disable running the boehm-gc testsuite. Hangs the buildd at least on hppa.
fastjar-version:
Append GCC version to the fastjar version string.
fastjar-doc:
fastjar.texi: Directly define the gcctabopt and gccoptlist macros.
libstdc++-doxygen:
libstdc++ doxygen docs: Set SHORT_NAMES to YES
libffi-configure:
Add --enable-libffi option to toplevel configure script
libffi-backport:
libffi backport
libffi-backport2:
Add missing bits for the libffi backport from the trunk
- parisc chunks
- missing testcases in testsuite/libffi.call
libjava-backport-updates:
SVN updates from the gcc-4_1-branch-java-merge-20070117 branch upto 20070221.
libjava-backport-updates2:
SVN updates from the gcc-4_1-rh-branch branch upto 20070428.
libjava-visibility:
Reduce the number of symbols in libgcj.so by 20%; taken from the trunk.
libjava-subdir:
- Set the libjava sublibdir to /usr/lib/gcj-4_1
- Set the default libgcj database dir to /var/lib/gcj-4.1
libjava-lib32subdir:
- When running the i386 binaries on amd64, look in /usr/lib32/gcj-x_y
libjava-jnipath:
- Add /usr/lib/jni to java.library.path.
- When running the i386 binaries on amd64, look in
- /usr/lib32/gcj-x.y and /usr/lib32/jni instead.
libjava-lib32-properties:
- When running the i386 binaries on amd64, adjust the properties
java.home, gnu.classpath.home.url, sun.boot.class.path,
gnu.gcj.precompiled.db.path.
libjava-stacktrace:
libgcj: Lookup source file name and line number in separated
debug files found in /usr/lib/debug
libjava-soname:
Bump the libgcj soversion.
libjava-disable-static:
Disable building the static libjava.
libjava-rpath:
- Link ecjx and gij with -rpath \$(dbexecdir)
gcc-expandv:
* gcc.c (main): Call expandargv.
alpha-no-ev4-directive:
arm-libffi:
Add closure support to libffi for arm
note-gnu-stack:
Add .note.GNU-stack sections for gcc's crt files, libffi and boehm-gc
Taken from FC.
arm-gij:
Enable gij interpreter on arm
hppa-cbranch:
Fix for PR target/26743 (hppa)
Backport from gcc trunk 2006-04-12 by tausq@debian.org
hppa-cbranch2:
Fix for PR target/26743 (hppa)
Backport from gcc trunk 2006-04-12 by tausq@debian.org
m68k-fjump:
gcc/config/m68k/m68k.md:
always use as fjcc pseudo op, we rely heavily on as
to generate the right size for the jump instructions
fixes #359281
m68k-gc:
boehm-gc:
the thread suspend handler has to save all registers
reenable MPROTECT_VDB, it should work, otherwise it's probably a kernel bug
change STACKBOTTOM to LINUX_STACKBOTTOM so it works with 2.6 kernel
m68k-save_pic:
gcc/config/m68k/m68k.c:
correctly save the pic register, when not done by reload()
(fixes _Unwind_RaiseException and thus exception handling)
fixes 345574
m68k-libffi2:
add closure support to libffi for m68k
m68k-dwarf:
correct the dwarf frame information, but preserve compatibility
m68k-split_shift:
use correct predicates for long long shifts and use more splits
fixes 381572
m68k-prevent-qipush:
prevent combine from creating a byte push on the stack (invalid on m68k)
m68k-jumptable:
Don't force byte offset when accessing the jumptable, gas can
generate the correct offset size instead.
m68k-peephole:
Convert some text peepholes to rtl peepholes, so the correct
DWARF2 information can be generated for stack manipulations.
(Keep a few peepholes temporarily disabled.)
m68k-return:
don't use single return if fp register have to be restored
fixes 386864
m68k-sig-unwind:
add support for unwinding over signal frames
m68k-align-code:
use "move.l %a4,%a4" to advance within code.
m68k-align-stack:
try to keep the stack word aligned
m68k-dwarf3:
emit correct dwarf info for cfa offset and register with -fomit-frame-pointer
m68k-fpcompare:
bring fp compare early to its desired form to relieve reload,
allow any fp constant during and after reload (even special constants)
in case reload can't find a free register for them.
m68k-secondary-addr-reload:
add secondary reloads to allow reload to get byte values into addr regs
m68k-notice-move:
don't set cc_status for fp move without fp register
m68k-symbolic-operand:
better recognize symbolic operands in addresses
m68k-bitfield-offset:
only use constant offset for register bitfields
(combine expects shifts, but does a rotate)
pr25524:
Backport PR libstdc++/25524 from the trunk
pr26885:
Proposed patch for PR driver/26885
pr26864:
Backport fix for PR libmudflap/26864 from the trunk.
pr26208:
PR other/26208
pr26208-r111674:
PR other/26208, fix arm pasto
libjava-sjlj:
Don't try to use _Unwind_Backtrace on SJLJ targets.
See bug #387875, #388505, GCC PR 29206.
gcc-dwarf2-h:
gcc dwarf2.h header additions (r107384, r111620), taken from the trunk
gcc-unwind-r111705:
gcc unwind r11705, taken from the trunk
gcc-unwind-r120406:
gcc unwind r120406, taken from the trunk
pr9861-nojava:
Non-java parts of PR java/9861 (java changes in gcj-ecj-generics.tar.bz2).
gcc-r109242:
Backport r109242 from the trunk
gcc-r109581:
Backport r109581 from the trunk
gcc-4.1-x86-blended:
Backport x86 "generic" patches from the trunk
cpu-default-generic:
set default 32bit ix86 architecture to i486
gcc-pfrs-2:
Fix a regression in the backport of PR 28946 from the trunk (H.J. Lu).
deb-protoize:
build protoize/unprotoize binaries
link-libs:
reporting:
Add Debian URL for bug reporting instructions.
gcc-ice-hack:
2004-01-23 Jakub Jelinek <jakub@redhat.com>
* system.h (ICE_EXIT_CODE): Define.
* gcc.c (execute): Don't free first string early, but at the end
of the function. Call retry_ice if compiler exited with
ICE_EXIT_CODE.
(retry_ice): New function.
* diagnostic.c (diagnostic_count_diagnostic,
diagnostic_action_after_output, error_recursion): Exit with
ICE_EXIT_CODE instead of FATAL_EXIT_CODE.
multiarch-include:
biarch-include.dpatch
Adds biarch include directories
/usr/local/include/<arch>-linux-gnu
/usr/include/<arch>-linux-gnu
to the system include paths, depending on 32/64 bit mode.
Counting all warnings,
there are 31 warnings in stage3 of this bootstrap.
Number of warnings per file:
11 treelang/lex.c
11 gengtype-lex.c
5 gcc/gcc.c
2 gcc/objc/lang-specs.h
1 gcc/protoize.c
1 gcc/java/lang-specs.h
Number of warning types:
22 no previous prototype for `???'
6 string length `???' is greater than the length `???' ISO C89 compilers are required to support
2 comparison between signed and unsigned
1 argument `???' might be clobbered by `???' or `???'