This is the mail archive of the
gcc-testresults@gcc.gnu.org
mailing list for the GCC project.
Results for 4.3.0 20070424 (experimental) testsuite on hppa2.0w-hp-hpux11.11
- From: John David Anglin <dave at hiauly3 dot hia dot nrc dot ca>
- To: dave at hiauly3 dot hia dot nrc dot ca, gcc-testresults at gcc dot gnu dot org
- Date: Tue, 24 Apr 2007 18:43:40 -0400 (EDT)
- Subject: Results for 4.3.0 20070424 (experimental) testsuite on hppa2.0w-hp-hpux11.11
LAST_UPDATED: Tue Apr 24 00:11:47 UTC 2007 (revision 124094M)
=== acats tests ===
FAIL: cd10002
FAIL: cd92001
FAIL: cxh1001
=== acats Summary ===
# of expected passes 2312
# of unexpected failures 3
Native configuration is hppa2.0w-hp-hpux11.11
=== g++ tests ===
Running target unix
FAIL: g++.dg/init/copy3.C execution test
FAIL: g++.dg/init/dtor3.C execution test
FAIL: g++.dg/init/pm1.C execution test
FAIL: g++.dg/other/fesd-any.C (test for excess errors)
ERROR: g++.dg/other/fesd-any.C: error executing dg-final: couldn't open "fesd-any.s": no such file or directory
UNRESOLVED: g++.dg/other/fesd-any.C: error executing dg-final: couldn't open "fesd-any.s": no such file or directory
FAIL: g++.dg/other/fesd-baseonly.C (test for excess errors)
ERROR: g++.dg/other/fesd-baseonly.C: error executing dg-final: couldn't open "fesd-baseonly.s": no such file or directory
UNRESOLVED: g++.dg/other/fesd-baseonly.C: error executing dg-final: couldn't open "fesd-baseonly.s": no such file or directory
FAIL: g++.dg/other/fesd-none.C (test for excess errors)
ERROR: g++.dg/other/fesd-none.C: error executing dg-final: couldn't open "fesd-none.s": no such file or directory
UNRESOLVED: g++.dg/other/fesd-none.C: error executing dg-final: couldn't open "fesd-none.s": no such file or directory
FAIL: g++.dg/other/fesd-reduced.C (test for excess errors)
ERROR: g++.dg/other/fesd-reduced.C: error executing dg-final: couldn't open "fesd-reduced.s": no such file or directory
UNRESOLVED: g++.dg/other/fesd-reduced.C: error executing dg-final: couldn't open "fesd-reduced.s": no such file or directory
FAIL: g++.dg/other/fesd-sys.C (test for excess errors)
ERROR: g++.dg/other/fesd-sys.C: error executing dg-final: couldn't open "fesd-sys.s": no such file or directory
UNRESOLVED: g++.dg/other/fesd-sys.C: error executing dg-final: couldn't open "fesd-sys.s": no such file or directory
XPASS: g++.dg/tree-ssa/ivopts-1.C scan-tree-dump-not offset: -4B
XPASS: g++.dg/tree-ssa/ivopts-1.C scan-tree-dump-not &x\\[5\\]
FAIL: g++.dg/warn/multiple-overflow-warn-3.C (test for warnings, line 8)
FAIL: g++.dg/special/conpr-2.C execution test
FAIL: g++.dg/special/conpr-3.C execution test
FAIL: g++.dg/special/conpr-4.C execution test
FAIL: g++.dg/special/initp1.C execution test
FAIL: g++.dg/special/initpri1.C execution test
FAIL: g++.old-deja/g++.law/array1.C execution test
FAIL: g++.old-deja/g++.mike/leak1.C execution test
FAIL: g++.old-deja/g++.mike/net17.C execution test
FAIL: g++.old-deja/g++.mike/p2736.C execution test
FAIL: g++.old-deja/g++.mike/p783b.C execution test
FAIL: g++.old-deja/g++.mike/p9732b.C execution test
FAIL: g++.old-deja/g++.mike/ref1.C execution test
FAIL: g++.old-deja/g++.other/init1.C execution test
FAIL: g++.old-deja/g++.other/inline8.C execution test
FAIL: g++.old-deja/g++.pt/static8.C execution test
=== g++ Summary ===
# of expected passes 13822
# of unexpected failures 24
# of unexpected successes 2
# of expected failures 84
# of unresolved testcases 5
# of unsupported tests 191
/test/gnu/gcc/objdir/gcc/testsuite/g++/../../g++ version 4.3.0 20070424 (experimental)
=== gcc tests ===
Running target unix
FAIL: gcc.c-torture/execute/20040709-2.c execution, -O1
FAIL: gcc.c-torture/execute/20040709-2.c execution, -O2
FAIL: gcc.c-torture/execute/20040709-2.c execution, -O3 -fomit-frame-pointer
FAIL: gcc.c-torture/execute/20040709-2.c execution, -O3 -fomit-frame-pointer -funroll-loops
FAIL: gcc.c-torture/execute/20040709-2.c execution, -O3 -fomit-frame-pointer -funroll-all-loops -finline-functions
FAIL: gcc.c-torture/execute/20040709-2.c execution, -O3 -g
FAIL: gcc.c-torture/execute/20040709-2.c execution, -Os
FAIL: gcc.c-torture/execute/991118-1.c execution, -O3 -fomit-frame-pointer
FAIL: gcc.c-torture/execute/991118-1.c execution, -O3 -g
FAIL: gcc.c-torture/execute/991118-1.c execution, -Os
FAIL: gcc.c-torture/execute/bf64-1.c execution, -O3 -fomit-frame-pointer
FAIL: gcc.c-torture/execute/bf64-1.c execution, -O3 -g
FAIL: gcc.c-torture/execute/bf64-1.c execution, -Os
XPASS: gcc.dg/cpp/cmdlne-dI-M.c scan-file (^|\\\\n)cmdlne-dI-M.*:[^\\\\n]*cmdlne-dI-M.c
XPASS: gcc.dg/cpp/cmdlne-dM-M.c scan-file (^|\\\\n)cmdlne-dM-M[^\\\\n]*:[^\\\\n]*cmdlne-dM-M.c
FAIL: gcc.dg/builtins-20.c (test for excess errors)
FAIL: gcc.dg/builtins-59.c scan-tree-dump __builtin_cexpi
FAIL: gcc.dg/builtins-59.c scan-tree-dump-not sincos
FAIL: gcc.dg/builtins-61.c scan-tree-dump cexpi
FAIL: gcc.dg/builtins-61.c scan-tree-dump sin
FAIL: gcc.dg/builtins-61.c scan-tree-dump cos
FAIL: gcc.dg/builtins-61.c scan-tree-dump return 0.0
FAIL: gcc.dg/builtins-62.c scan-tree-dump-times cexpi 3
FAIL: gcc.dg/fesd-any.c (test for excess errors)
ERROR: gcc.dg/fesd-any.c: error executing dg-final: couldn't open "fesd-any.s": no such file or directory
UNRESOLVED: gcc.dg/fesd-any.c: error executing dg-final: couldn't open "fesd-any.s": no such file or directory
FAIL: gcc.dg/fesd-baseonly.c (test for excess errors)
ERROR: gcc.dg/fesd-baseonly.c: error executing dg-final: couldn't open "fesd-baseonly.s": no such file or directory
UNRESOLVED: gcc.dg/fesd-baseonly.c: error executing dg-final: couldn't open "fesd-baseonly.s": no such file or directory
FAIL: gcc.dg/fesd-none.c (test for excess errors)
ERROR: gcc.dg/fesd-none.c: error executing dg-final: couldn't open "fesd-none.s": no such file or directory
UNRESOLVED: gcc.dg/fesd-none.c: error executing dg-final: couldn't open "fesd-none.s": no such file or directory
FAIL: gcc.dg/fesd-reduced.c (test for excess errors)
ERROR: gcc.dg/fesd-reduced.c: error executing dg-final: couldn't open "fesd-reduced.s": no such file or directory
UNRESOLVED: gcc.dg/fesd-reduced.c: error executing dg-final: couldn't open "fesd-reduced.s": no such file or directory
FAIL: gcc.dg/fesd-sys.c (test for excess errors)
ERROR: gcc.dg/fesd-sys.c: error executing dg-final: couldn't open "fesd-sys.s": no such file or directory
UNRESOLVED: gcc.dg/fesd-sys.c: error executing dg-final: couldn't open "fesd-sys.s": no such file or directory
FAIL: gcc.dg/float-range-3.c (test for excess errors)
FAIL: gcc.dg/float-range-4.c (test for excess errors)
FAIL: gcc.dg/float-range-5.c (test for excess errors)
FAIL: gcc.dg/initpri1.c execution test
FAIL: gcc.dg/noncompile/pr16876.c -O0 (test for errors, line 10)
FAIL: gcc.dg/noncompile/pr16876.c -O1 (test for errors, line 10)
FAIL: gcc.dg/noncompile/pr16876.c -O2 (test for errors, line 10)
FAIL: gcc.dg/noncompile/pr16876.c -O3 -fomit-frame-pointer (test for errors, line 10)
FAIL: gcc.dg/noncompile/pr16876.c -O3 -g (test for errors, line 10)
FAIL: gcc.dg/noncompile/pr16876.c -Os (test for errors, line 10)
XPASS: gcc.dg/tree-ssa/update-threading.c scan-tree-dump-times Invalid sum 0
=== gcc Summary ===
# of expected passes 41388
# of unexpected failures 36
# of unexpected successes 3
# of expected failures 79
# of unresolved testcases 5
# of untested testcases 28
# of unsupported tests 509
/test/gnu/gcc/objdir/gcc/xgcc version 4.3.0 20070424 (experimental)
=== gfortran tests ===
Running target unix
=== gfortran Summary ===
# of expected passes 17286
# of expected failures 6
# of unsupported tests 106
/test/gnu/gcc/objdir/gcc/testsuite/gfortran/../../gfortran version 4.3.0 20070424 (experimental)
=== gnat tests ===
Running target unix
FAIL: gnat.dg/address_conversion.adb execution test
FAIL: gnat.dg/derived_aggregate.adb execution test
=== gnat Summary ===
# of expected passes 166
# of unexpected failures 2
=== obj-c++ tests ===
Running target unix
FAIL: obj-c++.dg/basic.mm execution test
FAIL: obj-c++.dg/bitfield-1.mm (internal compiler error)
FAIL: obj-c++.dg/bitfield-1.mm (test for excess errors)
WARNING: obj-c++.dg/bitfield-1.mm compilation failed to produce executable
FAIL: obj-c++.dg/bitfield-2.mm execution test
FAIL: obj-c++.dg/comp-types-10.mm (internal compiler error)
FAIL: obj-c++.dg/comp-types-10.mm (test for excess errors)
FAIL: obj-c++.dg/cxx-class-1.mm (test for excess errors)
FAIL: obj-c++.dg/cxx-ivars-1.mm execution test
FAIL: obj-c++.dg/cxx-ivars-2.mm execution test
FAIL: obj-c++.dg/cxx-scope-1.mm execution test
FAIL: obj-c++.dg/defs.mm execution test
FAIL: obj-c++.dg/encode-2.mm scan-assembler {Vec<float>=ffi}
FAIL: obj-c++.dg/encode-2.mm scan-assembler {Vec<double>=ddi}
FAIL: obj-c++.dg/encode-3.mm execution test
FAIL: obj-c++.dg/encode-4.mm execution test
FAIL: obj-c++.dg/encode-5.mm execution test
FAIL: obj-c++.dg/encode-8.mm execution test
FAIL: obj-c++.dg/except-1.mm execution test
FAIL: obj-c++.dg/gnu-runtime-2.mm (test for excess errors)
FAIL: obj-c++.dg/gnu-runtime-3.mm execution test
FAIL: obj-c++.dg/isa-field-1.mm (test for excess errors)
FAIL: obj-c++.dg/lookup-2.mm (test for excess errors)
WARNING: obj-c++.dg/lookup-2.mm compilation failed to produce executable
FAIL: obj-c++.dg/method-10.mm execution test
FAIL: obj-c++.dg/method-17.mm execution test
FAIL: obj-c++.dg/method-19.mm execution test
FAIL: obj-c++.dg/proto-lossage-3.mm execution test
FAIL: obj-c++.dg/proto-qual-1.mm execution test
FAIL: obj-c++.dg/qual-types-1.mm execution test
FAIL: obj-c++.dg/template-1.mm execution test
FAIL: obj-c++.dg/template-3.mm execution test
FAIL: obj-c++.dg/template-4.mm execution test
FAIL: obj-c++.dg/try-catch-2.mm (test for excess errors)
WARNING: obj-c++.dg/try-catch-2.mm compilation failed to produce executable
FAIL: obj-c++.dg/try-catch-9.mm (internal compiler error)
FAIL: obj-c++.dg/try-catch-9.mm (test for excess errors)
WARNING: obj-c++.dg/try-catch-9.mm compilation failed to produce executable
FAIL: obj-c++.dg/va-meth-1.mm execution test
=== obj-c++ Summary ===
# of expected passes 400
# of unexpected failures 35
# of unsupported tests 14
/test/gnu/gcc/objdir/gcc/testsuite/obj-c++/../../g++ version 4.3.0 20070424 (experimental)
=== objc tests ===
Running target unix
=== objc Summary ===
# of expected passes 1806
# of expected failures 7
# of unsupported tests 27
/test/gnu/gcc/objdir/gcc/xgcc version 4.3.0 20070424 (experimental)
=== libffi tests ===
Running target unix
FAIL: libffi.call/cls_6byte.c -O3 output pattern test, is 127 120 1 128 12 128 9 127: 139 248 10 255
=== libffi Summary ===
# of expected passes 1095
# of unexpected failures 1
# of unsupported tests 8
=== libgomp tests ===
Running target unix
FAIL: libgomp.fortran/omp_parse3.f90 -O3 -g (test for excess errors)
WARNING: libgomp.fortran/omp_parse3.f90 -O3 -g compilation failed to produce executable
FAIL: libgomp.fortran/threadprivate2.f90 -O3 -fomit-frame-pointer execution test
FAIL: libgomp.fortran/threadprivate2.f90 -O3 -fomit-frame-pointer -funroll-all-loops -finline-functions execution test
FAIL: libgomp.fortran/threadprivate2.f90 -O3 -g (test for excess errors)
WARNING: libgomp.fortran/threadprivate2.f90 -O3 -g compilation failed to produce executable
FAIL: libgomp.fortran/threadprivate3.f90 -O3 -g (test for excess errors)
WARNING: libgomp.fortran/threadprivate3.f90 -O3 -g compilation failed to produce executable
=== libgomp Summary ===
# of expected passes 1542
# of unexpected failures 5
# of unsupported tests 9
=== libjava tests ===
Running target unix
FAIL: getstacktrace run
FAIL: getallthreads run
FAIL: LargeFile execution - source compiled test
FAIL: LargeFile -findirect-dispatch execution - source compiled test
FAIL: LargeFile -O3 execution - source compiled test
FAIL: LargeFile -O3 -findirect-dispatch execution - source compiled test
FAIL: PR27908 execution - source compiled test
FAIL: PR27908 -findirect-dispatch execution - source compiled test
FAIL: Thread_Monitor execution - source compiled test
FAIL: Thread_Monitor -findirect-dispatch execution - source compiled test
FAIL: Thread_Monitor -O3 execution - source compiled test
FAIL: Thread_Monitor -O3 -findirect-dispatch execution - source compiled test
FAIL: Thread_Wait_2 execution - source compiled test
FAIL: Thread_Wait_2 -O3 execution - source compiled test
FAIL: Thread_Wait_Interrupt execution - source compiled test
FAIL: Thread_Wait_Interrupt -O3 execution - source compiled test
FAIL: Thread_Wait_Interrupt -O3 -findirect-dispatch execution - source compiled test
=== libjava Summary ===
# of expected passes 2504
# of unexpected failures 17
# of untested testcases 17
=== libstdc++ tests ===
Running target unix
FAIL: 17_intro/headers/c++200x/all.cc (test for excess errors)
FAIL: 17_intro/headers/c++200x/all_multiple_inclusion.cc (test for excess errors)
FAIL: 23_containers/deque/check_construct_destroy.cc (test for excess errors)
WARNING: 23_containers/deque/check_construct_destroy.cc compilation failed to produce executable
FAIL: 23_containers/deque/cons/2.cc (test for excess errors)
WARNING: 23_containers/deque/cons/2.cc compilation failed to produce executable
FAIL: 23_containers/list/check_construct_destroy.cc (test for excess errors)
WARNING: 23_containers/list/check_construct_destroy.cc compilation failed to produce executable
FAIL: 23_containers/set/check_construct_destroy.cc (test for excess errors)
WARNING: 23_containers/set/check_construct_destroy.cc compilation failed to produce executable
FAIL: 23_containers/vector/capacity/2.cc (test for excess errors)
WARNING: 23_containers/vector/capacity/2.cc compilation failed to produce executable
FAIL: 23_containers/vector/check_construct_destroy.cc (test for excess errors)
WARNING: 23_containers/vector/check_construct_destroy.cc compilation failed to produce executable
FAIL: 23_containers/vector/cons/4.cc (test for excess errors)
WARNING: 23_containers/vector/cons/4.cc compilation failed to produce executable
FAIL: 27_io/basic_istream/extractors_arithmetic/char/12.cc execution test
FAIL: 27_io/basic_istream/extractors_arithmetic/wchar_t/12.cc execution test
FAIL: ext/hash_set/check_construct_destroy.cc (test for excess errors)
WARNING: ext/hash_set/check_construct_destroy.cc compilation failed to produce executable
FAIL: ext/mt_allocator/deallocate_global_thread-1.cc execution test
FAIL: ext/mt_allocator/deallocate_global_thread-3.cc execution test
FAIL: ext/new_allocator/deallocate_global.cc execution test
FAIL: ext/slist/check_construct_destroy.cc (test for excess errors)
WARNING: ext/slist/check_construct_destroy.cc compilation failed to produce executable
=== libstdc++ Summary ===
# of expected passes 4154
# of unexpected failures 16
# of expected failures 28
# of unsupported tests 340
Compiler version: 4.3.0 20070424 (experimental)
Platform: hppa2.0w-hp-hpux11.11
configure flags: --with-gnu-as --with-as=/opt/gnu/bin/as --enable-shared --disable-nls --with-local-prefix=/opt/gnu --prefix=/opt/gnu/gcc/gcc-4.3.0 --enable-debug=no --enable-threads=posix --with-mpfr=/opt/gnu/gcc/gcc-4.3.0 --with-gmp=/opt/gnu/gcc/gcc-4.3.0 --disable-libmudflap --enable-languages=c,c++,objc,obj-c++,fortran,java,ada