This is the mail archive of the
gcc-testresults@gcc.gnu.org
mailing list for the GCC project.
Results for 4.3.0 20070424 (experimental) [trunk revision 124094] testsuite on i686-pc-linux-gnu
- From: hjl at gnu-9 dot sc dot intel dot com (H.J. Lu)
- To: gcc-testresults at gcc dot gnu dot org
- Date: Tue, 24 Apr 2007 05:40:45 -0700 (PDT)
- Subject: Results for 4.3.0 20070424 (experimental) [trunk revision 124094] testsuite on i686-pc-linux-gnu
LAST_UPDATED: Tue Apr 24 02:56:49 UTC 2007 (revision 124094)
Native configuration is i686-pc-linux-gnu
=== gcc tests ===
Running target unix
FAIL: gcc.c-torture/execute/mayalias-2.c compilation, -O3 -g (internal compiler error)
UNRESOLVED: gcc.c-torture/execute/mayalias-2.c execution, -O3 -g
FAIL: gcc.c-torture/execute/mayalias-3.c compilation, -O3 -g (internal compiler error)
UNRESOLVED: gcc.c-torture/execute/mayalias-3.c execution, -O3 -g
FAIL: gcc.dg/dfp/convert-bfp-fold.c (internal compiler error)
FAIL: gcc.dg/dfp/convert-bfp-fold.c (test for excess errors)
WARNING: gcc.dg/dfp/convert-bfp-fold.c compilation failed to produce executable
XPASS: gcc.dg/tree-ssa/update-threading.c scan-tree-dump-times Invalid sum 0
FAIL: gcc.target/i386/sse-vect-types.c (test for excess errors)
=== gcc Summary ===
# of expected passes 44902
# of unexpected failures 5
# of unexpected successes 1
# of expected failures 115
# of unresolved testcases 2
# of untested testcases 28
# of unsupported tests 303
/export/build/gnu/gcc/build-i686-linux/gcc/xgcc version 4.3.0 20070424 (experimental) [trunk revision 124094]
=== gfortran tests ===
Running target unix
FAIL: gfortran.dg/secnds.f -O3 -fomit-frame-pointer execution test
=== gfortran Summary ===
# of expected passes 17526
# of unexpected failures 1
# of expected failures 7
# of unsupported tests 16
/export/build/gnu/gcc/build-i686-linux/gcc/testsuite/gfortran/../../gfortran version 4.3.0 20070424 (experimental) [trunk revision 124094]
=== g++ tests ===
Running target unix
XPASS: g++.dg/tree-ssa/ivopts-1.C scan-tree-dump-not offset: -4B
XPASS: g++.dg/tree-ssa/ivopts-1.C scan-tree-dump-not &x\\[5\\]
=== g++ Summary ===
# of expected passes 14898
# of unexpected successes 2
# of expected failures 79
# of unsupported tests 80
/export/build/gnu/gcc/build-i686-linux/gcc/testsuite/g++/../../g++ version 4.3.0 20070424 (experimental) [trunk revision 124094]
=== objc tests ===
Running target unix
=== objc Summary ===
# of expected passes 1812
# of expected failures 7
# of unsupported tests 24
/export/build/gnu/gcc/build-i686-linux/gcc/xgcc version 4.3.0 20070424 (experimental) [trunk revision 124094]
=== libffi tests ===
Running target unix
=== libffi Summary ===
# of expected passes 1096
# of unsupported tests 8
=== libgomp tests ===
Running target unix
=== libgomp Summary ===
# of expected passes 1566
=== libjava tests ===
Running target unix
FAIL: getstacktrace output
=== libjava Summary ===
# of expected passes 2535
# of unexpected failures 1
=== libmudflap tests ===
Running target unix
FAIL: libmudflap.c++/pass41-frag.cxx execution test
FAIL: libmudflap.c++/pass41-frag.cxx (-static) execution test
FAIL: libmudflap.c++/pass41-frag.cxx ( -O) execution test
FAIL: libmudflap.c++/pass41-frag.cxx (-O2) execution test
FAIL: libmudflap.c++/pass41-frag.cxx (-O3) execution test
FAIL: libmudflap.cth/pass37-frag.c (-static -DSTATIC) execution test
FAIL: libmudflap.cth/pass37-frag.c (-static -DSTATIC) output pattern test
FAIL: libmudflap.cth/pass37-frag.c (-static -DSTATIC) (rerun 1) execution test
FAIL: libmudflap.cth/pass37-frag.c (-static -DSTATIC) (rerun 1) output pattern test
FAIL: libmudflap.cth/pass37-frag.c (-static -DSTATIC) (rerun 2) execution test
FAIL: libmudflap.cth/pass37-frag.c (-static -DSTATIC) (rerun 2) output pattern test
FAIL: libmudflap.cth/pass37-frag.c (-static -DSTATIC) (rerun 3) execution test
FAIL: libmudflap.cth/pass37-frag.c (-static -DSTATIC) (rerun 3) output pattern test
FAIL: libmudflap.cth/pass37-frag.c (-static -DSTATIC) (rerun 4) execution test
FAIL: libmudflap.cth/pass37-frag.c (-static -DSTATIC) (rerun 4) output pattern test
FAIL: libmudflap.cth/pass37-frag.c (-static -DSTATIC) (rerun 5) execution test
FAIL: libmudflap.cth/pass37-frag.c (-static -DSTATIC) (rerun 5) output pattern test
FAIL: libmudflap.cth/pass37-frag.c (-static -DSTATIC) (rerun 6) execution test
FAIL: libmudflap.cth/pass37-frag.c (-static -DSTATIC) (rerun 6) output pattern test
FAIL: libmudflap.cth/pass37-frag.c (-static -DSTATIC) (rerun 7) execution test
FAIL: libmudflap.cth/pass37-frag.c (-static -DSTATIC) (rerun 7) output pattern test
FAIL: libmudflap.cth/pass37-frag.c (-static -DSTATIC) (rerun 8) execution test
FAIL: libmudflap.cth/pass37-frag.c (-static -DSTATIC) (rerun 8) output pattern test
FAIL: libmudflap.cth/pass37-frag.c (-static -DSTATIC) (rerun 9) execution test
FAIL: libmudflap.cth/pass37-frag.c (-static -DSTATIC) (rerun 9) output pattern test
FAIL: libmudflap.cth/pass37-frag.c (-static -DSTATIC) (rerun 10) execution test
FAIL: libmudflap.cth/pass37-frag.c (-static -DSTATIC) (rerun 10) output pattern test
FAIL: libmudflap.cth/pass37-frag.c (-static -DSTATIC) (rerun 11) execution test
FAIL: libmudflap.cth/pass37-frag.c (-static -DSTATIC) (rerun 11) output pattern test
FAIL: libmudflap.cth/pass37-frag.c (-static -DSTATIC) (rerun 12) execution test
FAIL: libmudflap.cth/pass37-frag.c (-static -DSTATIC) (rerun 12) output pattern test
FAIL: libmudflap.cth/pass37-frag.c (-static -DSTATIC) (rerun 13) execution test
FAIL: libmudflap.cth/pass37-frag.c (-static -DSTATIC) (rerun 13) output pattern test
FAIL: libmudflap.cth/pass37-frag.c (-static -DSTATIC) (rerun 14) execution test
FAIL: libmudflap.cth/pass37-frag.c (-static -DSTATIC) (rerun 14) output pattern test
FAIL: libmudflap.cth/pass37-frag.c (-static -DSTATIC) (rerun 15) execution test
FAIL: libmudflap.cth/pass37-frag.c (-static -DSTATIC) (rerun 15) output pattern test
FAIL: libmudflap.cth/pass37-frag.c (-static -DSTATIC) (rerun 16) execution test
FAIL: libmudflap.cth/pass37-frag.c (-static -DSTATIC) (rerun 16) output pattern test
FAIL: libmudflap.cth/pass37-frag.c (-static -DSTATIC) (rerun 17) execution test
FAIL: libmudflap.cth/pass37-frag.c (-static -DSTATIC) (rerun 17) output pattern test
FAIL: libmudflap.cth/pass37-frag.c (-static -DSTATIC) (rerun 18) execution test
FAIL: libmudflap.cth/pass37-frag.c (-static -DSTATIC) (rerun 18) output pattern test
FAIL: libmudflap.cth/pass37-frag.c (-static -DSTATIC) (rerun 19) execution test
FAIL: libmudflap.cth/pass37-frag.c (-static -DSTATIC) (rerun 19) output pattern test
FAIL: libmudflap.cth/pass39-frag.c (-static -DSTATIC) execution test
FAIL: libmudflap.cth/pass39-frag.c (-static -DSTATIC) output pattern test
FAIL: libmudflap.cth/pass39-frag.c (-static -DSTATIC) (rerun 1) execution test
FAIL: libmudflap.cth/pass39-frag.c (-static -DSTATIC) (rerun 1) output pattern test
FAIL: libmudflap.cth/pass39-frag.c (-static -DSTATIC) (rerun 2) execution test
FAIL: libmudflap.cth/pass39-frag.c (-static -DSTATIC) (rerun 2) output pattern test
FAIL: libmudflap.cth/pass39-frag.c (-static -DSTATIC) (rerun 3) execution test
FAIL: libmudflap.cth/pass39-frag.c (-static -DSTATIC) (rerun 3) output pattern test
FAIL: libmudflap.cth/pass39-frag.c (-static -DSTATIC) (rerun 4) execution test
FAIL: libmudflap.cth/pass39-frag.c (-static -DSTATIC) (rerun 4) output pattern test
FAIL: libmudflap.cth/pass39-frag.c (-static -DSTATIC) (rerun 5) execution test
FAIL: libmudflap.cth/pass39-frag.c (-static -DSTATIC) (rerun 5) output pattern test
FAIL: libmudflap.cth/pass39-frag.c (-static -DSTATIC) (rerun 6) execution test
FAIL: libmudflap.cth/pass39-frag.c (-static -DSTATIC) (rerun 6) output pattern test
FAIL: libmudflap.cth/pass39-frag.c (-static -DSTATIC) (rerun 7) execution test
FAIL: libmudflap.cth/pass39-frag.c (-static -DSTATIC) (rerun 7) output pattern test
FAIL: libmudflap.cth/pass39-frag.c (-static -DSTATIC) (rerun 8) execution test
FAIL: libmudflap.cth/pass39-frag.c (-static -DSTATIC) (rerun 8) output pattern test
FAIL: libmudflap.cth/pass39-frag.c (-static -DSTATIC) (rerun 9) execution test
FAIL: libmudflap.cth/pass39-frag.c (-static -DSTATIC) (rerun 9) output pattern test
FAIL: libmudflap.cth/pass39-frag.c (-static -DSTATIC) (rerun 10) execution test
FAIL: libmudflap.cth/pass39-frag.c (-static -DSTATIC) (rerun 10) output pattern test
FAIL: libmudflap.cth/pass39-frag.c (-static -DSTATIC) (rerun 11) execution test
FAIL: libmudflap.cth/pass39-frag.c (-static -DSTATIC) (rerun 11) output pattern test
FAIL: libmudflap.cth/pass39-frag.c (-static -DSTATIC) (rerun 12) execution test
FAIL: libmudflap.cth/pass39-frag.c (-static -DSTATIC) (rerun 12) output pattern test
FAIL: libmudflap.cth/pass39-frag.c (-static -DSTATIC) (rerun 13) execution test
FAIL: libmudflap.cth/pass39-frag.c (-static -DSTATIC) (rerun 13) output pattern test
FAIL: libmudflap.cth/pass39-frag.c (-static -DSTATIC) (rerun 14) execution test
FAIL: libmudflap.cth/pass39-frag.c (-static -DSTATIC) (rerun 14) output pattern test
FAIL: libmudflap.cth/pass39-frag.c (-static -DSTATIC) (rerun 15) execution test
FAIL: libmudflap.cth/pass39-frag.c (-static -DSTATIC) (rerun 15) output pattern test
FAIL: libmudflap.cth/pass39-frag.c (-static -DSTATIC) (rerun 16) execution test
FAIL: libmudflap.cth/pass39-frag.c (-static -DSTATIC) (rerun 16) output pattern test
FAIL: libmudflap.cth/pass39-frag.c (-static -DSTATIC) (rerun 17) execution test
FAIL: libmudflap.cth/pass39-frag.c (-static -DSTATIC) (rerun 17) output pattern test
FAIL: libmudflap.cth/pass39-frag.c (-static -DSTATIC) (rerun 18) execution test
FAIL: libmudflap.cth/pass39-frag.c (-static -DSTATIC) (rerun 18) output pattern test
FAIL: libmudflap.cth/pass39-frag.c (-static -DSTATIC) (rerun 19) execution test
FAIL: libmudflap.cth/pass39-frag.c (-static -DSTATIC) (rerun 19) output pattern test
FAIL: libmudflap.cth/pass40-frag.c (-static -DSTATIC) execution test
FAIL: libmudflap.cth/pass40-frag.c (-static -DSTATIC) output pattern test
FAIL: libmudflap.cth/pass59-frag.c (-static -DSTATIC) execution test
FAIL: libmudflap.cth/pass59-frag.c (-static -DSTATIC) output pattern test
=== libmudflap Summary ===
# of expected passes 1737
# of unexpected failures 89
=== libstdc++ tests ===
Running target unix
XPASS: 26_numerics/headers/cmath/c99_classification_macros_c.cc (test for excess errors)
=== libstdc++ Summary ===
# of expected passes 4859
# of unexpected successes 1
# of expected failures 28
Compiler version: 4.3.0 20070424 (experimental) [trunk revision 124094]
Platform: i686-pc-linux-gnu
configure flags: --enable-clocale=gnu --with-system-zlib --enable-decimal-float=bid --with-demangler-in-ld --enable-shared --enable-threads=posix --enable-haifa --enable-checking=assert --prefix=/usr/gcc-4.3 --with-local-prefix=/usr/local