This is the mail archive of the
gcc-testresults@gcc.gnu.org
mailing list for the GCC project.
Results for 4.1.3 20070419 (prerelease) gcc testsuite on cris-axis-elf
- From: mstein at phenix dot rootshell dot be (mstein)
- To: gcc-testresults at gcc dot gnu dot org
- Date: Sat, 21 Apr 2007 07:00:48 +0200 (CEST)
- Subject: Results for 4.1.3 20070419 (prerelease) gcc testsuite on cris-axis-elf
Ubuntu 5 on pentium3-smp
cross tool versions:
GNU assembler (GNU Binutils) 2.17.50.20070407
GNU gdb 6.6.50.20070407-cvs
GNU ld (GNU Binutils) 2.17.50.20070407
GNU Make 3.80
expect version 5.42.1
host gcc version: gcc (GCC) 4.3.0 20070418 (experimental)
LAST_UPDATED: Thu Apr 19 22:06:23 UTC 2007 (revision 123980)
Target is cris-axis-elf
Host is i686-pc-linux-gnu
=== gcc tests ===
Running target cris-sim
FAIL: gcc.c-torture/execute/20061101-1.c execution, -O2
FAIL: gcc.dg/Wpadded.c (test for warnings, line 10)
FAIL: gcc.dg/pr28243.c (test for excess errors)
FAIL: gcc.dg/pr30643.c scan-assembler-not undefined
FAIL: gcc.dg/setjmp-1.c spurious clobbered warning (test for bogus messages, line 16)
FAIL: gcc.dg/trampoline-1.c execution test
=== gcc Summary ===
# of expected passes 37802
# of unexpected failures 6
# of expected failures 78
# of untested testcases 28
# of unsupported tests 389
/n/b01/mstein/sim-gcc05/cris-elf/build/gcc/xgcc version 4.1.3 20070419 (prerelease)
Compiler version: 4.1.3 20070419 (prerelease) gcc
Platform: cris-axis-elf
configure flags: --target=cris-elf --prefix=/n/07/mstein/cross-local/cris-elf --disable-nls --disable-build-warnings --with-ld=/n/07/mstein/cross-local/cris-elf/bin/cris-elf-ld --with-as=/n/07/mstein/cross-local/cris-elf/bin/cris-elf-as --disable-libssp --enable-languages=c