This is the mail archive of the
gcc-testresults@gcc.gnu.org
mailing list for the GCC project.
Results for 4.3.0 20070326 (experimental) testsuite on x86_64-pc-linux-gnu (Debian)
- From: Martin Michlmayr <tbm at cyrius dot com>
- To: gcc-testresults at gcc dot gnu dot org
- Date: Mon, 26 Mar 2007 21:15:40 +0100
- Subject: Results for 4.3.0 20070326 (experimental) testsuite on x86_64-pc-linux-gnu (Debian)
LAST_UPDATED: Mon Mar 26 14:34:17 UTC 2007 (revision 123217)
=== acats tests ===
FAIL: c41307d
FAIL: c85006d
FAIL: c940013
FAIL: cd10002
FAIL: cxaa018
FAIL: cxh1001
=== acats Summary ===
# of expected passes 2309
# of unexpected failures 6
Native configuration is x86_64-pc-linux-gnu
=== g++ tests ===
Running target unix
XPASS: g++.dg/tree-ssa/ivopts-1.C scan-tree-dump-not offset: -4B
XPASS: g++.dg/tree-ssa/ivopts-1.C scan-tree-dump-not &x\\[5\\]
=== g++ Summary for unix ===
# of expected passes 14323
# of unexpected successes 2
# of expected failures 79
# of unsupported tests 109
Running target unix/-fstack-protector
XPASS: g++.dg/tree-ssa/ivopts-1.C scan-tree-dump-not offset: -4B
XPASS: g++.dg/tree-ssa/ivopts-1.C scan-tree-dump-not &x\\[5\\]
=== g++ Summary for unix/-fstack-protector ===
# of expected passes 14323
# of unexpected successes 2
# of expected failures 79
# of unsupported tests 109
=== g++ Summary ===
# of expected passes 28646
# of unexpected successes 4
# of expected failures 158
# of unsupported tests 218
/home/tbm/build/gcc-snapshot-20070326/build/gcc/testsuite/g++/../../g++ version 4.3.0 20070326 (experimental)
=== gcc tests ===
Running target unix
FAIL: gcc.c-torture/execute/mayalias-2.c compilation, -O3 -g (internal compiler error)
UNRESOLVED: gcc.c-torture/execute/mayalias-2.c execution, -O3 -g
FAIL: gcc.c-torture/execute/mayalias-3.c compilation, -O3 -g (internal compiler error)
UNRESOLVED: gcc.c-torture/execute/mayalias-3.c execution, -O3 -g
FAIL: gcc.dg/torture/builtin-pow-mpfr-1.c -O0 scan-tree-dump pow
FAIL: gcc.dg/torture/builtin-pow-mpfr-1.c -O1 scan-tree-dump pow
FAIL: gcc.dg/torture/builtin-pow-mpfr-1.c -O2 scan-tree-dump pow
FAIL: gcc.dg/torture/builtin-pow-mpfr-1.c -O3 -fomit-frame-pointer scan-tree-dump pow
FAIL: gcc.dg/torture/builtin-pow-mpfr-1.c -O3 -g scan-tree-dump pow
FAIL: gcc.dg/torture/builtin-pow-mpfr-1.c -Os scan-tree-dump pow
UNRESOLVED: gcc.dg/torture/fp-int-convert-float128-timode.c -O0 compilation failed to produce executable
UNRESOLVED: gcc.dg/torture/fp-int-convert-float128-timode.c -O1 compilation failed to produce executable
UNRESOLVED: gcc.dg/torture/fp-int-convert-float128-timode.c -O2 compilation failed to produce executable
UNRESOLVED: gcc.dg/torture/fp-int-convert-float128-timode.c -O3 -fomit-frame-pointer compilation failed to produce executable
UNRESOLVED: gcc.dg/torture/fp-int-convert-float128-timode.c -O3 -g compilation failed to produce executable
UNRESOLVED: gcc.dg/torture/fp-int-convert-float128-timode.c -Os compilation failed to produce executable
UNRESOLVED: gcc.dg/torture/fp-int-convert-float128.c -O0 compilation failed to produce executable
UNRESOLVED: gcc.dg/torture/fp-int-convert-float128.c -O1 compilation failed to produce executable
UNRESOLVED: gcc.dg/torture/fp-int-convert-float128.c -O2 compilation failed to produce executable
UNRESOLVED: gcc.dg/torture/fp-int-convert-float128.c -O3 -fomit-frame-pointer compilation failed to produce executable
UNRESOLVED: gcc.dg/torture/fp-int-convert-float128.c -O3 -g compilation failed to produce executable
UNRESOLVED: gcc.dg/torture/fp-int-convert-float128.c -Os compilation failed to produce executable
FAIL: gcc.dg/tree-ssa/loadpre1.c scan-tree-dump-times Eliminated: 1 1
XPASS: gcc.dg/tree-ssa/update-threading.c scan-tree-dump-times Invalid sum 0
FAIL: gcc.target/i386/sse4a-extract.c (test for excess errors)
UNRESOLVED: gcc.target/i386/sse4a-extract.c compilation failed to produce executable
FAIL: gcc.target/i386/sse4a-insert.c (test for excess errors)
UNRESOLVED: gcc.target/i386/sse4a-insert.c compilation failed to produce executable
FAIL: gcc.target/i386/sse4a-montsd.c (test for excess errors)
UNRESOLVED: gcc.target/i386/sse4a-montsd.c compilation failed to produce executable
FAIL: gcc.target/i386/sse4a-montss.c (test for excess errors)
UNRESOLVED: gcc.target/i386/sse4a-montss.c compilation failed to produce executable
FAIL: gcc.target/i386/ssefp-2.c scan-assembler maxsd
=== gcc Summary for unix ===
# of expected passes 44301
# of unexpected failures 14
# of unexpected successes 1
# of expected failures 125
# of unresolved testcases 18
# of untested testcases 28
# of unsupported tests 412
Running target unix/-fstack-protector
FAIL: gcc.c-torture/execute/mayalias-2.c compilation, -O3 -g (internal compiler error)
UNRESOLVED: gcc.c-torture/execute/mayalias-2.c execution, -O3 -g
FAIL: gcc.c-torture/execute/mayalias-3.c compilation, -O3 -g (internal compiler error)
UNRESOLVED: gcc.c-torture/execute/mayalias-3.c execution, -O3 -g
FAIL: gcc.dg/torture/builtin-pow-mpfr-1.c -O0 scan-tree-dump pow
FAIL: gcc.dg/torture/builtin-pow-mpfr-1.c -O1 scan-tree-dump pow
FAIL: gcc.dg/torture/builtin-pow-mpfr-1.c -O2 scan-tree-dump pow
FAIL: gcc.dg/torture/builtin-pow-mpfr-1.c -O3 -fomit-frame-pointer scan-tree-dump pow
FAIL: gcc.dg/torture/builtin-pow-mpfr-1.c -O3 -g scan-tree-dump pow
FAIL: gcc.dg/torture/builtin-pow-mpfr-1.c -Os scan-tree-dump pow
UNRESOLVED: gcc.dg/torture/fp-int-convert-float128-timode.c -O0 compilation failed to produce executable
UNRESOLVED: gcc.dg/torture/fp-int-convert-float128-timode.c -O1 compilation failed to produce executable
UNRESOLVED: gcc.dg/torture/fp-int-convert-float128-timode.c -O2 compilation failed to produce executable
UNRESOLVED: gcc.dg/torture/fp-int-convert-float128-timode.c -O3 -fomit-frame-pointer compilation failed to produce executable
UNRESOLVED: gcc.dg/torture/fp-int-convert-float128-timode.c -O3 -g compilation failed to produce executable
UNRESOLVED: gcc.dg/torture/fp-int-convert-float128-timode.c -Os compilation failed to produce executable
UNRESOLVED: gcc.dg/torture/fp-int-convert-float128.c -O0 compilation failed to produce executable
UNRESOLVED: gcc.dg/torture/fp-int-convert-float128.c -O1 compilation failed to produce executable
UNRESOLVED: gcc.dg/torture/fp-int-convert-float128.c -O2 compilation failed to produce executable
UNRESOLVED: gcc.dg/torture/fp-int-convert-float128.c -O3 -fomit-frame-pointer compilation failed to produce executable
UNRESOLVED: gcc.dg/torture/fp-int-convert-float128.c -O3 -g compilation failed to produce executable
UNRESOLVED: gcc.dg/torture/fp-int-convert-float128.c -Os compilation failed to produce executable
FAIL: gcc.dg/tree-ssa/loadpre1.c scan-tree-dump-times Eliminated: 1 1
XPASS: gcc.dg/tree-ssa/update-threading.c scan-tree-dump-times Invalid sum 0
FAIL: gcc.target/i386/sse4a-extract.c (test for excess errors)
UNRESOLVED: gcc.target/i386/sse4a-extract.c compilation failed to produce executable
FAIL: gcc.target/i386/sse4a-insert.c (test for excess errors)
UNRESOLVED: gcc.target/i386/sse4a-insert.c compilation failed to produce executable
FAIL: gcc.target/i386/sse4a-montsd.c (test for excess errors)
UNRESOLVED: gcc.target/i386/sse4a-montsd.c compilation failed to produce executable
FAIL: gcc.target/i386/sse4a-montss.c (test for excess errors)
UNRESOLVED: gcc.target/i386/sse4a-montss.c compilation failed to produce executable
FAIL: gcc.target/i386/ssefp-2.c scan-assembler maxsd
=== gcc Summary for unix/-fstack-protector ===
# of expected passes 44301
# of unexpected failures 14
# of unexpected successes 1
# of expected failures 125
# of unresolved testcases 18
# of untested testcases 28
# of unsupported tests 412
=== gcc Summary ===
# of expected passes 88602
# of unexpected failures 28
# of unexpected successes 2
# of expected failures 250
# of unresolved testcases 36
# of untested testcases 56
# of unsupported tests 824
/home/tbm/build/gcc-snapshot-20070326/build/gcc/xgcc version 4.3.0 20070326 (experimental)
=== gfortran tests ===
Running target unix
=== gfortran Summary for unix ===
# of expected passes 16927
# of expected failures 7
# of unsupported tests 18
Running target unix/-fstack-protector
=== gfortran Summary for unix/-fstack-protector ===
# of expected passes 16927
# of expected failures 7
# of unsupported tests 18
=== gfortran Summary ===
# of expected passes 33854
# of expected failures 14
# of unsupported tests 36
/home/tbm/build/gcc-snapshot-20070326/build/gcc/testsuite/gfortran/../../gfortran version 4.3.0 20070326 (experimental)
=== gnat tests ===
Running target unix
FAIL: gnat.dg/address_conversion.adb execution test
FAIL: gnat.dg/frame_overflow.adb (test for errors, line 12)
FAIL: gnat.dg/frame_overflow.adb (test for errors, line 21)
=== gnat Summary for unix ===
# of expected passes 119
# of unexpected failures 3
Running target unix/-fstack-protector
FAIL: gnat.dg/address_conversion.adb execution test
FAIL: gnat.dg/frame_overflow.adb (test for errors, line 12)
FAIL: gnat.dg/frame_overflow.adb (test for errors, line 21)
=== gnat Summary for unix/-fstack-protector ===
# of expected passes 119
# of unexpected failures 3
=== gnat Summary ===
# of expected passes 238
# of unexpected failures 6
=== obj-c++ tests ===
Running target unix
FAIL: obj-c++.dg/bad-receiver-type.mm (internal compiler error)
FAIL: obj-c++.dg/bad-receiver-type.mm (test for warnings, line 14)
FAIL: obj-c++.dg/bad-receiver-type.mm (test for excess errors)
FAIL: obj-c++.dg/basic.mm (internal compiler error)
FAIL: obj-c++.dg/basic.mm (test for excess errors)
UNRESOLVED: obj-c++.dg/basic.mm compilation failed to produce executable
FAIL: obj-c++.dg/bitfield-1.mm (internal compiler error)
FAIL: obj-c++.dg/bitfield-1.mm (test for warnings, line 24)
FAIL: obj-c++.dg/bitfield-1.mm (test for warnings, line 27)
FAIL: obj-c++.dg/bitfield-1.mm (test for warnings, line 74)
FAIL: obj-c++.dg/bitfield-1.mm (test for excess errors)
UNRESOLVED: obj-c++.dg/bitfield-1.mm compilation failed to produce executable
FAIL: obj-c++.dg/bitfield-2.mm (internal compiler error)
FAIL: obj-c++.dg/bitfield-2.mm (test for excess errors)
UNRESOLVED: obj-c++.dg/bitfield-2.mm compilation failed to produce executable
FAIL: obj-c++.dg/bitfield-4.mm (internal compiler error)
FAIL: obj-c++.dg/bitfield-4.mm (test for warnings, line 21)
FAIL: obj-c++.dg/bitfield-4.mm (test for warnings, line 33)
FAIL: obj-c++.dg/bitfield-4.mm (test for excess errors)
UNRESOLVED: obj-c++.dg/bitfield-4.mm compilation failed to produce executable
FAIL: obj-c++.dg/class-protocol-1.mm (internal compiler error)
FAIL: obj-c++.dg/class-protocol-1.mm (test for warnings, line 59)
FAIL: obj-c++.dg/class-protocol-1.mm (test for warnings, line 60)
FAIL: obj-c++.dg/class-protocol-1.mm (test for warnings, line 61)
FAIL: obj-c++.dg/class-protocol-1.mm (test for warnings, line 63)
FAIL: obj-c++.dg/class-protocol-1.mm (test for warnings, line 64)
FAIL: obj-c++.dg/class-protocol-1.mm (test for warnings, line 66)
FAIL: obj-c++.dg/class-protocol-1.mm (test for warnings, line 70)
FAIL: obj-c++.dg/class-protocol-1.mm (test for warnings, line 71)
FAIL: obj-c++.dg/class-protocol-1.mm (test for warnings, line 76)
FAIL: obj-c++.dg/class-protocol-1.mm (test for warnings, line 78)
FAIL: obj-c++.dg/class-protocol-1.mm (test for warnings, line 79)
FAIL: obj-c++.dg/class-protocol-1.mm (test for warnings, line 82)
FAIL: obj-c++.dg/class-protocol-1.mm (test for warnings, line 112)
FAIL: obj-c++.dg/class-protocol-1.mm (test for warnings, line 113)
FAIL: obj-c++.dg/class-protocol-1.mm (test for warnings, line 118)
FAIL: obj-c++.dg/class-protocol-1.mm (test for warnings, line 152)
FAIL: obj-c++.dg/class-protocol-1.mm (test for warnings, line 153)
FAIL: obj-c++.dg/class-protocol-1.mm (test for warnings, line 154)
FAIL: obj-c++.dg/class-protocol-1.mm (test for warnings, line 156)
FAIL: obj-c++.dg/class-protocol-1.mm (test for warnings, line 157)
FAIL: obj-c++.dg/class-protocol-1.mm (test for warnings, line 159)
FAIL: obj-c++.dg/class-protocol-1.mm (test for warnings, line 164)
FAIL: obj-c++.dg/class-protocol-1.mm (test for warnings, line 165)
FAIL: obj-c++.dg/class-protocol-1.mm (test for warnings, line 170)
FAIL: obj-c++.dg/class-protocol-1.mm (test for warnings, line 187)
FAIL: obj-c++.dg/class-protocol-1.mm (test for warnings, line 188)
FAIL: obj-c++.dg/class-protocol-1.mm (test for warnings, line 190)
FAIL: obj-c++.dg/class-protocol-1.mm (test for warnings, line 190)
FAIL: obj-c++.dg/class-protocol-1.mm (test for warnings, line 192)
FAIL: obj-c++.dg/class-protocol-1.mm (test for warnings, line 192)
FAIL: obj-c++.dg/class-protocol-1.mm (test for warnings, line 195)
FAIL: obj-c++.dg/class-protocol-1.mm (test for warnings, line 196)
FAIL: obj-c++.dg/class-protocol-1.mm (test for warnings, line 198)
FAIL: obj-c++.dg/class-protocol-1.mm (test for warnings, line 199)
FAIL: obj-c++.dg/class-protocol-1.mm (test for warnings, line 215)
FAIL: obj-c++.dg/class-protocol-1.mm (test for warnings, line 252)
FAIL: obj-c++.dg/class-protocol-1.mm (test for warnings, line 253)
FAIL: obj-c++.dg/class-protocol-1.mm (test for warnings, line 254)
FAIL: obj-c++.dg/class-protocol-1.mm (test for warnings, line 257)
FAIL: obj-c++.dg/class-protocol-1.mm (test for warnings, line 259)
FAIL: obj-c++.dg/class-protocol-1.mm (test for warnings, line 289)
FAIL: obj-c++.dg/class-protocol-1.mm (test for warnings, line 292)
FAIL: obj-c++.dg/class-protocol-1.mm (test for warnings, line 308)
FAIL: obj-c++.dg/class-protocol-1.mm (test for warnings, line 309)
FAIL: obj-c++.dg/class-protocol-1.mm (test for warnings, line 318)
FAIL: obj-c++.dg/class-protocol-1.mm (test for warnings, line 319)
FAIL: obj-c++.dg/class-protocol-1.mm (test for warnings, line 326)
FAIL: obj-c++.dg/class-protocol-1.mm (test for warnings, line 327)
FAIL: obj-c++.dg/class-protocol-1.mm (test for warnings, line 330)
FAIL: obj-c++.dg/class-protocol-1.mm (test for warnings, line 331)
FAIL: obj-c++.dg/class-protocol-1.mm (test for warnings, line 337)
FAIL: obj-c++.dg/class-protocol-1.mm (test for warnings, line 338)
FAIL: obj-c++.dg/class-protocol-1.mm (test for warnings, line 344)
FAIL: obj-c++.dg/class-protocol-1.mm (test for warnings, line 345)
FAIL: obj-c++.dg/class-protocol-1.mm (test for warnings, line 356)
FAIL: obj-c++.dg/class-protocol-1.mm (test for warnings, line 357)
FAIL: obj-c++.dg/class-protocol-1.mm (test for warnings, line 363)
FAIL: obj-c++.dg/class-protocol-1.mm (test for warnings, line 364)
FAIL: obj-c++.dg/class-protocol-1.mm (test for warnings, line 368)
FAIL: obj-c++.dg/class-protocol-1.mm (test for warnings, line 369)
FAIL: obj-c++.dg/class-protocol-1.mm (test for warnings, line 372)
FAIL: obj-c++.dg/class-protocol-1.mm (test for warnings, line 378)
FAIL: obj-c++.dg/class-protocol-1.mm (test for warnings, line 379)
FAIL: obj-c++.dg/class-protocol-1.mm (test for warnings, line 386)
FAIL: obj-c++.dg/class-protocol-1.mm (test for warnings, line 387)
FAIL: obj-c++.dg/class-protocol-1.mm (test for errors, line 390)
FAIL: obj-c++.dg/class-protocol-1.mm (test for errors, line 391)
FAIL: obj-c++.dg/class-protocol-1.mm (test for errors, line 394)
FAIL: obj-c++.dg/class-protocol-1.mm (test for warnings, line 397)
FAIL: obj-c++.dg/class-protocol-1.mm (test for warnings, line 398)
FAIL: obj-c++.dg/class-protocol-1.mm (test for warnings, line 401)
FAIL: obj-c++.dg/class-protocol-1.mm (test for warnings, line 405)
FAIL: obj-c++.dg/class-protocol-1.mm (test for warnings, line 406)
FAIL: obj-c++.dg/class-protocol-1.mm (test for warnings, line 408)
FAIL: obj-c++.dg/class-protocol-1.mm (test for warnings, line 409)
FAIL: obj-c++.dg/class-protocol-1.mm (test for errors, line 420)
FAIL: obj-c++.dg/class-protocol-1.mm (test for errors, line 421)
FAIL: obj-c++.dg/class-protocol-1.mm (test for errors, line 424)
FAIL: obj-c++.dg/class-protocol-1.mm (test for warnings, line 427)
FAIL: obj-c++.dg/class-protocol-1.mm (test for warnings, line 428)
FAIL: obj-c++.dg/class-protocol-1.mm (test for warnings, line )
FAIL: obj-c++.dg/class-protocol-1.mm (test for warnings, line )
FAIL: obj-c++.dg/class-protocol-1.mm (test for warnings, line )
FAIL: obj-c++.dg/class-protocol-1.mm (test for excess errors)
FAIL: obj-c++.dg/comp-types-1.mm (internal compiler error)
FAIL: obj-c++.dg/comp-types-1.mm (test for excess errors)
FAIL: obj-c++.dg/comp-types-10.mm (internal compiler error)
FAIL: obj-c++.dg/comp-types-10.mm (test for excess errors)
FAIL: obj-c++.dg/comp-types-11.mm (internal compiler error)
FAIL: obj-c++.dg/comp-types-11.mm (test for warnings, line 19)
FAIL: obj-c++.dg/comp-types-11.mm (test for warnings, line 25)
FAIL: obj-c++.dg/comp-types-11.mm (test for excess errors)
FAIL: obj-c++.dg/comp-types-12.mm (internal compiler error)
FAIL: obj-c++.dg/comp-types-12.mm (test for warnings, line 10)
FAIL: obj-c++.dg/comp-types-12.mm (test for excess errors)
FAIL: obj-c++.dg/comp-types-2.mm (internal compiler error)
FAIL: obj-c++.dg/comp-types-2.mm (test for warnings, line 36)
FAIL: obj-c++.dg/comp-types-2.mm (test for warnings, line 37)
FAIL: obj-c++.dg/comp-types-2.mm (test for warnings, line 38)
FAIL: obj-c++.dg/comp-types-2.mm (test for warnings, line 45)
FAIL: obj-c++.dg/comp-types-2.mm (test for warnings, line 47)
FAIL: obj-c++.dg/comp-types-2.mm (test for warnings, line 53)
FAIL: obj-c++.dg/comp-types-2.mm (test for warnings, line 55)
FAIL: obj-c++.dg/comp-types-2.mm (test for warnings, line 69)
FAIL: obj-c++.dg/comp-types-2.mm (test for warnings, line 70)
FAIL: obj-c++.dg/comp-types-2.mm (test for warnings, line 71)
FAIL: obj-c++.dg/comp-types-2.mm (test for warnings, line 72)
FAIL: obj-c++.dg/comp-types-2.mm (test for warnings, line 73)
FAIL: obj-c++.dg/comp-types-2.mm (test for warnings, line 74)
FAIL: obj-c++.dg/comp-types-2.mm (test for warnings, line 82)
FAIL: obj-c++.dg/comp-types-2.mm (test for warnings, line 83)
FAIL: obj-c++.dg/comp-types-2.mm (test for warnings, line 84)
FAIL: obj-c++.dg/comp-types-2.mm (test for warnings, line 85)
FAIL: obj-c++.dg/comp-types-2.mm (test for excess errors)
FAIL: obj-c++.dg/comp-types-3.mm (internal compiler error)
FAIL: obj-c++.dg/comp-types-3.mm (test for excess errors)
FAIL: obj-c++.dg/comp-types-4.mm (internal compiler error)
FAIL: obj-c++.dg/comp-types-4.mm (test for warnings, line 29)
FAIL: obj-c++.dg/comp-types-4.mm (test for warnings, line 33)
FAIL: obj-c++.dg/comp-types-4.mm (test for warnings, line 35)
FAIL: obj-c++.dg/comp-types-4.mm (test for warnings, line 37)
FAIL: obj-c++.dg/comp-types-4.mm (test for warnings, line 38)
FAIL: obj-c++.dg/comp-types-4.mm (test for warnings, line 39)
FAIL: obj-c++.dg/comp-types-4.mm (test for warnings, line 41)
FAIL: obj-c++.dg/comp-types-4.mm (test for warnings, line 42)
FAIL: obj-c++.dg/comp-types-4.mm (test for warnings, line 43)
FAIL: obj-c++.dg/comp-types-4.mm (test for warnings, line 45)
FAIL: obj-c++.dg/comp-types-4.mm (test for warnings, line 46)
FAIL: obj-c++.dg/comp-types-4.mm (test for warnings, line 57)
FAIL: obj-c++.dg/comp-types-4.mm (test for warnings, line 58)
FAIL: obj-c++.dg/comp-types-4.mm (test for warnings, line 60)
FAIL: obj-c++.dg/comp-types-4.mm (test for warnings, line 61)
FAIL: obj-c++.dg/comp-types-4.mm (test for excess errors)
FAIL: obj-c++.dg/comp-types-5.mm (internal compiler error)
FAIL: obj-c++.dg/comp-types-5.mm (test for errors, line 31)
FAIL: obj-c++.dg/comp-types-5.mm (test for errors, line 32)
FAIL: obj-c++.dg/comp-types-5.mm (test for errors, line 34)
FAIL: obj-c++.dg/comp-types-5.mm (test for errors, line 35)
FAIL: obj-c++.dg/comp-types-5.mm (test for errors, line 37)
FAIL: obj-c++.dg/comp-types-5.mm (test for errors, line 38)
FAIL: obj-c++.dg/comp-types-5.mm (test for errors, line 40)
FAIL: obj-c++.dg/comp-types-5.mm (test for errors, line 41)
FAIL: obj-c++.dg/comp-types-5.mm (test for errors, line 43)
FAIL: obj-c++.dg/comp-types-5.mm (test for errors, line 44)
FAIL: obj-c++.dg/comp-types-5.mm (test for errors, line 45)
FAIL: obj-c++.dg/comp-types-5.mm (test for errors, line 46)
FAIL: obj-c++.dg/comp-types-5.mm (test for errors, line 48)
FAIL: obj-c++.dg/comp-types-5.mm (test for errors, line 49)
FAIL: obj-c++.dg/comp-types-5.mm (test for errors, line 50)
FAIL: obj-c++.dg/comp-types-5.mm (test for errors, line 51)
FAIL: obj-c++.dg/comp-types-5.mm (test for errors, line 53)
FAIL: obj-c++.dg/comp-types-5.mm (test for errors, line 54)
FAIL: obj-c++.dg/comp-types-5.mm (test for errors, line 55)
FAIL: obj-c++.dg/comp-types-5.mm (test for errors, line 56)
FAIL: obj-c++.dg/comp-types-5.mm (test for errors, line 58)
FAIL: obj-c++.dg/comp-types-5.mm (test for errors, line 59)
FAIL: obj-c++.dg/comp-types-5.mm (test for errors, line 60)
FAIL: obj-c++.dg/comp-types-5.mm (test for errors, line 61)
FAIL: obj-c++.dg/comp-types-5.mm (test for errors, line 63)
FAIL: obj-c++.dg/comp-types-5.mm (test for errors, line 64)
FAIL: obj-c++.dg/comp-types-5.mm (test for errors, line 65)
FAIL: obj-c++.dg/comp-types-5.mm (test for errors, line 66)
FAIL: obj-c++.dg/comp-types-5.mm (test for errors, line 68)
FAIL: obj-c++.dg/comp-types-5.mm (test for errors, line 69)
FAIL: obj-c++.dg/comp-types-5.mm (test for errors, line 70)
FAIL: obj-c++.dg/comp-types-5.mm (test for errors, line 71)
FAIL: obj-c++.dg/comp-types-5.mm (test for excess errors)
FAIL: obj-c++.dg/comp-types-6.mm (internal compiler error)
FAIL: obj-c++.dg/comp-types-6.mm (test for excess errors)
FAIL: obj-c++.dg/comp-types-7.mm (internal compiler error)
FAIL: obj-c++.dg/comp-types-7.mm (test for warnings, line 27)
FAIL: obj-c++.dg/comp-types-7.mm (test for warnings, line 28)
FAIL: obj-c++.dg/comp-types-7.mm (test for excess errors)
FAIL: obj-c++.dg/comp-types-8.mm (internal compiler error)
FAIL: obj-c++.dg/comp-types-8.mm (test for excess errors)
FAIL: obj-c++.dg/comp-types-9.mm (internal compiler error)
FAIL: obj-c++.dg/comp-types-9.mm (test for excess errors)
FAIL: obj-c++.dg/cxx-ivars-1.mm (internal compiler error)
FAIL: obj-c++.dg/cxx-ivars-1.mm (test for warnings, line 22)
FAIL: obj-c++.dg/cxx-ivars-1.mm (test for warnings, line 22)
FAIL: obj-c++.dg/cxx-ivars-1.mm (test for excess errors)
UNRESOLVED: obj-c++.dg/cxx-ivars-1.mm compilation failed to produce executable
FAIL: obj-c++.dg/cxx-ivars-2.mm (internal compiler error)
FAIL: obj-c++.dg/cxx-ivars-2.mm (test for excess errors)
UNRESOLVED: obj-c++.dg/cxx-ivars-2.mm compilation failed to produce executable
FAIL: obj-c++.dg/cxx-scope-1.mm (internal compiler error)
FAIL: obj-c++.dg/cxx-scope-1.mm (test for excess errors)
UNRESOLVED: obj-c++.dg/cxx-scope-1.mm compilation failed to produce executable
FAIL: obj-c++.dg/cxx-scope-2.mm (internal compiler error)
FAIL: obj-c++.dg/cxx-scope-2.mm (test for warnings, line 14)
FAIL: obj-c++.dg/cxx-scope-2.mm (test for warnings, line 16)
FAIL: obj-c++.dg/cxx-scope-2.mm (test for excess errors)
FAIL: obj-c++.dg/defs.mm (internal compiler error)
FAIL: obj-c++.dg/defs.mm (test for excess errors)
UNRESOLVED: obj-c++.dg/defs.mm compilation failed to produce executable
FAIL: obj-c++.dg/encode-1.mm (internal compiler error)
FAIL: obj-c++.dg/encode-1.mm (test for excess errors)
ERROR: obj-c++.dg/encode-1.mm: error executing dg-final: couldn't open "encode-1.s": no such file or directory
UNRESOLVED: obj-c++.dg/encode-1.mm: error executing dg-final: couldn't open "encode-1.s": no such file or directory
FAIL: obj-c++.dg/encode-2.mm scan-assembler {Vec<float>=ffi}
FAIL: obj-c++.dg/encode-2.mm scan-assembler {Vec<double>=ddi}
FAIL: obj-c++.dg/encode-3.mm execution test
FAIL: obj-c++.dg/encode-4.mm (internal compiler error)
FAIL: obj-c++.dg/encode-4.mm (test for excess errors)
UNRESOLVED: obj-c++.dg/encode-4.mm compilation failed to produce executable
FAIL: obj-c++.dg/encode-5.mm (internal compiler error)
FAIL: obj-c++.dg/encode-5.mm (test for excess errors)
UNRESOLVED: obj-c++.dg/encode-5.mm compilation failed to produce executable
FAIL: obj-c++.dg/encode-6.mm (internal compiler error)
FAIL: obj-c++.dg/encode-6.mm (test for excess errors)
UNRESOLVED: obj-c++.dg/encode-6.mm compilation failed to produce executable
FAIL: obj-c++.dg/encode-7.mm (internal compiler error)
FAIL: obj-c++.dg/encode-7.mm (test for warnings, line 31)
FAIL: obj-c++.dg/encode-7.mm (test for warnings, line 39)
FAIL: obj-c++.dg/encode-7.mm (test for excess errors)
FAIL: obj-c++.dg/encode-8.mm execution test
FAIL: obj-c++.dg/except-1.mm (internal compiler error)
FAIL: obj-c++.dg/except-1.mm (test for excess errors)
UNRESOLVED: obj-c++.dg/except-1.mm compilation failed to produce executable
FAIL: obj-c++.dg/extern-c-1.mm (internal compiler error)
FAIL: obj-c++.dg/extern-c-1.mm (test for excess errors)
FAIL: obj-c++.dg/extra-semi.mm (internal compiler error)
FAIL: obj-c++.dg/extra-semi.mm (test for excess errors)
FAIL: obj-c++.dg/gnu-runtime-1.mm (internal compiler error)
FAIL: obj-c++.dg/gnu-runtime-1.mm (test for excess errors)
FAIL: obj-c++.dg/gnu-runtime-2.mm (internal compiler error)
FAIL: obj-c++.dg/gnu-runtime-2.mm (test for excess errors)
FAIL: obj-c++.dg/gnu-runtime-3.mm (internal compiler error)
FAIL: obj-c++.dg/gnu-runtime-3.mm (test for excess errors)
UNRESOLVED: obj-c++.dg/gnu-runtime-3.mm compilation failed to produce executable
FAIL: obj-c++.dg/isa-field-1.mm (internal compiler error)
FAIL: obj-c++.dg/isa-field-1.mm (test for excess errors)
FAIL: obj-c++.dg/ivar-list-semi.mm (internal compiler error)
FAIL: obj-c++.dg/ivar-list-semi.mm (test for excess errors)
FAIL: obj-c++.dg/layout-1.mm (internal compiler error)
FAIL: obj-c++.dg/layout-1.mm (test for excess errors)
FAIL: obj-c++.dg/local-decl-1.mm (internal compiler error)
FAIL: obj-c++.dg/local-decl-1.mm (test for warnings, line 23)
FAIL: obj-c++.dg/local-decl-1.mm (test for warnings, line 39)
FAIL: obj-c++.dg/local-decl-1.mm (test for warnings, line 41)
FAIL: obj-c++.dg/local-decl-1.mm (test for excess errors)
FAIL: obj-c++.dg/lookup-2.mm (internal compiler error)
FAIL: obj-c++.dg/lookup-2.mm (test for excess errors)
UNRESOLVED: obj-c++.dg/lookup-2.mm compilation failed to produce executable
FAIL: obj-c++.dg/method-1.mm (internal compiler error)
FAIL: obj-c++.dg/method-1.mm (test for excess errors)
FAIL: obj-c++.dg/method-10.mm (internal compiler error)
FAIL: obj-c++.dg/method-10.mm (test for excess errors)
UNRESOLVED: obj-c++.dg/method-10.mm compilation failed to produce executable
FAIL: obj-c++.dg/method-11.mm (internal compiler error)
FAIL: obj-c++.dg/method-11.mm (test for excess errors)
ERROR: obj-c++.dg/method-11.mm: error executing dg-final: couldn't open "method-11.s": no such file or directory
UNRESOLVED: obj-c++.dg/method-11.mm: error executing dg-final: couldn't open "method-11.s": no such file or directory
FAIL: obj-c++.dg/method-12.mm (internal compiler error)
FAIL: obj-c++.dg/method-12.mm (test for warnings, line 21)
FAIL: obj-c++.dg/method-12.mm (test for warnings, line 9)
FAIL: obj-c++.dg/method-12.mm (test for warnings, line 14)
FAIL: obj-c++.dg/method-12.mm (test for warnings, line 25)
FAIL: obj-c++.dg/method-12.mm (test for warnings, line 25)
FAIL: obj-c++.dg/method-12.mm (test for warnings, line 25)
FAIL: obj-c++.dg/method-12.mm (test for warnings, line 25)
FAIL: obj-c++.dg/method-12.mm (test for errors, line 30)
FAIL: obj-c++.dg/method-12.mm (test for excess errors)
FAIL: obj-c++.dg/method-13.mm (internal compiler error)
FAIL: obj-c++.dg/method-13.mm (test for warnings, line 18)
FAIL: obj-c++.dg/method-13.mm (test for warnings, line 18)
FAIL: obj-c++.dg/method-13.mm (test for warnings, line 18)
FAIL: obj-c++.dg/method-13.mm (test for warnings, line 18)
FAIL: obj-c++.dg/method-13.mm (test for warnings, line 22)
FAIL: obj-c++.dg/method-13.mm (test for warnings, line 8)
FAIL: obj-c++.dg/method-13.mm (test for warnings, line 12)
FAIL: obj-c++.dg/method-13.mm (test for excess errors)
FAIL: obj-c++.dg/method-14.mm (internal compiler error)
FAIL: obj-c++.dg/method-14.mm (test for excess errors)
FAIL: obj-c++.dg/method-15.mm (internal compiler error)
FAIL: obj-c++.dg/method-15.mm (test for warnings, line 33)
FAIL: obj-c++.dg/method-15.mm (test for warnings, line 9)
FAIL: obj-c++.dg/method-15.mm (test for warnings, line 17)
FAIL: obj-c++.dg/method-15.mm (test for warnings, line 13)
FAIL: obj-c++.dg/method-15.mm (test for warnings, line 33)
FAIL: obj-c++.dg/method-15.mm (test for excess errors)
FAIL: obj-c++.dg/method-16.mm (internal compiler error)
FAIL: obj-c++.dg/method-16.mm (test for warnings, line 26)
FAIL: obj-c++.dg/method-16.mm (test for warnings, line 13)
FAIL: obj-c++.dg/method-16.mm (test for warnings, line 17)
FAIL: obj-c++.dg/method-16.mm (test for warnings, line 21)
FAIL: obj-c++.dg/method-16.mm (test for errors, line 26)
FAIL: obj-c++.dg/method-16.mm (test for excess errors)
FAIL: obj-c++.dg/method-17.mm (internal compiler error)
FAIL: obj-c++.dg/method-17.mm (test for excess errors)
UNRESOLVED: obj-c++.dg/method-17.mm compilation failed to produce executable
FAIL: obj-c++.dg/method-18.mm (internal compiler error)
FAIL: obj-c++.dg/method-18.mm (test for excess errors)
FAIL: obj-c++.dg/method-19.mm (internal compiler error)
FAIL: obj-c++.dg/method-19.mm (test for excess errors)
UNRESOLVED: obj-c++.dg/method-19.mm compilation failed to produce executable
FAIL: obj-c++.dg/method-2.mm (internal compiler error)
FAIL: obj-c++.dg/method-2.mm (test for excess errors)
FAIL: obj-c++.dg/method-20.mm (internal compiler error)
FAIL: obj-c++.dg/method-20.mm (test for excess errors)
ERROR: obj-c++.dg/method-20.mm: error executing dg-final: couldn't open "method-20.s": no such file or directory
UNRESOLVED: obj-c++.dg/method-20.mm: error executing dg-final: couldn't open "method-20.s": no such file or directory
FAIL: obj-c++.dg/method-21.mm (internal compiler error)
FAIL: obj-c++.dg/method-21.mm (test for errors, line 18)
FAIL: obj-c++.dg/method-21.mm (test for excess errors)
FAIL: obj-c++.dg/method-3.mm (internal compiler error)
FAIL: obj-c++.dg/method-3.mm (test for excess errors)
FAIL: obj-c++.dg/method-4.mm (internal compiler error)
FAIL: obj-c++.dg/method-4.mm (test for warnings, line 10)
FAIL: obj-c++.dg/method-4.mm (test for warnings, line 11)
FAIL: obj-c++.dg/method-4.mm (test for warnings, line 15)
FAIL: obj-c++.dg/method-4.mm (test for warnings, line 16)
FAIL: obj-c++.dg/method-4.mm (test for warnings, line 22)
FAIL: obj-c++.dg/method-4.mm (test for warnings, line 23)
FAIL: obj-c++.dg/method-4.mm (test for excess errors)
FAIL: obj-c++.dg/method-5.mm (internal compiler error)
FAIL: obj-c++.dg/method-5.mm (test for excess errors)
FAIL: obj-c++.dg/method-6.mm (internal compiler error)
FAIL: obj-c++.dg/method-6.mm (test for warnings, line 13)
FAIL: obj-c++.dg/method-6.mm (test for warnings, line )
FAIL: obj-c++.dg/method-6.mm (test for warnings, line )
FAIL: obj-c++.dg/method-6.mm (test for warnings, line )
FAIL: obj-c++.dg/method-6.mm (test for excess errors)
FAIL: obj-c++.dg/method-8.mm (internal compiler error)
FAIL: obj-c++.dg/method-8.mm (test for errors, line 6)
FAIL: obj-c++.dg/method-8.mm (test for errors, line 11)
FAIL: obj-c++.dg/method-8.mm (test for errors, line 19)
FAIL: obj-c++.dg/method-8.mm (test for errors, line 20)
FAIL: obj-c++.dg/method-8.mm (test for errors, line 28)
FAIL: obj-c++.dg/method-8.mm (test for errors, line 29)
FAIL: obj-c++.dg/method-8.mm (test for excess errors)
FAIL: obj-c++.dg/method-9.mm (internal compiler error)
FAIL: obj-c++.dg/method-9.mm (test for warnings, line 25)
FAIL: obj-c++.dg/method-9.mm (test for warnings, line 26)
FAIL: obj-c++.dg/method-9.mm (test for warnings, line )
FAIL: obj-c++.dg/method-9.mm (test for warnings, line )
FAIL: obj-c++.dg/method-9.mm (test for warnings, line )
FAIL: obj-c++.dg/method-9.mm (test for excess errors)
FAIL: obj-c++.dg/no-extra-load.mm (internal compiler error)
FAIL: obj-c++.dg/no-extra-load.mm (test for excess errors)
ERROR: obj-c++.dg/no-extra-load.mm: error executing dg-final: couldn't open "no-extra-load.s": no such file or directory
UNRESOLVED: obj-c++.dg/no-extra-load.mm: error executing dg-final: couldn't open "no-extra-load.s": no such file or directory
FAIL: obj-c++.dg/pragma-1.mm (internal compiler error)
FAIL: obj-c++.dg/pragma-1.mm (test for excess errors)
FAIL: obj-c++.dg/pragma-2.mm (internal compiler error)
FAIL: obj-c++.dg/pragma-2.mm (test for excess errors)
FAIL: obj-c++.dg/private-1.mm (internal compiler error)
FAIL: obj-c++.dg/private-1.mm (test for errors, line 39)
FAIL: obj-c++.dg/private-1.mm (test for errors, line 54)
FAIL: obj-c++.dg/private-1.mm (test for errors, line 55)
FAIL: obj-c++.dg/private-1.mm (test for excess errors)
FAIL: obj-c++.dg/private-2.mm (internal compiler error)
FAIL: obj-c++.dg/private-2.mm (test for warnings, line 32)
FAIL: obj-c++.dg/private-2.mm (test for warnings, line 33)
FAIL: obj-c++.dg/private-2.mm (test for warnings, line 34)
FAIL: obj-c++.dg/private-2.mm (test for warnings, line 53)
FAIL: obj-c++.dg/private-2.mm (test for warnings, line 54)
FAIL: obj-c++.dg/private-2.mm (test for excess errors)
FAIL: obj-c++.dg/proto-lossage-1.mm (internal compiler error)
FAIL: obj-c++.dg/proto-lossage-1.mm (test for warnings, line 38)
FAIL: obj-c++.dg/proto-lossage-1.mm (test for excess errors)
FAIL: obj-c++.dg/proto-lossage-2.mm (internal compiler error)
FAIL: obj-c++.dg/proto-lossage-2.mm (test for excess errors)
FAIL: obj-c++.dg/proto-lossage-3.mm (internal compiler error)
FAIL: obj-c++.dg/proto-lossage-3.mm (test for excess errors)
UNRESOLVED: obj-c++.dg/proto-lossage-3.mm compilation failed to produce executable
FAIL: obj-c++.dg/proto-lossage-4.mm (internal compiler error)
FAIL: obj-c++.dg/proto-lossage-4.mm (test for warnings, line 25)
FAIL: obj-c++.dg/proto-lossage-4.mm (test for warnings, line 26)
FAIL: obj-c++.dg/proto-lossage-4.mm (test for warnings, line 28)
FAIL: obj-c++.dg/proto-lossage-4.mm (test for errors, line 28)
FAIL: obj-c++.dg/proto-lossage-4.mm (test for warnings, line 34)
FAIL: obj-c++.dg/proto-lossage-4.mm (test for errors, line 34)
FAIL: obj-c++.dg/proto-lossage-4.mm (test for warnings, line 42)
FAIL: obj-c++.dg/proto-lossage-4.mm (test for warnings, line 42)
FAIL: obj-c++.dg/proto-lossage-4.mm (test for warnings, line )
FAIL: obj-c++.dg/proto-lossage-4.mm (test for warnings, line )
FAIL: obj-c++.dg/proto-lossage-4.mm (test for warnings, line )
FAIL: obj-c++.dg/proto-lossage-4.mm (test for excess errors)
FAIL: obj-c++.dg/proto-lossage-5.mm (internal compiler error)
FAIL: obj-c++.dg/proto-lossage-5.mm (test for excess errors)
FAIL: obj-c++.dg/proto-lossage-6.mm (internal compiler error)
FAIL: obj-c++.dg/proto-lossage-6.mm (test for excess errors)
FAIL: obj-c++.dg/proto-qual-1.mm (internal compiler error)
FAIL: obj-c++.dg/proto-qual-1.mm (test for excess errors)
UNRESOLVED: obj-c++.dg/proto-qual-1.mm compilation failed to produce executable
FAIL: obj-c++.dg/qual-types-1.mm (internal compiler error)
FAIL: obj-c++.dg/qual-types-1.mm (test for excess errors)
UNRESOLVED: obj-c++.dg/qual-types-1.mm compilation failed to produce executable
FAIL: obj-c++.dg/selector-1.mm (internal compiler error)
FAIL: obj-c++.dg/selector-1.mm (test for excess errors)
ERROR: obj-c++.dg/selector-1.mm: error executing dg-final: couldn't open "selector-1.s": no such file or directory
UNRESOLVED: obj-c++.dg/selector-1.mm: error executing dg-final: couldn't open "selector-1.s": no such file or directory
FAIL: obj-c++.dg/selector-2.mm (internal compiler error)
FAIL: obj-c++.dg/selector-2.mm (test for warnings, line )
FAIL: obj-c++.dg/selector-2.mm (test for excess errors)
FAIL: obj-c++.dg/selector-3.mm (internal compiler error)
FAIL: obj-c++.dg/selector-3.mm (test for warnings, line 25)
FAIL: obj-c++.dg/selector-3.mm (test for excess errors)
FAIL: obj-c++.dg/selector-4.mm (internal compiler error)
FAIL: obj-c++.dg/selector-4.mm (test for warnings, line 23)
FAIL: obj-c++.dg/selector-4.mm (test for excess errors)
FAIL: obj-c++.dg/selector-5.mm (internal compiler error)
FAIL: obj-c++.dg/selector-5.mm (test for excess errors)
ERROR: obj-c++.dg/selector-5.mm: error executing dg-final: couldn't open "selector-5.s": no such file or directory
UNRESOLVED: obj-c++.dg/selector-5.mm: error executing dg-final: couldn't open "selector-5.s": no such file or directory
FAIL: obj-c++.dg/selector-6.mm (internal compiler error)
FAIL: obj-c++.dg/selector-6.mm (test for excess errors)
ERROR: obj-c++.dg/selector-6.mm: error executing dg-final: couldn't open "selector-6.s": no such file or directory
UNRESOLVED: obj-c++.dg/selector-6.mm: error executing dg-final: couldn't open "selector-6.s": no such file or directory
FAIL: obj-c++.dg/super-class-1.mm (internal compiler error)
FAIL: obj-c++.dg/super-class-1.mm (test for excess errors)
FAIL: obj-c++.dg/super-class-2.mm (internal compiler error)
FAIL: obj-c++.dg/super-class-2.mm (test for errors, line 22)
FAIL: obj-c++.dg/super-class-2.mm (test for errors, line 26)
FAIL: obj-c++.dg/super-class-2.mm (test for excess errors)
FAIL: obj-c++.dg/super-dealloc-1.mm (internal compiler error)
FAIL: obj-c++.dg/super-dealloc-1.mm (test for warnings, line 38)
FAIL: obj-c++.dg/super-dealloc-1.mm (test for excess errors)
FAIL: obj-c++.dg/super-dealloc-2.mm (internal compiler error)
FAIL: obj-c++.dg/super-dealloc-2.mm (test for warnings, line 45)
FAIL: obj-c++.dg/super-dealloc-2.mm (test for excess errors)
FAIL: obj-c++.dg/template-1.mm (internal compiler error)
FAIL: obj-c++.dg/template-1.mm (test for excess errors)
UNRESOLVED: obj-c++.dg/template-1.mm compilation failed to produce executable
FAIL: obj-c++.dg/template-3.mm (internal compiler error)
FAIL: obj-c++.dg/template-3.mm (test for excess errors)
UNRESOLVED: obj-c++.dg/template-3.mm compilation failed to produce executable
FAIL: obj-c++.dg/template-4.mm (internal compiler error)
FAIL: obj-c++.dg/template-4.mm (test for excess errors)
UNRESOLVED: obj-c++.dg/template-4.mm compilation failed to produce executable
FAIL: obj-c++.dg/try-catch-1.mm (internal compiler error)
FAIL: obj-c++.dg/try-catch-1.mm (test for excess errors)
FAIL: obj-c++.dg/try-catch-11.mm (internal compiler error)
FAIL: obj-c++.dg/try-catch-11.mm (test for warnings, line 32)
FAIL: obj-c++.dg/try-catch-11.mm (test for excess errors)
FAIL: obj-c++.dg/try-catch-2.mm (internal compiler error)
FAIL: obj-c++.dg/try-catch-2.mm (test for excess errors)
UNRESOLVED: obj-c++.dg/try-catch-2.mm compilation failed to produce executable
FAIL: obj-c++.dg/try-catch-3.mm (internal compiler error)
FAIL: obj-c++.dg/try-catch-3.mm (test for excess errors)
FAIL: obj-c++.dg/try-catch-7.mm (internal compiler error)
FAIL: obj-c++.dg/try-catch-7.mm (test for excess errors)
FAIL: obj-c++.dg/try-catch-8.mm (internal compiler error)
FAIL: obj-c++.dg/try-catch-8.mm (test for excess errors)
FAIL: obj-c++.dg/try-catch-9.mm (internal compiler error)
FAIL: obj-c++.dg/try-catch-9.mm (test for excess errors)
UNRESOLVED: obj-c++.dg/try-catch-9.mm compilation failed to produce executable
FAIL: obj-c++.dg/typedef-alias-1.mm (internal compiler error)
FAIL: obj-c++.dg/typedef-alias-1.mm (test for excess errors)
FAIL: obj-c++.dg/va-meth-1.mm (internal compiler error)
FAIL: obj-c++.dg/va-meth-1.mm (test for excess errors)
UNRESOLVED: obj-c++.dg/va-meth-1.mm compilation failed to produce executable
=== obj-c++ Summary for unix ===
# of expected passes 58
# of unexpected failures 434
# of unresolved testcases 33
# of unsupported tests 13
Running target unix/-fstack-protector
FAIL: obj-c++.dg/bad-receiver-type.mm (internal compiler error)
FAIL: obj-c++.dg/bad-receiver-type.mm (test for warnings, line 14)
FAIL: obj-c++.dg/bad-receiver-type.mm (test for excess errors)
FAIL: obj-c++.dg/basic.mm (internal compiler error)
FAIL: obj-c++.dg/basic.mm (test for excess errors)
UNRESOLVED: obj-c++.dg/basic.mm compilation failed to produce executable
FAIL: obj-c++.dg/bitfield-1.mm (internal compiler error)
FAIL: obj-c++.dg/bitfield-1.mm (test for warnings, line 24)
FAIL: obj-c++.dg/bitfield-1.mm (test for warnings, line 27)
FAIL: obj-c++.dg/bitfield-1.mm (test for warnings, line 74)
FAIL: obj-c++.dg/bitfield-1.mm (test for excess errors)
UNRESOLVED: obj-c++.dg/bitfield-1.mm compilation failed to produce executable
FAIL: obj-c++.dg/bitfield-2.mm (internal compiler error)
FAIL: obj-c++.dg/bitfield-2.mm (test for excess errors)
UNRESOLVED: obj-c++.dg/bitfield-2.mm compilation failed to produce executable
FAIL: obj-c++.dg/bitfield-4.mm (internal compiler error)
FAIL: obj-c++.dg/bitfield-4.mm (test for warnings, line 21)
FAIL: obj-c++.dg/bitfield-4.mm (test for warnings, line 33)
FAIL: obj-c++.dg/bitfield-4.mm (test for excess errors)
UNRESOLVED: obj-c++.dg/bitfield-4.mm compilation failed to produce executable
FAIL: obj-c++.dg/class-protocol-1.mm (internal compiler error)
FAIL: obj-c++.dg/class-protocol-1.mm (test for warnings, line 59)
FAIL: obj-c++.dg/class-protocol-1.mm (test for warnings, line 60)
FAIL: obj-c++.dg/class-protocol-1.mm (test for warnings, line 61)
FAIL: obj-c++.dg/class-protocol-1.mm (test for warnings, line 63)
FAIL: obj-c++.dg/class-protocol-1.mm (test for warnings, line 64)
FAIL: obj-c++.dg/class-protocol-1.mm (test for warnings, line 66)
FAIL: obj-c++.dg/class-protocol-1.mm (test for warnings, line 70)
FAIL: obj-c++.dg/class-protocol-1.mm (test for warnings, line 71)
FAIL: obj-c++.dg/class-protocol-1.mm (test for warnings, line 76)
FAIL: obj-c++.dg/class-protocol-1.mm (test for warnings, line 78)
FAIL: obj-c++.dg/class-protocol-1.mm (test for warnings, line 79)
FAIL: obj-c++.dg/class-protocol-1.mm (test for warnings, line 82)
FAIL: obj-c++.dg/class-protocol-1.mm (test for warnings, line 112)
FAIL: obj-c++.dg/class-protocol-1.mm (test for warnings, line 113)
FAIL: obj-c++.dg/class-protocol-1.mm (test for warnings, line 118)
FAIL: obj-c++.dg/class-protocol-1.mm (test for warnings, line 152)
FAIL: obj-c++.dg/class-protocol-1.mm (test for warnings, line 153)
FAIL: obj-c++.dg/class-protocol-1.mm (test for warnings, line 154)
FAIL: obj-c++.dg/class-protocol-1.mm (test for warnings, line 156)
FAIL: obj-c++.dg/class-protocol-1.mm (test for warnings, line 157)
FAIL: obj-c++.dg/class-protocol-1.mm (test for warnings, line 159)
FAIL: obj-c++.dg/class-protocol-1.mm (test for warnings, line 164)
FAIL: obj-c++.dg/class-protocol-1.mm (test for warnings, line 165)
FAIL: obj-c++.dg/class-protocol-1.mm (test for warnings, line 170)
FAIL: obj-c++.dg/class-protocol-1.mm (test for warnings, line 187)
FAIL: obj-c++.dg/class-protocol-1.mm (test for warnings, line 188)
FAIL: obj-c++.dg/class-protocol-1.mm (test for warnings, line 190)
FAIL: obj-c++.dg/class-protocol-1.mm (test for warnings, line 190)
FAIL: obj-c++.dg/class-protocol-1.mm (test for warnings, line 192)
FAIL: obj-c++.dg/class-protocol-1.mm (test for warnings, line 192)
FAIL: obj-c++.dg/class-protocol-1.mm (test for warnings, line 195)
FAIL: obj-c++.dg/class-protocol-1.mm (test for warnings, line 196)
FAIL: obj-c++.dg/class-protocol-1.mm (test for warnings, line 198)
FAIL: obj-c++.dg/class-protocol-1.mm (test for warnings, line 199)
FAIL: obj-c++.dg/class-protocol-1.mm (test for warnings, line 215)
FAIL: obj-c++.dg/class-protocol-1.mm (test for warnings, line 252)
FAIL: obj-c++.dg/class-protocol-1.mm (test for warnings, line 253)
FAIL: obj-c++.dg/class-protocol-1.mm (test for warnings, line 254)
FAIL: obj-c++.dg/class-protocol-1.mm (test for warnings, line 257)
FAIL: obj-c++.dg/class-protocol-1.mm (test for warnings, line 259)
FAIL: obj-c++.dg/class-protocol-1.mm (test for warnings, line 289)
FAIL: obj-c++.dg/class-protocol-1.mm (test for warnings, line 292)
FAIL: obj-c++.dg/class-protocol-1.mm (test for warnings, line 308)
FAIL: obj-c++.dg/class-protocol-1.mm (test for warnings, line 309)
FAIL: obj-c++.dg/class-protocol-1.mm (test for warnings, line 318)
FAIL: obj-c++.dg/class-protocol-1.mm (test for warnings, line 319)
FAIL: obj-c++.dg/class-protocol-1.mm (test for warnings, line 326)
FAIL: obj-c++.dg/class-protocol-1.mm (test for warnings, line 327)
FAIL: obj-c++.dg/class-protocol-1.mm (test for warnings, line 330)
FAIL: obj-c++.dg/class-protocol-1.mm (test for warnings, line 331)
FAIL: obj-c++.dg/class-protocol-1.mm (test for warnings, line 337)
FAIL: obj-c++.dg/class-protocol-1.mm (test for warnings, line 338)
FAIL: obj-c++.dg/class-protocol-1.mm (test for warnings, line 344)
FAIL: obj-c++.dg/class-protocol-1.mm (test for warnings, line 345)
FAIL: obj-c++.dg/class-protocol-1.mm (test for warnings, line 356)
FAIL: obj-c++.dg/class-protocol-1.mm (test for warnings, line 357)
FAIL: obj-c++.dg/class-protocol-1.mm (test for warnings, line 363)
FAIL: obj-c++.dg/class-protocol-1.mm (test for warnings, line 364)
FAIL: obj-c++.dg/class-protocol-1.mm (test for warnings, line 368)
FAIL: obj-c++.dg/class-protocol-1.mm (test for warnings, line 369)
FAIL: obj-c++.dg/class-protocol-1.mm (test for warnings, line 372)
FAIL: obj-c++.dg/class-protocol-1.mm (test for warnings, line 378)
FAIL: obj-c++.dg/class-protocol-1.mm (test for warnings, line 379)
FAIL: obj-c++.dg/class-protocol-1.mm (test for warnings, line 386)
FAIL: obj-c++.dg/class-protocol-1.mm (test for warnings, line 387)
FAIL: obj-c++.dg/class-protocol-1.mm (test for errors, line 390)
FAIL: obj-c++.dg/class-protocol-1.mm (test for errors, line 391)
FAIL: obj-c++.dg/class-protocol-1.mm (test for errors, line 394)
FAIL: obj-c++.dg/class-protocol-1.mm (test for warnings, line 397)
FAIL: obj-c++.dg/class-protocol-1.mm (test for warnings, line 398)
FAIL: obj-c++.dg/class-protocol-1.mm (test for warnings, line 401)
FAIL: obj-c++.dg/class-protocol-1.mm (test for warnings, line 405)
FAIL: obj-c++.dg/class-protocol-1.mm (test for warnings, line 406)
FAIL: obj-c++.dg/class-protocol-1.mm (test for warnings, line 408)
FAIL: obj-c++.dg/class-protocol-1.mm (test for warnings, line 409)
FAIL: obj-c++.dg/class-protocol-1.mm (test for errors, line 420)
FAIL: obj-c++.dg/class-protocol-1.mm (test for errors, line 421)
FAIL: obj-c++.dg/class-protocol-1.mm (test for errors, line 424)
FAIL: obj-c++.dg/class-protocol-1.mm (test for warnings, line 427)
FAIL: obj-c++.dg/class-protocol-1.mm (test for warnings, line 428)
FAIL: obj-c++.dg/class-protocol-1.mm (test for warnings, line )
FAIL: obj-c++.dg/class-protocol-1.mm (test for warnings, line )
FAIL: obj-c++.dg/class-protocol-1.mm (test for warnings, line )
FAIL: obj-c++.dg/class-protocol-1.mm (test for excess errors)
FAIL: obj-c++.dg/comp-types-1.mm (internal compiler error)
FAIL: obj-c++.dg/comp-types-1.mm (test for excess errors)
FAIL: obj-c++.dg/comp-types-10.mm (internal compiler error)
FAIL: obj-c++.dg/comp-types-10.mm (test for excess errors)
FAIL: obj-c++.dg/comp-types-11.mm (internal compiler error)
FAIL: obj-c++.dg/comp-types-11.mm (test for warnings, line 19)
FAIL: obj-c++.dg/comp-types-11.mm (test for warnings, line 25)
FAIL: obj-c++.dg/comp-types-11.mm (test for excess errors)
FAIL: obj-c++.dg/comp-types-12.mm (internal compiler error)
FAIL: obj-c++.dg/comp-types-12.mm (test for warnings, line 10)
FAIL: obj-c++.dg/comp-types-12.mm (test for excess errors)
FAIL: obj-c++.dg/comp-types-2.mm (internal compiler error)
FAIL: obj-c++.dg/comp-types-2.mm (test for warnings, line 36)
FAIL: obj-c++.dg/comp-types-2.mm (test for warnings, line 37)
FAIL: obj-c++.dg/comp-types-2.mm (test for warnings, line 38)
FAIL: obj-c++.dg/comp-types-2.mm (test for warnings, line 45)
FAIL: obj-c++.dg/comp-types-2.mm (test for warnings, line 47)
FAIL: obj-c++.dg/comp-types-2.mm (test for warnings, line 53)
FAIL: obj-c++.dg/comp-types-2.mm (test for warnings, line 55)
FAIL: obj-c++.dg/comp-types-2.mm (test for warnings, line 69)
FAIL: obj-c++.dg/comp-types-2.mm (test for warnings, line 70)
FAIL: obj-c++.dg/comp-types-2.mm (test for warnings, line 71)
FAIL: obj-c++.dg/comp-types-2.mm (test for warnings, line 72)
FAIL: obj-c++.dg/comp-types-2.mm (test for warnings, line 73)
FAIL: obj-c++.dg/comp-types-2.mm (test for warnings, line 74)
FAIL: obj-c++.dg/comp-types-2.mm (test for warnings, line 82)
FAIL: obj-c++.dg/comp-types-2.mm (test for warnings, line 83)
FAIL: obj-c++.dg/comp-types-2.mm (test for warnings, line 84)
FAIL: obj-c++.dg/comp-types-2.mm (test for warnings, line 85)
FAIL: obj-c++.dg/comp-types-2.mm (test for excess errors)
FAIL: obj-c++.dg/comp-types-3.mm (internal compiler error)
FAIL: obj-c++.dg/comp-types-3.mm (test for excess errors)
FAIL: obj-c++.dg/comp-types-4.mm (internal compiler error)
FAIL: obj-c++.dg/comp-types-4.mm (test for warnings, line 29)
FAIL: obj-c++.dg/comp-types-4.mm (test for warnings, line 33)
FAIL: obj-c++.dg/comp-types-4.mm (test for warnings, line 35)
FAIL: obj-c++.dg/comp-types-4.mm (test for warnings, line 37)
FAIL: obj-c++.dg/comp-types-4.mm (test for warnings, line 38)
FAIL: obj-c++.dg/comp-types-4.mm (test for warnings, line 39)
FAIL: obj-c++.dg/comp-types-4.mm (test for warnings, line 41)
FAIL: obj-c++.dg/comp-types-4.mm (test for warnings, line 42)
FAIL: obj-c++.dg/comp-types-4.mm (test for warnings, line 43)
FAIL: obj-c++.dg/comp-types-4.mm (test for warnings, line 45)
FAIL: obj-c++.dg/comp-types-4.mm (test for warnings, line 46)
FAIL: obj-c++.dg/comp-types-4.mm (test for warnings, line 57)
FAIL: obj-c++.dg/comp-types-4.mm (test for warnings, line 58)
FAIL: obj-c++.dg/comp-types-4.mm (test for warnings, line 60)
FAIL: obj-c++.dg/comp-types-4.mm (test for warnings, line 61)
FAIL: obj-c++.dg/comp-types-4.mm (test for excess errors)
FAIL: obj-c++.dg/comp-types-5.mm (internal compiler error)
FAIL: obj-c++.dg/comp-types-5.mm (test for errors, line 31)
FAIL: obj-c++.dg/comp-types-5.mm (test for errors, line 32)
FAIL: obj-c++.dg/comp-types-5.mm (test for errors, line 34)
FAIL: obj-c++.dg/comp-types-5.mm (test for errors, line 35)
FAIL: obj-c++.dg/comp-types-5.mm (test for errors, line 37)
FAIL: obj-c++.dg/comp-types-5.mm (test for errors, line 38)
FAIL: obj-c++.dg/comp-types-5.mm (test for errors, line 40)
FAIL: obj-c++.dg/comp-types-5.mm (test for errors, line 41)
FAIL: obj-c++.dg/comp-types-5.mm (test for errors, line 43)
FAIL: obj-c++.dg/comp-types-5.mm (test for errors, line 44)
FAIL: obj-c++.dg/comp-types-5.mm (test for errors, line 45)
FAIL: obj-c++.dg/comp-types-5.mm (test for errors, line 46)
FAIL: obj-c++.dg/comp-types-5.mm (test for errors, line 48)
FAIL: obj-c++.dg/comp-types-5.mm (test for errors, line 49)
FAIL: obj-c++.dg/comp-types-5.mm (test for errors, line 50)
FAIL: obj-c++.dg/comp-types-5.mm (test for errors, line 51)
FAIL: obj-c++.dg/comp-types-5.mm (test for errors, line 53)
FAIL: obj-c++.dg/comp-types-5.mm (test for errors, line 54)
FAIL: obj-c++.dg/comp-types-5.mm (test for errors, line 55)
FAIL: obj-c++.dg/comp-types-5.mm (test for errors, line 56)
FAIL: obj-c++.dg/comp-types-5.mm (test for errors, line 58)
FAIL: obj-c++.dg/comp-types-5.mm (test for errors, line 59)
FAIL: obj-c++.dg/comp-types-5.mm (test for errors, line 60)
FAIL: obj-c++.dg/comp-types-5.mm (test for errors, line 61)
FAIL: obj-c++.dg/comp-types-5.mm (test for errors, line 63)
FAIL: obj-c++.dg/comp-types-5.mm (test for errors, line 64)
FAIL: obj-c++.dg/comp-types-5.mm (test for errors, line 65)
FAIL: obj-c++.dg/comp-types-5.mm (test for errors, line 66)
FAIL: obj-c++.dg/comp-types-5.mm (test for errors, line 68)
FAIL: obj-c++.dg/comp-types-5.mm (test for errors, line 69)
FAIL: obj-c++.dg/comp-types-5.mm (test for errors, line 70)
FAIL: obj-c++.dg/comp-types-5.mm (test for errors, line 71)
FAIL: obj-c++.dg/comp-types-5.mm (test for excess errors)
FAIL: obj-c++.dg/comp-types-6.mm (internal compiler error)
FAIL: obj-c++.dg/comp-types-6.mm (test for excess errors)
FAIL: obj-c++.dg/comp-types-7.mm (internal compiler error)
FAIL: obj-c++.dg/comp-types-7.mm (test for warnings, line 27)
FAIL: obj-c++.dg/comp-types-7.mm (test for warnings, line 28)
FAIL: obj-c++.dg/comp-types-7.mm (test for excess errors)
FAIL: obj-c++.dg/comp-types-8.mm (internal compiler error)
FAIL: obj-c++.dg/comp-types-8.mm (test for excess errors)
FAIL: obj-c++.dg/comp-types-9.mm (internal compiler error)
FAIL: obj-c++.dg/comp-types-9.mm (test for excess errors)
FAIL: obj-c++.dg/cxx-ivars-1.mm (internal compiler error)
FAIL: obj-c++.dg/cxx-ivars-1.mm (test for warnings, line 22)
FAIL: obj-c++.dg/cxx-ivars-1.mm (test for warnings, line 22)
FAIL: obj-c++.dg/cxx-ivars-1.mm (test for excess errors)
UNRESOLVED: obj-c++.dg/cxx-ivars-1.mm compilation failed to produce executable
FAIL: obj-c++.dg/cxx-ivars-2.mm (internal compiler error)
FAIL: obj-c++.dg/cxx-ivars-2.mm (test for excess errors)
UNRESOLVED: obj-c++.dg/cxx-ivars-2.mm compilation failed to produce executable
FAIL: obj-c++.dg/cxx-scope-1.mm (internal compiler error)
FAIL: obj-c++.dg/cxx-scope-1.mm (test for excess errors)
UNRESOLVED: obj-c++.dg/cxx-scope-1.mm compilation failed to produce executable
FAIL: obj-c++.dg/cxx-scope-2.mm (internal compiler error)
FAIL: obj-c++.dg/cxx-scope-2.mm (test for warnings, line 14)
FAIL: obj-c++.dg/cxx-scope-2.mm (test for warnings, line 16)
FAIL: obj-c++.dg/cxx-scope-2.mm (test for excess errors)
FAIL: obj-c++.dg/defs.mm (internal compiler error)
FAIL: obj-c++.dg/defs.mm (test for excess errors)
UNRESOLVED: obj-c++.dg/defs.mm compilation failed to produce executable
FAIL: obj-c++.dg/encode-1.mm (internal compiler error)
FAIL: obj-c++.dg/encode-1.mm (test for excess errors)
ERROR: obj-c++.dg/encode-1.mm: error executing dg-final: couldn't open "encode-1.s": no such file or directory
UNRESOLVED: obj-c++.dg/encode-1.mm: error executing dg-final: couldn't open "encode-1.s": no such file or directory
FAIL: obj-c++.dg/encode-2.mm scan-assembler {Vec<float>=ffi}
FAIL: obj-c++.dg/encode-2.mm scan-assembler {Vec<double>=ddi}
FAIL: obj-c++.dg/encode-3.mm execution test
FAIL: obj-c++.dg/encode-4.mm (internal compiler error)
FAIL: obj-c++.dg/encode-4.mm (test for excess errors)
UNRESOLVED: obj-c++.dg/encode-4.mm compilation failed to produce executable
FAIL: obj-c++.dg/encode-5.mm (internal compiler error)
FAIL: obj-c++.dg/encode-5.mm (test for excess errors)
UNRESOLVED: obj-c++.dg/encode-5.mm compilation failed to produce executable
FAIL: obj-c++.dg/encode-6.mm (internal compiler error)
FAIL: obj-c++.dg/encode-6.mm (test for excess errors)
UNRESOLVED: obj-c++.dg/encode-6.mm compilation failed to produce executable
FAIL: obj-c++.dg/encode-7.mm (internal compiler error)
FAIL: obj-c++.dg/encode-7.mm (test for warnings, line 31)
FAIL: obj-c++.dg/encode-7.mm (test for warnings, line 39)
FAIL: obj-c++.dg/encode-7.mm (test for excess errors)
FAIL: obj-c++.dg/encode-8.mm execution test
FAIL: obj-c++.dg/except-1.mm (internal compiler error)
FAIL: obj-c++.dg/except-1.mm (test for excess errors)
UNRESOLVED: obj-c++.dg/except-1.mm compilation failed to produce executable
FAIL: obj-c++.dg/extern-c-1.mm (internal compiler error)
FAIL: obj-c++.dg/extern-c-1.mm (test for excess errors)
FAIL: obj-c++.dg/extra-semi.mm (internal compiler error)
FAIL: obj-c++.dg/extra-semi.mm (test for excess errors)
FAIL: obj-c++.dg/gnu-runtime-1.mm (internal compiler error)
FAIL: obj-c++.dg/gnu-runtime-1.mm (test for excess errors)
FAIL: obj-c++.dg/gnu-runtime-2.mm (internal compiler error)
FAIL: obj-c++.dg/gnu-runtime-2.mm (test for excess errors)
FAIL: obj-c++.dg/gnu-runtime-3.mm (internal compiler error)
FAIL: obj-c++.dg/gnu-runtime-3.mm (test for excess errors)
UNRESOLVED: obj-c++.dg/gnu-runtime-3.mm compilation failed to produce executable
FAIL: obj-c++.dg/isa-field-1.mm (internal compiler error)
FAIL: obj-c++.dg/isa-field-1.mm (test for excess errors)
FAIL: obj-c++.dg/ivar-list-semi.mm (internal compiler error)
FAIL: obj-c++.dg/ivar-list-semi.mm (test for excess errors)
FAIL: obj-c++.dg/layout-1.mm (internal compiler error)
FAIL: obj-c++.dg/layout-1.mm (test for excess errors)
FAIL: obj-c++.dg/local-decl-1.mm (internal compiler error)
FAIL: obj-c++.dg/local-decl-1.mm (test for warnings, line 23)
FAIL: obj-c++.dg/local-decl-1.mm (test for warnings, line 39)
FAIL: obj-c++.dg/local-decl-1.mm (test for warnings, line 41)
FAIL: obj-c++.dg/local-decl-1.mm (test for excess errors)
FAIL: obj-c++.dg/lookup-2.mm (internal compiler error)
FAIL: obj-c++.dg/lookup-2.mm (test for excess errors)
UNRESOLVED: obj-c++.dg/lookup-2.mm compilation failed to produce executable
FAIL: obj-c++.dg/method-1.mm (internal compiler error)
FAIL: obj-c++.dg/method-1.mm (test for excess errors)
FAIL: obj-c++.dg/method-10.mm (internal compiler error)
FAIL: obj-c++.dg/method-10.mm (test for excess errors)
UNRESOLVED: obj-c++.dg/method-10.mm compilation failed to produce executable
FAIL: obj-c++.dg/method-11.mm (internal compiler error)
FAIL: obj-c++.dg/method-11.mm (test for excess errors)
ERROR: obj-c++.dg/method-11.mm: error executing dg-final: couldn't open "method-11.s": no such file or directory
UNRESOLVED: obj-c++.dg/method-11.mm: error executing dg-final: couldn't open "method-11.s": no such file or directory
FAIL: obj-c++.dg/method-12.mm (internal compiler error)
FAIL: obj-c++.dg/method-12.mm (test for warnings, line 21)
FAIL: obj-c++.dg/method-12.mm (test for warnings, line 9)
FAIL: obj-c++.dg/method-12.mm (test for warnings, line 14)
FAIL: obj-c++.dg/method-12.mm (test for warnings, line 25)
FAIL: obj-c++.dg/method-12.mm (test for warnings, line 25)
FAIL: obj-c++.dg/method-12.mm (test for warnings, line 25)
FAIL: obj-c++.dg/method-12.mm (test for warnings, line 25)
FAIL: obj-c++.dg/method-12.mm (test for errors, line 30)
FAIL: obj-c++.dg/method-12.mm (test for excess errors)
FAIL: obj-c++.dg/method-13.mm (internal compiler error)
FAIL: obj-c++.dg/method-13.mm (test for warnings, line 18)
FAIL: obj-c++.dg/method-13.mm (test for warnings, line 18)
FAIL: obj-c++.dg/method-13.mm (test for warnings, line 18)
FAIL: obj-c++.dg/method-13.mm (test for warnings, line 18)
FAIL: obj-c++.dg/method-13.mm (test for warnings, line 22)
FAIL: obj-c++.dg/method-13.mm (test for warnings, line 8)
FAIL: obj-c++.dg/method-13.mm (test for warnings, line 12)
FAIL: obj-c++.dg/method-13.mm (test for excess errors)
FAIL: obj-c++.dg/method-14.mm (internal compiler error)
FAIL: obj-c++.dg/method-14.mm (test for excess errors)
FAIL: obj-c++.dg/method-15.mm (internal compiler error)
FAIL: obj-c++.dg/method-15.mm (test for warnings, line 33)
FAIL: obj-c++.dg/method-15.mm (test for warnings, line 9)
FAIL: obj-c++.dg/method-15.mm (test for warnings, line 17)
FAIL: obj-c++.dg/method-15.mm (test for warnings, line 13)
FAIL: obj-c++.dg/method-15.mm (test for warnings, line 33)
FAIL: obj-c++.dg/method-15.mm (test for excess errors)
FAIL: obj-c++.dg/method-16.mm (internal compiler error)
FAIL: obj-c++.dg/method-16.mm (test for warnings, line 26)
FAIL: obj-c++.dg/method-16.mm (test for warnings, line 13)
FAIL: obj-c++.dg/method-16.mm (test for warnings, line 17)
FAIL: obj-c++.dg/method-16.mm (test for warnings, line 21)
FAIL: obj-c++.dg/method-16.mm (test for errors, line 26)
FAIL: obj-c++.dg/method-16.mm (test for excess errors)
FAIL: obj-c++.dg/method-17.mm (internal compiler error)
FAIL: obj-c++.dg/method-17.mm (test for excess errors)
UNRESOLVED: obj-c++.dg/method-17.mm compilation failed to produce executable
FAIL: obj-c++.dg/method-18.mm (internal compiler error)
FAIL: obj-c++.dg/method-18.mm (test for excess errors)
FAIL: obj-c++.dg/method-19.mm (internal compiler error)
FAIL: obj-c++.dg/method-19.mm (test for excess errors)
UNRESOLVED: obj-c++.dg/method-19.mm compilation failed to produce executable
FAIL: obj-c++.dg/method-2.mm (internal compiler error)
FAIL: obj-c++.dg/method-2.mm (test for excess errors)
FAIL: obj-c++.dg/method-20.mm (internal compiler error)
FAIL: obj-c++.dg/method-20.mm (test for excess errors)
ERROR: obj-c++.dg/method-20.mm: error executing dg-final: couldn't open "method-20.s": no such file or directory
UNRESOLVED: obj-c++.dg/method-20.mm: error executing dg-final: couldn't open "method-20.s": no such file or directory
FAIL: obj-c++.dg/method-21.mm (internal compiler error)
FAIL: obj-c++.dg/method-21.mm (test for errors, line 18)
FAIL: obj-c++.dg/method-21.mm (test for excess errors)
FAIL: obj-c++.dg/method-3.mm (internal compiler error)
FAIL: obj-c++.dg/method-3.mm (test for excess errors)
FAIL: obj-c++.dg/method-4.mm (internal compiler error)
FAIL: obj-c++.dg/method-4.mm (test for warnings, line 10)
FAIL: obj-c++.dg/method-4.mm (test for warnings, line 11)
FAIL: obj-c++.dg/method-4.mm (test for warnings, line 15)
FAIL: obj-c++.dg/method-4.mm (test for warnings, line 16)
FAIL: obj-c++.dg/method-4.mm (test for warnings, line 22)
FAIL: obj-c++.dg/method-4.mm (test for warnings, line 23)
FAIL: obj-c++.dg/method-4.mm (test for excess errors)
FAIL: obj-c++.dg/method-5.mm (internal compiler error)
FAIL: obj-c++.dg/method-5.mm (test for excess errors)
FAIL: obj-c++.dg/method-6.mm (internal compiler error)
FAIL: obj-c++.dg/method-6.mm (test for warnings, line 13)
FAIL: obj-c++.dg/method-6.mm (test for warnings, line )
FAIL: obj-c++.dg/method-6.mm (test for warnings, line )
FAIL: obj-c++.dg/method-6.mm (test for warnings, line )
FAIL: obj-c++.dg/method-6.mm (test for excess errors)
FAIL: obj-c++.dg/method-8.mm (internal compiler error)
FAIL: obj-c++.dg/method-8.mm (test for errors, line 6)
FAIL: obj-c++.dg/method-8.mm (test for errors, line 11)
FAIL: obj-c++.dg/method-8.mm (test for errors, line 19)
FAIL: obj-c++.dg/method-8.mm (test for errors, line 20)
FAIL: obj-c++.dg/method-8.mm (test for errors, line 28)
FAIL: obj-c++.dg/method-8.mm (test for errors, line 29)
FAIL: obj-c++.dg/method-8.mm (test for excess errors)
FAIL: obj-c++.dg/method-9.mm (internal compiler error)
FAIL: obj-c++.dg/method-9.mm (test for warnings, line 25)
FAIL: obj-c++.dg/method-9.mm (test for warnings, line 26)
FAIL: obj-c++.dg/method-9.mm (test for warnings, line )
FAIL: obj-c++.dg/method-9.mm (test for warnings, line )
FAIL: obj-c++.dg/method-9.mm (test for warnings, line )
FAIL: obj-c++.dg/method-9.mm (test for excess errors)
FAIL: obj-c++.dg/no-extra-load.mm (internal compiler error)
FAIL: obj-c++.dg/no-extra-load.mm (test for excess errors)
ERROR: obj-c++.dg/no-extra-load.mm: error executing dg-final: couldn't open "no-extra-load.s": no such file or directory
UNRESOLVED: obj-c++.dg/no-extra-load.mm: error executing dg-final: couldn't open "no-extra-load.s": no such file or directory
FAIL: obj-c++.dg/pragma-1.mm (internal compiler error)
FAIL: obj-c++.dg/pragma-1.mm (test for excess errors)
FAIL: obj-c++.dg/pragma-2.mm (internal compiler error)
FAIL: obj-c++.dg/pragma-2.mm (test for excess errors)
FAIL: obj-c++.dg/private-1.mm (internal compiler error)
FAIL: obj-c++.dg/private-1.mm (test for errors, line 39)
FAIL: obj-c++.dg/private-1.mm (test for errors, line 54)
FAIL: obj-c++.dg/private-1.mm (test for errors, line 55)
FAIL: obj-c++.dg/private-1.mm (test for excess errors)
FAIL: obj-c++.dg/private-2.mm (internal compiler error)
FAIL: obj-c++.dg/private-2.mm (test for warnings, line 32)
FAIL: obj-c++.dg/private-2.mm (test for warnings, line 33)
FAIL: obj-c++.dg/private-2.mm (test for warnings, line 34)
FAIL: obj-c++.dg/private-2.mm (test for warnings, line 53)
FAIL: obj-c++.dg/private-2.mm (test for warnings, line 54)
FAIL: obj-c++.dg/private-2.mm (test for excess errors)
FAIL: obj-c++.dg/proto-lossage-1.mm (internal compiler error)
FAIL: obj-c++.dg/proto-lossage-1.mm (test for warnings, line 38)
FAIL: obj-c++.dg/proto-lossage-1.mm (test for excess errors)
FAIL: obj-c++.dg/proto-lossage-2.mm (internal compiler error)
FAIL: obj-c++.dg/proto-lossage-2.mm (test for excess errors)
FAIL: obj-c++.dg/proto-lossage-3.mm (internal compiler error)
FAIL: obj-c++.dg/proto-lossage-3.mm (test for excess errors)
UNRESOLVED: obj-c++.dg/proto-lossage-3.mm compilation failed to produce executable
FAIL: obj-c++.dg/proto-lossage-4.mm (internal compiler error)
FAIL: obj-c++.dg/proto-lossage-4.mm (test for warnings, line 25)
FAIL: obj-c++.dg/proto-lossage-4.mm (test for warnings, line 26)
FAIL: obj-c++.dg/proto-lossage-4.mm (test for warnings, line 28)
FAIL: obj-c++.dg/proto-lossage-4.mm (test for errors, line 28)
FAIL: obj-c++.dg/proto-lossage-4.mm (test for warnings, line 34)
FAIL: obj-c++.dg/proto-lossage-4.mm (test for errors, line 34)
FAIL: obj-c++.dg/proto-lossage-4.mm (test for warnings, line 42)
FAIL: obj-c++.dg/proto-lossage-4.mm (test for warnings, line 42)
FAIL: obj-c++.dg/proto-lossage-4.mm (test for warnings, line )
FAIL: obj-c++.dg/proto-lossage-4.mm (test for warnings, line )
FAIL: obj-c++.dg/proto-lossage-4.mm (test for warnings, line )
FAIL: obj-c++.dg/proto-lossage-4.mm (test for excess errors)
FAIL: obj-c++.dg/proto-lossage-5.mm (internal compiler error)
FAIL: obj-c++.dg/proto-lossage-5.mm (test for excess errors)
FAIL: obj-c++.dg/proto-lossage-6.mm (internal compiler error)
FAIL: obj-c++.dg/proto-lossage-6.mm (test for excess errors)
FAIL: obj-c++.dg/proto-qual-1.mm (internal compiler error)
FAIL: obj-c++.dg/proto-qual-1.mm (test for excess errors)
UNRESOLVED: obj-c++.dg/proto-qual-1.mm compilation failed to produce executable
FAIL: obj-c++.dg/qual-types-1.mm (internal compiler error)
FAIL: obj-c++.dg/qual-types-1.mm (test for excess errors)
UNRESOLVED: obj-c++.dg/qual-types-1.mm compilation failed to produce executable
FAIL: obj-c++.dg/selector-1.mm (internal compiler error)
FAIL: obj-c++.dg/selector-1.mm (test for excess errors)
ERROR: obj-c++.dg/selector-1.mm: error executing dg-final: couldn't open "selector-1.s": no such file or directory
UNRESOLVED: obj-c++.dg/selector-1.mm: error executing dg-final: couldn't open "selector-1.s": no such file or directory
FAIL: obj-c++.dg/selector-2.mm (internal compiler error)
FAIL: obj-c++.dg/selector-2.mm (test for warnings, line )
FAIL: obj-c++.dg/selector-2.mm (test for excess errors)
FAIL: obj-c++.dg/selector-3.mm (internal compiler error)
FAIL: obj-c++.dg/selector-3.mm (test for warnings, line 25)
FAIL: obj-c++.dg/selector-3.mm (test for excess errors)
FAIL: obj-c++.dg/selector-4.mm (internal compiler error)
FAIL: obj-c++.dg/selector-4.mm (test for warnings, line 23)
FAIL: obj-c++.dg/selector-4.mm (test for excess errors)
FAIL: obj-c++.dg/selector-5.mm (internal compiler error)
FAIL: obj-c++.dg/selector-5.mm (test for excess errors)
ERROR: obj-c++.dg/selector-5.mm: error executing dg-final: couldn't open "selector-5.s": no such file or directory
UNRESOLVED: obj-c++.dg/selector-5.mm: error executing dg-final: couldn't open "selector-5.s": no such file or directory
FAIL: obj-c++.dg/selector-6.mm (internal compiler error)
FAIL: obj-c++.dg/selector-6.mm (test for excess errors)
ERROR: obj-c++.dg/selector-6.mm: error executing dg-final: couldn't open "selector-6.s": no such file or directory
UNRESOLVED: obj-c++.dg/selector-6.mm: error executing dg-final: couldn't open "selector-6.s": no such file or directory
FAIL: obj-c++.dg/super-class-1.mm (internal compiler error)
FAIL: obj-c++.dg/super-class-1.mm (test for excess errors)
FAIL: obj-c++.dg/super-class-2.mm (internal compiler error)
FAIL: obj-c++.dg/super-class-2.mm (test for errors, line 22)
FAIL: obj-c++.dg/super-class-2.mm (test for errors, line 26)
FAIL: obj-c++.dg/super-class-2.mm (test for excess errors)
FAIL: obj-c++.dg/super-dealloc-1.mm (internal compiler error)
FAIL: obj-c++.dg/super-dealloc-1.mm (test for warnings, line 38)
FAIL: obj-c++.dg/super-dealloc-1.mm (test for excess errors)
FAIL: obj-c++.dg/super-dealloc-2.mm (internal compiler error)
FAIL: obj-c++.dg/super-dealloc-2.mm (test for warnings, line 45)
FAIL: obj-c++.dg/super-dealloc-2.mm (test for excess errors)
FAIL: obj-c++.dg/template-1.mm (internal compiler error)
FAIL: obj-c++.dg/template-1.mm (test for excess errors)
UNRESOLVED: obj-c++.dg/template-1.mm compilation failed to produce executable
FAIL: obj-c++.dg/template-3.mm (internal compiler error)
FAIL: obj-c++.dg/template-3.mm (test for excess errors)
UNRESOLVED: obj-c++.dg/template-3.mm compilation failed to produce executable
FAIL: obj-c++.dg/template-4.mm (internal compiler error)
FAIL: obj-c++.dg/template-4.mm (test for excess errors)
UNRESOLVED: obj-c++.dg/template-4.mm compilation failed to produce executable
FAIL: obj-c++.dg/try-catch-1.mm (internal compiler error)
FAIL: obj-c++.dg/try-catch-1.mm (test for excess errors)
FAIL: obj-c++.dg/try-catch-11.mm (internal compiler error)
FAIL: obj-c++.dg/try-catch-11.mm (test for warnings, line 32)
FAIL: obj-c++.dg/try-catch-11.mm (test for excess errors)
FAIL: obj-c++.dg/try-catch-2.mm (internal compiler error)
FAIL: obj-c++.dg/try-catch-2.mm (test for excess errors)
UNRESOLVED: obj-c++.dg/try-catch-2.mm compilation failed to produce executable
FAIL: obj-c++.dg/try-catch-3.mm (internal compiler error)
FAIL: obj-c++.dg/try-catch-3.mm (test for excess errors)
FAIL: obj-c++.dg/try-catch-7.mm (internal compiler error)
FAIL: obj-c++.dg/try-catch-7.mm (test for excess errors)
FAIL: obj-c++.dg/try-catch-8.mm (internal compiler error)
FAIL: obj-c++.dg/try-catch-8.mm (test for excess errors)
FAIL: obj-c++.dg/try-catch-9.mm (internal compiler error)
FAIL: obj-c++.dg/try-catch-9.mm (test for excess errors)
UNRESOLVED: obj-c++.dg/try-catch-9.mm compilation failed to produce executable
FAIL: obj-c++.dg/typedef-alias-1.mm (internal compiler error)
FAIL: obj-c++.dg/typedef-alias-1.mm (test for excess errors)
FAIL: obj-c++.dg/va-meth-1.mm (internal compiler error)
FAIL: obj-c++.dg/va-meth-1.mm (test for excess errors)
UNRESOLVED: obj-c++.dg/va-meth-1.mm compilation failed to produce executable
=== obj-c++ Summary for unix/-fstack-protector ===
# of expected passes 58
# of unexpected failures 434
# of unresolved testcases 33
# of unsupported tests 13
=== obj-c++ Summary ===
# of expected passes 116
# of unexpected failures 868
# of unresolved testcases 66
# of unsupported tests 26
/home/tbm/build/gcc-snapshot-20070326/build/gcc/testsuite/obj-c++/../../g++ version 4.3.0 20070326 (experimental)
=== objc tests ===
Running target unix
=== objc Summary for unix ===
# of expected passes 1796
# of expected failures 7
# of unsupported tests 24
Running target unix/-fstack-protector
=== objc Summary for unix/-fstack-protector ===
# of expected passes 1796
# of expected failures 7
# of unsupported tests 24
=== objc Summary ===
# of expected passes 3592
# of expected failures 14
# of unsupported tests 48
/home/tbm/build/gcc-snapshot-20070326/build/gcc/xgcc version 4.3.0 20070326 (experimental)
=== treelang tests ===
Running target unix
=== treelang Summary for unix ===
# of expected passes 52
Running target unix/-fstack-protector
=== treelang Summary for unix/-fstack-protector ===
# of expected passes 52
=== treelang Summary ===
# of expected passes 104
=== libffi tests ===
Running target unix
=== libffi Summary for unix ===
# of expected passes 1096
# of unsupported tests 8
Running target unix/-fstack-protector
=== libffi Summary for unix/-fstack-protector ===
# of expected passes 1096
# of unsupported tests 8
=== libffi Summary ===
# of expected passes 2192
# of unsupported tests 16
=== libgomp tests ===
Running target unix
=== libgomp Summary for unix ===
# of expected passes 1566
Running target unix/-fstack-protector
=== libgomp Summary for unix/-fstack-protector ===
# of expected passes 1566
=== libgomp Summary ===
# of expected passes 3132
=== libjava tests ===
Running target unix
=== libjava Summary for unix ===
# of expected passes 2520
Running target unix/-fstack-protector
=== libjava Summary for unix/-fstack-protector ===
# of expected passes 2520
=== libjava Summary ===
# of expected passes 5040
=== libmudflap tests ===
Running target unix
FAIL: libmudflap.c++/pass41-frag.cxx execution test
FAIL: libmudflap.c++/pass41-frag.cxx (-static) execution test
FAIL: libmudflap.c++/pass41-frag.cxx ( -O) execution test
FAIL: libmudflap.c++/pass41-frag.cxx (-O2) execution test
FAIL: libmudflap.c++/pass41-frag.cxx (-O3) execution test
WARNING: program timed out.
FAIL: libmudflap.cth/pass39-frag.c (-O2) (rerun 13) execution test
FAIL: libmudflap.cth/pass39-frag.c (-O2) (rerun 13) output pattern test
WARNING: program timed out.
FAIL: libmudflap.cth/pass39-frag.c (-O3) (rerun 14) execution test
FAIL: libmudflap.cth/pass39-frag.c (-O3) (rerun 14) output pattern test
=== libmudflap Summary for unix ===
# of expected passes 1817
# of unexpected failures 9
Running target unix/-fstack-protector
FAIL: libmudflap.c++/pass41-frag.cxx execution test
FAIL: libmudflap.c++/pass41-frag.cxx (-static) execution test
FAIL: libmudflap.c++/pass41-frag.cxx ( -O) execution test
FAIL: libmudflap.c++/pass41-frag.cxx (-O2) execution test
FAIL: libmudflap.c++/pass41-frag.cxx (-O3) execution test
=== libmudflap Summary for unix/-fstack-protector ===
# of expected passes 1821
# of unexpected failures 5
=== libmudflap Summary ===
# of expected passes 3638
# of unexpected failures 14
=== libstdc++ tests ===
Running target unix
XPASS: 26_numerics/headers/cmath/c99_classification_macros_c.cc (test for excess errors)
XPASS: 27_io/fpos/14320-1.cc execution test
=== libstdc++ Summary for unix ===
# of expected passes 4208
# of unexpected successes 2
# of expected failures 27
# of unsupported tests 316
Running target unix/-fstack-protector
XPASS: 26_numerics/headers/cmath/c99_classification_macros_c.cc (test for excess errors)
XPASS: 27_io/fpos/14320-1.cc execution test
=== libstdc++ Summary for unix/-fstack-protector ===
# of expected passes 4208
# of unexpected successes 2
# of expected failures 27
# of unsupported tests 316
=== libstdc++ Summary ===
# of expected passes 8416
# of unexpected successes 4
# of expected failures 54
# of unsupported tests 632
Compiler version: 4.3.0 20070326 (experimental)
Platform: x86_64-pc-linux-gnu
configure flags: linux gnu,g
BOOT_CFLAGS=-O2
Build Dependencies:
Desired=Unknown/Install/Remove/Purge/Hold
| Status=Not/Installed/Config-files/Unpacked/Failed-config/Half-installed
|/ Err?=(none)/Hold/Reinst-required/X=both-problems (Status,Err: uppercase=bad)
||/ Name Version Description
+++-==============-==============-==============================================
ii binutils 2.17-3 The GNU assembler, linker and binary utilities
ii libc6 2.3.6.ds1-13 GNU C Library: Shared libraries
Patches that Debian applied in this version:
cpu-default-i486:
set default 32bit ix86 architecture to i486
reporting:
Add Debian URL for bug reporting instructions.
gcc-ice-hack:
2004-01-23 Jakub Jelinek <jakub@redhat.com>
* system.h (ICE_EXIT_CODE): Define.
* gcc.c (execute): Don't free first string early, but at the end
of the function. Call retry_ice if compiler exited with
ICE_EXIT_CODE.
(retry_ice): New function.
* diagnostic.c (diagnostic_count_diagnostic,
diagnostic_action_after_output, error_recursion): Exit with
ICE_EXIT_CODE instead of FATAL_EXIT_CODE.
multiarch-include:
biarch-include.dpatch
Adds biarch include directories
/usr/local/include/<arch>-linux-gnu
/usr/include/<arch>-linux-gnu
to the system include paths, depending on 32/64 bit mode.
libjava-qt-peer:
Add standard C++ include directores when building the QT peer library.
libjava-disable-static:
Disable building the static libjava.
ada-driver-check:
Simplify Ada driver check (we always build using the required
Ada version. Needed for warnings on alpha.
Counting all warnings,
there are 0 warnings in stage3 of this bootstrap.
Number of warnings per file:
Number of warning types:
Environment:
gcc version 4.1.2 20061115 (prerelease) (Debian 4.1.1-21)
binutils 2.17 Debian GNU/Linux
Linux 2.6.18-4-amd64 x86_64
libc6 2.3.6.ds1-13
--
Martin Michlmayr
http://www.cyrius.com/