This is the mail archive of the gcc-testresults@gcc.gnu.org mailing list for the GCC project.
Index Nav: | [Date Index] [Subject Index] [Author Index] [Thread Index] | |
---|---|---|
Message Nav: | [Date Prev] [Date Next] | [Thread Prev] [Thread Next] |
Other format: | [Raw text] |
LAST_UPDATED: Sun Mar 25 08:47:34 UTC 2007 (revision 123195M) === acats tests === FAIL: c41307d FAIL: c85006d FAIL: c85006e FAIL: c940013 FAIL: cd10002 FAIL: cxaa018 FAIL: cxh1001 === acats Summary === # of expected passes 2308 # of unexpected failures 7 Native configuration is s390x-ibm-linux-gnu === g++ tests === Running target unix === g++ Summary === # of expected passes 14294 # of expected failures 79 # of unsupported tests 122 /31bit/build/BUILD/gcc/obj-s390x-redhat-linux/gcc/testsuite/g++/../../g++ version 4.3.0 20070325 (experimental) === gcc tests === Running target unix FAIL: gcc.c-torture/execute/mayalias-2.c compilation, -O3 -g (internal compiler error) UNRESOLVED: gcc.c-torture/execute/mayalias-2.c execution, -O3 -g FAIL: gcc.c-torture/execute/mayalias-3.c compilation, -O3 -g (internal compiler error) UNRESOLVED: gcc.c-torture/execute/mayalias-3.c execution, -O3 -g XPASS: gcc.dg/cpp/cmdlne-dI-M.c scan-file (^|\\\\n)cmdlne-dI-M.*:[^\\\\n]*cmdlne-dI-M.c XPASS: gcc.dg/cpp/cmdlne-dM-M.c scan-file (^|\\\\n)cmdlne-dM-M[^\\\\n]*:[^\\\\n]*cmdlne-dM-M.c FAIL: gcc.dg/torture/builtin-pow-mpfr-1.c -O0 scan-tree-dump pow FAIL: gcc.dg/torture/builtin-pow-mpfr-1.c -O1 scan-tree-dump pow FAIL: gcc.dg/torture/builtin-pow-mpfr-1.c -O2 scan-tree-dump pow FAIL: gcc.dg/torture/builtin-pow-mpfr-1.c -O3 -fomit-frame-pointer scan-tree-dump pow FAIL: gcc.dg/torture/builtin-pow-mpfr-1.c -O3 -g scan-tree-dump pow FAIL: gcc.dg/torture/builtin-pow-mpfr-1.c -Os scan-tree-dump pow XPASS: gcc.dg/tree-ssa/20040204-1.c scan-tree-dump-times link_error 0 FAIL: gcc.dg/tree-ssa/loadpre1.c scan-tree-dump-times Eliminated: 1 1 XPASS: gcc.dg/tree-ssa/sra-2.c scan-tree-dump-times link_error 0 XPASS: gcc.dg/tree-ssa/update-threading.c scan-tree-dump-times Invalid sum 0 === gcc Summary === # of expected passes 42062 # of unexpected failures 9 # of unexpected successes 5 # of expected failures 73 # of unresolved testcases 2 # of untested testcases 28 # of unsupported tests 375 /31bit/build/BUILD/gcc/obj-s390x-redhat-linux/gcc/xgcc version 4.3.0 20070325 (experimental) === gfortran tests === Running target unix FAIL: gfortran.dg/equiv_6.f90 -O2 execution test FAIL: gfortran.dg/equiv_6.f90 -O3 -fomit-frame-pointer execution test FAIL: gfortran.dg/equiv_6.f90 -O3 -fomit-frame-pointer -funroll-loops execution test FAIL: gfortran.dg/equiv_6.f90 -O3 -fomit-frame-pointer -funroll-all-loops -finline-functions execution test FAIL: gfortran.dg/equiv_6.f90 -O3 -g execution test FAIL: gfortran.dg/equiv_6.f90 -Os execution test FAIL: gfortran.dg/open_errors.f90 -O0 execution test FAIL: gfortran.dg/open_errors.f90 -O1 execution test FAIL: gfortran.dg/open_errors.f90 -O2 execution test FAIL: gfortran.dg/open_errors.f90 -O3 -fomit-frame-pointer execution test FAIL: gfortran.dg/open_errors.f90 -O3 -fomit-frame-pointer -funroll-loops execution test FAIL: gfortran.dg/open_errors.f90 -O3 -fomit-frame-pointer -funroll-all-loops -finline-functions execution test FAIL: gfortran.dg/open_errors.f90 -O3 -g execution test FAIL: gfortran.dg/open_errors.f90 -Os execution test FAIL: gfortran.dg/secnds.f -Os execution test FAIL: gfortran.dg/value_4.f90 -O0 execution test FAIL: gfortran.dg/value_4.f90 -O1 execution test FAIL: gfortran.dg/value_4.f90 -O2 execution test FAIL: gfortran.dg/value_4.f90 -O3 -fomit-frame-pointer execution test FAIL: gfortran.dg/value_4.f90 -O3 -fomit-frame-pointer -funroll-loops execution test FAIL: gfortran.dg/value_4.f90 -O3 -fomit-frame-pointer -funroll-all-loops -finline-functions execution test FAIL: gfortran.dg/value_4.f90 -O3 -g execution test FAIL: gfortran.dg/value_4.f90 -Os execution test === gfortran Summary === # of expected passes 16843 # of unexpected failures 23 # of expected failures 6 # of unsupported tests 20 /31bit/build/BUILD/gcc/obj-s390x-redhat-linux/gcc/testsuite/gfortran/../../gfortran version 4.3.0 20070325 (experimental) === gnat tests === Running target unix FAIL: gnat.dg/address_conversion.adb execution test FAIL: gnat.dg/frame_overflow.adb (test for errors, line 12) FAIL: gnat.dg/frame_overflow.adb (test for errors, line 21) === gnat Summary === # of expected passes 119 # of unexpected failures 3 === objc tests === Running target unix === objc Summary === # of expected passes 1796 # of expected failures 7 # of unsupported tests 24 /31bit/build/BUILD/gcc/obj-s390x-redhat-linux/gcc/xgcc version 4.3.0 20070325 (experimental) === libffi tests === Running target unix === libffi Summary === # of expected passes 1096 # of unsupported tests 8 === libgomp tests === Running target unix === libgomp Summary === # of expected passes 1566 === libjava tests === Running target unix FAIL: events output === libjava Summary === # of expected passes 2511 # of unexpected failures 1 === libmudflap tests === Running target unix FAIL: libmudflap.c++/pass41-frag.cxx execution test FAIL: libmudflap.c++/pass41-frag.cxx (-static) execution test FAIL: libmudflap.c++/pass41-frag.cxx ( -O) execution test FAIL: libmudflap.c++/pass41-frag.cxx (-O2) execution test FAIL: libmudflap.c++/pass41-frag.cxx (-O3) execution test === libmudflap Summary === # of expected passes 1821 # of unexpected failures 5 === libstdc++ tests === Running target unix FAIL: abi_check XPASS: 26_numerics/headers/cmath/c99_classification_macros_c.cc (test for excess errors) XPASS: 27_io/fpos/14320-1.cc execution test FAIL: 27_io/ios_base/storage/2.cc execution test === libstdc++ Summary === # of expected passes 4206 # of unexpected failures 2 # of unexpected successes 2 # of expected failures 27 # of unsupported tests 316 Compiler version: 4.3.0 20070325 (experimental) Platform: s390x-ibm-linux-gnu configure flags: --prefix=/usr --mandir=/usr/share/man --infodir=/usr/share/info --enable-shared --enable-threads=posix --enable-checking --with-system-zlib --enable-__cxa_atexit --with-long-double-128 --enable-languages=c,c++,objc,java,fortran,ada --host=s390x-redhat-linux
Index Nav: | [Date Index] [Subject Index] [Author Index] [Thread Index] | |
---|---|---|
Message Nav: | [Date Prev] [Date Next] | [Thread Prev] [Thread Next] |