This is the mail archive of the gcc-testresults@gcc.gnu.org mailing list for the GCC project.
Index Nav: | [Date Index] [Subject Index] [Author Index] [Thread Index] | |
---|---|---|
Message Nav: | [Date Prev] [Date Next] | [Thread Prev] [Thread Next] |
Other format: | [Raw text] |
LAST_UPDATED: Tue Mar 20 07:12:39 UTC 2007 (/branches/gcc-4_2-branch revision 123083) Native configuration is i686-pc-linux-gnu === g++ tests === Running target unix XPASS: g++.dg/tree-ssa/ivopts-1.C scan-tree-dump-not offset: -4B XPASS: g++.dg/tree-ssa/ivopts-1.C scan-tree-dump-not &x\\[5\\] === g++ Summary === # of expected passes 13408 # of unexpected successes 2 # of expected failures 67 # of unsupported tests 74 /scratch/gcc/nightly-2007-03-20-4.2/i686-pc-linux-gnu/build_gcc/build/test-4.2-0-i686-pc-linux-gnu/host-i686-pc-linux-gnu/fsf-4.2/bin/i686-pc-linux-gnu-g++ version 4.2.0 20070320 (prerelease) === gcc tests === Running target unix FAIL: gcc.c-torture/execute/mayalias-2.c compilation, -O3 -g (internal compiler error) UNRESOLVED: gcc.c-torture/execute/mayalias-2.c execution, -O3 -g FAIL: gcc.dg/tree-ssa/loadpre1.c scan-tree-dump-times Eliminated: 1 1 FAIL: gcc.dg/tree-ssa/loadpre14.c scan-tree-dump-times Eliminated: 1 1 FAIL: gcc.dg/tree-ssa/loadpre15.c scan-tree-dump-times Eliminated: 1 1 FAIL: gcc.target/i386/vectorize1.c (internal compiler error) FAIL: gcc.target/i386/vectorize1.c (test for excess errors) === gcc Summary === # of expected passes 41943 # of unexpected failures 6 # of expected failures 112 # of unresolved testcases 1 # of untested testcases 28 # of unsupported tests 292 /scratch/gcc/nightly-2007-03-20-4.2/i686-pc-linux-gnu/build_gcc/build/test-4.2-0-i686-pc-linux-gnu/host-i686-pc-linux-gnu/fsf-4.2/bin/i686-pc-linux-gnu-gcc version 4.2.0 20070320 (prerelease) === libstdc++ tests === Running target unix === libstdc++ Summary === # of expected passes 4461 # of expected failures 16 # of unsupported tests 2 Compiler version: 4.2.0 20070320 (prerelease) Platform: i686-pc-linux-gnu configure flags: --build=i686-pc-linux-gnu --host=i686-pc-linux-gnu --target=i686-pc-linux-gnu --enable-shared --enable-threads --disable-libmudflap --disable-libssp --disable-libgomp --disable-libstdcxx-pch --with-gnu-as --with-gnu-ld --prefix=/opt/codesourcery --enable-languages=c,c++ --disable-nls --with-build-time-tools=/scratch/gcc/nightly-2007-03-20-4.2/i686-pc-linux-gnu/build_gcc/install/i686-pc-linux-gnu/bin --with-build-time-tools=/scratch/gcc/nightly-2007-03-20-4.2/i686-pc-linux-gnu/build_gcc/install/i686-pc-linux-gnu/bin
Index Nav: | [Date Index] [Subject Index] [Author Index] [Thread Index] | |
---|---|---|
Message Nav: | [Date Prev] [Date Next] | [Thread Prev] [Thread Next] |