This is the mail archive of the
gcc-testresults@gcc.gnu.org
mailing list for the GCC project.
Results for 4.3.0 20070315 (experimental) gcc testsuite on arm-unknown-elf
- From: mstein at phenix dot rootshell dot be (mstein)
- To: gcc-testresults at gcc dot gnu dot org
- Date: Sat, 17 Mar 2007 07:00:17 +0100 (CET)
- Subject: Results for 4.3.0 20070315 (experimental) gcc testsuite on arm-unknown-elf
Ubuntu 5 on pentium3-smp
cross tool versions:
GNU assembler (GNU Binutils) 2.17.50.20070311
GNU gdb 6.6.50.20070310-cvs
GNU ld (GNU Binutils) 2.17.50.20070311
GNU Make 3.80
expect version 5.42.1
host gcc version: gcc (GCC) 4.3.0 20070314 (experimental)
LAST_UPDATED: Thu Mar 15 23:02:30 UTC 2007 (revision 122962)
Target is arm-unknown-elf
Host is i686-pc-linux-gnu
=== gcc tests ===
Running target arm-sim
FAIL: gcc.c-torture/execute/mayalias-2.c compilation, -O3 -g (internal compiler error)
UNRESOLVED: gcc.c-torture/execute/mayalias-2.c execution, -O3 -g
FAIL: gcc.c-torture/execute/mayalias-3.c compilation, -O3 -g (internal compiler error)
UNRESOLVED: gcc.c-torture/execute/mayalias-3.c execution, -O3 -g
WARNING: Could not compile gcc.dg/compat/struct-layout-1 generator
FAIL: gcc.dg/cpp/_Pragma6.c (test for excess errors)
FAIL: gcc.dg/arm-g2.c scan-assembler mla[ \\t].*
FAIL: gcc.dg/builtins-20.c (test for excess errors)
FAIL: gcc.dg/builtins-59.c scan-tree-dump __builtin_cexpi
FAIL: gcc.dg/builtins-59.c scan-tree-dump-not sincos
FAIL: gcc.dg/builtins-61.c scan-tree-dump cexpi
FAIL: gcc.dg/builtins-61.c scan-tree-dump sin
FAIL: gcc.dg/builtins-61.c scan-tree-dump cos
FAIL: gcc.dg/builtins-61.c scan-tree-dump return 0.0
FAIL: gcc.dg/builtins-62.c scan-tree-dump-times cexpi 3
FAIL: gcc.dg/initpri1.c execution test
FAIL: gcc.dg/intmax_t-1.c (test for errors, line )
FAIL: gcc.dg/memcpy-1.c scan-tree-dump-times nasty_local 0
FAIL: gcc.dg/pr18792.c (internal compiler error)
FAIL: gcc.dg/pr18792.c (test for excess errors)
FAIL: gcc.dg/pr23625.c (internal compiler error)
FAIL: gcc.dg/pr23625.c (test for excess errors)
FAIL: gcc.dg/pr29330.c (internal compiler error)
FAIL: gcc.dg/pr29330.c (test for excess errors)
FAIL: gcc.dg/pr29581-1.c (internal compiler error)
FAIL: gcc.dg/pr29581-1.c (test for excess errors)
WARNING: gcc.dg/pr29581-1.c compilation failed to produce executable
FAIL: gcc.dg/pr29581-2.c (internal compiler error)
FAIL: gcc.dg/pr29581-2.c (test for excess errors)
WARNING: gcc.dg/pr29581-2.c compilation failed to produce executable
FAIL: gcc.dg/pr29581-3.c (internal compiler error)
FAIL: gcc.dg/pr29581-3.c (test for excess errors)
WARNING: gcc.dg/pr29581-3.c compilation failed to produce executable
FAIL: gcc.dg/pr29581-4.c (internal compiler error)
FAIL: gcc.dg/pr29581-4.c (test for excess errors)
WARNING: gcc.dg/pr29581-4.c compilation failed to produce executable
FAIL: gcc.dg/var-expand1.c scan-rtl-dump Expanding Accumulator
FAIL: gcc.dg/tls/alias-1.c (test for excess errors)
FAIL: gcc.dg/tls/opt-2.c (test for excess errors)
FAIL: gcc.dg/torture/builtin-pow-mpfr-1.c -O0 scan-tree-dump pow
FAIL: gcc.dg/torture/builtin-pow-mpfr-1.c -O1 scan-tree-dump pow
FAIL: gcc.dg/torture/builtin-pow-mpfr-1.c -O2 scan-tree-dump pow
FAIL: gcc.dg/torture/builtin-pow-mpfr-1.c -O3 -fomit-frame-pointer scan-tree-dump pow
FAIL: gcc.dg/torture/builtin-pow-mpfr-1.c -O3 -g scan-tree-dump pow
FAIL: gcc.dg/torture/builtin-pow-mpfr-1.c -Os scan-tree-dump pow
FAIL: gcc.dg/tree-ssa/20041110-1.c (internal compiler error)
FAIL: gcc.dg/tree-ssa/20041110-1.c (test for excess errors)
FAIL: gcc.dg/tree-ssa/loadpre1.c scan-tree-dump-times Eliminated: 1 1
FAIL: gcc.dg/tree-ssa/ltrans-1.c (internal compiler error)
FAIL: gcc.dg/tree-ssa/ltrans-1.c (test for excess errors)
FAIL: gcc.dg/tree-ssa/ltrans-1.c scan-tree-dump-times converted loop nest to perfect loop nest 1
FAIL: gcc.dg/tree-ssa/ltrans-1.c scan-tree-dump-times transformed loop 1
FAIL: gcc.dg/tree-ssa/ltrans-3.c (internal compiler error)
FAIL: gcc.dg/tree-ssa/ltrans-3.c (test for excess errors)
FAIL: gcc.dg/tree-ssa/ltrans-3.c scan-tree-dump-times transformed loop 1
FAIL: gcc.dg/tree-ssa/ltrans-4.c (internal compiler error)
FAIL: gcc.dg/tree-ssa/ltrans-4.c (test for excess errors)
FAIL: gcc.dg/tree-ssa/ltrans-4.c scan-tree-dump-times transformed loop 1
FAIL: gcc.dg/tree-ssa/ltrans-5.c (internal compiler error)
FAIL: gcc.dg/tree-ssa/ltrans-5.c (test for excess errors)
FAIL: gcc.dg/tree-ssa/ltrans-5.c scan-tree-dump-times transformed loop 1
FAIL: gcc.dg/tree-ssa/ltrans-8.c (internal compiler error)
FAIL: gcc.dg/tree-ssa/ltrans-8.c (test for excess errors)
FAIL: gcc.dg/tree-ssa/ltrans-8.c scan-tree-dump-times transformed loop 1
FAIL: gcc.dg/tree-ssa/pr20256.c (internal compiler error)
FAIL: gcc.dg/tree-ssa/pr20256.c (test for excess errors)
FAIL: gcc.dg/tree-ssa/pr26435.c (internal compiler error)
FAIL: gcc.dg/tree-ssa/pr26435.c (test for excess errors)
XPASS: gcc.dg/tree-ssa/update-threading.c scan-tree-dump-times Invalid sum 0
FAIL: gcc.target/arm/pr27387.C (test for excess errors)
ERROR: gcc.target/arm/pr27387.C: error executing dg-final: couldn't open "pr27387.s": no such file or directory
UNRESOLVED: gcc.target/arm/pr27387.C: error executing dg-final: couldn't open "pr27387.s": no such file or directory
=== gcc Summary ===
# of expected passes 41233
# of unexpected failures 62
# of unexpected successes 1
# of expected failures 73
# of unresolved testcases 3
# of untested testcases 28
# of unsupported tests 433
/home/mstein/sim/arm-elf/build/gcc/xgcc version 4.3.0 20070315 (experimental)
Compiler version: 4.3.0 20070315 (experimental) gcc
Platform: arm-unknown-elf
configure flags: --target=arm-elf --prefix=/n/07/mstein/cross-local/arm-elf --enable-languages=c --disable-nls --disable-build-warnings --with-ld=/n/07/mstein/cross-local/arm-elf/bin/arm-elf-ld --with-as=/n/07/mstein/cross-local/arm-elf/bin/arm-elf-as --disable-libssp --with-gmp=/n/07/mstein/gmp-stuff