This is the mail archive of the
gcc-testresults@gcc.gnu.org
mailing list for the GCC project.
Results for 4.1.3 20070314 (prerelease) testsuite on i686-pc-linux-gnu
- From: Weidong Cui <mason dot cui at gmail dot com>
- To: gcc-testresults at gcc dot gnu dot org
- Date: Wed, 14 Mar 2007 23:02:11 +0800
- Subject: Results for 4.1.3 20070314 (prerelease) testsuite on i686-pc-linux-gnu
- Reply-to: mason dot cui at gmail dot com
LAST_UPDATED: Wed Mar 14 10:31:07 UTC 2007 (revision 122912)
Native configuration is i686-pc-linux-gnu
=== gcc tests ===
Running target unix
WARNING: program timed out.
FAIL: gcc.c-torture/compile/20001226-1.c -O3 -g (test for excess errors)
=== gcc Summary ===
# of expected passes 39064
# of unexpected failures 1
# of expected failures 101
# of untested testcases 28
# of unsupported tests 246
/home/cuiwd/gcc413/build/gcc/xgcc version 4.1.3 20070314 (prerelease)
=== libmudflap tests ===
Running target unix
=== libmudflap Summary ===
# of expected passes 1680
# of unsupported tests 2
Compiler version: 4.1.3 20070314 (prerelease)
Platform: i686-pc-linux-gnu
configure flags: --prefix=/home/cuiwd/gcc4/ins --with-gnu-as --with-as=/home/cuiwd/binutils-217/bin/as --with-gnu-ld --with-ld=/home/cuiwd/binutils-217/bin/ld --with-mpfr=/home/cuiwd/mpfr221 --with-gmp=/usr/local --enable-clocale=gnu --with-system-zlib --enable-threads=posix --enable-_cxa_atexit --enable-languages=c