This is the mail archive of the
gcc-testresults@gcc.gnu.org
mailing list for the GCC project.
Results for 4.2.0 20070310 (prerelease) testsuite on sparc-sun-solaris2.7
- From: ebotcazou at libertysurf dot fr (Eric Botcazou)
- To: gcc-testresults at gcc dot gnu dot org
- Date: Sun, 11 Mar 2007 22:53:30 +0100
- Subject: Results for 4.2.0 20070310 (prerelease) testsuite on sparc-sun-solaris2.7
LAST_UPDATED: Sat Mar 10 07:59:19 UTC 2007 (revision 122792)
Native configuration is sparc-sun-solaris2.7
=== g++ tests ===
Running target unix
WARNING: g++.dg/other/ucnid-1.C compilation failed to produce executable
XPASS: g++.old-deja/g++.other/init18.C execution test
XPASS: g++.old-deja/g++.other/init19.C execution test
=== g++ Summary ===
# of expected passes 13071
# of unexpected successes 2
# of expected failures 70
# of unsupported tests 172
/opt/build/eric/gcc-4_2-branch/gcc/testsuite/g++/../../g++ version 4.2.0 20070310 (prerelease)
=== gcc tests ===
Running target unix
WARNING: program timed out.
FAIL: gcc.c-torture/compile/20001226-1.c -O2 (test for excess errors)
WARNING: program timed out.
FAIL: gcc.c-torture/compile/20001226-1.c -O3 -fomit-frame-pointer (test for excess errors)
WARNING: program timed out.
FAIL: gcc.c-torture/compile/20001226-1.c -O3 -g (test for excess errors)
WARNING: program timed out.
FAIL: gcc.c-torture/compile/20001226-1.c -Os (test for excess errors)
FAIL: gcc.c-torture/execute/mayalias-2.c compilation, -O3 -g (internal compiler error)
UNRESOLVED: gcc.c-torture/execute/mayalias-2.c execution, -O3 -g
WARNING: gcc.dg/ucnid-2.c compilation failed to produce executable
WARNING: gcc.dg/ucnid-3.c compilation failed to produce executable
WARNING: gcc.dg/ucnid-4.c compilation failed to produce executable
FAIL: gcc.dg/tree-ssa/loadpre1.c scan-tree-dump-times Eliminated: 1 1
FAIL: gcc.dg/tree-ssa/loadpre14.c scan-tree-dump-times Eliminated: 1 1
FAIL: gcc.dg/tree-ssa/loadpre15.c scan-tree-dump-times Eliminated: 1 1
XPASS: gcc.dg/vect/pr20122.c scan-tree-dump-times vectorized 1 loops 2
XPASS: gcc.dg/vect/vect-105.c scan-tree-dump-times vectorized 1 loops 1
XPASS: gcc.dg/vect/vect-75.c scan-tree-dump-times vectorized 1 loops 1
=== gcc Summary ===
# of expected passes 40768
# of unexpected failures 8
# of unexpected successes 3
# of expected failures 123
# of unresolved testcases 1
# of untested testcases 28
# of unsupported tests 486
/opt/build/eric/gcc-4_2-branch/gcc/xgcc version 4.2.0 20070310 (prerelease)
=== gfortran tests ===
Running target unix
=== gfortran Summary ===
# of expected passes 15758
# of expected failures 8
# of unsupported tests 110
/opt/build/eric/gcc-4_2-branch/gcc/testsuite/gfortran/../../gfortran version 4.2.0 20070310 (prerelease)
=== obj-c++ tests ===
Running target unix
FAIL: obj-c++.dg/cxx-ivars-2.mm execution test
FAIL: obj-c++.dg/encode-8.mm execution test
FAIL: obj-c++.dg/isa-field-1.mm (test for excess errors)
FAIL: obj-c++.dg/lookup-2.mm (test for excess errors)
WARNING: obj-c++.dg/lookup-2.mm compilation failed to produce executable
FAIL: obj-c++.dg/try-catch-2.mm (test for excess errors)
WARNING: obj-c++.dg/try-catch-2.mm compilation failed to produce executable
FAIL: obj-c++.dg/try-catch-9.mm (test for excess errors)
WARNING: obj-c++.dg/try-catch-9.mm compilation failed to produce executable
=== obj-c++ Summary ===
# of expected passes 429
# of unexpected failures 6
# of unsupported tests 13
/opt/build/eric/gcc-4_2-branch/gcc/testsuite/obj-c++/../../g++ version 4.2.0 20070310 (prerelease)
=== objc tests ===
Running target unix
=== objc Summary ===
# of expected passes 1790
# of expected failures 7
# of unsupported tests 24
/opt/build/eric/gcc-4_2-branch/gcc/xgcc version 4.2.0 20070310 (prerelease)
=== libgomp tests ===
Running target unix
WARNING: program timed out.
FAIL: libgomp.c/appendix-a/a.18.1.c execution test
WARNING: program timed out.
FAIL: libgomp.fortran/appendix-a/a.18.1.f90 -O0 execution test
WARNING: program timed out.
FAIL: libgomp.fortran/appendix-a/a.18.1.f90 -O1 execution test
WARNING: program timed out.
FAIL: libgomp.fortran/appendix-a/a.18.1.f90 -O2 execution test
WARNING: program timed out.
FAIL: libgomp.fortran/appendix-a/a.18.1.f90 -O3 -fomit-frame-pointer execution test
WARNING: program timed out.
FAIL: libgomp.fortran/appendix-a/a.18.1.f90 -O3 -fomit-frame-pointer -funroll-loops execution test
WARNING: program timed out.
FAIL: libgomp.fortran/appendix-a/a.18.1.f90 -O3 -fomit-frame-pointer -funroll-all-loops -finline-functions execution test
WARNING: program timed out.
FAIL: libgomp.fortran/appendix-a/a.18.1.f90 -O3 -g execution test
WARNING: program timed out.
FAIL: libgomp.fortran/appendix-a/a.18.1.f90 -Os execution test
=== libgomp Summary ===
# of expected passes 1323
# of unexpected failures 9
# of unsupported tests 118
=== libstdc++ tests ===
Running target unix
=== libstdc++ Summary ===
# of expected passes 3820
# of expected failures 17
# of unsupported tests 322
Compiler version: 4.2.0 20070310 (prerelease)
Platform: sparc-sun-solaris2.7
configure flags: --prefix=/opt/build/eric/gcc-4_2-branch --with-gmp=/opt/build/eric/local --with-mpfr=/opt/build/eric/local --with-local-prefix=/opt/build/eric/local --enable-languages=c,c++,fortran,objc,obj-c++
BOOT_CFLAGS=-g -O2