This is the mail archive of the
gcc-testresults@gcc.gnu.org
mailing list for the GCC project.
Results for 4.3.0 20070310 (experimental) testsuite on i686-pc-linux-gnu
- From: CodeSourcery Automatic Testing System <gcc at codesourcery dot com>
- To: gcc-testresults at gcc dot gnu dot org
- Date: Sat, 10 Mar 2007 19:59:25 -0800
- Subject: Results for 4.3.0 20070310 (experimental) testsuite on i686-pc-linux-gnu
LAST_UPDATED: Sat Mar 10 08:14:55 UTC 2007 (/trunk revision 122792)
Native configuration is i686-pc-linux-gnu
=== g++ tests ===
Running target unix
XPASS: g++.dg/tree-ssa/ivopts-1.C scan-tree-dump-not offset: -4B
XPASS: g++.dg/tree-ssa/ivopts-1.C scan-tree-dump-not &x\\[5\\]
FAIL: g++.dg/warn/Wlogical-op-1.C (test for warnings, line 31)
FAIL: g++.dg/warn/Wlogical-op-1.C (test for warnings, line 33)
FAIL: g++.dg/warn/Wlogical-op-1.C (test for warnings, line 77)
FAIL: g++.dg/warn/Wlogical-op-1.C (test for warnings, line 79)
FAIL: g++.dg/warn/Wlogical-op-1.C (test for excess errors)
=== g++ Summary ===
# of expected passes 14280
# of unexpected failures 5
# of unexpected successes 2
# of expected failures 80
# of unsupported tests 79
/scratch/gcc/nightly-2007-03-10-mainline/i686-pc-linux-gnu/build_gcc/build/test-mainline-0-i686-pc-linux-gnu/host-i686-pc-linux-gnu/fsf-mainline/bin/i686-pc-linux-gnu-g++ version 4.3.0 20070310 (experimental)
=== gcc tests ===
Running target unix
FAIL: gcc.c-torture/execute/mayalias-2.c compilation, -O3 -g (internal compiler error)
UNRESOLVED: gcc.c-torture/execute/mayalias-2.c execution, -O3 -g
FAIL: gcc.c-torture/execute/mayalias-3.c compilation, -O3 -g (internal compiler error)
UNRESOLVED: gcc.c-torture/execute/mayalias-3.c execution, -O3 -g
FAIL: gcc.dg/20020425-1.c (test for excess errors)
FAIL: gcc.dg/Wlogical-op-1.c (test for warnings, line 17)
FAIL: gcc.dg/Wlogical-op-1.c (test for warnings, line 20)
FAIL: gcc.dg/Wlogical-op-1.c (test for warnings, line 23)
FAIL: gcc.dg/Wlogical-op-1.c (test for warnings, line 26)
FAIL: gcc.dg/Wlogical-op-1.c (test for warnings, line 29)
FAIL: gcc.dg/Wlogical-op-1.c (test for warnings, line 36)
FAIL: gcc.dg/Wlogical-op-1.c (test for warnings, line 39)
FAIL: gcc.dg/Wlogical-op-1.c (test for warnings, line 42)
FAIL: gcc.dg/Wlogical-op-1.c (test for warnings, line 45)
FAIL: gcc.dg/Wlogical-op-1.c (test for warnings, line 64)
FAIL: gcc.dg/Wlogical-op-1.c (test for warnings, line 67)
FAIL: gcc.dg/Wlogical-op-1.c (test for warnings, line 70)
FAIL: gcc.dg/Wlogical-op-1.c (test for warnings, line 73)
FAIL: gcc.dg/Wlogical-op-1.c (test for warnings, line 76)
FAIL: gcc.dg/Wlogical-op-1.c (test for warnings, line 83)
FAIL: gcc.dg/Wlogical-op-1.c (test for warnings, line 86)
FAIL: gcc.dg/Wlogical-op-1.c (test for warnings, line 89)
FAIL: gcc.dg/Wlogical-op-1.c (test for warnings, line 92)
FAIL: gcc.dg/Wlogical-op-1.c (test for excess errors)
WARNING: program timed out.
FAIL: gcc.dg/tree-prof/val-prof-2.c compilation, -fprofile-use -D_PROFILE_USE
UNRESOLVED: gcc.dg/tree-prof/val-prof-2.c execution, -fprofile-use -D_PROFILE_USE
FAIL: gcc.dg/tree-ssa/loadpre1.c scan-tree-dump-times Eliminated: 1 1
XPASS: gcc.dg/tree-ssa/update-threading.c scan-tree-dump-times Invalid sum 0
=== gcc Summary ===
# of expected passes 43573
# of unexpected failures 24
# of unexpected successes 1
# of expected failures 115
# of unresolved testcases 3
# of untested testcases 28
# of unsupported tests 301
/scratch/gcc/nightly-2007-03-10-mainline/i686-pc-linux-gnu/build_gcc/build/test-mainline-0-i686-pc-linux-gnu/host-i686-pc-linux-gnu/fsf-mainline/bin/i686-pc-linux-gnu-gcc version 4.3.0 20070310 (experimental)
=== libstdc++ tests ===
Running target unix
=== libstdc++ Summary ===
# of expected passes 4658
# of expected failures 29
# of unsupported tests 2
=== g++ tests ===
Running target unix/-m64
XPASS: g++.dg/tree-ssa/ivopts-1.C scan-tree-dump-not offset: -4B
XPASS: g++.dg/tree-ssa/ivopts-1.C scan-tree-dump-not &x\\[5\\]
FAIL: g++.dg/tree-ssa/pr29902.C (test for excess errors)
FAIL: g++.dg/warn/Wlogical-op-1.C (test for warnings, line 31)
FAIL: g++.dg/warn/Wlogical-op-1.C (test for warnings, line 33)
FAIL: g++.dg/warn/Wlogical-op-1.C (test for warnings, line 77)
FAIL: g++.dg/warn/Wlogical-op-1.C (test for warnings, line 79)
FAIL: g++.dg/warn/Wlogical-op-1.C (test for excess errors)
=== g++ Summary ===
# of expected passes 14194
# of unexpected failures 6
# of unexpected successes 2
# of expected failures 80
# of unsupported tests 108
/scratch/gcc/nightly-2007-03-10-mainline/i686-pc-linux-gnu/build_gcc/build/test-mainline-0-i686-pc-linux-gnu/host-i686-pc-linux-gnu/fsf-mainline/bin/i686-pc-linux-gnu-g++ version 4.3.0 20070310 (experimental)
=== gcc tests ===
Running target unix/-m64
WARNING: program timed out.
FAIL: gcc.c-torture/execute/builtins/memset-chk.c compilation, -O3 -fomit-frame-pointer -funroll-loops
UNRESOLVED: gcc.c-torture/execute/builtins/memset-chk.c execution, -O3 -fomit-frame-pointer -funroll-loops
FAIL: gcc.c-torture/execute/mayalias-2.c compilation, -O3 -g (internal compiler error)
UNRESOLVED: gcc.c-torture/execute/mayalias-2.c execution, -O3 -g
FAIL: gcc.c-torture/execute/mayalias-3.c compilation, -O3 -g (internal compiler error)
UNRESOLVED: gcc.c-torture/execute/mayalias-3.c execution, -O3 -g
FAIL: gcc.dg/20020425-1.c (test for excess errors)
FAIL: gcc.dg/Wlogical-op-1.c (test for warnings, line 17)
FAIL: gcc.dg/Wlogical-op-1.c (test for warnings, line 20)
FAIL: gcc.dg/Wlogical-op-1.c (test for warnings, line 23)
FAIL: gcc.dg/Wlogical-op-1.c (test for warnings, line 26)
FAIL: gcc.dg/Wlogical-op-1.c (test for warnings, line 29)
FAIL: gcc.dg/Wlogical-op-1.c (test for warnings, line 36)
FAIL: gcc.dg/Wlogical-op-1.c (test for warnings, line 39)
FAIL: gcc.dg/Wlogical-op-1.c (test for warnings, line 42)
FAIL: gcc.dg/Wlogical-op-1.c (test for warnings, line 45)
FAIL: gcc.dg/Wlogical-op-1.c (test for warnings, line 64)
FAIL: gcc.dg/Wlogical-op-1.c (test for warnings, line 67)
FAIL: gcc.dg/Wlogical-op-1.c (test for warnings, line 70)
FAIL: gcc.dg/Wlogical-op-1.c (test for warnings, line 73)
FAIL: gcc.dg/Wlogical-op-1.c (test for warnings, line 76)
FAIL: gcc.dg/Wlogical-op-1.c (test for warnings, line 83)
FAIL: gcc.dg/Wlogical-op-1.c (test for warnings, line 86)
FAIL: gcc.dg/Wlogical-op-1.c (test for warnings, line 89)
FAIL: gcc.dg/Wlogical-op-1.c (test for warnings, line 92)
FAIL: gcc.dg/Wlogical-op-1.c (test for excess errors)
UNRESOLVED: gcc.dg/torture/fp-int-convert-float128-timode.c -O0 compilation failed to produce executable
UNRESOLVED: gcc.dg/torture/fp-int-convert-float128-timode.c -O1 compilation failed to produce executable
UNRESOLVED: gcc.dg/torture/fp-int-convert-float128-timode.c -O2 compilation failed to produce executable
UNRESOLVED: gcc.dg/torture/fp-int-convert-float128-timode.c -O3 -fomit-frame-pointer compilation failed to produce executable
UNRESOLVED: gcc.dg/torture/fp-int-convert-float128-timode.c -O3 -g compilation failed to produce executable
UNRESOLVED: gcc.dg/torture/fp-int-convert-float128-timode.c -Os compilation failed to produce executable
UNRESOLVED: gcc.dg/torture/fp-int-convert-float128.c -O0 compilation failed to produce executable
UNRESOLVED: gcc.dg/torture/fp-int-convert-float128.c -O1 compilation failed to produce executable
UNRESOLVED: gcc.dg/torture/fp-int-convert-float128.c -O2 compilation failed to produce executable
UNRESOLVED: gcc.dg/torture/fp-int-convert-float128.c -O3 -fomit-frame-pointer compilation failed to produce executable
UNRESOLVED: gcc.dg/torture/fp-int-convert-float128.c -O3 -g compilation failed to produce executable
UNRESOLVED: gcc.dg/torture/fp-int-convert-float128.c -Os compilation failed to produce executable
FAIL: gcc.dg/tree-ssa/loadpre1.c scan-tree-dump-times Eliminated: 1 1
XPASS: gcc.dg/tree-ssa/update-threading.c scan-tree-dump-times Invalid sum 0
=== gcc Summary ===
# of expected passes 43394
# of unexpected failures 24
# of unexpected successes 1
# of expected failures 126
# of unresolved testcases 15
# of untested testcases 28
# of unsupported tests 418
/scratch/gcc/nightly-2007-03-10-mainline/i686-pc-linux-gnu/build_gcc/build/test-mainline-0-i686-pc-linux-gnu/host-i686-pc-linux-gnu/fsf-mainline/bin/i686-pc-linux-gnu-gcc version 4.3.0 20070310 (experimental)
=== libstdc++ tests ===
Running target unix/-m64
XPASS: 27_io/fpos/14320-1.cc execution test
=== libstdc++ Summary ===
# of expected passes 4658
# of unexpected successes 1
# of expected failures 28
# of unsupported tests 2
Compiler version: 4.3.0 20070310 (experimental)
Platform: i686-pc-linux-gnu
configure flags: --build=i686-pc-linux-gnu --host=i686-pc-linux-gnu --target=i686-pc-linux-gnu --enable-shared --enable-threads --disable-libmudflap --disable-libssp --disable-libgomp --disable-libstdcxx-pch --enable-targets=all --with-gnu-as --with-gnu-ld --prefix=/opt/codesourcery --enable-languages=c,c++ --disable-nls --with-gmp=/scratch/gcc/nightly-2007-03-10-mainline/i686-pc-linux-gnu/build_gcc/build/host-libs-mainline-0-i686-pc-linux-gnu-i686-pc-linux-gnu/usr --with-mpfr=/scratch/gcc/nightly-2007-03-10-mainline/i686-pc-linux-gnu/build_gcc/build/host-libs-mainline-0-i686-pc-linux-gnu-i686-pc-linux-gnu/usr --with-build-time-tools=/scratch/gcc/nightly-2007-03-10-mainline/i686-pc-linux-gnu/build_gcc/install/i686-pc-linux-gnu/bin --with-build-time-tools=/scratch/gcc/nightly-2007-03-10-mainline/i686-pc-linux-gnu/build_gcc/install/i686-pc-linux-gnu/bin