This is the mail archive of the
gcc-testresults@gcc.gnu.org
mailing list for the GCC project.
Results for 4.3.0 20070310 (experimental) testsuite on i386-pc-linux-gnu
- From: fxcoudert at localhost dot localdomain
- To: gcc-testresults at gcc dot gnu dot org
- Date: Sat, 10 Mar 2007 06:30:54 +0100 (CET)
- Subject: Results for 4.3.0 20070310 (experimental) testsuite on i386-pc-linux-gnu
LAST_UPDATED: Sat Mar 10 03:02:29 UTC 2007 (revision 122790)
Native configuration is i386-pc-linux-gnu
=== gcc tests ===
Running target unix
FAIL: gcc.c-torture/compile/990625-1.c -O1 (test for excess errors)
FAIL: gcc.c-torture/compile/990625-1.c -O2 (test for excess errors)
FAIL: gcc.c-torture/compile/990625-1.c -O3 -fomit-frame-pointer (test for excess errors)
FAIL: gcc.c-torture/compile/990625-1.c -O3 -fomit-frame-pointer -funroll-loops (test for excess errors)
FAIL: gcc.c-torture/compile/990625-1.c -O3 -fomit-frame-pointer -funroll-all-loops -finline-functions (test for excess errors)
FAIL: gcc.c-torture/compile/990625-1.c -O3 -g (test for excess errors)
FAIL: gcc.c-torture/execute/960830-1.c compilation, -O0
UNRESOLVED: gcc.c-torture/execute/960830-1.c execution, -O0
FAIL: gcc.c-torture/execute/960830-1.c compilation, -O1
UNRESOLVED: gcc.c-torture/execute/960830-1.c execution, -O1
FAIL: gcc.c-torture/execute/960830-1.c compilation, -O2
UNRESOLVED: gcc.c-torture/execute/960830-1.c execution, -O2
FAIL: gcc.c-torture/execute/960830-1.c compilation, -O3 -fomit-frame-pointer
UNRESOLVED: gcc.c-torture/execute/960830-1.c execution, -O3 -fomit-frame-pointer
FAIL: gcc.c-torture/execute/960830-1.c compilation, -O3 -g
UNRESOLVED: gcc.c-torture/execute/960830-1.c execution, -O3 -g
FAIL: gcc.c-torture/execute/960830-1.c compilation, -Os
UNRESOLVED: gcc.c-torture/execute/960830-1.c execution, -Os
FAIL: gcc.c-torture/execute/990413-2.c compilation, -O0
UNRESOLVED: gcc.c-torture/execute/990413-2.c execution, -O0
FAIL: gcc.c-torture/execute/990413-2.c compilation, -O1
UNRESOLVED: gcc.c-torture/execute/990413-2.c execution, -O1
FAIL: gcc.c-torture/execute/990413-2.c compilation, -O2
UNRESOLVED: gcc.c-torture/execute/990413-2.c execution, -O2
FAIL: gcc.c-torture/execute/990413-2.c compilation, -O3 -fomit-frame-pointer
UNRESOLVED: gcc.c-torture/execute/990413-2.c execution, -O3 -fomit-frame-pointer
FAIL: gcc.c-torture/execute/990413-2.c compilation, -O3 -g
UNRESOLVED: gcc.c-torture/execute/990413-2.c execution, -O3 -g
FAIL: gcc.c-torture/execute/990413-2.c compilation, -Os
UNRESOLVED: gcc.c-torture/execute/990413-2.c execution, -Os
FAIL: gcc.c-torture/execute/mayalias-2.c compilation, -O3 -g (internal compiler error)
UNRESOLVED: gcc.c-torture/execute/mayalias-2.c execution, -O3 -g
FAIL: gcc.c-torture/execute/mayalias-3.c compilation, -O3 -g (internal compiler error)
UNRESOLVED: gcc.c-torture/execute/mayalias-3.c execution, -O3 -g
FAIL: gcc.dg/20000724-1.c (test for excess errors)
FAIL: gcc.dg/Wlogical-op-1.c (test for warnings, line 17)
FAIL: gcc.dg/Wlogical-op-1.c (test for warnings, line 20)
FAIL: gcc.dg/Wlogical-op-1.c (test for warnings, line 23)
FAIL: gcc.dg/Wlogical-op-1.c (test for warnings, line 26)
FAIL: gcc.dg/Wlogical-op-1.c (test for warnings, line 29)
FAIL: gcc.dg/Wlogical-op-1.c (test for warnings, line 36)
FAIL: gcc.dg/Wlogical-op-1.c (test for warnings, line 39)
FAIL: gcc.dg/Wlogical-op-1.c (test for warnings, line 42)
FAIL: gcc.dg/Wlogical-op-1.c (test for warnings, line 45)
FAIL: gcc.dg/Wlogical-op-1.c (test for warnings, line 64)
FAIL: gcc.dg/Wlogical-op-1.c (test for warnings, line 67)
FAIL: gcc.dg/Wlogical-op-1.c (test for warnings, line 70)
FAIL: gcc.dg/Wlogical-op-1.c (test for warnings, line 73)
FAIL: gcc.dg/Wlogical-op-1.c (test for warnings, line 76)
FAIL: gcc.dg/Wlogical-op-1.c (test for warnings, line 83)
FAIL: gcc.dg/Wlogical-op-1.c (test for warnings, line 86)
FAIL: gcc.dg/Wlogical-op-1.c (test for warnings, line 89)
FAIL: gcc.dg/Wlogical-op-1.c (test for warnings, line 92)
FAIL: gcc.dg/Wlogical-op-1.c (test for excess errors)
FAIL: gcc.dg/asm-b.c (test for excess errors)
FAIL: gcc.dg/torture/pr16104-1.c -O0 (test for excess errors)
FAIL: gcc.dg/torture/pr16104-1.c -O1 (test for excess errors)
FAIL: gcc.dg/torture/pr16104-1.c -O2 (test for excess errors)
FAIL: gcc.dg/torture/pr16104-1.c -O3 -fomit-frame-pointer (test for excess errors)
FAIL: gcc.dg/torture/pr16104-1.c -O3 -g (test for excess errors)
FAIL: gcc.dg/torture/pr16104-1.c -Os (test for excess errors)
XPASS: gcc.dg/tree-ssa/20040204-1.c scan-tree-dump-times link_error 0
FAIL: gcc.dg/tree-ssa/loadpre1.c scan-tree-dump-times Eliminated: 1 1
XPASS: gcc.dg/tree-ssa/update-threading.c scan-tree-dump-times Invalid sum 0
FAIL: gcc.dg/vect/pr18400.c (test for excess errors)
FAIL: gcc.dg/vect/pr18536.c (test for excess errors)
FAIL: gcc.dg/vect/pr20122.c (test for excess errors)
FAIL: gcc.dg/vect/pr29145.c (test for excess errors)
FAIL: gcc.dg/vect/vect-100.c (test for excess errors)
FAIL: gcc.dg/vect/vect-101.c (test for excess errors)
FAIL: gcc.dg/vect/vect-102.c (test for excess errors)
FAIL: gcc.dg/vect/vect-103.c (test for excess errors)
FAIL: gcc.dg/vect/vect-104.c (test for excess errors)
FAIL: gcc.dg/vect/vect-105.c (test for excess errors)
FAIL: gcc.dg/vect/vect-106.c (test for excess errors)
FAIL: gcc.dg/vect/vect-107.c (test for excess errors)
FAIL: gcc.dg/vect/vect-108.c (test for excess errors)
FAIL: gcc.dg/vect/vect-109.c (test for excess errors)
FAIL: gcc.dg/vect/vect-11.c (test for excess errors)
FAIL: gcc.dg/vect/vect-110.c (test for excess errors)
FAIL: gcc.dg/vect/vect-111.c (test for excess errors)
FAIL: gcc.dg/vect/vect-112.c (test for excess errors)
FAIL: gcc.dg/vect/vect-113.c (test for excess errors)
FAIL: gcc.dg/vect/vect-114.c (test for excess errors)
FAIL: gcc.dg/vect/vect-115.c (test for excess errors)
FAIL: gcc.dg/vect/vect-116.c (test for excess errors)
FAIL: gcc.dg/vect/vect-11a.c (test for excess errors)
FAIL: gcc.dg/vect/vect-12.c (test for excess errors)
FAIL: gcc.dg/vect/vect-13.c (test for excess errors)
FAIL: gcc.dg/vect/vect-14.c (test for excess errors)
FAIL: gcc.dg/vect/vect-15.c (test for excess errors)
FAIL: gcc.dg/vect/vect-16.c (test for excess errors)
FAIL: gcc.dg/vect/vect-17.c (test for excess errors)
FAIL: gcc.dg/vect/vect-18.c (test for excess errors)
FAIL: gcc.dg/vect/vect-19.c (test for excess errors)
FAIL: gcc.dg/vect/vect-2.c (test for excess errors)
FAIL: gcc.dg/vect/vect-20.c (test for excess errors)
FAIL: gcc.dg/vect/vect-21.c (test for excess errors)
FAIL: gcc.dg/vect/vect-22.c (test for excess errors)
FAIL: gcc.dg/vect/vect-23.c (test for excess errors)
FAIL: gcc.dg/vect/vect-24.c (test for excess errors)
FAIL: gcc.dg/vect/vect-25.c (test for excess errors)
FAIL: gcc.dg/vect/vect-26.c (test for excess errors)
FAIL: gcc.dg/vect/vect-27.c (test for excess errors)
FAIL: gcc.dg/vect/vect-28.c (test for excess errors)
FAIL: gcc.dg/vect/vect-29.c (test for excess errors)
FAIL: gcc.dg/vect/vect-3.c (test for excess errors)
FAIL: gcc.dg/vect/vect-30.c (test for excess errors)
FAIL: gcc.dg/vect/vect-31.c (test for excess errors)
FAIL: gcc.dg/vect/vect-32.c (test for excess errors)
FAIL: gcc.dg/vect/vect-34.c (test for excess errors)
FAIL: gcc.dg/vect/vect-35.c (test for excess errors)
FAIL: gcc.dg/vect/vect-36.c (test for excess errors)
FAIL: gcc.dg/vect/vect-37.c (test for excess errors)
FAIL: gcc.dg/vect/vect-38.c (test for excess errors)
FAIL: gcc.dg/vect/vect-4.c (test for excess errors)
FAIL: gcc.dg/vect/vect-40.c (test for excess errors)
FAIL: gcc.dg/vect/vect-42.c (test for excess errors)
FAIL: gcc.dg/vect/vect-43.c (test for excess errors)
FAIL: gcc.dg/vect/vect-44.c (test for excess errors)
FAIL: gcc.dg/vect/vect-45.c (test for excess errors)
FAIL: gcc.dg/vect/vect-46.c (test for excess errors)
FAIL: gcc.dg/vect/vect-48.c (test for excess errors)
FAIL: gcc.dg/vect/vect-49.c (test for excess errors)
FAIL: gcc.dg/vect/vect-5.c (test for excess errors)
FAIL: gcc.dg/vect/vect-50.c (test for excess errors)
FAIL: gcc.dg/vect/vect-51.c (test for excess errors)
FAIL: gcc.dg/vect/vect-52.c (test for excess errors)
FAIL: gcc.dg/vect/vect-53.c (test for excess errors)
FAIL: gcc.dg/vect/vect-54.c (test for excess errors)
FAIL: gcc.dg/vect/vect-56.c (test for excess errors)
FAIL: gcc.dg/vect/vect-57.c (test for excess errors)
FAIL: gcc.dg/vect/vect-58.c (test for excess errors)
FAIL: gcc.dg/vect/vect-6.c (test for excess errors)
FAIL: gcc.dg/vect/vect-60.c (test for excess errors)
FAIL: gcc.dg/vect/vect-61.c (test for excess errors)
FAIL: gcc.dg/vect/vect-62.c (test for excess errors)
FAIL: gcc.dg/vect/vect-63.c (test for excess errors)
FAIL: gcc.dg/vect/vect-64.c (test for excess errors)
FAIL: gcc.dg/vect/vect-65.c (test for excess errors)
FAIL: gcc.dg/vect/vect-66.c (test for excess errors)
FAIL: gcc.dg/vect/vect-67.c (test for excess errors)
FAIL: gcc.dg/vect/vect-68.c (test for excess errors)
FAIL: gcc.dg/vect/vect-7.c (test for excess errors)
FAIL: gcc.dg/vect/vect-70.c (test for excess errors)
FAIL: gcc.dg/vect/vect-71.c (test for excess errors)
FAIL: gcc.dg/vect/vect-72.c (test for excess errors)
FAIL: gcc.dg/vect/vect-73.c (test for excess errors)
FAIL: gcc.dg/vect/vect-74.c (test for excess errors)
FAIL: gcc.dg/vect/vect-75.c (test for excess errors)
FAIL: gcc.dg/vect/vect-76.c (test for excess errors)
FAIL: gcc.dg/vect/vect-77.c (test for excess errors)
FAIL: gcc.dg/vect/vect-78.c (test for excess errors)
FAIL: gcc.dg/vect/vect-79.c (test for excess errors)
FAIL: gcc.dg/vect/vect-8.c (test for excess errors)
FAIL: gcc.dg/vect/vect-80.c (test for excess errors)
FAIL: gcc.dg/vect/vect-85.c (test for excess errors)
FAIL: gcc.dg/vect/vect-86.c (test for excess errors)
FAIL: gcc.dg/vect/vect-87.c (test for excess errors)
FAIL: gcc.dg/vect/vect-88.c (test for excess errors)
FAIL: gcc.dg/vect/vect-89.c (test for excess errors)
FAIL: gcc.dg/vect/vect-9.c (test for excess errors)
FAIL: gcc.dg/vect/vect-92.c (test for excess errors)
FAIL: gcc.dg/vect/vect-93.c (test for excess errors)
FAIL: gcc.dg/vect/vect-95.c (test for excess errors)
FAIL: gcc.dg/vect/vect-96.c (test for excess errors)
FAIL: gcc.dg/vect/vect-97.c (test for excess errors)
FAIL: gcc.dg/vect/vect-98.c (test for excess errors)
FAIL: gcc.dg/vect/vect-all.c (test for excess errors)
FAIL: gcc.dg/vect/vect-dv-2.c (test for excess errors)
FAIL: gcc.dg/vect/vect-floatint-conversion-1.c (test for excess errors)
FAIL: gcc.dg/vect/vect-ifcvt-2.c (test for excess errors)
FAIL: gcc.dg/vect/vect-ifcvt-3.c (test for excess errors)
FAIL: gcc.dg/vect/vect-ifcvt-4.c (test for excess errors)
FAIL: gcc.dg/vect/vect-ifcvt-5.c (test for excess errors)
FAIL: gcc.dg/vect/vect-ifcvt-6.c (test for excess errors)
FAIL: gcc.dg/vect/vect-ifcvt-7.c (test for excess errors)
FAIL: gcc.dg/vect/vect-ifcvt-9.c (test for excess errors)
FAIL: gcc.dg/vect/vect-intfloat-conversion-1.c (test for excess errors)
FAIL: gcc.dg/vect/vect-intfloat-conversion-2.c (test for excess errors)
FAIL: gcc.dg/vect/vect-iv-1.c (test for excess errors)
FAIL: gcc.dg/vect/vect-iv-10.c (test for excess errors)
FAIL: gcc.dg/vect/vect-iv-11.c (test for excess errors)
FAIL: gcc.dg/vect/vect-iv-2.c (test for excess errors)
FAIL: gcc.dg/vect/vect-iv-3.c (test for excess errors)
FAIL: gcc.dg/vect/vect-iv-4.c (test for excess errors)
FAIL: gcc.dg/vect/vect-iv-5.c (test for excess errors)
FAIL: gcc.dg/vect/vect-iv-6.c (test for excess errors)
FAIL: gcc.dg/vect/vect-iv-7.c (test for excess errors)
FAIL: gcc.dg/vect/vect-iv-8.c (test for excess errors)
FAIL: gcc.dg/vect/vect-iv-8a.c (test for excess errors)
FAIL: gcc.dg/vect/vect-iv-9.c (test for excess errors)
FAIL: gcc.dg/vect/vect-multitypes-1.c (test for excess errors)
FAIL: gcc.dg/vect/vect-multitypes-10.c (test for excess errors)
FAIL: gcc.dg/vect/vect-multitypes-2.c (test for excess errors)
FAIL: gcc.dg/vect/vect-multitypes-3.c (test for excess errors)
FAIL: gcc.dg/vect/vect-multitypes-4.c (test for excess errors)
FAIL: gcc.dg/vect/vect-multitypes-5.c (test for excess errors)
FAIL: gcc.dg/vect/vect-multitypes-6.c (test for excess errors)
FAIL: gcc.dg/vect/vect-multitypes-7.c (test for excess errors)
FAIL: gcc.dg/vect/vect-multitypes-8.c (test for excess errors)
FAIL: gcc.dg/vect/vect-multitypes-9.c (test for excess errors)
FAIL: gcc.dg/vect/vect-reduc-1.c (test for excess errors)
FAIL: gcc.dg/vect/vect-reduc-1char.c (test for excess errors)
FAIL: gcc.dg/vect/vect-reduc-1short.c (test for excess errors)
FAIL: gcc.dg/vect/vect-reduc-2.c (test for excess errors)
FAIL: gcc.dg/vect/vect-reduc-2char.c (test for excess errors)
FAIL: gcc.dg/vect/vect-reduc-2short.c (test for excess errors)
FAIL: gcc.dg/vect/vect-reduc-3.c (test for excess errors)
FAIL: gcc.dg/vect/vect-reduc-6.c (test for excess errors)
FAIL: gcc.dg/vect/vect-reduc-7.c (test for excess errors)
FAIL: gcc.dg/vect/vect-reduc-8.c (test for excess errors)
FAIL: gcc.dg/vect/vect-reduc-9.c (test for excess errors)
FAIL: gcc.dg/vect/vect-reduc-dot-s16a.c (test for excess errors)
FAIL: gcc.dg/vect/vect-reduc-dot-s16b.c (test for excess errors)
FAIL: gcc.dg/vect/vect-reduc-dot-s8a.c (test for excess errors)
FAIL: gcc.dg/vect/vect-reduc-dot-s8b.c (test for excess errors)
FAIL: gcc.dg/vect/vect-reduc-dot-s8c.c (test for excess errors)
FAIL: gcc.dg/vect/vect-reduc-dot-u16a.c (test for excess errors)
FAIL: gcc.dg/vect/vect-reduc-dot-u16b.c (test for excess errors)
FAIL: gcc.dg/vect/vect-reduc-dot-u8a.c (test for excess errors)
FAIL: gcc.dg/vect/vect-reduc-dot-u8b.c (test for excess errors)
FAIL: gcc.dg/vect/vect-reduc-pattern-1a.c (test for excess errors)
FAIL: gcc.dg/vect/vect-reduc-pattern-1b.c (test for excess errors)
FAIL: gcc.dg/vect/vect-reduc-pattern-1c.c (test for excess errors)
FAIL: gcc.dg/vect/vect-reduc-pattern-2a.c (test for excess errors)
FAIL: gcc.dg/vect/vect-reduc-pattern-2b.c (test for excess errors)
FAIL: gcc.dg/vect/vect-reduc-pattern-2c.c (test for excess errors)
FAIL: gcc.dg/vect/vect-shift-1.c (test for excess errors)
FAIL: gcc.dg/vect/vect-strided-a-mult.c (test for excess errors)
FAIL: gcc.dg/vect/vect-strided-a-u16-i2.c (test for excess errors)
FAIL: gcc.dg/vect/vect-strided-a-u16-i4.c (test for excess errors)
FAIL: gcc.dg/vect/vect-strided-a-u16-mult.c (test for excess errors)
FAIL: gcc.dg/vect/vect-strided-a-u32-mult.c (test for excess errors)
FAIL: gcc.dg/vect/vect-strided-a-u8-i2-gap.c (test for excess errors)
FAIL: gcc.dg/vect/vect-strided-a-u8-i8-gap2.c (test for excess errors)
FAIL: gcc.dg/vect/vect-strided-a-u8-i8-gap7.c (test for excess errors)
FAIL: gcc.dg/vect/vect-strided-float.c (test for excess errors)
FAIL: gcc.dg/vect/vect-strided-mult-char-ls.c (test for excess errors)
FAIL: gcc.dg/vect/vect-strided-mult.c (test for excess errors)
FAIL: gcc.dg/vect/vect-strided-same-dr.c (test for excess errors)
FAIL: gcc.dg/vect/vect-strided-store-a-u8-i2.c (test for excess errors)
FAIL: gcc.dg/vect/vect-strided-store-u16-i4.c (test for excess errors)
FAIL: gcc.dg/vect/vect-strided-store-u32-i2.c (test for excess errors)
FAIL: gcc.dg/vect/vect-strided-u16-i2.c (test for excess errors)
FAIL: gcc.dg/vect/vect-strided-u16-i4.c (test for excess errors)
FAIL: gcc.dg/vect/vect-strided-u32-i4.c (test for excess errors)
FAIL: gcc.dg/vect/vect-strided-u32-i8.c (test for excess errors)
FAIL: gcc.dg/vect/vect-strided-u32-mult.c (test for excess errors)
FAIL: gcc.dg/vect/vect-strided-u8-i2-gap.c (test for excess errors)
FAIL: gcc.dg/vect/vect-strided-u8-i2.c (test for excess errors)
FAIL: gcc.dg/vect/vect-strided-u8-i8-gap2.c (test for excess errors)
FAIL: gcc.dg/vect/vect-strided-u8-i8-gap4.c (test for excess errors)
FAIL: gcc.dg/vect/vect-strided-u8-i8-gap7.c (test for excess errors)
FAIL: gcc.dg/vect/vect-strided-u8-i8.c (test for excess errors)
FAIL: gcc.dg/vect/vect-widen-mult-s16.c (test for excess errors)
FAIL: gcc.dg/vect/vect-widen-mult-s8.c (test for excess errors)
FAIL: gcc.dg/vect/vect-widen-mult-sum.c (test for excess errors)
FAIL: gcc.dg/vect/vect-widen-mult-u16.c (test for excess errors)
FAIL: gcc.dg/vect/vect-widen-mult-u8.c (test for excess errors)
FAIL: gcc.dg/vect/fast-math-vect-reduc-5.c (test for excess errors)
FAIL: gcc.dg/vect/fast-math-vect-reduc-7.c (test for excess errors)
FAIL: gcc.dg/vect/wrapv-vect-7.c (test for excess errors)
FAIL: gcc.dg/vect/wrapv-vect-reduc-2char.c (test for excess errors)
FAIL: gcc.dg/vect/wrapv-vect-reduc-2short.c (test for excess errors)
FAIL: gcc.dg/vect/wrapv-vect-reduc-dot-s8b.c (test for excess errors)
FAIL: gcc.dg/vect/wrapv-vect-reduc-pattern-2c.c (test for excess errors)
FAIL: gcc.dg/vect/no-section-anchors-vect-69.c (test for excess errors)
FAIL: gcc.dg/vect/no-trapping-math-2.c (test for excess errors)
FAIL: gcc.dg/vect/no-tree-scev-cprop-vect-iv-1.c (test for excess errors)
FAIL: gcc.dg/vect/no-tree-scev-cprop-vect-iv-2.c (test for excess errors)
FAIL: gcc.dg/vect/Os-vect-95.c (test for excess errors)
FAIL: gcc.target/i386/20011009-1.c (test for excess errors)
FAIL: gcc.target/i386/20011119-1.c (test for excess errors)
FAIL: gcc.target/i386/20020523-1.c (test for excess errors)
FAIL: gcc.target/i386/20020523-2.c (test for excess errors)
FAIL: gcc.target/i386/20060512-1.c (test for excess errors)
FAIL: gcc.target/i386/20060512-3.c (test for excess errors)
FAIL: gcc.target/i386/980414-1.c (test for excess errors)
FAIL: gcc.target/i386/asm-3.c (test for excess errors)
FAIL: gcc.target/i386/asm-4.c (test for excess errors)
FAIL: gcc.target/i386/asm-5.c (test for excess errors)
FAIL: gcc.target/i386/builtin-apply-mmx.c (test for excess errors)
FAIL: gcc.target/i386/call-1.c (test for excess errors)
FAIL: gcc.target/i386/cleanup-1.c (test for excess errors)
FAIL: gcc.target/i386/clobbers.c (test for excess errors)
FAIL: gcc.target/i386/fpprec-1.c (test for excess errors)
FAIL: gcc.target/i386/mmx-4.c (test for excess errors)
FAIL: gcc.target/i386/pr13685.c (test for excess errors)
FAIL: gcc.target/i386/pr30413.c (test for excess errors)
FAIL: gcc.target/i386/sse-10.c (test for excess errors)
FAIL: gcc.target/i386/sse-11.c (test for excess errors)
FAIL: gcc.target/i386/sse-18.c (test for excess errors)
FAIL: gcc.target/i386/sse-3.c (test for excess errors)
FAIL: gcc.target/i386/sse-6.c (test for excess errors)
FAIL: gcc.target/i386/sse-7.c (test for excess errors)
FAIL: gcc.target/i386/sse-9.c (test for excess errors)
FAIL: gcc.target/i386/sse3-addsubpd.c (test for excess errors)
FAIL: gcc.target/i386/sse3-addsubps.c (test for excess errors)
FAIL: gcc.target/i386/sse3-haddpd.c (test for excess errors)
FAIL: gcc.target/i386/sse3-haddps.c (test for excess errors)
FAIL: gcc.target/i386/sse3-hsubpd.c (test for excess errors)
FAIL: gcc.target/i386/sse3-hsubps.c (test for excess errors)
FAIL: gcc.target/i386/sse3-lddqu.c (test for excess errors)
FAIL: gcc.target/i386/sse3-movddup.c (test for excess errors)
FAIL: gcc.target/i386/sse3-movshdup.c (test for excess errors)
FAIL: gcc.target/i386/sse3-movsldup.c (test for excess errors)
FAIL: gcc.target/i386/sse4a-extract.c (test for excess errors)
WARNING: gcc.target/i386/sse4a-extract.c compilation failed to produce executable
FAIL: gcc.target/i386/sse4a-insert.c (test for excess errors)
WARNING: gcc.target/i386/sse4a-insert.c compilation failed to produce executable
FAIL: gcc.target/i386/sse4a-montsd.c (test for excess errors)
WARNING: gcc.target/i386/sse4a-montsd.c compilation failed to produce executable
FAIL: gcc.target/i386/sse4a-montss.c (test for excess errors)
WARNING: gcc.target/i386/sse4a-montss.c compilation failed to produce executable
FAIL: gcc.target/i386/ssefn-3.c (test for excess errors)
FAIL: gcc.target/i386/ssefn-4.c (test for excess errors)
FAIL: gcc.target/i386/ssse3-pabsb.c (test for excess errors)
WARNING: gcc.target/i386/ssse3-pabsb.c compilation failed to produce executable
FAIL: gcc.target/i386/ssse3-pabsd.c (test for excess errors)
WARNING: gcc.target/i386/ssse3-pabsd.c compilation failed to produce executable
FAIL: gcc.target/i386/ssse3-pabsw.c (test for excess errors)
WARNING: gcc.target/i386/ssse3-pabsw.c compilation failed to produce executable
FAIL: gcc.target/i386/ssse3-palignr.c (test for excess errors)
WARNING: gcc.target/i386/ssse3-palignr.c compilation failed to produce executable
FAIL: gcc.target/i386/ssse3-phaddd.c (test for excess errors)
WARNING: gcc.target/i386/ssse3-phaddd.c compilation failed to produce executable
FAIL: gcc.target/i386/ssse3-phaddsw.c (test for excess errors)
WARNING: gcc.target/i386/ssse3-phaddsw.c compilation failed to produce executable
FAIL: gcc.target/i386/ssse3-phaddw.c (test for excess errors)
WARNING: gcc.target/i386/ssse3-phaddw.c compilation failed to produce executable
FAIL: gcc.target/i386/ssse3-phsubd.c (test for excess errors)
WARNING: gcc.target/i386/ssse3-phsubd.c compilation failed to produce executable
FAIL: gcc.target/i386/ssse3-phsubsw.c (test for excess errors)
WARNING: gcc.target/i386/ssse3-phsubsw.c compilation failed to produce executable
FAIL: gcc.target/i386/ssse3-phsubw.c (test for excess errors)
WARNING: gcc.target/i386/ssse3-phsubw.c compilation failed to produce executable
FAIL: gcc.target/i386/ssse3-pmaddubsw.c (test for excess errors)
WARNING: gcc.target/i386/ssse3-pmaddubsw.c compilation failed to produce executable
FAIL: gcc.target/i386/ssse3-pmulhrsw.c (test for excess errors)
WARNING: gcc.target/i386/ssse3-pmulhrsw.c compilation failed to produce executable
FAIL: gcc.target/i386/ssse3-pshufb.c (test for excess errors)
WARNING: gcc.target/i386/ssse3-pshufb.c compilation failed to produce executable
FAIL: gcc.target/i386/ssse3-psignb.c (test for excess errors)
WARNING: gcc.target/i386/ssse3-psignb.c compilation failed to produce executable
FAIL: gcc.target/i386/ssse3-psignd.c (test for excess errors)
WARNING: gcc.target/i386/ssse3-psignd.c compilation failed to produce executable
FAIL: gcc.target/i386/ssse3-psignw.c (test for excess errors)
WARNING: gcc.target/i386/ssse3-psignw.c compilation failed to produce executable
=== gcc Summary ===
# of expected passes 43257
# of unexpected failures 313
# of unexpected successes 2
# of expected failures 114
# of unresolved testcases 14
# of untested testcases 28
# of unsupported tests 300
/home/fxcoudert/gfortran_nightbuild/ibin-20070310/gcc/xgcc version 4.3.0 20070310 (experimental)
=== gfortran tests ===
Running target unix
FAIL: gfortran.dg/csqrt_2.f -O0 execution test
FAIL: gfortran.dg/csqrt_2.f -O1 execution test
FAIL: gfortran.dg/csqrt_2.f -O2 execution test
FAIL: gfortran.dg/csqrt_2.f -O3 -fomit-frame-pointer execution test
FAIL: gfortran.dg/csqrt_2.f -O3 -fomit-frame-pointer -funroll-loops execution test
FAIL: gfortran.dg/csqrt_2.f -O3 -fomit-frame-pointer -funroll-all-loops -finline-functions execution test
FAIL: gfortran.dg/csqrt_2.f -O3 -g execution test
FAIL: gfortran.dg/csqrt_2.f -Os execution test
=== gfortran Summary ===
# of expected passes 16579
# of unexpected failures 8
# of expected failures 7
# of unsupported tests 24
/home/fxcoudert/gfortran_nightbuild/ibin-20070310/gcc/testsuite/gfortran/../../gfortran version 4.3.0 20070310 (experimental)
Compiler version: 4.3.0 20070310 (experimental)
Platform: i386-pc-linux-gnu
configure flags: --prefix=/home/fxcoudert/gfortran_nightbuild/irun-20070310 --enable-languages=c,fortran --build=i386-pc-linux-gnu --enable-checking=release --with-gmp=/home/fxcoudert/gfortran_nightbuild/software