This is the mail archive of the
gcc-testresults@gcc.gnu.org
mailing list for the GCC project.
Results for 4.2.0 20070301 (prerelease) testsuite on arm-none-linux-gnueabi
- From: CodeSourcery Automatic Testing System <gcc at codesourcery dot com>
- To: gcc-testresults at gcc dot gnu dot org
- Date: Fri, 2 Mar 2007 14:24:34 -0800
- Subject: Results for 4.2.0 20070301 (prerelease) testsuite on arm-none-linux-gnueabi
LAST_UPDATED: Thu Mar 1 08:10:41 UTC 2007 (/branches/gcc-4_2-branch revision 122422)
Target is arm-none-linux-gnueabi
Host is i686-pc-linux-gnu
=== g++ tests ===
Running target qemu-system
FAIL: g++.dg/abi/local1.C execution test
XPASS: g++.dg/other/packed1.C execution test
FAIL: g++.dg/gomp/pr27325.C (internal compiler error)
FAIL: g++.dg/gomp/pr27325.C (test for excess errors)
FAIL: g++.dg/gomp/pr27337-2.C (internal compiler error)
FAIL: g++.dg/gomp/pr27337-2.C (test for excess errors)
=== g++ Summary ===
# of expected passes 13240
# of unexpected failures 5
# of unexpected successes 1
# of expected failures 67
# of unsupported tests 130
/scratch/gcc/nightly-2007-03-01-4.2/arm-none-linux-gnueabi/build_gcc/build/test-4.2-0-arm-none-linux-gnueabi/host-i686-pc-linux-gnu/fsf-4.2/bin/arm-none-linux-gnueabi-g++ version 4.2.0 20070301 (prerelease)
Host is i686-pc-linux-gnu
=== gcc tests ===
Running target qemu-system
FAIL: gcc.c-torture/execute/mayalias-2.c compilation, -O3 -g (internal compiler error)
UNRESOLVED: gcc.c-torture/execute/mayalias-2.c execution, -O3 -g
FAIL: gcc.dg/tree-ssa/loadpre1.c scan-tree-dump-times Eliminated: 1 1
FAIL: gcc.dg/tree-ssa/loadpre14.c scan-tree-dump-times Eliminated: 1 1
FAIL: gcc.dg/tree-ssa/loadpre15.c scan-tree-dump-times Eliminated: 1 1
=== gcc Summary ===
# of expected passes 40406
# of unexpected failures 4
# of expected failures 80
# of unresolved testcases 1
# of untested testcases 28
# of unsupported tests 392
/scratch/gcc/nightly-2007-03-01-4.2/arm-none-linux-gnueabi/build_gcc/build/test-4.2-0-arm-none-linux-gnueabi/host-i686-pc-linux-gnu/fsf-4.2/bin/arm-none-linux-gnueabi-gcc version 4.2.0 20070301 (prerelease)
Host is i686-pc-linux-gnu
=== libstdc++ tests ===
Running target qemu-system
ERROR: tcl error sourcing /scratch/gcc/nightly-2007-03-01-4.2/src/gcc-4.2/libstdc++-v3/testsuite/libstdc++-dg/conformance.exp.
ERROR: couldn't execute "": no such file or directory
=== libstdc++ Summary ===
# of expected passes 2779
# of expected failures 8
# of unsupported tests 316
Host is i686-pc-linux-gnu
=== g++ tests ===
Running target qemu-system/-mthumb
FAIL: g++.dg/abi/local1.C execution test
XPASS: g++.dg/other/packed1.C execution test
FAIL: g++.dg/gomp/pr27325.C (internal compiler error)
FAIL: g++.dg/gomp/pr27325.C (test for excess errors)
FAIL: g++.dg/gomp/pr27337-2.C (internal compiler error)
FAIL: g++.dg/gomp/pr27337-2.C (test for excess errors)
FAIL: g++.old-deja/g++.abi/cxa_vec.C execution test
FAIL: g++.old-deja/g++.brendan/new3.C execution test
=== g++ Summary ===
# of expected passes 13236
# of unexpected failures 7
# of unexpected successes 1
# of expected failures 67
# of unsupported tests 131
/scratch/gcc/nightly-2007-03-01-4.2/arm-none-linux-gnueabi/build_gcc/build/test-4.2-0-arm-none-linux-gnueabi/host-i686-pc-linux-gnu/fsf-4.2/bin/arm-none-linux-gnueabi-g++ version 4.2.0 20070301 (prerelease)
Host is i686-pc-linux-gnu
=== gcc tests ===
Running target qemu-system/-mthumb
XPASS: gcc.c-torture/execute/941014-1.c execution, -O0
FAIL: gcc.c-torture/execute/mayalias-2.c compilation, -O3 -g (internal compiler error)
UNRESOLVED: gcc.c-torture/execute/mayalias-2.c execution, -O3 -g
FAIL: gcc.dg/nested-func-4.c (test for excess errors)
UNRESOLVED: gcc.dg/nested-func-4.c compilation failed to produce executable
FAIL: gcc.dg/sibcall-3.c execution test
FAIL: gcc.dg/sibcall-4.c execution test
XPASS: gcc.dg/tree-ssa/20040204-1.c scan-tree-dump-times link_error 0
FAIL: gcc.dg/tree-ssa/loadpre1.c scan-tree-dump-times Eliminated: 1 1
FAIL: gcc.dg/tree-ssa/loadpre14.c scan-tree-dump-times Eliminated: 1 1
FAIL: gcc.dg/tree-ssa/loadpre15.c scan-tree-dump-times Eliminated: 1 1
=== gcc Summary ===
# of expected passes 40342
# of unexpected failures 7
# of unexpected successes 2
# of expected failures 79
# of unresolved testcases 2
# of untested testcases 28
# of unsupported tests 402
/scratch/gcc/nightly-2007-03-01-4.2/arm-none-linux-gnueabi/build_gcc/build/test-4.2-0-arm-none-linux-gnueabi/host-i686-pc-linux-gnu/fsf-4.2/bin/arm-none-linux-gnueabi-gcc version 4.2.0 20070301 (prerelease)
Host is i686-pc-linux-gnu
=== libstdc++ tests ===
Running target qemu-system/-mthumb
FAIL: 27_io/ios_base/storage/11584.cc execution test
ERROR: tcl error sourcing /scratch/gcc/nightly-2007-03-01-4.2/src/gcc-4.2/libstdc++-v3/testsuite/libstdc++-dg/conformance.exp.
ERROR: couldn't execute "": no such file or directory
=== libstdc++ Summary ===
# of expected passes 2778
# of unexpected failures 1
# of expected failures 8
# of unsupported tests 316
Compiler version: 4.2.0 20070301 (prerelease)
Platform: arm-none-linux-gnueabi
configure flags: --build=i686-pc-linux-gnu --host=i686-pc-linux-gnu --target=arm-none-linux-gnueabi --enable-shared --enable-threads --disable-libmudflap --disable-libssp --disable-libgomp --disable-libstdcxx-pch --with-gnu-as --with-gnu-ld --prefix=/opt/codesourcery --enable-languages=c,c++ --enable-symvers=gnu --enable-__cxa_atexit --disable-nls --with-sysroot=/opt/codesourcery/arm-none-linux-gnueabi/libc --with-build-sysroot=/scratch/gcc/nightly-2007-03-01-4.2/arm-none-linux-gnueabi/build_gcc/install/arm-none-linux-gnueabi/libc --with-build-time-tools=/scratch/gcc/nightly-2007-03-01-4.2/arm-none-linux-gnueabi/build_gcc/install/arm-none-linux-gnueabi/bin --with-build-time-tools=/scratch/gcc/nightly-2007-03-01-4.2/arm-none-linux-gnueabi/build_gcc/install/arm-none-linux-gnueabi/bin