This is the mail archive of the gcc-testresults@gcc.gnu.org mailing list for the GCC project.


Index Nav: [Date Index] [Subject Index] [Author Index] [Thread Index]
Message Nav: [Date Prev] [Date Next] [Thread Prev] [Thread Next]
Other format: [Raw text]

Results for 4.2.0 20070222 (prerelease) testsuite on powerpc-apple-darwin9


Tested after a make install on Leopard9A357.

LAST_UPDATED: Thu Feb 22 22:03:00 UTC 2007 (revision 122239)

Native configuration is powerpc-apple-darwin9

		=== g++ tests ===


Running target unix
FAIL: g++.dg/eh/simd-4.C execution test
FAIL: g++.dg/ext/alignof2.C execution test
FAIL: g++.dg/other/unused1.C scan-assembler (string|ascii?)z?\\t"class2("|\\\\\\\\000)
FAIL: g++.dg/other/unused1.C scan-assembler (string|ascii?)z?\\t"printer("|\\\\\\\\000)
FAIL: g++.dg/rtti/repo1.C (test for excess errors)
FAIL: g++.dg/template/repo1.C (test for excess errors)
FAIL: g++.dg/template/repo3.C (test for excess errors)
FAIL: g++.dg/warn/weak1.C (test for excess errors)
WARNING: g++.dg/warn/weak1.C compilation failed to produce executable
FAIL: g++.dg/special/conpr-3.C execution test
FAIL: g++.old-deja/g++.pt/instantiate4.C (test for excess errors)
FAIL: g++.old-deja/g++.pt/instantiate6.C (test for excess errors)
FAIL: g++.old-deja/g++.pt/repo1.C (test for excess errors)
FAIL: g++.old-deja/g++.pt/repo2.C (test for excess errors)
FAIL: g++.old-deja/g++.pt/repo3.C (test for excess errors)
FAIL: g++.old-deja/g++.pt/repo4.C (test for excess errors)

		=== g++ Summary ===

# of expected passes		13185
# of unexpected failures	15
# of expected failures		67
# of unsupported tests		130
/Volumes/mrs3/net/gcc-4.2-fsf/gcc-darwinO2/gcc/testsuite/g++/../../g++  version 4.2.0 20070222 (prerelease)

		=== gcc tests ===


Running target unix
WARNING: program timed out.
FAIL: gcc.c-torture/compile/20001226-1.c  -O3 -g  (test for excess errors)
WARNING: program timed out.
FAIL: gcc.c-torture/compile/20001226-1.c  -Os  (test for excess errors)
XPASS: gcc.dg/20020103-1.c scan-assembler-not LC[0-9]
FAIL: gcc.dg/cleanup-10.c execution test
FAIL: gcc.dg/cleanup-11.c execution test
FAIL: gcc.dg/cleanup-8.c execution test
FAIL: gcc.dg/cleanup-9.c execution test
FAIL: gcc.dg/tree-ssa/loadpre1.c scan-tree-dump-times Eliminated: 1 1
FAIL: gcc.dg/tree-ssa/loadpre14.c scan-tree-dump-times Eliminated: 1 1
FAIL: gcc.dg/tree-ssa/loadpre15.c scan-tree-dump-times Eliminated: 1 1
FAIL: gcc.dg/tree-ssa/loop-19.c scan-tree-dump-times MEM.(base: &|symbol: )a, 2
FAIL: gcc.dg/tree-ssa/loop-19.c scan-tree-dump-times MEM.(base: &|symbol: )c, 2
FAIL: gcc.dg/vect/section-anchors-pr27770.c (test for excess errors)
FAIL: gcc.dg/vect/section-anchors-vect-69.c (test for excess errors)
FAIL: gcc.dg/vect/section-anchors-vect-69.c scan-tree-dump-times Alignment of access forced using peeling 4
FAIL: gcc.target/powerpc/stabs-attrib-vect-darwin.c scan-assembler .stabs.*vi:\\\\(0,16\\\\)=@V

		=== gcc Summary ===

# of expected passes		42288
# of unexpected failures	15
# of unexpected successes	1
# of expected failures		116
# of untested testcases		28
# of unsupported tests		447
/Volumes/mrs3/net/gcc-4.2-fsf/gcc-darwinO2/gcc/xgcc  version 4.2.0 20070222 (prerelease)

		=== gfortran tests ===


Running target unix
FAIL: gfortran.dg/actual_array_constructor_1.f90  -O3 -g  (test for excess errors)
FAIL: gfortran.dg/assign.f90  -O3 -g  (test for excess errors)
FAIL: gfortran.dg/assign_2.f90  -O3 -g  (test for excess errors)
FAIL: gfortran.dg/auto_char_dummy_array_1.f90  -O3 -g  (test for excess errors)
FAIL: gfortran.dg/blockdata_1.f90  -O3 -g  (test for excess errors)
FAIL: gfortran.dg/char_array_constructor.f90  -O3 -g  (test for excess errors)
FAIL: gfortran.dg/char_array_structure_constructor.f90  -O3 -g  (test for excess errors)
FAIL: gfortran.dg/common_2.f90  -O3 -g  (test for excess errors)
FAIL: gfortran.dg/common_4.f90  -O3 -g  (test for excess errors)
FAIL: gfortran.dg/common_equivalence_1.f  -O3 -g  (test for excess errors)
FAIL: gfortran.dg/common_pointer_1.f90  -O3 -g  (test for excess errors)
FAIL: gfortran.dg/contained_1.f90  -O3 -g  (test for excess errors)
FAIL: gfortran.dg/cray_pointers_2.f90  -O3 -g  (test for excess errors)
FAIL: gfortran.dg/cray_pointers_5.f90  -O3 -g  (test for excess errors)
FAIL: gfortran.dg/entry_array_specs_2.f  -O3 -g  (test for excess errors)
FAIL: gfortran.dg/equiv_6.f90  -O3 -g  (test for excess errors)
FAIL: gfortran.dg/f2c_6.f90  -O3 -g  (test for excess errors)
FAIL: gfortran.dg/large_real_kind_2.F90  -O0  execution test
FAIL: gfortran.dg/large_real_kind_2.F90  -O1  execution test
FAIL: gfortran.dg/large_real_kind_2.F90  -O2  execution test
FAIL: gfortran.dg/large_real_kind_2.F90  -O3 -fomit-frame-pointer  execution test
FAIL: gfortran.dg/large_real_kind_2.F90  -O3 -fomit-frame-pointer -funroll-loops  execution test
FAIL: gfortran.dg/large_real_kind_2.F90  -O3 -fomit-frame-pointer -funroll-all-loops -finline-functions  execution test
FAIL: gfortran.dg/large_real_kind_2.F90  -O3 -g  execution test
FAIL: gfortran.dg/large_real_kind_2.F90  -Os  execution test
FAIL: gfortran.dg/large_real_kind_form_io_2.f90  -O0  execution test
FAIL: gfortran.dg/large_real_kind_form_io_2.f90  -O1  execution test
FAIL: gfortran.dg/large_real_kind_form_io_2.f90  -O2  execution test
FAIL: gfortran.dg/large_real_kind_form_io_2.f90  -O3 -fomit-frame-pointer  execution test
FAIL: gfortran.dg/large_real_kind_form_io_2.f90  -O3 -fomit-frame-pointer -funroll-loops  execution test
FAIL: gfortran.dg/large_real_kind_form_io_2.f90  -O3 -fomit-frame-pointer -funroll-all-loops -finline-functions  execution test
FAIL: gfortran.dg/large_real_kind_form_io_2.f90  -O3 -g  execution test
FAIL: gfortran.dg/large_real_kind_form_io_2.f90  -Os  execution test
FAIL: gfortran.dg/loc_1.f90  -O3 -g  (test for excess errors)
FAIL: gfortran.dg/loc_2.f90  -O3 -g  (test for excess errors)
FAIL: gfortran.dg/module_blank_common.f90  -O3 -g  (test for excess errors)
FAIL: gfortran.dg/module_commons_1.f90  -O3 -g  (test for excess errors)
FAIL: gfortran.dg/module_equivalence_1.f90  -O3 -g  (test for excess errors)
FAIL: gfortran.dg/module_equivalence_2.f90  -O3 -g  (test for excess errors)
FAIL: gfortran.dg/namelist_14.f90  -O3 -g  (test for excess errors)
FAIL: gfortran.dg/namelist_use.f90  -O3 -g  (test for excess errors)
FAIL: gfortran.dg/namelist_use_only.f90  -O3 -g  (test for excess errors)
FAIL: gfortran.dg/nested_modules_1.f90  -O3 -g  (test for excess errors)
FAIL: gfortran.dg/pr16861.f90  -O3 -g  (test for excess errors)
FAIL: gfortran.dg/pr29581.f90  -O3 -g  (test for excess errors)
FAIL: gfortran.dg/stat_1.f90  -O0  execution test
FAIL: gfortran.dg/stat_1.f90  -O1  execution test
FAIL: gfortran.dg/stat_1.f90  -O2  execution test
FAIL: gfortran.dg/stat_1.f90  -O3 -fomit-frame-pointer  execution test
FAIL: gfortran.dg/stat_1.f90  -O3 -fomit-frame-pointer -funroll-loops  execution test
FAIL: gfortran.dg/stat_1.f90  -O3 -fomit-frame-pointer -funroll-all-loops -finline-functions  execution test
FAIL: gfortran.dg/stat_1.f90  -O3 -g  execution test
FAIL: gfortran.dg/stat_1.f90  -Os  execution test
FAIL: gfortran.dg/stat_2.f90  -O0  execution test
FAIL: gfortran.dg/stat_2.f90  -O1  execution test
FAIL: gfortran.dg/stat_2.f90  -O2  execution test
FAIL: gfortran.dg/stat_2.f90  -O3 -fomit-frame-pointer  execution test
FAIL: gfortran.dg/stat_2.f90  -O3 -fomit-frame-pointer -funroll-loops  execution test
FAIL: gfortran.dg/stat_2.f90  -O3 -fomit-frame-pointer -funroll-all-loops -finline-functions  execution test
FAIL: gfortran.dg/stat_2.f90  -O3 -g  execution test
FAIL: gfortran.dg/stat_2.f90  -Os  execution test
FAIL: gfortran.dg/use_allocated_1.f90  -O3 -g  (test for excess errors)
FAIL: gfortran.dg/used_dummy_types_1.f90  -O3 -g  (test for excess errors)
FAIL: gfortran.dg/used_interface_ref.f90  -O3 -g  (test for excess errors)
FAIL: gfortran.dg/g77/13037.f  -O3 -g  (test for excess errors)
FAIL: gfortran.dg/g77/19990419-1.f  -O3 -g  (test for excess errors)
FAIL: gfortran.dg/g77/f90-intrinsic-bit.f  -O3 -g  (test for excess errors)
FAIL: gfortran.dg/g77/f90-intrinsic-mathematical.f  -O3 -g  (test for excess errors)
FAIL: gfortran.dg/g77/f90-intrinsic-numeric.f  -O3 -g  (test for excess errors)
FAIL: gfortran.dg/g77/intrinsic-unix-bessel.f  -O3 -g  (test for excess errors)
FAIL: gfortran.dg/g77/intrinsic-unix-erf.f  -O3 -g  (test for excess errors)
FAIL: gfortran.dg/g77/short.f  -O3 -g  (test for excess errors)

		=== gfortran Summary ===

# of expected passes		15620
# of unexpected failures	72
# of expected failures		7
# of unsupported tests		57
/Volumes/mrs3/net/gcc-4.2-fsf/gcc-darwinO2/gcc/testsuite/gfortran/../../gfortran  version 4.2.0 20070222 (prerelease)

		=== obj-c++ tests ===


Running target unix
ERROR: obj-c++.dg/stubify-2.mm: error executing dg-final: couldn't open "stubify-2.mm.08.jump": no such file or directory
UNRESOLVED: obj-c++.dg/stubify-2.mm: error executing dg-final: couldn't open "stubify-2.mm.08.jump": no such file or directory

		=== obj-c++ Summary ===

# of expected passes		468
# of unresolved testcases	1
/Volumes/mrs3/net/gcc-4.2-fsf/gcc-darwinO2/gcc/testsuite/obj-c++/../../g++  version 4.2.0 20070222 (prerelease)

		=== objc tests ===


Running target unix
FAIL: objc.dg/no-extra-load.m (test for excess errors)
ERROR: objc.dg/no-extra-load.m: error executing dg-final: couldn't open "no-extra-load.s": no such file or directory
UNRESOLVED: objc.dg/no-extra-load.m: error executing dg-final: couldn't open "no-extra-load.s": no such file or directory

		=== objc Summary ===

# of expected passes		3007
# of unexpected failures	1
# of expected failures		17
# of unresolved testcases	1
# of unsupported tests		1
/Volumes/mrs3/net/gcc-4.2-fsf/gcc-darwinO2/gcc/xgcc  version 4.2.0 20070222 (prerelease)

		=== treelang tests ===


Running target unix

		=== treelang Summary ===

# of expected passes		52
		=== libffi tests ===


Running target unix

		=== libffi Summary ===

# of expected passes		1068
# of expected failures		8
# of unsupported tests		8
		=== libgomp tests ===


Running target unix
FAIL: libgomp.c++/pr30703.C  -O0  (test for excess errors)
WARNING: libgomp.c++/pr30703.C  -O0  compilation failed to produce executable
FAIL: libgomp.c++/pr30703.C  -O1  (test for excess errors)
WARNING: libgomp.c++/pr30703.C  -O1  compilation failed to produce executable
FAIL: libgomp.c++/pr30703.C  -O2  (test for excess errors)
WARNING: libgomp.c++/pr30703.C  -O2  compilation failed to produce executable
FAIL: libgomp.c++/pr30703.C  -O3 -fomit-frame-pointer  (test for excess errors)
WARNING: libgomp.c++/pr30703.C  -O3 -fomit-frame-pointer  compilation failed to produce executable
FAIL: libgomp.c++/pr30703.C  -O3 -fomit-frame-pointer -funroll-loops  (test for excess errors)
WARNING: libgomp.c++/pr30703.C  -O3 -fomit-frame-pointer -funroll-loops  compilation failed to produce executable
FAIL: libgomp.c++/pr30703.C  -O3 -fomit-frame-pointer -funroll-all-loops -finline-functions  (test for excess errors)
WARNING: libgomp.c++/pr30703.C  -O3 -fomit-frame-pointer -funroll-all-loops -finline-functions  compilation failed to produce executable
FAIL: libgomp.c++/pr30703.C  -O3 -g  (test for excess errors)
WARNING: libgomp.c++/pr30703.C  -O3 -g  compilation failed to produce executable
FAIL: libgomp.c++/pr30703.C  -Os  (test for excess errors)
WARNING: libgomp.c++/pr30703.C  -Os  compilation failed to produce executable
FAIL: libgomp.fortran/appendix-a/a.19.1.f90  -O3 -g  (test for excess errors)
FAIL: libgomp.fortran/appendix-a/a.28.1.f90  -O3 -g  (test for excess errors)
FAIL: libgomp.fortran/appendix-a/a.28.2.f90  -O3 -g  (test for excess errors)
FAIL: libgomp.fortran/jacobi.f  -O3 -g  (test for excess errors)
FAIL: libgomp.fortran/nestedfn2.f90  -O3 -g  (test for excess errors)
FAIL: libgomp.fortran/sharing1.f90  -O3 -g  (test for excess errors)

		=== libgomp Summary ===

# of expected passes		1324
# of unexpected failures	14
# of unsupported tests		111
		=== libjava tests ===


Running target unix
FAIL: Array_3 execution - source compiled test
FAIL: Array_3 execution - gij test
FAIL: Array_3 execution - bytecode->native test
FAIL: Array_3 execution - gij test
FAIL: Array_3 -findirect-dispatch execution - bytecode->native test
FAIL: Array_3 -O3 execution - source compiled test
FAIL: Array_3 execution - gij test
FAIL: Array_3 -O3 execution - bytecode->native test
FAIL: Array_3 execution - gij test
FAIL: Array_3 -O3 -findirect-dispatch execution - bytecode->native test
FAIL: Invoke_1 execution - source compiled test
FAIL: Invoke_1 execution - bytecode->native test
FAIL: Invoke_1 -findirect-dispatch execution - bytecode->native test
FAIL: Invoke_1 -O3 execution - source compiled test
FAIL: Invoke_1 -O3 execution - bytecode->native test
FAIL: Invoke_1 -O3 -findirect-dispatch execution - bytecode->native test
FAIL: PR218 execution - source compiled test
FAIL: PR218 execution - bytecode->native test
FAIL: PR218 -O3 execution - source compiled test
FAIL: PR218 -O3 execution - bytecode->native test
FAIL: PR27908 -O3 -findirect-dispatch execution - bytecode->native test
FAIL: StackTrace2 execution - source compiled test
FAIL: StackTrace2 execution - bytecode->native test
FAIL: StackTrace2 -findirect-dispatch execution - bytecode->native test
FAIL: StackTrace2 -O3 execution - source compiled test
FAIL: StackTrace2 -O3 execution - bytecode->native test
FAIL: StackTrace2 -O3 -findirect-dispatch execution - bytecode->native test
FAIL: SyncTest execution - gij test
FAIL: SyncTest execution - gij test
FAIL: SyncTest execution - gij test
WARNING: program timed out.
FAIL: TLtest execution - source compiled test
WARNING: program timed out.
FAIL: TLtest -findirect-dispatch execution - bytecode->native test
WARNING: program timed out.
FAIL: TLtest -O3 execution - bytecode->native test
WARNING: program timed out.
FAIL: TLtest -O3 -findirect-dispatch execution - bytecode->native test
FAIL: Thread_Sleep_2 output - source compiled test
FAIL: Thread_Sleep_2 output - gij test
FAIL: Thread_Sleep_2 output - bytecode->native test
FAIL: Thread_Sleep_2 output - gij test
FAIL: Thread_Sleep_2 -findirect-dispatch output - bytecode->native test
FAIL: Thread_Sleep_2 -O3 output - source compiled test
FAIL: Thread_Sleep_2 output - gij test
FAIL: Thread_Sleep_2 -O3 output - bytecode->native test
FAIL: Thread_Sleep_2 output - gij test
FAIL: Thread_Sleep_2 -O3 -findirect-dispatch output - bytecode->native test
FAIL: Throw_2 execution - source compiled test
FAIL: Throw_2 execution - gij test
FAIL: Throw_2 execution - bytecode->native test
FAIL: Throw_2 execution - gij test
FAIL: Throw_2 -findirect-dispatch execution - bytecode->native test
FAIL: Throw_2 -O3 execution - source compiled test
FAIL: Throw_2 execution - gij test
FAIL: Throw_2 -O3 execution - bytecode->native test
FAIL: Throw_2 execution - gij test
FAIL: Throw_2 -O3 -findirect-dispatch execution - bytecode->native test
FAIL: pr83 -findirect-dispatch execution - bytecode->native test
FAIL: pr83 -O3 -findirect-dispatch execution - bytecode->native test

		=== libjava Summary ===

# of expected passes		6904
# of unexpected failures	56
# of expected failures		12
# of untested testcases		54
		=== libstdc++ tests ===


Running target unix
XPASS: 21_strings/basic_string/element_access/char/21674.cc execution test
XPASS: 21_strings/basic_string/element_access/wchar_t/21674.cc execution test
FAIL: 23_containers/bitset/input/1.cc (test for excess errors)
FAIL: 23_containers/bitset/to_ulong/1.cc (test for excess errors)
FAIL: 23_containers/deque/modifiers/swap/2.cc (test for excess errors)
FAIL: 23_containers/deque/modifiers/swap/3.cc (test for excess errors)
FAIL: 23_containers/list/modifiers/swap/2.cc (test for excess errors)
FAIL: 23_containers/list/modifiers/swap/3.cc (test for excess errors)
FAIL: 23_containers/list/operators/5.cc (test for excess errors)
FAIL: 23_containers/map/modifiers/swap/2.cc (test for excess errors)
FAIL: 23_containers/map/modifiers/swap/3.cc (test for excess errors)
FAIL: 23_containers/multimap/modifiers/swap/2.cc (test for excess errors)
FAIL: 23_containers/multimap/modifiers/swap/3.cc (test for excess errors)
FAIL: 23_containers/multiset/modifiers/swap/2.cc (test for excess errors)
FAIL: 23_containers/multiset/modifiers/swap/3.cc (test for excess errors)
FAIL: 23_containers/set/modifiers/swap/2.cc (test for excess errors)
FAIL: 23_containers/set/modifiers/swap/3.cc (test for excess errors)
FAIL: 23_containers/vector/bool/modifiers/swap/1.cc (test for excess errors)
FAIL: 23_containers/vector/bool/modifiers/swap/2.cc (test for excess errors)
FAIL: 23_containers/vector/modifiers/swap/2.cc (test for excess errors)
FAIL: 23_containers/vector/modifiers/swap/3.cc (test for excess errors)
XPASS: 26_numerics/cmath/c99_classification_macros_c.cc (test for excess errors)
FAIL: ext/bitmap_allocator/check_allocate_max_size.cc (test for excess errors)
FAIL: ext/bitmap_allocator/check_deallocate_null.cc (test for excess errors)
FAIL: ext/bitmap_allocator/check_delete.cc (test for excess errors)
FAIL: ext/mt_allocator/check_allocate_big_per_type.cc (test for excess errors)
FAIL: ext/mt_allocator/check_allocate_max_size.cc (test for excess errors)
FAIL: ext/mt_allocator/check_deallocate_null.cc (test for excess errors)
FAIL: ext/mt_allocator/check_deallocate_null_thread.cc (test for excess errors)
FAIL: ext/mt_allocator/check_delete.cc (test for excess errors)
FAIL: ext/mt_allocator/check_new.cc (test for excess errors)
FAIL: ext/mt_allocator/deallocate_global-2.cc (test for excess errors)
FAIL: ext/mt_allocator/deallocate_global-4.cc (test for excess errors)
FAIL: ext/mt_allocator/deallocate_global_thread-1.cc (test for excess errors)
FAIL: ext/mt_allocator/deallocate_global_thread-3.cc (test for excess errors)
FAIL: ext/mt_allocator/deallocate_local-2.cc (test for excess errors)
FAIL: ext/mt_allocator/deallocate_local-4.cc (test for excess errors)
FAIL: ext/mt_allocator/deallocate_local-6.cc (test for excess errors)
FAIL: ext/mt_allocator/deallocate_local-8.cc (test for excess errors)
FAIL: ext/mt_allocator/deallocate_local_thread-1.cc (test for excess errors)
FAIL: ext/mt_allocator/deallocate_local_thread-3.cc (test for excess errors)
FAIL: ext/mt_allocator/deallocate_local_thread-5.cc (test for excess errors)
FAIL: ext/mt_allocator/deallocate_local_thread-5.cc execution test
FAIL: ext/mt_allocator/deallocate_local_thread-7.cc (test for excess errors)
FAIL: ext/mt_allocator/deallocate_local_thread-7.cc execution test
FAIL: ext/mt_allocator/tune-1.cc (test for excess errors)
FAIL: ext/mt_allocator/tune-2.cc (test for excess errors)
FAIL: ext/mt_allocator/tune-3.cc (test for excess errors)
FAIL: ext/mt_allocator/tune-4.cc (test for excess errors)
FAIL: tr1/5_numerical_facilities/random/discard_block/operators/equal.cc (test for excess errors)
FAIL: tr1/5_numerical_facilities/random/discard_block/operators/not_equal.cc (test for excess errors)
FAIL: tr1/5_numerical_facilities/random/discard_block/operators/serialize.cc (test for excess errors)
FAIL: tr1/5_numerical_facilities/random/linear_congruential/cons/default.cc (test for excess errors)
FAIL: tr1/5_numerical_facilities/random/linear_congruential/operators/serialize.cc (test for excess errors)
FAIL: tr1/5_numerical_facilities/random/minstd_rand.cc (test for excess errors)
FAIL: tr1/5_numerical_facilities/random/minstd_rand0.cc (test for excess errors)
FAIL: tr1/5_numerical_facilities/random/ranlux3.cc (test for excess errors)
FAIL: tr1/5_numerical_facilities/random/ranlux3_01.cc (test for excess errors)
FAIL: tr1/5_numerical_facilities/random/ranlux4.cc (test for excess errors)
FAIL: tr1/5_numerical_facilities/random/ranlux4_01.cc (test for excess errors)
FAIL: tr1/5_numerical_facilities/random/subtract_with_carry/cons/default.cc (test for excess errors)
FAIL: tr1/5_numerical_facilities/random/subtract_with_carry/cons/seed1.cc (test for excess errors)
FAIL: tr1/5_numerical_facilities/random/subtract_with_carry/cons/seed2.cc (test for excess errors)
FAIL: tr1/5_numerical_facilities/random/subtract_with_carry/operators/equal.cc (test for excess errors)
FAIL: tr1/5_numerical_facilities/random/subtract_with_carry/operators/not_equal.cc (test for excess errors)
FAIL: tr1/5_numerical_facilities/random/subtract_with_carry/operators/serialize.cc (test for excess errors)
FAIL: tr1/5_numerical_facilities/random/subtract_with_carry_01/cons/default.cc (test for excess errors)
FAIL: tr1/5_numerical_facilities/random/subtract_with_carry_01/cons/seed1.cc (test for excess errors)
FAIL: tr1/5_numerical_facilities/random/subtract_with_carry_01/cons/seed2.cc (test for excess errors)
FAIL: tr1/5_numerical_facilities/random/subtract_with_carry_01/operators/equal.cc (test for excess errors)
FAIL: tr1/5_numerical_facilities/random/subtract_with_carry_01/operators/not_equal.cc (test for excess errors)
FAIL: tr1/5_numerical_facilities/random/subtract_with_carry_01/operators/serialize.cc (test for excess errors)
FAIL: tr1/5_numerical_facilities/random/xor_combine/cons/default.cc (test for excess errors)
FAIL: tr1/5_numerical_facilities/random/xor_combine/operators/equal.cc (test for excess errors)
FAIL: tr1/5_numerical_facilities/random/xor_combine/operators/serialize.cc (test for excess errors)
FAIL: tr1/6_containers/unordered/swap/unordered_map/1.cc (test for excess errors)
FAIL: tr1/6_containers/unordered/swap/unordered_map/2.cc (test for excess errors)
FAIL: tr1/6_containers/unordered/swap/unordered_multimap/1.cc (test for excess errors)
FAIL: tr1/6_containers/unordered/swap/unordered_multimap/2.cc (test for excess errors)
FAIL: tr1/6_containers/unordered/swap/unordered_multiset/1.cc (test for excess errors)
FAIL: tr1/6_containers/unordered/swap/unordered_multiset/2.cc (test for excess errors)
FAIL: tr1/6_containers/unordered/swap/unordered_set/1.cc (test for excess errors)
FAIL: tr1/6_containers/unordered/swap/unordered_set/2.cc (test for excess errors)

		=== libstdc++ Summary ===

# of expected passes		3747
# of unexpected failures	80
# of unexpected successes	3
# of expected failures		13
# of unsupported tests		318

Compiler version: 4.2.0 20070222 (prerelease) 
Platform: powerpc-apple-darwin9
configure flags: --prefix=/tmp/gcc-20061220 --build=powerpc-apple-darwin9 --host=powerpc-apple-darwin9 --enable-languages=c,c++,fortran,java,objc,obj-c++,treelang
BOOT_CFLAGS=-g -O2 -mdynamic-no-pic


Index Nav: [Date Index] [Subject Index] [Author Index] [Thread Index]
Message Nav: [Date Prev] [Date Next] [Thread Prev] [Thread Next]